04-09 09:20:08.855 689 689 D ExplicitHealthCheckController: Getting health check supported packages
04-09 09:20:08.857 689 1163 I ExplicitHealthCheckController: Explicit health check supported packages [PackageConfig{com.android.networkstack, 86400000}]
04-09 09:20:08.857 689 1163 D PackageWatchdog: Received supported packages [PackageConfig{com.android.networkstack, 86400000}]
04-09 09:20:08.857 689 1163 D ExplicitHealthCheckController: Getting health check requested packages
04-09 09:20:08.858 689 1163 I ExplicitHealthCheckController: Explicit health check requested packages []
04-09 09:20:08.858 689 1163 I ExplicitHealthCheckController: No more health check requests, unbinding...
04-09 09:20:08.860 689 1163 I ExplicitHealthCheckController: Explicit health check service is unbound
04-09 09:20:08.966 1856 2310 W ContextImpl: Calling a method in the system process without a qualified user: android.app.ContextImpl.startService:1927 android.content.ContextWrapper.startService:825 com.nes.sound.daemon.utils.ComponentUtil.startService:68 com.nes.sound.daemon.utils.ComponentUtil.startComponent:46 com.nes.sound.daemon.component.DaemonService.operateDaemon:97
04-09 09:20:08.967 689 1163 W ActivityManager: Unable to start service Intent { pkg=com.nes.sound cmp=com.nes.sound/.component.service.LanService } U=0: not found
04-09 09:20:08.970 689 933 I RescueParty: Starting to observe: [android], updated namespace: accessibility
04-09 09:20:08.973 689 835 I PackageWatchdog: Syncing state, reason: observing new packages
04-09 09:20:08.974 689 689 I PackageWatchdog: Syncing health check requests for packages: {}
04-09 09:20:08.974 689 689 I ExplicitHealthCheckController: Service not ready to get health check supported packages. Binding...
04-09 09:20:08.977 689 689 I ExplicitHealthCheckController: Explicit health check service is bound
04-09 09:20:08.978 689 835 D PackageWatchdog: rescue-party-observer added the following packages to monitor [android]
04-09 09:20:08.978 689 835 I PackageWatchdog: Syncing state, reason: updated observers
04-09 09:20:08.979 689 835 I PackageWatchdog: Saving observer state to file
04-09 09:20:08.980 689 689 I PackageWatchdog: Syncing health check requests for packages: {}
04-09 09:20:08.980 689 689 I ExplicitHealthCheckController: Service not ready to get health check supported packages. Binding...
04-09 09:20:08.980 689 689 I ExplicitHealthCheckController: Not binding to service, service already connecting
04-09 09:20:08.981 689 689 I ExplicitHealthCheckController: Explicit health check service is connected ComponentInfo{com.google.android.ext.services/android.ext.services.watchdog.ExplicitHealthCheckServiceImpl}
04-09 09:20:08.981 689 689 I ExplicitHealthCheckController: Service initialized, syncing requests
04-09 09:20:08.998 689 933 I RescueParty: Starting to observe: [android], updated namespace: netd_native
04-09 09:20:09.002 689 689 I PackageWatchdog: Syncing health check requests for packages: {}
04-09 09:20:09.002 689 689 D ExplicitHealthCheckController: Getting health check supported packages
04-09 09:20:09.004 689 1163 I ExplicitHealthCheckController: Explicit health check supported packages [PackageConfig{com.android.networkstack, 86400000}]
04-09 09:20:09.004 689 1163 D PackageWatchdog: Received supported packages [PackageConfig{com.android.networkstack, 86400000}]
04-09 09:20:09.004 689 1163 D ExplicitHealthCheckController: Getting health check requested packages
04-09 09:20:09.004 689 835 I PackageWatchdog: Syncing state, reason: observing new packages
04-09 09:20:09.005 689 835 D PackageWatchdog: rescue-party-observer added the following packages to monitor [android]
04-09 09:20:09.007 689 835 I PackageWatchdog: Syncing state, reason: updated observers
04-09 09:20:09.008 689 11289 I ExplicitHealthCheckController: Explicit health check requested packages []
04-09 09:20:09.008 689 11289 I ExplicitHealthCheckController: No more health check requests, unbinding...
04-09 09:20:09.008 689 835 I PackageWatchdog: Saving observer state to file
04-09 09:20:09.008 689 689 I PackageWatchdog: Syncing health check requests for packages: {}
04-09 09:20:09.009 689 11289 I ExplicitHealthCheckController: Explicit health check service is unbound
04-09 09:20:09.010 689 689 I ExplicitHealthCheckController: Service not ready to get health check supported packages. Binding...
04-09 09:20:09.013 689 689 I ExplicitHealthCheckController: Explicit health check service is bound
04-09 09:20:09.022 689 689 I PackageWatchdog: Syncing health check requests for packages: {}
04-09 09:20:09.022 689 689 I ExplicitHealthCheckController: Service not ready to get health check supported packages. Binding...
04-09 09:20:09.022 689 689 I ExplicitHealthCheckController: Not binding to service, service already connecting
04-09 09:20:09.022 689 689 I ExplicitHealthCheckController: Explicit health check service is connected ComponentInfo{com.google.android.ext.services/android.ext.services.watchdog.ExplicitHealthCheckServiceImpl}
04-09 09:20:09.023 689 689 I ExplicitHealthCheckController: Service initialized, syncing requests
04-09 09:20:09.023 689 689 I PackageWatchdog: Syncing health check requests for packages: {}
04-09 09:20:09.023 689 689 D ExplicitHealthCheckController: Getting health check supported packages
04-09 09:20:09.025 689 1880 I ExplicitHealthCheckController: Explicit health check supported packages [PackageConfig{com.android.networkstack, 86400000}]
04-09 09:20:09.025 689 1880 D PackageWatchdog: Received supported packages [PackageConfig{com.android.networkstack, 86400000}]
04-09 09:20:09.025 689 1880 D ExplicitHealthCheckController: Getting health check requested packages
04-09 09:20:09.026 689 1880 I ExplicitHealthCheckController: Explicit health check requested packages []
04-09 09:20:09.026 689 1880 I ExplicitHealthCheckController: No more health check requests, unbinding...
04-09 09:20:09.028 689 1880 I ExplicitHealthCheckController: Explicit health check service is unbound
04-09 09:20:09.057 689 933 I RescueParty: Starting to observe: [android], updated namespace: clipboard
04-09 09:20:09.057 689 835 I PackageWatchdog: Syncing state, reason: observing new packages
04-09 09:20:09.057 689 835 D PackageWatchdog: rescue-party-observer added the following packages to monitor [android]
04-09 09:20:09.057 689 835 I PackageWatchdog: Syncing state, reason: updated observers
04-09 09:20:09.058 689 835 I PackageWatchdog: Not pruning observers, elapsed time: 0ms
04-09 09:20:09.058 689 835 I PackageWatchdog: Saving observer state to file
04-09 09:20:09.063 689 689 I PackageWatchdog: Syncing health check requests for packages: {}
04-09 09:20:09.063 689 689 I ExplicitHealthCheckController: Service not ready to get health check supported packages. Binding...
04-09 09:20:09.068 689 689 I ExplicitHealthCheckController: Explicit health check service is bound
04-09 09:20:09.068 689 689 I PackageWatchdog: Syncing health check requests for packages: {}
04-09 09:20:09.068 689 689 I ExplicitHealthCheckController: Service not ready to get health check supported packages. Binding...
04-09 09:20:09.068 689 689 I ExplicitHealthCheckController: Not binding to service, service already connecting
04-09 09:20:09.070 689 689 I ExplicitHealthCheckController: Explicit health check service is connected ComponentInfo{com.google.android.ext.services/android.ext.services.watchdog.ExplicitHealthCheckServiceImpl}
04-09 09:20:09.070 689 689 I ExplicitHealthCheckController: Service initialized, syncing requests
04-09 09:20:09.070 689 689 I PackageWatchdog: Syncing health check requests for packages: {}
04-09 09:20:09.070 689 689 D ExplicitHealthCheckController: Getting health check supported packages
04-09 09:20:09.072 689 812 I ExplicitHealthCheckController: Explicit health check supported packages [PackageConfig{com.android.networkstack, 86400000}]
04-09 09:20:09.072 689 812 D PackageWatchdog: Received supported packages [PackageConfig{com.android.networkstack, 86400000}]
04-09 09:20:09.072 689 812 D ExplicitHealthCheckController: Getting health check requested packages
04-09 09:20:09.073 689 812 I ExplicitHealthCheckController: Explicit health check requested packages []
04-09 09:20:09.073 689 812 I ExplicitHealthCheckController: No more health check requests, unbinding...
04-09 09:20:09.075 689 812 I ExplicitHealthCheckController: Explicit health check service is unbound
04-09 09:20:09.077 689 933 I RescueParty: Starting to observe: [android], updated namespace: nearby
04-09 09:20:09.077 689 835 I PackageWatchdog: Syncing state, reason: observing new packages
04-09 09:20:09.078 689 835 D PackageWatchdog: rescue-party-observer added the following packages to monitor [android]
04-09 09:20:09.078 689 835 I PackageWatchdog: Syncing state, reason: updated observers
04-09 09:20:09.078 689 835 I PackageWatchdog: Not pruning observers, elapsed time: 0ms
04-09 09:20:09.078 689 835 I PackageWatchdog: Saving observer state to file
04-09 09:20:09.084 689 689 I PackageWatchdog: Syncing health check requests for packages: {}
04-09 09:20:09.084 689 689 I ExplicitHealthCheckController: Service not ready to get health check supported packages. Binding...
04-09 09:20:09.087 689 689 I ExplicitHealthCheckController: Explicit health check service is bound
04-09 09:20:09.090 689 689 I ExplicitHealthCheckController: Explicit health check service is connected ComponentInfo{com.google.android.ext.services/android.ext.services.watchdog.ExplicitHealthCheckServiceImpl}
04-09 09:20:09.090 689 689 I ExplicitHealthCheckController: Service initialized, syncing requests
04-09 09:20:09.091 689 689 I PackageWatchdog: Syncing health check requests for packages: {}
04-09 09:20:09.091 689 689 D ExplicitHealthCheckController: Getting health check supported packages
04-09 09:20:09.092 689 1165 I ExplicitHealthCheckController: Explicit health check supported packages [PackageConfig{com.android.networkstack, 86400000}]
04-09 09:20:09.092 689 1165 D PackageWatchdog: Received supported packages [PackageConfig{com.android.networkstack, 86400000}]
04-09 09:20:09.092 689 1165 D ExplicitHealthCheckController: Getting health check requested packages
04-09 09:20:09.093 689 1165 I ExplicitHealthCheckController: Explicit health check requested packages []
04-09 09:20:09.093 689 1165 I ExplicitHealthCheckController: No more health check requests, unbinding...
04-09 09:20:09.094 689 1165 I ExplicitHealthCheckController: Explicit health check service is unbound
04-09 09:20:09.121 689 933 I RescueParty: Starting to observe: [com.android.networkstack, android], updated namespace: connectivity
04-09 09:20:09.122 689 835 I PackageWatchdog: Syncing state, reason: observing new packages
04-09 09:20:09.122 689 835 D PackageWatchdog: rescue-party-observer added the following packages to monitor [com.android.networkstack, android]
04-09 09:20:09.122 689 835 I PackageWatchdog: Syncing state, reason: updated observers
04-09 09:20:09.122 689 835 I PackageWatchdog: Not pruning observers, elapsed time: 0ms
04-09 09:20:09.122 689 835 I PackageWatchdog: Saving observer state to file
04-09 09:20:09.130 689 689 I PackageWatchdog: Syncing health check requests for packages: {}
04-09 09:20:09.130 689 689 I ExplicitHealthCheckController: Service not ready to get health check supported packages. Binding...
04-09 09:20:09.134 689 689 I ExplicitHealthCheckController: Explicit health check service is bound
04-09 09:20:09.137 689 933 I RescueParty: Starting to observe: [com.google.android.permissioncontroller], updated namespace: permissions
04-09 09:20:09.140 689 689 I ExplicitHealthCheckController: Explicit health check service is connected ComponentInfo{com.google.android.ext.services/android.ext.services.watchdog.ExplicitHealthCheckServiceImpl}
04-09 09:20:09.140 689 835 I PackageWatchdog: Syncing state, reason: observing new packages
04-09 09:20:09.140 689 835 D PackageWatchdog: rescue-party-observer added the following packages to monitor [com.google.android.permissioncontroller]
04-09 09:20:09.140 689 835 I PackageWatchdog: Syncing state, reason: updated observers
04-09 09:20:09.140 689 835 I PackageWatchdog: Not pruning observers, elapsed time: 0ms
04-09 09:20:09.141 689 835 I PackageWatchdog: Saving observer state to file
04-09 09:20:09.141 689 689 I ExplicitHealthCheckController: Service initialized, syncing requests
04-09 09:20:09.152 689 689 I PackageWatchdog: Syncing health check requests for packages: {}
04-09 09:20:09.152 689 689 D ExplicitHealthCheckController: Getting health check supported packages
04-09 09:20:09.154 689 11289 I ExplicitHealthCheckController: Explicit health check supported packages [PackageConfig{com.android.networkstack, 86400000}]
04-09 09:20:09.154 689 11289 D PackageWatchdog: Received supported packages [PackageConfig{com.android.networkstack, 86400000}]
04-09 09:20:09.154 689 11289 D ExplicitHealthCheckController: Getting health check requested packages
04-09 09:20:09.155 689 11289 I ExplicitHealthCheckController: Explicit health check requested packages []
04-09 09:20:09.155 689 11289 I ExplicitHealthCheckController: No more health check requests, unbinding...
04-09 09:20:09.156 689 11289 I ExplicitHealthCheckController: Explicit health check service is unbound
04-09 09:20:09.164 689 933 I RescueParty: Starting to observe: [com.droidlogic, android], updated namespace: device_idle
04-09 09:20:09.164 689 835 I PackageWatchdog: Syncing state, reason: observing new packages
04-09 09:20:09.164 689 835 D PackageWatchdog: rescue-party-observer added the following packages to monitor [com.droidlogic, android]
04-09 09:20:09.164 689 835 I PackageWatchdog: Syncing state, reason: updated observers
04-09 09:20:09.164 689 835 I PackageWatchdog: Not pruning observers, elapsed time: 0ms
04-09 09:20:09.164 689 835 I PackageWatchdog: Saving observer state to file
04-09 09:20:09.169 689 689 I PackageWatchdog: Syncing health check requests for packages: {}
04-09 09:20:09.169 689 689 I ExplicitHealthCheckController: Service not ready to get health check supported packages. Binding...
04-09 09:20:09.173 689 689 I ExplicitHealthCheckController: Explicit health check service is bound
04-09 09:20:09.178 689 689 I ExplicitHealthCheckController: Explicit health check service is connected ComponentInfo{com.google.android.ext.services/android.ext.services.watchdog.ExplicitHealthCheckServiceImpl}
04-09 09:20:09.179 689 689 I ExplicitHealthCheckController: Service initialized, syncing requests
04-09 09:20:09.179 689 689 I PackageWatchdog: Syncing health check requests for packages: {}
04-09 09:20:09.179 689 689 D ExplicitHealthCheckController: Getting health check supported packages
04-09 09:20:09.182 689 812 I ExplicitHealthCheckController: Explicit health check supported packages [PackageConfig{com.android.networkstack, 86400000}]
04-09 09:20:09.182 689 812 D PackageWatchdog: Received supported packages [PackageConfig{com.android.networkstack, 86400000}]
04-09 09:20:09.182 689 812 D ExplicitHealthCheckController: Getting health check requested packages
04-09 09:20:09.183 689 812 I ExplicitHealthCheckController: Explicit health check requested packages []
04-09 09:20:09.183 689 812 I ExplicitHealthCheckController: No more health check requests, unbinding...
04-09 09:20:09.185 689 812 I ExplicitHealthCheckController: Explicit health check service is unbound
04-09 09:20:09.240 689 933 I RescueParty: Starting to observe: [android], updated namespace: wifi
04-09 09:20:09.240 689 835 I PackageWatchdog: Syncing state, reason: observing new packages
04-09 09:20:09.240 689 835 D PackageWatchdog: rescue-party-observer added the following packages to monitor [android]
04-09 09:20:09.240 689 835 I PackageWatchdog: Syncing state, reason: updated observers
04-09 09:20:09.240 689 835 I PackageWatchdog: Not pruning observers, elapsed time: 0ms
04-09 09:20:09.240 689 835 I PackageWatchdog: Saving observer state to file
04-09 09:20:09.246 689 689 I PackageWatchdog: Syncing health check requests for packages: {}
04-09 09:20:09.246 689 689 I ExplicitHealthCheckController: Service not ready to get health check supported packages. Binding...
04-09 09:20:09.250 689 689 I ExplicitHealthCheckController: Explicit health check service is bound
04-09 09:20:09.252 689 689 I ExplicitHealthCheckController: Explicit health check service is connected ComponentInfo{com.google.android.ext.services/android.ext.services.watchdog.ExplicitHealthCheckServiceImpl}
04-09 09:20:09.253 689 689 I ExplicitHealthCheckController: Service initialized, syncing requests
04-09 09:20:09.253 689 689 I PackageWatchdog: Syncing health check requests for packages: {}
04-09 09:20:09.253 689 689 D ExplicitHealthCheckController: Getting health check supported packages
04-09 09:20:09.254 689 812 I ExplicitHealthCheckController: Explicit health check supported packages [PackageConfig{com.android.networkstack, 86400000}]
04-09 09:20:09.255 689 812 D PackageWatchdog: Received supported packages [PackageConfig{com.android.networkstack, 86400000}]
04-09 09:20:09.255 689 812 D ExplicitHealthCheckController: Getting health check requested packages
04-09 09:20:09.256 689 812 I ExplicitHealthCheckController: Explicit health check requested packages []
04-09 09:20:09.256 689 812 I ExplicitHealthCheckController: No more health check requests, unbinding...
04-09 09:20:09.257 689 812 I ExplicitHealthCheckController: Explicit health check service is unbound
04-09 09:20:09.286 689 933 I RescueParty: Starting to observe: [android], updated namespace: edgetpu_native
04-09 09:20:09.287 689 835 I PackageWatchdog: Syncing state, reason: observing new packages
04-09 09:20:09.287 689 835 D PackageWatchdog: rescue-party-observer added the following packages to monitor [android]
04-09 09:20:09.287 689 835 I PackageWatchdog: Syncing state, reason: updated observers
04-09 09:20:09.287 689 835 I PackageWatchdog: Not pruning observers, elapsed time: 0ms
04-09 09:20:09.287 689 835 I PackageWatchdog: Saving observer state to file
04-09 09:20:09.297 689 933 I RescueParty: Starting to observe: [android], updated namespace: appsearch
04-09 09:20:09.297 689 689 I PackageWatchdog: Syncing health check requests for packages: {}
04-09 09:20:09.298 689 689 I ExplicitHealthCheckController: Service not ready to get health check supported packages. Binding...
04-09 09:20:09.298 689 835 I PackageWatchdog: Syncing state, reason: observing new packages
04-09 09:20:09.298 689 835 D PackageWatchdog: rescue-party-observer added the following packages to monitor [android]
04-09 09:20:09.298 689 835 I PackageWatchdog: Syncing state, reason: updated observers
04-09 09:20:09.298 689 835 I PackageWatchdog: Not pruning observers, elapsed time: 0ms
04-09 09:20:09.298 689 835 I PackageWatchdog: Saving observer state to file
04-09 09:20:09.301 689 689 I ExplicitHealthCheckController: Explicit health check service is bound
04-09 09:20:09.311 689 689 I PackageWatchdog: Syncing health check requests for packages: {}
04-09 09:20:09.311 689 689 I ExplicitHealthCheckController: Service not ready to get health check supported packages. Binding...
04-09 09:20:09.311 689 689 I ExplicitHealthCheckController: Not binding to service, service already connecting
04-09 09:20:09.311 689 689 I ExplicitHealthCheckController: Explicit health check service is connected ComponentInfo{com.google.android.ext.services/android.ext.services.watchdog.ExplicitHealthCheckServiceImpl}
04-09 09:20:09.313 689 689 I ExplicitHealthCheckController: Service initialized, syncing requests
04-09 09:20:09.313 689 689 I PackageWatchdog: Syncing health check requests for packages: {}
04-09 09:20:09.313 689 689 D ExplicitHealthCheckController: Getting health check supported packages
04-09 09:20:09.315 689 812 W ProcessStats: Tracking association SourceState{9237037 com.google.android.gms/10051 BTop #24349} whose proc state 2 is better than process ProcessState{51c04bf com.google.android.gms.unstable/10051 pkg=com.google.android.gms} proc state 14 (1334 skipped)
04-09 09:20:09.316 689 1880 I ExplicitHealthCheckController: Explicit health check supported packages [PackageConfig{com.android.networkstack, 86400000}]
04-09 09:20:09.316 689 1880 D PackageWatchdog: Received supported packages [PackageConfig{com.android.networkstack, 86400000}]
04-09 09:20:09.316 689 1880 D ExplicitHealthCheckController: Getting health check requested packages
04-09 09:20:09.319 689 812 I ExplicitHealthCheckController: Explicit health check requested packages []
04-09 09:20:09.319 689 812 I ExplicitHealthCheckController: No more health check requests, unbinding...
04-09 09:20:09.321 689 812 I ExplicitHealthCheckController: Explicit health check service is unbound
04-09 09:20:09.387 689 933 I RescueParty: Starting to observe: [com.android.tv.settings, com.nes.seilivetv, com.android.systemui], updated namespace: interaction_jank_monitor
04-09 09:20:09.396 689 835 I PackageWatchdog: Syncing state, reason: observing new packages
04-09 09:20:09.396 689 835 D PackageWatchdog: rescue-party-observer added the following packages to monitor [com.android.tv.settings, com.nes.seilivetv, com.android.systemui]
04-09 09:20:09.396 689 835 I PackageWatchdog: Syncing state, reason: updated observers
04-09 09:20:09.396 689 835 I PackageWatchdog: Not pruning observers, elapsed time: 0ms
04-09 09:20:09.396 689 835 I PackageWatchdog: Saving observer state to file
04-09 09:20:09.396 689 689 I PackageWatchdog: Syncing health check requests for packages: {}
04-09 09:20:09.396 689 689 I ExplicitHealthCheckController: Service not ready to get health check supported packages. Binding...
04-09 09:20:09.400 689 689 I ExplicitHealthCheckController: Explicit health check service is bound
04-09 09:20:09.405 689 689 I PackageWatchdog: Syncing health check requests for packages: {}
04-09 09:20:09.405 689 689 I ExplicitHealthCheckController: Service not ready to get health check supported packages. Binding...
04-09 09:20:09.405 689 689 I ExplicitHealthCheckController: Not binding to service, service already connecting
04-09 09:20:09.408 689 689 I ExplicitHealthCheckController: Explicit health check service is connected ComponentInfo{com.google.android.ext.services/android.ext.services.watchdog.ExplicitHealthCheckServiceImpl}
04-09 09:20:09.408 689 689 I ExplicitHealthCheckController: Service initialized, syncing requests
04-09 09:20:09.408 689 689 I PackageWatchdog: Syncing health check requests for packages: {}
04-09 09:20:09.408 689 689 D ExplicitHealthCheckController: Getting health check supported packages
04-09 09:20:09.409 689 812 I ExplicitHealthCheckController: Explicit health check supported packages [PackageConfig{com.android.networkstack, 86400000}]
04-09 09:20:09.409 689 812 D PackageWatchdog: Received supported packages [PackageConfig{com.android.networkstack, 86400000}]
04-09 09:20:09.409 689 812 D ExplicitHealthCheckController: Getting health check requested packages
04-09 09:20:09.412 689 812 I ExplicitHealthCheckController: Explicit health check requested packages []
04-09 09:20:09.412 689 812 I ExplicitHealthCheckController: No more health check requests, unbinding...
04-09 09:20:09.415 689 812 I ExplicitHealthCheckController: Explicit health check service is unbound
04-09 09:20:09.424 689 933 I RescueParty: Starting to observe: [android], updated namespace: wearable_sensing
04-09 09:20:09.427 689 835 I PackageWatchdog: Syncing state, reason: observing new packages
04-09 09:20:09.427 689 835 D PackageWatchdog: rescue-party-observer added the following packages to monitor [android]
04-09 09:20:09.427 689 835 I PackageWatchdog: Syncing state, reason: updated observers
04-09 09:20:09.428 689 835 I PackageWatchdog: Not pruning observers, elapsed time: 0ms
04-09 09:20:09.428 689 835 I PackageWatchdog: Saving observer state to file
04-09 09:20:09.440 689 933 I RescueParty: Starting to observe: [android], updated namespace: runtime_native
04-09 09:20:09.441 689 835 I PackageWatchdog: Syncing state, reason: observing new packages
04-09 09:20:09.442 689 689 I PackageWatchdog: Syncing health check requests for packages: {}
04-09 09:20:09.442 689 689 I ExplicitHealthCheckController: Service not ready to get health check supported packages. Binding...
04-09 09:20:09.442 689 835 D PackageWatchdog: rescue-party-observer added the following packages to monitor [android]
04-09 09:20:09.442 689 835 I PackageWatchdog: Syncing state, reason: updated observers
04-09 09:20:09.442 689 835 I PackageWatchdog: Saving observer state to file
04-09 09:20:09.445 689 689 I ExplicitHealthCheckController: Explicit health check service is bound
04-09 09:20:09.450 689 689 I PackageWatchdog: Syncing health check requests for packages: {}
04-09 09:20:09.450 689 689 I ExplicitHealthCheckController: Service not ready to get health check supported packages. Binding...
04-09 09:20:09.450 689 689 I ExplicitHealthCheckController: Not binding to service, service already connecting
04-09 09:20:09.450 689 689 I ExplicitHealthCheckController: Explicit health check service is connected ComponentInfo{com.google.android.ext.services/android.ext.services.watchdog.ExplicitHealthCheckServiceImpl}
04-09 09:20:09.451 689 689 I ExplicitHealthCheckController: Service initialized, syncing requests
04-09 09:20:09.451 689 689 I PackageWatchdog: Syncing health check requests for packages: {}
04-09 09:20:09.451 689 689 D ExplicitHealthCheckController: Getting health check supported packages
04-09 09:20:09.452 689 812 I ExplicitHealthCheckController: Explicit health check supported packages [PackageConfig{com.android.networkstack, 86400000}]
04-09 09:20:09.453 689 812 D PackageWatchdog: Received supported packages [PackageConfig{com.android.networkstack, 86400000}]
04-09 09:20:09.453 689 812 D ExplicitHealthCheckController: Getting health check requested packages
04-09 09:20:09.454 689 812 I ExplicitHealthCheckController: Explicit health check requested packages []
04-09 09:20:09.454 689 812 I ExplicitHealthCheckController: No more health check requests, unbinding...
04-09 09:20:09.456 689 812 I ExplicitHealthCheckController: Explicit health check service is unbound
04-09 09:20:09.614 689 933 I RescueParty: Starting to observe: [com.google.android.ext.services, android], updated namespace: adservices
04-09 09:20:09.614 689 835 I PackageWatchdog: Syncing state, reason: observing new packages
04-09 09:20:09.623 689 835 D PackageWatchdog: rescue-party-observer added the following packages to monitor [com.google.android.ext.services, android]
04-09 09:20:09.623 689 835 I PackageWatchdog: Syncing state, reason: updated observers
04-09 09:20:09.623 689 835 I PackageWatchdog: Not pruning observers, elapsed time: 0ms
04-09 09:20:09.624 689 835 I PackageWatchdog: Saving observer state to file
04-09 09:20:09.624 689 689 I PackageWatchdog: Syncing health check requests for packages: {}
04-09 09:20:09.624 689 689 I ExplicitHealthCheckController: Service not ready to get health check supported packages. Binding...
04-09 09:20:09.631 689 689 I ExplicitHealthCheckController: Explicit health check service is bound
04-09 09:20:09.645 689 689 I PackageWatchdog: Syncing health check requests for packages: {}
04-09 09:20:09.645 689 689 I ExplicitHealthCheckController: Service not ready to get health check supported packages. Binding...
04-09 09:20:09.645 689 689 I ExplicitHealthCheckController: Not binding to service, service already connecting
04-09 09:20:09.645 689 689 I ExplicitHealthCheckController: Explicit health check service is connected ComponentInfo{com.google.android.ext.services/android.ext.services.watchdog.ExplicitHealthCheckServiceImpl}
04-09 09:20:09.646 689 689 I ExplicitHealthCheckController: Service initialized, syncing requests
04-09 09:20:09.646 689 689 I PackageWatchdog: Syncing health check requests for packages: {}
04-09 09:20:09.646 689 689 D ExplicitHealthCheckController: Getting health check supported packages
04-09 09:20:09.648 689 1880 I ExplicitHealthCheckController: Explicit health check supported packages [PackageConfig{com.android.networkstack, 86400000}]
04-09 09:20:09.648 689 1880 D PackageWatchdog: Received supported packages [PackageConfig{com.android.networkstack, 86400000}]
04-09 09:20:09.648 689 1880 D ExplicitHealthCheckController: Getting health check requested packages
04-09 09:20:09.649 689 1880 I ExplicitHealthCheckController: Explicit health check requested packages []
04-09 09:20:09.650 689 1880 I ExplicitHealthCheckController: No more health check requests, unbinding...
04-09 09:20:09.651 689 1880 I ExplicitHealthCheckController: Explicit health check service is unbound
04-09 09:20:09.805 689 933 I RescueParty: Starting to observe: [android], updated namespace: tare
04-09 09:20:09.805 689 835 I PackageWatchdog: Syncing state, reason: observing new packages
04-09 09:20:09.805 689 835 D PackageWatchdog: rescue-party-observer added the following packages to monitor [android]
04-09 09:20:09.805 689 835 I PackageWatchdog: Syncing state, reason: updated observers
04-09 09:20:09.806 689 835 I PackageWatchdog: Not pruning observers, elapsed time: 0ms
04-09 09:20:09.806 689 835 I PackageWatchdog: Saving observer state to file
04-09 09:20:09.814 689 689 I PackageWatchdog: Syncing health check requests for packages: {}
04-09 09:20:09.814 689 689 I ExplicitHealthCheckController: Service not ready to get health check supported packages. Binding...
04-09 09:20:09.817 689 689 I ExplicitHealthCheckController: Explicit health check service is bound
04-09 09:20:09.824 689 689 I ExplicitHealthCheckController: Explicit health check service is connected ComponentInfo{com.google.android.ext.services/android.ext.services.watchdog.ExplicitHealthCheckServiceImpl}
04-09 09:20:09.824 689 689 I ExplicitHealthCheckController: Service initialized, syncing requests
04-09 09:20:09.824 689 689 I PackageWatchdog: Syncing health check requests for packages: {}
04-09 09:20:09.824 689 689 D ExplicitHealthCheckController: Getting health check supported packages
04-09 09:20:09.826 689 812 I ExplicitHealthCheckController: Explicit health check supported packages [PackageConfig{com.android.networkstack, 86400000}]
04-09 09:20:09.827 689 812 D PackageWatchdog: Received supported packages [PackageConfig{com.android.networkstack, 86400000}]
04-09 09:20:09.827 689 812 D ExplicitHealthCheckController: Getting health check requested packages
04-09 09:20:09.828 689 812 I ExplicitHealthCheckController: Explicit health check requested packages []
04-09 09:20:09.828 689 812 I ExplicitHealthCheckController: No more health check requests, unbinding...
04-09 09:20:09.833 689 812 I ExplicitHealthCheckController: Explicit health check service is unbound
04-09 09:20:09.916 689 933 I RescueParty: Starting to observe: [android], updated namespace: lmkd_native
04-09 09:20:09.917 689 835 I PackageWatchdog: Syncing state, reason: observing new packages
04-09 09:20:09.921 689 689 I PackageWatchdog: Syncing health check requests for packages: {}
04-09 09:20:09.922 689 689 I ExplicitHealthCheckController: Service not ready to get health check supported packages. Binding...
04-09 09:20:09.922 689 835 D PackageWatchdog: rescue-party-observer added the following packages to monitor [android]
04-09 09:20:09.922 689 835 I PackageWatchdog: Syncing state, reason: updated observers
04-09 09:20:09.924 689 835 I PackageWatchdog: Not pruning observers, elapsed time: 0ms
04-09 09:20:09.924 689 835 I PackageWatchdog: Saving observer state to file
04-09 09:20:09.925 689 689 I ExplicitHealthCheckController: Explicit health check service is bound
04-09 09:20:09.930 689 689 I PackageWatchdog: Syncing health check requests for packages: {}
04-09 09:20:09.930 689 689 I ExplicitHealthCheckController: Service not ready to get health check supported packages. Binding...
04-09 09:20:09.930 689 689 I ExplicitHealthCheckController: Not binding to service, service already connecting
04-09 09:20:09.930 689 689 I ExplicitHealthCheckController: Explicit health check service is connected ComponentInfo{com.google.android.ext.services/android.ext.services.watchdog.ExplicitHealthCheckServiceImpl}
04-09 09:20:09.931 689 689 I ExplicitHealthCheckController: Service initialized, syncing requests
04-09 09:20:09.931 689 689 I PackageWatchdog: Syncing health check requests for packages: {}
04-09 09:20:09.931 689 689 D ExplicitHealthCheckController: Getting health check supported packages
04-09 09:20:09.932 689 1165 I ExplicitHealthCheckController: Explicit health check supported packages [PackageConfig{com.android.networkstack, 86400000}]
04-09 09:20:09.932 689 1165 D PackageWatchdog: Received supported packages [PackageConfig{com.android.networkstack, 86400000}]
04-09 09:20:09.932 689 1165 D ExplicitHealthCheckController: Getting health check requested packages
04-09 09:20:09.933 689 1165 I ExplicitHealthCheckController: Explicit health check requested packages []
04-09 09:20:09.934 689 1165 I ExplicitHealthCheckController: No more health check requests, unbinding...
04-09 09:20:09.935 689 1165 I ExplicitHealthCheckController: Explicit health check service is unbound
04-09 09:20:10.064 689 933 I RescueParty: Starting to observe: [android], updated namespace: display_manager
04-09 09:20:10.064 689 835 I PackageWatchdog: Syncing state, reason: observing new packages
04-09 09:20:10.064 689 835 D PackageWatchdog: rescue-party-observer added the following packages to monitor [android]
04-09 09:20:10.064 689 835 I PackageWatchdog: Syncing state, reason: updated observers
04-09 09:20:10.065 689 835 I PackageWatchdog: Not pruning observers, elapsed time: 0ms
04-09 09:20:10.065 689 835 I PackageWatchdog: Saving observer state to file
04-09 09:20:10.066 689 853 W BrightnessThrottler: DeviceConfig ThermalBrightnessThrottlingData is null
04-09 09:20:10.079 689 689 I PackageWatchdog: Syncing health check requests for packages: {}
04-09 09:20:10.079 689 689 I ExplicitHealthCheckController: Service not ready to get health check supported packages. Binding...
04-09 09:20:10.084 689 689 I ExplicitHealthCheckController: Explicit health check service is bound
04-09 09:20:10.089 689 933 I RescueParty: Starting to observe: [android], updated namespace: media_native
04-09 09:20:10.097 689 835 I PackageWatchdog: Syncing state, reason: observing new packages
04-09 09:20:10.097 689 835 D PackageWatchdog: rescue-party-observer added the following packages to monitor [android]
04-09 09:20:10.097 689 835 I PackageWatchdog: Syncing state, reason: updated observers
04-09 09:20:10.097 689 835 I PackageWatchdog: Not pruning observers, elapsed time: 0ms
04-09 09:20:10.097 689 835 I PackageWatchdog: Saving observer state to file
04-09 09:20:10.097 689 689 I PackageWatchdog: Syncing health check requests for packages: {}
04-09 09:20:10.097 689 689 I ExplicitHealthCheckController: Service not ready to get health check supported packages. Binding...
04-09 09:20:10.097 689 689 I ExplicitHealthCheckController: Not binding to service, service already connecting
04-09 09:20:10.104 689 1165 I ActivityManager: Process com.droidlogic.tv.settings (pid 15194) has died: cch+95 SVC
04-09 09:20:10.105 689 1165 W ActivityManager: Scheduling restart of crashed service com.droidlogic.tv.settings/.sei.SEIService in 1000ms for start-requested
04-09 09:20:10.109 689 1165 I ActivityManager: Killing 27018:com.google.android.youtube.tv/u0a66 (adj 995): empty #17
04-09 09:20:10.110 689 1165 I ActivityManager: Killing 26993:com.android.statementservice/u0a17 (adj 995): empty #18
04-09 09:20:10.117 689 689 I PackageWatchdog: Syncing health check requests for packages: {}
04-09 09:20:10.118 689 689 I ExplicitHealthCheckController: Service not ready to get health check supported packages. Binding...
04-09 09:20:10.118 689 689 I ExplicitHealthCheckController: Not binding to service, service already connecting
04-09 09:20:10.118 689 689 I ExplicitHealthCheckController: Explicit health check service is connected ComponentInfo{com.google.android.ext.services/android.ext.services.watchdog.ExplicitHealthCheckServiceImpl}
04-09 09:20:10.118 689 689 I ExplicitHealthCheckController: Service initialized, syncing requests
04-09 09:20:10.118 689 689 I PackageWatchdog: Syncing health check requests for packages: {}
04-09 09:20:10.118 689 689 D ExplicitHealthCheckController: Getting health check supported packages
04-09 09:20:10.120 689 1880 I ExplicitHealthCheckController: Explicit health check supported packages [PackageConfig{com.android.networkstack, 86400000}]
04-09 09:20:10.120 689 1880 D PackageWatchdog: Received supported packages [PackageConfig{com.android.networkstack, 86400000}]
04-09 09:20:10.120 689 1880 D ExplicitHealthCheckController: Getting health check requested packages
04-09 09:20:10.121 689 1880 I ExplicitHealthCheckController: Explicit health check requested packages []
04-09 09:20:10.121 689 1880 I ExplicitHealthCheckController: No more health check requests, unbinding...
04-09 09:20:10.122 689 1880 I ExplicitHealthCheckController: Explicit health check service is unbound
04-09 09:20:10.166 689 827 D DisplayManagerService: Drop pending events for gone uid 10017
04-09 09:20:10.189 689 827 D DisplayManagerService: Drop pending events for gone uid 10066
04-09 09:20:10.203 689 933 I RescueParty: Starting to observe: [android], updated namespace: activity_manager
04-09 09:20:10.204 689 835 I PackageWatchdog: Syncing state, reason: observing new packages
04-09 09:20:10.204 689 835 D PackageWatchdog: rescue-party-observer added the following packages to monitor [android]
04-09 09:20:10.204 689 835 I PackageWatchdog: Syncing state, reason: updated observers
04-09 09:20:10.204 689 835 I PackageWatchdog: Not pruning observers, elapsed time: 0ms
04-09 09:20:10.204 689 835 I PackageWatchdog: Saving observer state to file
04-09 09:20:10.210 689 689 I PackageWatchdog: Syncing health check requests for packages: {}
04-09 09:20:10.210 689 689 I ExplicitHealthCheckController: Service not ready to get health check supported packages. Binding...
04-09 09:20:10.214 689 689 I ExplicitHealthCheckController: Explicit health check service is bound
04-09 09:20:10.217 689 689 I ExplicitHealthCheckController: Explicit health check service is connected ComponentInfo{com.google.android.ext.services/android.ext.services.watchdog.ExplicitHealthCheckServiceImpl}
04-09 09:20:10.218 689 689 I ExplicitHealthCheckController: Service initialized, syncing requests
04-09 09:20:10.218 689 689 I PackageWatchdog: Syncing health check requests for packages: {}
04-09 09:20:10.218 689 689 D ExplicitHealthCheckController: Getting health check supported packages
04-09 09:20:10.219 689 812 I ExplicitHealthCheckController: Explicit health check supported packages [PackageConfig{com.android.networkstack, 86400000}]
04-09 09:20:10.219 689 812 D PackageWatchdog: Received supported packages [PackageConfig{com.android.networkstack, 86400000}]
04-09 09:20:10.219 689 812 D ExplicitHealthCheckController: Getting health check requested packages
04-09 09:20:10.222 689 812 I ExplicitHealthCheckController: Explicit health check requested packages []
04-09 09:20:10.223 689 812 I ExplicitHealthCheckController: No more health check requests, unbinding...
04-09 09:20:10.224 689 812 I ExplicitHealthCheckController: Explicit health check service is unbound
04-09 09:20:10.236 689 689 I AutofillManagerService: Ignoring change on package_deny_list_for_unimportant_view
04-09 09:20:10.238 689 689 E AutofillManagerServiceImpl: Bad service name: com.google.android.gms/.autofill.service.AutofillService
04-09 09:20:10.239 689 689 I AutofillManagerService: Ignoring change on trigger_fill_request_on_filtered_important_views
04-09 09:20:10.239 689 689 I AutofillManagerService: Ignoring change on package_and_activity_allowlist_for_triggering_fill_request
04-09 09:20:10.239 689 689 I AutofillManagerService: Ignoring change on multiline_filter_enabled
04-09 09:20:10.239 689 689 I AutofillManagerService: Ignoring change on augmented_autofill_mode
04-09 09:20:10.239 689 689 I AutofillManagerService: Ignoring change on autofill_dialog_hints
04-09 09:20:10.239 689 689 I AutofillManagerService: Ignoring change on include_all_views_in_assist_structure
04-09 09:20:10.239 689 689 I AutofillManagerService: Ignoring change on should_enable_autofill_on_all_view_types
04-09 09:20:10.239 689 689 I AutofillManagerService: Ignoring change on autofill_save_dialog_landscape_body_height_max_percent
04-09 09:20:10.239 689 689 I AutofillManagerService: Ignoring change on non_autofillable_ime_action_ids
04-09 09:20:10.239 689 689 I AutofillManagerService: Ignoring change on autofill_save_dialog_portrait_body_height_max_percent
04-09 09:20:10.239 689 689 I AutofillManagerService: Ignoring change on include_all_autofill_type_not_none_views_in_assist_structure
04-09 09:20:10.239 689 689 I AutofillManagerService: Ignoring change on trigger_fill_request_on_unimportant_view
04-09 09:20:10.240 689 689 I AutofillManagerService: Ignoring change on autofill_dialog_enabled
04-09 09:20:10.400 689 1163 I ActivityManager: Killing 26740:com.alphainventor.filemanager/u0a115 (adj 945): empty #17
04-09 09:20:10.501 689 827 D DisplayManagerService: Drop pending events for gone uid 10115
04-09 09:20:10.549 689 933 I RescueParty: Starting to observe: [android, com.android.systemui], updated namespace: app_compat
04-09 09:20:10.549 689 835 I PackageWatchdog: Syncing state, reason: observing new packages
04-09 09:20:10.549 689 835 D PackageWatchdog: rescue-party-observer added the following packages to monitor [android, com.android.systemui]
04-09 09:20:10.549 689 835 I PackageWatchdog: Syncing state, reason: updated observers
04-09 09:20:10.549 689 835 I PackageWatchdog: Not pruning observers, elapsed time: 0ms
04-09 09:20:10.549 689 835 I PackageWatchdog: Saving observer state to file
04-09 09:20:10.554 689 689 I PackageWatchdog: Syncing health check requests for packages: {}
04-09 09:20:10.554 689 689 I ExplicitHealthCheckController: Service not ready to get health check supported packages. Binding...
04-09 09:20:10.565 689 689 I ExplicitHealthCheckController: Explicit health check service is bound
04-09 09:20:10.570 689 689 I ExplicitHealthCheckController: Explicit health check service is connected ComponentInfo{com.google.android.ext.services/android.ext.services.watchdog.ExplicitHealthCheckServiceImpl}
04-09 09:20:10.570 689 689 I ExplicitHealthCheckController: Service initialized, syncing requests
04-09 09:20:10.570 689 689 I PackageWatchdog: Syncing health check requests for packages: {}
04-09 09:20:10.570 689 689 D ExplicitHealthCheckController: Getting health check supported packages
04-09 09:20:10.573 689 1880 I ExplicitHealthCheckController: Explicit health check supported packages [PackageConfig{com.android.networkstack, 86400000}]
04-09 09:20:10.573 689 1880 D PackageWatchdog: Received supported packages [PackageConfig{com.android.networkstack, 86400000}]
04-09 09:20:10.573 689 1880 D ExplicitHealthCheckController: Getting health check requested packages
04-09 09:20:10.574 689 1880 I ExplicitHealthCheckController: Explicit health check requested packages []
04-09 09:20:10.574 689 1880 I ExplicitHealthCheckController: No more health check requests, unbinding...
04-09 09:20:10.580 689 1880 I ExplicitHealthCheckController: Explicit health check service is unbound
04-09 09:20:10.674 689 1163 W ActivityManager: Unable to start service Intent { cmp=com.nes.sound.retail/com.nes.sound.component.service.DaemonService } U=0: not found
04-09 09:20:10.678 1052 1052 I HeartBeatUtils: ComponentInfo{com.nes.sound.retail/com.nes.sound.component.service.DaemonService} bind failed !!!Immediate reconnect!!!
04-09 09:20:10.678 1052 1052 I HeartBeatUtils: onHeartBeatStoped com.nes.sound.retail/com.nes.sound.component.service.DaemonService
04-09 09:20:10.682 689 1163 W ActivityManager: Unbind failed: could not find connection for android.os.BinderProxy@b6fff0b
04-09 09:20:10.686 1052 1052 W HeartBeatUtils: start rescue com.nes.sound.retail/com.nes.sound.component.service.DaemonService
04-09 09:20:10.721 1856 1856 W ContextImpl: Calling a method in the system process without a qualified user: android.app.ContextImpl.bindService:2026 android.content.ContextWrapper.bindService:861 com.nes.sound.daemon.utils.heartbeat.HeartBeatConnectionPool.connectServiceByBinderBeans:108 com.nes.sound.daemon.utils.heartbeat.HeartBeatConnectionPool.reBindConnection:122 com.nes.sound.daemon.utils.heartbeat.HeartBeatUtils.reBindConnection:137
04-09 09:20:10.724 689 1165 W ActivityManager: Unable to start service Intent { cmp=com.nes.sound/.component.service.HeartBeatDaemonService } U=0: not found
04-09 09:20:10.725 689 1880 W ActivityManager: Unable to start service Intent { cmp=com.nes.sound/.component.service.DaemonService } U=0: not found
04-09 09:20:10.726 1856 1856 I HeartBeatUtils: ComponentInfo{com.nes.sound/com.nes.sound.component.service.HeartBeatDaemonService} bind failed !!!Immediate reconnect!!!
04-09 09:20:10.726 1856 1856 I HeartBeatUtils: onHeartBeatStoped com.nes.sound/com.nes.sound.component.service.HeartBeatDaemonService
04-09 09:20:10.726 1052 1052 I HeartBeatUtils: ComponentInfo{com.nes.sound/com.nes.sound.component.service.DaemonService} bind failed !!!Immediate reconnect!!!
04-09 09:20:10.726 689 1165 W ActivityManager: Unbind failed: could not find connection for android.os.BinderProxy@c9d80e7
04-09 09:20:10.726 1052 1052 I HeartBeatUtils: onHeartBeatStoped com.nes.sound/com.nes.sound.component.service.DaemonService
04-09 09:20:10.727 689 1880 W ActivityManager: Unbind failed: could not find connection for android.os.BinderProxy@6007494
04-09 09:20:10.727 1052 1052 W HeartBeatUtils: start rescue com.nes.sound/com.nes.sound.component.service.DaemonService
04-09 09:20:10.731 1856 1856 W HeartBeatUtils: start rescue com.nes.sound/com.nes.sound.component.service.HeartBeatDaemonService
04-09 09:20:10.856 689 933 I RescueParty: Starting to observe: [android], updated namespace: remote_key_provisioning_native
04-09 09:20:10.859 689 835 I PackageWatchdog: Syncing state, reason: observing new packages
04-09 09:20:10.865 689 835 D PackageWatchdog: rescue-party-observer added the following packages to monitor [android]
04-09 09:20:10.865 689 835 I PackageWatchdog: Syncing state, reason: updated observers
04-09 09:20:10.865 689 835 I PackageWatchdog: Saving observer state to file
04-09 09:20:10.872 689 689 I PackageWatchdog: Syncing health check requests for packages: {}
04-09 09:20:10.872 689 689 I ExplicitHealthCheckController: Service not ready to get health check supported packages. Binding...
04-09 09:20:10.879 689 689 I ExplicitHealthCheckController: Explicit health check service is bound
04-09 09:20:10.879 689 689 I PackageWatchdog: Syncing health check requests for packages: {}
04-09 09:20:10.879 689 689 I ExplicitHealthCheckController: Service not ready to get health check supported packages. Binding...
04-09 09:20:10.879 689 689 I ExplicitHealthCheckController: Not binding to service, service already connecting
04-09 09:20:10.885 689 689 I ExplicitHealthCheckController: Explicit health check service is connected ComponentInfo{com.google.android.ext.services/android.ext.services.watchdog.ExplicitHealthCheckServiceImpl}
04-09 09:20:10.885 689 689 I ExplicitHealthCheckController: Service initialized, syncing requests
04-09 09:20:10.886 689 689 I PackageWatchdog: Syncing health check requests for packages: {}
04-09 09:20:10.886 689 689 D ExplicitHealthCheckController: Getting health check supported packages
04-09 09:20:10.887 689 1571 I ExplicitHealthCheckController: Explicit health check supported packages [PackageConfig{com.android.networkstack, 86400000}]
04-09 09:20:10.888 689 1571 D PackageWatchdog: Received supported packages [PackageConfig{com.android.networkstack, 86400000}]
04-09 09:20:10.888 689 1571 D ExplicitHealthCheckController: Getting health check requested packages
04-09 09:20:10.891 689 1165 I ExplicitHealthCheckController: Explicit health check requested packages []
04-09 09:20:10.891 689 1165 I ExplicitHealthCheckController: No more health check requests, unbinding...
04-09 09:20:10.893 689 1165 I ExplicitHealthCheckController: Explicit health check service is unbound
04-09 09:20:10.895 689 933 I RescueParty: Starting to observe: [android], updated namespace: telephony
04-09 09:20:10.895 689 835 I PackageWatchdog: Syncing state, reason: observing new packages
04-09 09:20:10.896 689 835 D PackageWatchdog: rescue-party-observer added the following packages to monitor [android]
04-09 09:20:10.896 689 835 I PackageWatchdog: Syncing state, reason: updated observers
04-09 09:20:10.896 689 835 I PackageWatchdog: Saving observer state to file
04-09 09:20:10.909 689 689 I PackageWatchdog: Syncing health check requests for packages: {}
04-09 09:20:10.910 689 689 I ExplicitHealthCheckController: Service not ready to get health check supported packages. Binding...
04-09 09:20:10.914 689 689 I ExplicitHealthCheckController: Explicit health check service is bound
04-09 09:20:10.919 689 689 I ExplicitHealthCheckController: Explicit health check service is connected ComponentInfo{com.google.android.ext.services/android.ext.services.watchdog.ExplicitHealthCheckServiceImpl}
04-09 09:20:10.919 689 689 I ExplicitHealthCheckController: Service initialized, syncing requests
04-09 09:20:10.919 689 689 I PackageWatchdog: Syncing health check requests for packages: {}
04-09 09:20:10.920 689 689 D ExplicitHealthCheckController: Getting health check supported packages
04-09 09:20:10.923 689 1880 I ExplicitHealthCheckController: Explicit health check supported packages [PackageConfig{com.android.networkstack, 86400000}]
04-09 09:20:10.923 689 1880 D PackageWatchdog: Received supported packages [PackageConfig{com.android.networkstack, 86400000}]
04-09 09:20:10.923 689 1880 D ExplicitHealthCheckController: Getting health check requested packages
04-09 09:20:10.924 689 1880 I ExplicitHealthCheckController: Explicit health check requested packages []
