04-09 09:31:25.167 1233 1332 I AbsDtvkitTvInput: (AbsDtvkitTvInput.java:883)getTunerSession index = 6 result -> org.dtvkit.inputsource.AbsDtvkitTvInput$DtvkitTvInputSession@e65f0fe
04-09 09:31:25.167 1233 1332 D AbsDtvkitTvInput: handleMessage: MSG_SESSION_SET_SURFACE true
04-09 09:31:25.167 1233 1332 I DtvkitTvInputSession: (AbsDtvkitTvInput.java:2165)doSetSurface index = 6
04-09 09:31:25.167 24960 24960 D TvActivity: java -- [TvActivity.java.onStop#1749]onStop: ..........
04-09 09:31:25.167 1233 1332 D DtvkitTvInputSession: (AbsDtvkitTvInput.java:2172)doSetSurface surface = null, config = null
04-09 09:31:25.167 1233 1233 D DtvkitTvInputSession: (AbsDtvkitTvInput.java:2214)sendSetSurfaceMessage status = true, surface = null, config = null
04-09 09:31:25.168 334 396 E SystemControl: [/SysWrite.cpp, writeSys, 288] write /sys/class/video/video_inuse failed!
04-09 09:31:25.171 1233 1233 D DtvkitTvInputSession: (AbsDtvkitTvInput.java:2306)mCurrentDtvkitTvInputSessionIndex onSetSurface null
04-09 09:31:25.173 299 400 E MesonHwc: [releaseInstanceBuffers] [VtInstance-1] buffer queue is empty
04-09 09:31:25.174 536 536 D tv_input: close_stream: device_id = 19, stream_id = 1, mStreamGivenId = 1, mDeviceGivenId = 19
04-09 09:31:25.174 536 536 D tv_input: checkDeviceID supportDevices[3] = 19
04-09 09:31:25.174 536 536 E TvInputIntf: writeSys, open /sys/class/video/tvin_source_type fail.
04-09 09:31:25.174 536 536 D TvInputIntf: isTvPlatform: 0.
04-09 09:31:25.174 536 536 I tv_input: channelControl, device id:19, stopTV.
04-09 09:31:25.174 536 536 D TvInputIntf: isTvPlatform: 0.
04-09 09:31:25.174 536 536 D tv_input: destroy pTvStream
04-09 09:31:25.184 491 714 I audio_hw_hal_primary: [adev_release_audio_patch:8087] ++ handle(25)
04-09 09:31:25.184 491 714 I audio_hw_device_patchmgr: [patch_mgr_release_patch:995] Patch 25: DEVICE->DEVICE patch_src:INVAL
04-09 09:31:25.184 491 714 I audio_hw_device_patchmgr: [patch_mgr_release_patch:1016] Patch 25: dev[IN_TV_TUNER(id:3)] -> dev_0[OUT_HDMI(id:23)]
04-09 09:31:25.184 491 714 I audio_hw_device_patchmgr: release_patch_internal() type:TV patch_src:INVAL
04-09 09:31:25.184 491 714 I audio_hw_device_patchmgr: [get_patch_by_handle_from_mgr:172] patch set found id 25, patchset 0xf174a060
04-09 09:31:25.184 491 714 E audio_hw_device_patchmgr: [get_patch_by_handle_from_mgr:181] Can't get patch in list
04-09 09:31:25.184 491 714 E audio_hw_device_patchmgr: release_patch_internal() no patch instance for handle:25
04-09 09:31:25.184 491 714 I audio_hw_device_patchmgr: [unregister_audio_patch:677] delete the Patch: 25
04-09 09:31:25.184 1070 1172 D UEventObserver: change@/devices/platform/auge_sound/sound/card0/controlC0ACTION=changeDEVPATH=/devices/platform/auge_sound/sound/card0/controlC0SUBSYSTEM=soundAUDIO_FORMAT=0MAJOR=116MINOR=15DEVNAME=snd/controlC0SEQNUM=5533
04-09 09:31:25.199 1233 30089 D DtvkitTvInputSession: (AbsDtvkitTvInput.java:4257)mHandlerThreadHandle [[[:9, sessionIndex = 6
04-09 09:31:25.199 1233 30089 D DtvkitTvInputSession: (AbsDtvkitTvInput.java:5123)checkTrackinfoUpdate no need
04-09 09:31:25.199 24960 24960 D TimeShiftManager: (TimeShiftManager.java:680)onAvailabilityChanged(available=false)
04-09 09:31:25.200 1233 30089 D DtvkitTvInputSession: (AbsDtvkitTvInput.java:4459)mHandlerThreadHandle 9, sessionIndex6done]]]
04-09 09:31:25.200 24960 24960 D TimeShiftManager: (TimeShiftManager.java:791)onAvailabilityChanged mAvailable=false,mRecordStartTimeMs=Thu Jan 01 00:59:59 GMT+01:00 1970,mRecordEndTimeMs=Thu Jan 01 00:59:59 GMT+01:00 1970
04-09 09:31:25.200 24960 24960 D TimeShiftManager: (TimeShiftManager.java:1486)CurrentPositionMediator initialize mSeekRequestTimeMs = Thu Jan 01 00:59:59 GMT+01:00 1970, mCurrentPositionMs = Thu Jan 01 00:59:59 GMT+01:00 1970
04-09 09:31:25.201 24960 24960 D TimeShiftManager: (TimeShiftManager.java:795)onAvailabilityChanged: ..........................
04-09 09:31:25.201 24960 24960 D LiveTvView: updateBlockScreenAndMuting: -1, 6
04-09 09:31:25.201 24960 24960 D LiveTvView: updateBlockScreen: blockReason = -1
04-09 09:31:25.201 24960 24960 D LiveTvView: (NesTvView.kt:462)text ->
04-09 09:31:25.201 24960 24960 D LiveTvView: updateBlockScreen: 2
04-09 09:31:25.202 24960 24960 D DataCollector: update: Hunyadi TV , watch duration -> 10204
04-09 09:31:25.204 24960 24960 D DataCollector: updateChannelData: cursor android.content.ContentResolver$CursorWrapperInner@11bb2a0
04-09 09:31:25.204 24960 24960 D DataCollector: updateChannelData: update...
04-09 09:31:25.206 1233 1332 W AudioSystemCmdManager: mAudioSystemCmdService is null, pls check stack:
04-09 09:31:25.207 1233 1332 W AudioSystemCmdManager: java.lang.Throwable
04-09 09:31:25.207 1233 1332 W AudioSystemCmdManager: at com.droidlogic.app.AudioSystemCmdManager.audioCmdServiceIsNull(AudioSystemCmdManager.java:185)
04-09 09:31:25.207 1233 1332 W AudioSystemCmdManager: at com.droidlogic.app.AudioSystemCmdManager.updateAudioPortGain(AudioSystemCmdManager.java:221)
04-09 09:31:25.207 1233 1332 W AudioSystemCmdManager: at org.dtvkit.inputsource.AbsDtvkitTvInput$DtvkitTvInputSession.doSetSurface(AbsDtvkitTvInput.java:2188)
04-09 09:31:25.207 1233 1332 W AudioSystemCmdManager: at org.dtvkit.inputsource.AbsDtvkitTvInput$DtvkitTvInputSession.access$1900(AbsDtvkitTvInput.java:1861)
04-09 09:31:25.207 1233 1332 W AudioSystemCmdManager: at org.dtvkit.inputsource.AbsDtvkitTvInput$5.handleMessage(AbsDtvkitTvInput.java:757)
04-09 09:31:25.207 1233 1332 W AudioSystemCmdManager: at android.os.Handler.dispatchMessage(Handler.java:102)
04-09 09:31:25.207 1233 1332 W AudioSystemCmdManager: at android.os.Looper.loopOnce(Looper.java:205)
04-09 09:31:25.207 1233 1332 W AudioSystemCmdManager: at android.os.Looper.loop(Looper.java:294)
04-09 09:31:25.207 1233 1332 W AudioSystemCmdManager: at android.os.HandlerThread.run(HandlerThread.java:67)
04-09 09:31:25.207 1233 1332 D DtvkitTvInputSession: (AbsDtvkitTvInput.java:2198)updateAudioPortGain -1
04-09 09:31:25.209 1233 4960 D AbsDtvkitTvInput: (AbsDtvkitTvInput.java:5986)onReleased
04-09 09:31:25.209 1233 4960 D AbsDtvkitTvInput: MainHardware onReleased
04-09 09:31:25.209 1233 1233 D DtvkitTvInputSession: (AbsDtvkitTvInput.java:2375)onSetSurface: end
04-09 09:31:25.222 1070 1070 I NetflixService: fg: false mIsNetflixFg: false
04-09 09:31:25.223 1233 1233 I DtvkitTvInputSession: (AbsDtvkitTvInput.java:2290)onSetSurface null, mDtvkitTvInputSessionCount = 6, mCurrentDtvkitTvInputSessionIndex = 6
04-09 09:31:25.223 1233 1233 I PropSettingManager: getBoolean key = vendor.tv.dtv.pipfcc.architecture, result = false
04-09 09:31:25.223 1233 1233 D DtvkitTvInputSession: (AbsDtvkitTvInput.java:2375)onSetSurface: end
04-09 09:31:25.224 1233 1233 D DtvkitTvInputSession: (AbsDtvkitTvInput.java:1982)onSetMain, isMain: false mCurrentDtvkitTvInputSessionIndex is 6
04-09 09:31:25.224 1233 1233 I PropSettingManager: getBoolean key = vendor.tv.dtv.pipfcc.architecture, result = false
04-09 09:31:25.225 1233 1233 I DtvkitTvInputSession: (AbsDtvkitTvInput.java:2002)onRelease index = 6, mIsPip = false
04-09 09:31:25.229 1233 1233 D DeviceUtils: isEnableCaLog: false
04-09 09:31:25.229 1233 1233 D DtvKitPlayer: unregisterSignalHandler: org.dtvkit.inputsource.AbsDtvkitTvInput$DtvkitTvInputSession$2@1adb344
04-09 09:31:25.229 1233 1233 D DtvkitGlueClient: unregisterSignalHandler org.dtvkit.inputsource.AbsDtvkitTvInput$DtvkitTvInputSession$2@1adb344
04-09 09:31:25.230 1233 1233 D DtvkitTvInputSession: (AbsDtvkitTvInput.java:4831)finalReleaseWorkThread index = 6, mIsPip = false
04-09 09:31:25.230 1233 1233 D DtvkitTvInputSession: (AbsDtvkitTvInput.java:4858)finalReleaseWorkThread mMainSessionSemaphore release
04-09 09:31:25.230 1233 1233 D DtvkitTvInputSession: (AbsDtvkitTvInput.java:4871)finalReleaseWorkThread over , mIsPip = false
04-09 09:31:25.231 1233 1233 D DtvkitTvInputSession: (AbsDtvkitTvInput.java:4872)finalReleaseWorkThread over
04-09 09:31:25.231 1233 1233 I DtvkitTvInputSession: (AbsDtvkitTvInput.java:2041)doDestroyOverlayr index = 6
04-09 09:31:25.231 1233 1233 I DtvkitCiMenu: destroy and unregisterSignalHandler
04-09 09:31:25.231 1233 1233 D DtvkitGlueClient: unregisterSignalHandler org.dtvkit.inputsource.CiMenuView$1@7ac1f0a
04-09 09:31:25.235 1233 1233 I DtvkitTvInputSession: (AbsDtvkitTvInput.java:2131)doRelease index = 6 -- 6, mIsPip = false
04-09 09:31:25.236 857 862 I dtvkitserver: request resource:Mheg.stop, json:[]
04-09 09:31:25.236 857 862 I Glue : request : Mheg.stop , reply : {
04-09 09:31:25.236 857 862 I Glue : "accepted" : false,
04-09 09:31:25.236 857 862 I Glue : "data" : "Bad request"
04-09 09:31:25.236 857 862 I Glue : }
04-09 09:31:25.237 1233 1233 E DtvKitPlayer: mhegStop = Bad request
04-09 09:31:25.237 1233 1233 D DtvkitTvInputSession: (AbsDtvkitTvInput.java:2143)doRelease: mhegStop over
04-09 09:31:25.238 857 862 I dtvkitserver: request resource:Player.stopTimeshiftRecording, json:[0,false]
04-09 09:31:25.238 857 862 I PlayerInterface: stopTimeshiftRecording [0] ret_live[0] state[0]
04-09 09:31:25.238 857 862 I Glue : request : Player.stopTimeshiftRecording , reply : {
04-09 09:31:25.238 857 862 I Glue : "accepted" : true,
04-09 09:31:25.238 857 862 I Glue : "data" : true
04-09 09:31:25.238 857 862 I Glue : }
04-09 09:31:25.238 1233 1233 D DtvkitTvInputSession: (AbsDtvkitTvInput.java:2145)doRelease: playerStopTimeshiftRecording over
04-09 09:31:25.239 24960 24960 D DataCollector: onChange: content://android.sei.live.tv/recommend_channel/1
04-09 09:31:25.239 857 862 I dtvkitserver: request resource:Player.stop, json:[0,true]
04-09 09:31:25.239 857 862 I PlayerInterface: stop: (0) (cache:1 tf_trans:0 all:0)
04-09 09:31:25.239 857 862 I PlayerInterface: playstate != OFF
04-09 09:31:25.239 857 862 I PlayerInterface: live source
04-09 09:31:25.239 857 862 I Glue : request : Player.stop , reply : {
04-09 09:31:25.239 857 862 I Glue : "accepted" : true,
04-09 09:31:25.239 857 862 I Glue : "data" : true
04-09 09:31:25.239 857 862 I Glue : }
04-09 09:31:25.239 857 862 I dtvkitserver: request resource:Player.stop, json:[0,false]
04-09 09:31:25.239 857 862 I PlayerInterface: stop: (0) (cache:0 tf_trans:0 all:0)
04-09 09:31:25.239 857 862 I PlayerInterface: playstate != OFF
04-09 09:31:25.239 857 862 I PlayerInterface: live source
04-09 09:31:25.239 857 862 I PlayerInterface: rmCached: (0:0) (0:dvb://0001.000d.17b2.8002.000c:0x0)
04-09 09:31:25.239 857 862 D PlayerInterface: combstat add [0:0]:[0]=[.->0]
04-09 09:31:25.239 857 862 I DTVKIT_LOG: ACTL_TuneOff(path=0)
04-09 09:31:25.239 857 862 I DTVKIT_LOG: STB_AVSetVideoColor:680 pip [false] fcc[false]
04-09 09:31:25.239 857 864 I PlayerInterface: event enter code:0x100027
04-09 09:31:25.239 857 862 I DTVKIT_LOG: STB_AVSetVideoColor:684 ===========>blank=1 force_black_color 1
04-09 09:31:25.239 857 862 I DTVKIT_LOG: SC_setVideoColor:52 @@@@@@@@@@@@@ MUTE [0]
04-09 09:31:25.240 857 864 I Glue : SignalHandler 120 SUBTITLE_TUNE 0 -1 0 0
04-09 09:31:25.240 857 864 I PlayerInterface: event enter code:0x100027
04-09 09:31:25.240 1233 1315 D dtvkit-jni: notify msgType = 2 this:0xce54fe80
04-09 09:31:25.240 857 864 I Glue : SignalHandler 120 SUBTITLE_TUNE 1 -1 0 0
04-09 09:31:25.240 1233 1320 D dtvkit-jni: SubtitleServiceCtl: subtitleTune(type:0, params:-1,0,0)
04-09 09:31:25.240 534 534 I SubtitleServer: setPipId mode=1, id=-1
04-09 09:31:25.240 534 534 I SubtitleService: setPipId mode = 1, id = -1
04-09 09:31:25.241 1233 1315 D dtvkit-jni: notify msgType = 2 this:0xce54fe80
04-09 09:31:25.241 24960 24960 D DataCollector: handleUpdateChannelIdList: 8
04-09 09:31:25.241 24960 24960 D DataCollector: mChannelIdMap: id -> 162 , duration -> 1166379
04-09 09:31:25.241 24960 24960 D DataCollector: mChannelIdMap: id -> 67 , duration -> 613254
04-09 09:31:25.241 24960 24960 D DataCollector: mChannelIdMap: id -> 163 , duration -> 10407
04-09 09:31:25.241 24960 24960 D DataCollector: mChannelIdMap: id -> 120 , duration -> 5324
04-09 09:31:25.241 24960 24960 D DataCollector: mChannelIdMap: id -> 152 , duration -> 78965
04-09 09:31:25.241 24960 24960 D DataCollector: mChannelIdMap: id -> 25 , duration -> 88055
04-09 09:31:25.241 24960 24960 D DataCollector: mChannelIdMap: id -> 153 , duration -> 647285
04-09 09:31:25.241 24960 24960 D DataCollector: mChannelIdMap: id -> 31 , duration -> 10412
04-09 09:31:25.241 1233 1320 D dtvkit-jni: SubtitleServiceCtl: subtitleTune(type:1, params:-1,0,0)
04-09 09:31:25.241 24960 24960 D DataCollector: entries: id -> 162 , duration -> 1166379
04-09 09:31:25.241 24960 24960 D DataCollector: entries: id -> 153 , duration -> 647285
04-09 09:31:25.241 24960 24960 D DataCollector: entries: id -> 67 , duration -> 613254
04-09 09:31:25.241 24960 24960 D DataCollector: entries: id -> 25 , duration -> 88055
04-09 09:31:25.241 24960 24960 D DataCollector: entries: id -> 152 , duration -> 78965
04-09 09:31:25.241 24960 24960 D DataCollector: entries: id -> 31 , duration -> 10412
04-09 09:31:25.242 24960 24960 D DataCollector: entries: id -> 163 , duration -> 10407
04-09 09:31:25.242 24960 24960 D DataCollector: entries: id -> 120 , duration -> 5324
04-09 09:31:25.242 857 862 I DTVKIT_LOG: ControlTuning 10513 ControlTuning(0): Not tuned, tune off
04-09 09:31:25.242 857 862 I DTVKIT_LOG: new tune state(0): Off not TUNED
04-09 09:31:25.242 857 862 I DTVKIT_LOG: ControlDecoding(0): curr: Disabled, event: disable
04-09 09:31:25.242 857 862 I DTVKIT_LOG: STB_DPStopSI(path=0), tuner_num=0
04-09 09:31:25.242 857 862 I DTVKIT_LOG: Signal Type = QAM...
04-09 09:31:25.242 857 862 I DTVKIT_LOG: STB_DPStopSI(0) : tuner 0 - no action
04-09 09:31:25.242 24960 24960 D DataCollector: getChannelIdList: 8
04-09 09:31:25.242 857 862 I DTVKIT_LOG: STB_DPSetTuneStatus(0, 3): tuner=0
04-09 09:31:25.242 857 862 I DTVKIT_LOG: STB_DPTuneOff(0): status=3, no action
04-09 09:31:25.242 857 862 I DTVKIT_LOG: STB_DPReleasePath(path=0, owner=0): in_use=1, owner=0
04-09 09:31:25.242 857 862 I DTVKIT_LOG: STB_DPReleaseCISlotFromPath(0): slot_id=255
04-09 09:31:25.242 857 862 I DTVKIT_LOG: STB_RESReleaseTuner(0, 0, 0): usage_count=1, high_count=0, owner=0
04-09 09:31:25.242 24960 24960 D ReportManager: reportRecommendChannelList: 8
04-09 09:31:25.242 857 862 I DTVKIT_LOG: STB_TuneUpdateFeUsage:2811 0: fe_useage[Remove]: 0
04-09 09:31:25.242 857 862 I DTVKIT_LOG: STB_TuneSetSignalType:455 0: current type=4, new type=0 frontend_fd:17
04-09 09:31:25.242 857 862 I DTVKIT_LOG: STB_TuneStopTuner:854 0: Stopping tuning...
04-09 09:31:25.242 534 534 I SubtitleServer: setPipId mode=2, id=-1
04-09 09:31:25.242 534 534 I SubtitleService: setPipId mode = 2, id = -1
04-09 09:31:25.245 857 873 I DTVKIT_LOG: TunerTask:3789 0: Tuned stopped
04-09 09:31:25.245 857 873 I DTVKIT_LOG: TunerTask:3608 0: Waiting for tune request....
04-09 09:31:25.249 20919 20919 E Soundeq-BluetoothDevicePairer: what = 3
04-09 09:31:25.250 20919 20919 D Soundeq-BluetoothDevicePairer: handleMessage: MSG_SCANNING_TIMEOUT
04-09 09:31:25.250 20919 20919 D Soundeq-BluetoothDevicePairer: stopScanning leScan:false
04-09 09:31:25.250 20919 20919 D SOUND_PAIR:BluetoothScanner.stopListening(L:117): stopListening
04-09 09:31:25.251 20919 20919 D Soundeq-BluetoothDevicePairer: setStatus status:1
04-09 09:31:25.251 20919 20919 D Soundeq-BluetoothDevicePairer: updateListener
04-09 09:31:25.251 20919 20919 D Soundeq-DiscoverService: statusChanged
04-09 09:31:25.272 857 862 I DTVKIT_LOG: STB_TuneStopTuner:880 0: Tuner stopped
04-09 09:31:25.272 857 862 I DTVKIT_LOG: STB_TuneSetSignalType 484 tstatus->signal_type=0
04-09 09:31:25.272 857 862 I DTVKIT_LOG: STB_RESReleaseDemuxWithParameter(0): usage_count=1
04-09 09:31:25.272 857 862 I DTVKIT_LOG: STB_RESReleaseDemuxWithParameter: Released demux 0(0x1)
04-09 09:31:25.272 857 862 I DTVKIT_LOG: STB_RESReleaseVideoDecoder: Released decoder 0
04-09 09:31:25.272 857 862 I DTVKIT_LOG: STB_RESReleaseAudioDecoder: Released decoder 0
04-09 09:31:25.272 857 862 I DTVKIT_LOG: STB_RESReleaseADDecoder: Released decoder 0
04-09 09:31:25.272 857 862 I DTVKIT_LOG: STB_DPReleasePath(path=0): no CA slot on this path
04-09 09:31:25.272 857 862 I Glue : SignalHandler resource:PlayerStatusChanged, json:{
04-09 09:31:25.272 857 862 I Glue : "content" : {},
04-09 09:31:25.272 857 862 I Glue : "index" : 0,
04-09 09:31:25.272 857 862 I Glue : "state" : "off",
04-09 09:31:25.272 857 862 I Glue : "type" : "none",
04-09 09:31:25.272 857 862 I Glue : "uri" : ""
04-09 09:31:25.272 857 862 I Glue : }
04-09 09:31:25.272 857 862 I Glue : request : Player.stop , reply : {
04-09 09:31:25.272 857 862 I Glue : "accepted" : true,
04-09 09:31:25.272 857 862 I Glue : "data" : true
04-09 09:31:25.272 857 862 I Glue : }
04-09 09:31:25.273 1233 1315 D dtvkit-jni: notify msgType = 0 this:0xce54fe80
04-09 09:31:25.273 1233 1315 I DtvkitGlueClient: notifyDvbCallback received!!! resource:PlayerStatusChanged (0),json{
04-09 09:31:25.273 1233 1315 I DtvkitGlueClient: "content" : {},
04-09 09:31:25.273 1233 1315 I DtvkitGlueClient: "index" : 0,
04-09 09:31:25.273 1233 1315 I DtvkitGlueClient: "state" : "off",
04-09 09:31:25.273 1233 1315 I DtvkitGlueClient: "type" : "none",
04-09 09:31:25.273 1233 1315 I DtvkitGlueClient: "uri" : ""
04-09 09:31:25.273 1233 1315 I DtvkitGlueClient: }
04-09 09:31:25.273 1233 1321 D DtvkitTvInput: onSignal: PlayerStatusChanged
04-09 09:31:25.274 1233 1233 D DtvkitTvInputSession: (AbsDtvkitTvInput.java:2147)doRelease: playerStop over
04-09 09:31:25.274 857 862 I dtvkitserver: request resource:Player.setSubtitlesOn, json:[0,false]
04-09 09:31:25.275 857 862 I Glue : request : Player.setSubtitlesOn , reply : {
04-09 09:31:25.275 857 862 I Glue : "accepted" : true,
04-09 09:31:25.275 857 862 I Glue : "data" : true
04-09 09:31:25.275 857 862 I Glue : }
04-09 09:31:25.275 1233 1233 I DtvKitPlayer: playerSetSubtitlesOn on = false
04-09 09:31:25.275 1233 1233 D DtvkitTvInputSession: (AbsDtvkitTvInput.java:2149)doRelease: playerSetSubtitlesOn over
04-09 09:31:25.276 857 862 I dtvkitserver: request resource:Player.stopTeletext, json:[0]
04-09 09:31:25.276 857 862 I Glue : request : Player.stopTeletext , reply : {
04-09 09:31:25.276 857 862 I Glue : "accepted" : true,
04-09 09:31:25.276 857 862 I Glue : "data" : true
04-09 09:31:25.276 857 862 I Glue : }
04-09 09:31:25.277 1233 1233 D DtvkitTvInputSession: (AbsDtvkitTvInput.java:2151)doRelease: playerSetTeletextOn over
04-09 09:31:25.278 1233 1233 I DtvkitTvInputSession: (AbsDtvkitTvInput.java:2157)doRelease over index = 6, mIsPip = false
04-09 09:31:25.279 1233 1233 D AbsDtvkitTvInput: (AbsDtvkitTvInput.java:6350)hideStreamChangeUpdateDialog no need
04-09 09:31:25.279 1233 1233 I AbsDtvkitTvInput: (AbsDtvkitTvInput.java:875)removeTunerSession index = 6
04-09 09:31:25.279 1233 1233 I DtvkitTvInputSession: (AbsDtvkitTvInput.java:2037)onRelease over index = 6, mIsPip = false
04-09 09:31:25.279 1233 1233 W TvInputSessionWrapper: Handling message (1) took too long time (duration=54ms)
04-09 09:31:25.280 1233 1233 W WindowOnBackDispatcher: sendCancelIfRunning: isInProgress=falsecallback=android.view.ViewRootImpl$$ExternalSyntheticLambda11@a74bfb0
04-09 09:31:25.280 689 2593 D CoreBackPreview: Window{85f6757 u0 org.dtvkit.inputsource}: Setting back callback null
04-09 09:31:25.281 689 812 W InputManager-JNI: Input channel object '85f6757 org.dtvkit.inputsource (client)' was disposed without first being removed with the input manager!
04-09 09:31:25.307 1070 1083 W com.droidlogic: Reducing the number of considered missed Gc histogram windows from 1382 to 100
04-09 09:31:25.309 24960 24960 D ReportManager: reportRecommendChannelList: 8
04-09 09:31:25.309 24960 24960 D DataCollector: handleUpdateChannelIdList: onComplete ...
04-09 09:31:25.310 24960 30094 D ReportManager: onNext: [com.nes.datalibrary.data.channel.Channel@1d5e482, com.nes.datalibrary.data.channel.Channel@23e1793, com.nes.datalibrary.data.channel.Channel@e5103d0, com.nes.datalibrary.data.channel.Channel@a882fc9, com.nes.datalibrary.data.channel.Channel@901c6ce, com.nes.datalibrary.data.channel.Channel@1a899ef, com.nes.datalibrary.data.channel.Channel@18a8cfc, com.nes.datalibrary.data.channel.Channel@5daff85]
04-09 09:31:25.310 24960 30094 D ReportManager: reportChannelList: start
04-09 09:31:25.353 24960 30093 D ReportManager: onNext: 8
04-09 09:31:25.355 24960 25069 D PointManager: ReportInfoTask
04-09 09:31:25.355 24960 25069 D PointManager: insertInfo :{"topic":"sdb_sdx_user_recommend_dvb","channel_list":[{"language":"English","sn":"1254635009390000867","channel_name":"KOSSUTH RDI“","channel_lcn":"801","channel_id":162,"channel_network_id":1,"channel_service_id":1531,"channel_input_package_name":"org.dtvkit.inputsource","channel_input_id":"org.dtvkit.inputsource\/.DtvkitTvInput\/HW19","service_type":"SERVICE_TYPE_AUDIO","channel_ts_id":1,"tuner_type":"TYPE_DVB_C","channel_video_pid":"0","channel_audio_pid":"1261","channel_pcr_pid":"1261","channel_audio_type":0,"channel_audio_mode":"1","channel_pmt_pid":"161","channel_audio_langs":"MP2","channel_audio_types":"MP2","transponder_info":"314MHz\/6900\/Auto","transponder_tp_id":1,"transponder_freq":314000000,"transponder_symb":6900,"transponder_mod":0,"transponder_bw":0,"transponder_sat_id":32770,"transponder_polar":0,"transponder_fec":0,"transponder_dvbs_flag":0,"transponder_terr_type":0,"transponder_plp_id":0,"transponder_orig_net_id":1,"transponder_network_id":20845,"transponder_id":1},{"language":"English","sn":"1254635009390000867","channel_name":"Williams TV","channel_lcn":"517","channel_id":153,"channel_network_id":1,"channel_service_id":6078,"channel_input_package_name":"org.dtvkit.inputsource","channel_input_id":"org.dtvkit.inputsource\/.DtvkitTvInput\/HW19","service_type":"SERVICE_TYPE_AUDIO_VIDEO","channel_ts_id":13,"tuner_type":"TYPE_DVB_C","channel_video_pid":"68","channel_audio_pid":"63","channel_pcr_pid":"68","channel_audio_type":0,"channel_audio_mode":"1","channel_pmt_pid":"59","channel_audio_langs":"MP2","channel_audio_types":"MP2","transponder_info":"410MHz\/6900\/Auto","transponder_tp_id":12,"transponder_freq":410000000,"transponder_symb":6900,"transponder_mod":0,"transponder_bw":0,"transponder_sat_id":32770,"transponder_polar":0,"transponder_fec":0,"transponder_dvbs_flag":0,"transponder_terr_type":0,"transponder_plp_id":0,"transponder_orig_net_id":1,"transponder_network_id":20845,"transponder_id":13},{"language":"English","sn":"1254635009390000867","channel_name":"Film Caf© HD","channel_lcn":"66","channel_id":67,"channel_network_id":1,"channel_service_id":2701,"channel_input_package_name":"org.dtvkit.inputsource","channel_input_id":"org.dtvkit.inputsource\/.DtvkitTvInput\/HW19","service_type":"SERVICE_TYPE_AUDIO_VIDEO","channel_ts_id":8,"tuner_type":"TYPE_DVB_C","channel_video_pid":"101","channel_audio_pid":"111","channel_pcr_pid":"101","channel_audio_type":0,"channel_audio_mode":"1","channel_pmt_pid":"84","channel_audio_langs":"MP2","channel_audio_types":"MP2","transponder_info":"370MHz\/6900\/Auto","transponder_tp_id":8,"transponder_freq":370000000,"transponder_symb":6900,"transponder_mod":0,"transponder_bw":0,"transponder_sat_id":32770,"transponder_polar":0,"transponder_fec":0,"transponder_dvbs_flag":0,"transponder_terr_type":0,"transponder_plp_id":0,"transponder_orig_net_id":1,"transponder_network_id":20845,"transponder_id":8},{"language":"English","sn":"1254635009390000867","channel_name":"M1 HD","channel_lcn":"2","channel_id":25,"channel_network_id":1,"channel_service_id":1704,"channel_input_package_name":"org.dtvkit.inputsource","channel_input_id":"org.dtvkit.inputsource\/.DtvkitTvInput\/HW19","service_type":"SERVICE_TYPE_AUDIO_VIDEO","channel_ts_id":1,"tuner_type":"TYPE_DVB_C","channel_video_pid":"1001","channel_audio_pid":"1002","channel_pcr_pid":"1001","channel_audio_type":0,"channel_audio_mode":"1","channel_pmt_pid":"52","channel_audio_langs":"MP2","channel_audio_types":"MP2","transponder_info":"314MHz\/6900\/Auto","transponder_tp_id":1,"transponder_freq":314000000,"transponder_symb":6900,"transponder_mod":0,"transponder_bw":0,"transponder_sat_id":32770,"transponder_polar":0,"transponder_fec":0,"transponder_dvbs_flag":0,"transponder_terr_type":0,"transponder_plp_id":0,"transponder_orig_net_id":1,"transponder_network_id":20845,"transponder_id":1},{"language":"English","sn":"1254635009390000867","channel_name":"Hunyadi TV","channel_lcn":"516","channel_id":152,"channel_network_id":1,"channel_service_id":6066,"channel_input_package_name":"
04-09 09:31:25.405 1233 4960 D DeviceUtils: getSupportTunerType:NES_DVB_TUNER: TCI
04-09 09:31:25.405 1233 4960 D DeviceUtils: nativeTunerArray: DVB-TCI
04-09 09:31:25.405 1233 4960 D DeviceUtils: disableT2: false
04-09 09:31:25.406 1233 4960 D DeviceUtils: equalsProductName: target -> SEI600NK productName ->SEI804HM
04-09 09:31:25.406 1233 4960 D DeviceUtils: equalsProductName: target -> SEI600NK4 productName ->SEI804HM
04-09 09:31:25.406 1233 4960 D DeviceUtils: equalsProductName: target -> SEI804NK productName ->SEI804HM
04-09 09:31:25.406 1233 4960 D DeviceUtils: getTunerArray:
04-09 09:31:25.407 1233 4960 D DataMananer: getStringParameters key = dvb_tuner_type, result = DVB-C
04-09 09:31:25.407 24960 25023 D DtvKitSetup: getDvbType: DVB-C
04-09 09:31:25.408 24960 25023 D com.nes.dvb.repository.DtvSearchRepository: lockTransponder: tunerType -> DVB-C, frequency -> 0, symbolRate -> 6900, dvbCModeIndex -> 0, bandwidthIndex -> 0
04-09 09:31:25.410 1233 30101 I ParameterManager: stopTuneAction:[]
04-09 09:31:25.410 857 862 I dtvkitserver: request resource:Dvbs.tuneActionStop, json:[]
04-09 09:31:25.410 857 862 I DvbsInterface: tuneActionStop enter
04-09 09:31:25.410 857 862 I DTVKIT_LOG: ACTL_StopTune
04-09 09:31:25.410 857 862 I DTVKIT_LOG: ACTL_StopTune end
04-09 09:31:25.410 857 862 I DvbsInterface: tuneActionStop exit
04-09 09:31:25.410 857 862 I Glue : request : Dvbs.tuneActionStop , reply : {
04-09 09:31:25.410 857 862 I Glue : "accepted" : true,
04-09 09:31:25.410 857 862 I Glue : "data" : true
04-09 09:31:25.410 857 862 I Glue : }
04-09 09:31:25.410 1233 30101 D ParameterManager: stopTuneAction resultObj:{"accepted":true,"data":true}
04-09 09:31:25.411 1233 1233 D DealDataUtils: accept: true
04-09 09:31:25.643 527 547 I WifiHAL : call wifi_get_link_stats handler
04-09 09:31:25.643 527 547 I WifiHAL : Creating message to get link statistics; iface = 16
04-09 09:31:25.663 689 973 D WifiClientModeImpl[30070:wlan0]: updateLinkLayerStatsRssiSpeedFrequencyCapabilities rssi=-70 TxLinkspeed=39 freq=2437 RxLinkSpeed=52
04-09 09:31:25.663 689 973 D WifiScoreCard: 1 lastSampleWeight=6/128 filterInKbps=10000 avgKbps=10000 filterOutKbps=9999
04-09 09:31:25.663 689 973 D WifiDataStall: tx tput in kbps: 25471
04-09 09:31:25.663 689 973 D WifiDataStall: rx tput in kbps: 35750
04-09 09:31:25.663 689 973 V WifiConfigManager: Updating scan detail cache freq=2437 BSSID=c4:a3:66:f6:9d:a8 RSSI=-70 for "versim"WPA_PSK
04-09 09:31:25.664 689 973 D WifiDataStall: ccaLevel = 80
04-09 09:31:25.664 689 973 D WifiDataStall: L2 txTputKbps: 22522, rxTputKbps: 35750, L3 txTputKbps: 8, rxTputKbps: 4, TxTrafficHigh: true, RxTrafficHigh: false, Throughput Sufficient: true
04-09 09:31:25.665 689 973 D WifiScoreCard: BSSID update SIGNAL_POLL ID: 209318759 SSID: "versim", BSSID: c4:a3:66:f6:9d:a8, MAC: 40:d9:5a:d6:80:04, IP: /192.168.1.17, Security type: 2, Supplicant state: COMPLETED, Wi-Fi standard: 4, RSSI: -70, Link speed: 39Mbps, Tx Link speed: 39Mbps, Max Supported Tx Link speed: 144Mbps, Rx Link speed: 52Mbps, Max Supported Rx Link speed: 144Mbps, Frequency: 2437MHz, Net ID: 0, Metered hint: false, score: 60, isUsable: true, CarrierMerged: false, SubscriptionId: -1, IsPrimary: 1, Trusted: true, Restricted: false, Ephemeral: false, OEM paid: false, OEM private: false, OSU AP: false, FQDN: , Provider friendly name: , Requesting package name: "versim"wpa2-pskMLO Information: , Is TID-To-Link negotiation supported by the AP: false, AP MLD Address: , AP MLO Link Id: , AP MLO Affiliated links:
04-09 09:31:25.665 689 973 D WifiScoreCard: txRate: 5 txSpeed: 39
04-09 09:31:25.665 689 973 D WifiScoreCard: network update SIGNAL_POLL "versim" ID: 2122788863 RSSI -70 txSpeed 39
04-09 09:31:25.665 689 973 D WifiClientModeImpl[30070:wlan0]: ClientModeImpl$L2ConnectedState screen=on 3 0 "versim" c4:a3:66:f6:9d:a8 rssi=-70 f=2437 sc=60 link=39 tx=3.1, 1.0, 0.0 rx=0.9 bcn=0 [on:3027 tx:4 rx:740 period:3026] from screen [on:664308 period:717841] score=60
04-09 09:31:25.693 553 818 W DroidAudioPatchManager: [updateAudioPatch:285] not find TIF tv_tuner->dev audio patch.
04-09 09:31:25.767 857 862 I dtvkitserver: request resource:Dvb.getFrontend, json:[0]
04-09 09:31:25.767 857 862 I DvbInterface: WriteFrontend strength(0):0 VERSION:202510130
04-09 09:31:25.767 857 862 I Glue : request : Dvb.getFrontend , reply : {
04-09 09:31:25.767 857 862 I Glue : "accepted" : true,
04-09 09:31:25.767 857 862 I Glue : "data" :
04-09 09:31:25.767 857 862 I Glue : {
04-09 09:31:25.767 857 862 I Glue : "band" : 0,
04-09 09:31:25.767 857 862 I Glue : "frequency" : 0,
04-09 09:31:25.767 857 862 I Glue : "frontendpath" : 0,
04-09 09:31:25.767 857 862 I Glue : "integrity" : 0,
04-09 09:31:25.767 857 862 I Glue : "mode" : 0,
04-09 09:31:25.767 857 862 I Glue : "polarity" : 0,
04-09 09:31:25.767 857 862 I Glue : "strength" : 0,
04-09 09:31:25.767 857 862 I Glue : "symbolRate" : 0,
04-09 09:31:25.767 857 862 I Glue : "tpId" : 0,
04-09 09:31:25.767 857 862 I Glue : "type" : "none",
04-09 09:31:25.767 857 862 I Glue : "usage" : "unknown"
04-09 09:31:25.767 857 862 I Glue : }
04-09 09:31:25.767 857 862 I Glue : }
04-09 09:31:25.768 1233 4960 D DtvKitPlayer: getSignalStatus resultObj:{"accepted":true,"data":{"band":0,"frequency":0,"frontendpath":0,"integrity":0,"mode":0,"polarity":0,"strength":0,"symbolRate":0,"tpId":0,"type":"none","usage":"unknown"}}
04-09 09:31:25.985 491 568 W libc : Access denied finding property ""
04-09 09:31:25.980 491 491 W binder:491_2: type=1400 audit(0.0:1160905): avc: denied { read } for name="u:object_r:default_prop:s0" dev="tmpfs" ino=182 scontext=u:r:hal_audio_default:s0 tcontext=u:object_r:default_prop:s0 tclass=file permissive=0
04-09 09:31:26.034 15680 15680 I cast_shell: [0409/093126.034569:INFO:metrics_recorder.cc(193)] Record action: Cast.CecHdmiInputState.Active
04-09 09:31:26.034 15680 15680 I cast_shell: [0409/093126.034819:INFO:metrics_recorder.cc(193)] Record action: Cast.CecStandby.On
04-09 09:31:26.043 15680 16094 I cast_shell: [0409/093126.043885:INFO:wifi_frame_histogram_capturer.cc(412)] Wifi metrics (from IOCTL): SNR=22
04-09 09:31:26.050 15680 16094 I cast_shell: [0409/093126.050002:INFO:wifi_util.cc(197)] Current wifi TDLS peers:
04-09 09:31:26.050 15680 16094 I cast_shell: [0409/093126.050152:INFO:wifi_util.cc(199)] No peers:
04-09 09:31:26.477 19644 24175 E OpenGLRenderer: Unable to match the desired swap behavior.
04-09 09:31:26.674 689 812 W ActivityManager: Unable to start service Intent { cmp=com.nes.sound.retail/com.nes.sound.component.service.DaemonService } U=0: not found
04-09 09:31:26.675 1052 1052 I HeartBeatUtils: ComponentInfo{com.nes.sound.retail/com.nes.sound.component.service.DaemonService} bind failed !!!Immediate reconnect!!!
04-09 09:31:26.675 1052 1052 I HeartBeatUtils: onHeartBeatStoped com.nes.sound.retail/com.nes.sound.component.service.DaemonService
04-09 09:31:26.675 689 812 W ActivityManager: Unbind failed: could not find connection for android.os.BinderProxy@ec74183
04-09 09:31:26.675 1052 1052 W HeartBeatUtils: start rescue com.nes.sound.retail/com.nes.sound.component.service.DaemonService
04-09 09:31:26.677 689 812 W ActivityManager: Unable to start service Intent { cmp=com.nes.sound/.component.service.DaemonService } U=0: not found
04-09 09:31:26.677 1052 1052 I HeartBeatUtils: ComponentInfo{com.nes.sound/com.nes.sound.component.service.DaemonService} bind failed !!!Immediate reconnect!!!
04-09 09:31:26.677 1052 1052 I HeartBeatUtils: onHeartBeatStoped com.nes.sound/com.nes.sound.component.service.DaemonService
04-09 09:31:26.678 689 812 W ActivityManager: Unbind failed: could not find connection for android.os.BinderProxy@f1eff00
04-09 09:31:26.678 1052 1052 W HeartBeatUtils: start rescue com.nes.sound/com.nes.sound.component.service.DaemonService
04-09 09:31:26.771 857 862 I dtvkitserver: request resource:Dvb.getFrontend, json:[0]
04-09 09:31:26.771 857 862 I DvbInterface: WriteFrontend strength(0):0 VERSION:202510130
04-09 09:31:26.771 857 862 I Glue : request : Dvb.getFrontend , reply : {
04-09 09:31:26.771 857 862 I Glue : "accepted" : true,
04-09 09:31:26.771 857 862 I Glue : "data" :
04-09 09:31:26.771 857 862 I Glue : {
04-09 09:31:26.771 857 862 I Glue : "band" : 0,
04-09 09:31:26.771 857 862 I Glue : "frequency" : 0,
04-09 09:31:26.771 857 862 I Glue : "frontendpath" : 0,
04-09 09:31:26.771 857 862 I Glue : "integrity" : 0,
04-09 09:31:26.771 857 862 I Glue : "mode" : 0,
04-09 09:31:26.771 857 862 I Glue : "polarity" : 0,
04-09 09:31:26.771 857 862 I Glue : "strength" : 0,
04-09 09:31:26.771 857 862 I Glue : "symbolRate" : 0,
04-09 09:31:26.771 857 862 I Glue : "tpId" : 0,
04-09 09:31:26.771 857 862 I Glue : "type" : "none",
04-09 09:31:26.771 857 862 I Glue : "usage" : "unknown"
04-09 09:31:26.771 857 862 I Glue : }
04-09 09:31:26.771 857 862 I Glue : }
04-09 09:31:26.772 1233 4960 D DtvKitPlayer: getSignalStatus resultObj:{"accepted":true,"data":{"band":0,"frequency":0,"frontendpath":0,"integrity":0,"mode":0,"polarity":0,"strength":0,"symbolRate":0,"tpId":0,"type":"none","usage":"unknown"}}
04-09 09:31:26.793 1856 1856 W ContextImpl: Calling a method in the system process without a qualified user: android.app.ContextImpl.bindService:2026 android.content.ContextWrapper.bindService:861 com.nes.sound.daemon.utils.heartbeat.HeartBeatConnectionPool.connectServiceByBinderBeans:108 com.nes.sound.daemon.utils.heartbeat.HeartBeatConnectionPool.reBindConnection:122 com.nes.sound.daemon.utils.heartbeat.HeartBeatUtils.reBindConnection:137
04-09 09:31:26.795 689 812 W ActivityManager: Unable to start service Intent { cmp=com.nes.sound/.component.service.HeartBeatDaemonService } U=0: not found
04-09 09:31:26.795 1856 1856 I HeartBeatUtils: ComponentInfo{com.nes.sound/com.nes.sound.component.service.HeartBeatDaemonService} bind failed !!!Immediate reconnect!!!
04-09 09:31:26.795 1856 1856 I HeartBeatUtils: onHeartBeatStoped com.nes.sound/com.nes.sound.component.service.HeartBeatDaemonService
04-09 09:31:26.796 689 812 W ActivityManager: Unbind failed: could not find connection for android.os.BinderProxy@be4c339
04-09 09:31:26.796 1856 1856 W HeartBeatUtils: start rescue com.nes.sound/com.nes.sound.component.service.HeartBeatDaemonService
04-09 09:31:26.984 1070 1070 I ThermalService: CPU temperatures: [42.800003]
04-09 09:31:26.985 491 568 W libc : Access denied finding property ""
04-09 09:31:26.980 491 491 W binder:491_2: type=1400 audit(0.0:1160906): avc: denied { read } for name="u:object_r:default_prop:s0" dev="tmpfs" ino=182 scontext=u:r:hal_audio_default:s0 tcontext=u:object_r:default_prop:s0 tclass=file permissive=0
04-09 09:31:27.185 689 941 D WindowManager: interceptKeyTq mSeiHdmiCecManager begin !
04-09 09:31:27.185 689 941 D SeiHdmiCecManager: Projector cec fun is disable!
04-09 09:31:27.187 689 940 D WindowManager: interceptKeyTi keyCode=20 action=0 repeatCount=0 keyguardOn=false canceled=false
04-09 09:31:27.187 689 940 D WindowManager: isInterceptKeyWhenSound enableSoundEq = true
04-09 09:31:27.187 689 940 D WindowManager: isInterceptKeyWhenSound getKeyCode = 20
04-09 09:31:27.189 24960 24960 D ArrowItemView: onKey: 20
04-09 09:31:27.190 24960 24960 D ArrowItemView: initView: Country (Region)mOnFocusChangeCallback = com.nes.dvb.adapter.PropertyItemAdapter$$ExternalSyntheticLambda2@2f92586
04-09 09:31:27.191 24960 24960 D ArrowItemView: initView: Tuner SystemmOnFocusChangeCallback = com.nes.dvb.adapter.PropertyItemAdapter$$ExternalSyntheticLambda2@5d50100
04-09 09:31:27.212 15631 15631 I GoogleInputMethodService: GoogleInputMethodService.onFinishInput():2084
04-09 09:31:27.213 15631 15631 I Module : DeviceLockedStatusModuleProvider$Module.updateDeviceLockedStatus():101 repeatCheckTimes = 0, locked = false
04-09 09:31:27.214 15631 15631 I GoogleInputMethodService: GoogleInputMethodService.onStartInput():1345 onStartInput(EditorInfo{EditorInfo{packageName=com.nes.seilivetv, inputType=0, inputTypeString=NULL, enableLearning=false, autoCorrection=false, autoComplete=false, imeOptions=0, privateImeOptions=null, actionName=UNSPECIFIED, actionLabel=null, initialSelStart=-1, initialSelEnd=-1, initialCapsMode=0, label=null, fieldId=0, fieldName=null, extras=null, hintText=null, hintLocales=[]}}, false)
04-09 09:31:27.215 15631 15631 I Module : DeviceLockedStatusModuleProvider$Module.updateDeviceLockedStatus():101 repeatCheckTimes = 1, locked = false
04-09 09:31:27.216 689 2593 W PackageConfigPersister: App-specific configuration not found for packageName: com.nes.seilivetv and userId: 0
04-09 09:31:27.388 689 941 D WindowManager: interceptKeyTq mSeiHdmiCecManager begin !
04-09 09:31:27.388 689 941 D SeiHdmiCecManager: Projector cec fun is disable!
04-09 09:31:27.389 689 940 D WindowManager: interceptKeyTi keyCode=20 action=1 repeatCount=0 keyguardOn=false canceled=false
04-09 09:31:27.389 689 940 D WindowManager: isInterceptKeyWhenSound enableSoundEq = true
04-09 09:31:27.389 689 940 D WindowManager: isInterceptKeyWhenSound getKeyCode = 20
04-09 09:31:27.393 689 1831 E TaskPersister: File error accessing recents directory (directory doesn't exist?).
04-09 09:31:27.477 19644 24175 E OpenGLRenderer: Unable to match the desired swap behavior.
04-09 09:31:27.590 689 941 D WindowManager: interceptKeyTq mSeiHdmiCecManager begin !
04-09 09:31:27.590 689 941 D SeiHdmiCecManager: Projector cec fun is disable!
04-09 09:31:27.594 689 940 D WindowManager: interceptKeyTi keyCode=20 action=0 repeatCount=0 keyguardOn=false canceled=false
04-09 09:31:27.594 689 940 D WindowManager: isInterceptKeyWhenSound enableSoundEq = true
04-09 09:31:27.594 689 940 D WindowManager: isInterceptKeyWhenSound getKeyCode = 20
04-09 09:31:27.595 24960 24960 D ArrowItemView: onKey: 20
04-09 09:31:27.596 24960 24960 D ArrowItemView: initView: Tuner SystemmOnFocusChangeCallback = com.nes.dvb.adapter.PropertyItemAdapter$$ExternalSyntheticLambda2@5d50100
04-09 09:31:27.597 24960 24960 D ArrowItemView: initView: Search ModemOnFocusChangeCallback = com.nes.dvb.adapter.PropertyItemAdapter$$ExternalSyntheticLambda2@2967fb
04-09 09:31:27.701 20919 20919 D Soundeq-BluetoothDevicePairer: startScanning type:1
04-09 09:31:27.708 20919 20919 D Soundeq-BluetoothDevicePairer: startScanning type:1
04-09 09:31:27.759 689 941 D WindowManager: interceptKeyTq mSeiHdmiCecManager begin !
04-09 09:31:27.759 689 941 D SeiHdmiCecManager: Projector cec fun is disable!
04-09 09:31:27.760 689 940 D WindowManager: interceptKeyTi keyCode=20 action=1 repeatCount=0 keyguardOn=false canceled=false
04-09 09:31:27.761 689 940 D WindowManager: isInterceptKeyWhenSound enableSoundEq = true
04-09 09:31:27.761 689 940 D WindowManager: isInterceptKeyWhenSound getKeyCode = 20
04-09 09:31:27.773 857 862 I dtvkitserver: request resource:Dvb.getFrontend, json:[0]
04-09 09:31:27.774 857 862 I DvbInterface: WriteFrontend strength(0):0 VERSION:202510130
04-09 09:31:27.774 857 862 I Glue : request : Dvb.getFrontend , reply : {
04-09 09:31:27.774 857 862 I Glue : "accepted" : true,
04-09 09:31:27.774 857 862 I Glue : "data" :
04-09 09:31:27.774 857 862 I Glue : {
04-09 09:31:27.774 857 862 I Glue : "band" : 0,
04-09 09:31:27.774 857 862 I Glue : "frequency" : 0,
04-09 09:31:27.774 857 862 I Glue : "frontendpath" : 0,
04-09 09:31:27.774 857 862 I Glue : "integrity" : 0,
04-09 09:31:27.774 857 862 I Glue : "mode" : 0,
04-09 09:31:27.774 857 862 I Glue : "polarity" : 0,
04-09 09:31:27.774 857 862 I Glue : "strength" : 0,
04-09 09:31:27.774 857 862 I Glue : "symbolRate" : 0,
04-09 09:31:27.774 857 862 I Glue : "tpId" : 0,
04-09 09:31:27.774 857 862 I Glue : "type" : "none",
04-09 09:31:27.774 857 862 I Glue : "usage" : "unknown"
04-09 09:31:27.774 857 862 I Glue : }
04-09 09:31:27.774 857 862 I Glue : }
04-09 09:31:27.774 1233 4960 D DtvKitPlayer: getSignalStatus resultObj:{"accepted":true,"data":{"band":0,"frequency":0,"frontendpath":0,"integrity":0,"mode":0,"polarity":0,"strength":0,"symbolRate":0,"tpId":0,"type":"none","usage":"unknown"}}
04-09 09:31:27.816 20919 20919 E Soundeq-BluetoothDevicePairer: what = 2
04-09 09:31:27.817 20919 20919 I Soundeq-BluetoothDevicePairer: start
04-09 09:31:27.817 20919 20919 D Soundeq-BluetoothDevicePairer: setStatus status:1
04-09 09:31:27.817 20919 20919 D Soundeq-BluetoothDevicePairer: updateListener
04-09 09:31:27.817 20919 20919 D Soundeq-DiscoverService: statusChanged
04-09 09:31:27.827 20919 20919 I Soundeq-BluetoothDevicePairer: BtScanner, name = [TV]Samsung , rssi = -49
04-09 09:31:27.838 20919 20919 I SOUND_PAIR:BluetoothScanner$Receiver.scanNow(L:265): scanNow isDiscovering = false
04-09 09:31:27.838 20919 20919 D Soundeq-BluetoothDevicePairer: Device onScanningStarted:
04-09 09:31:27.838 20919 20919 D Soundeq-BluetoothDevicePairer: Device onScanningStarted:
04-09 09:31:27.839 20919 20919 D BluetoothAdapter: [SEIBluetoothlogfordebug]startDiscovery
04-09 09:31:27.841 1383 1398 D BluetoothAdapterService: startDiscovery
04-09 09:31:27.842 1383 1493 I bluetooth: packages/modules/Bluetooth/system/bta/dm/bta_dm_main.cc:96 bta_dm_search_sm_execute: state:BTA_DM_SEARCH_IDLE, event:BTA_DM_API_SEARCH_EVT[0x200]
04-09 09:31:27.842 1383 1493 W bluetooth: packages/modules/Bluetooth/system/stack/btm/btm_inq.cc:1083 btm_clr_inq_result_flt: Memory being reset multiple times
04-09 09:31:27.845 20919 20919 I SOUND_PAIR:BluetoothScanner$Receiver.scanNow(L:270): scanNow startDiscovery
04-09 09:31:27.845 20919 20919 D SOUND_PAIR:BluetoothScanner.startListening(L:108): startListening
04-09 09:31:27.845 20919 20919 D Soundeq-BluetoothDevicePairer: handleMessage: BluetoothScanner
04-09 09:31:27.880 1383 1493 E bt_btu_hcif: packages/modules/Bluetooth/system/stack/btu/btu_hcif.cc:182 btu_hcif_log_event_metrics: Unexpectedly received event_code:0x2f that should not be handled here
04-09 09:31:27.881 1383 1493 I bt_btif_dm: packages/modules/Bluetooth/system/btif/src/btif_dm.cc:1601 btif_dm_search_devices_evt: EIR UUIDs for xx:xx:xx:xx:8b:4f:
04-09 09:31:27.881 1383 1493 I bt_btif_dm: packages/modules/Bluetooth/system/btif/src/btif_dm.cc:1604 btif_dm_search_devices_evt: 0000110a-0000-1000-8000-00805f9b34fb
04-09 09:31:27.881 1383 1493 I bt_btif_dm: packages/modules/Bluetooth/system/btif/src/btif_dm.cc:1604 btif_dm_search_devices_evt: 0000110c-0000-1000-8000-00805f9b34fb
04-09 09:31:27.881 1383 1493 I bt_btif_dm: packages/modules/Bluetooth/system/btif/src/btif_dm.cc:1604 btif_dm_search_devices_evt: 00001200-0000-1000-8000-00805f9b34fb
04-09 09:31:27.891 20919 20919 D SOUND_PAIR:BluetoothScanner$Receiver.onReceive(L:364): Device found, address: C4:57:6E:38:8B:4F name: [TV]Samsung Rssi:-57
04-09 09:31:27.905 689 941 D WindowManager: interceptKeyTq mSeiHdmiCecManager begin !
04-09 09:31:27.906 689 941 D SeiHdmiCecManager: Projector cec fun is disable!
04-09 09:31:27.907 689 940 D WindowManager: interceptKeyTi keyCode=20 action=0 repeatCount=0 keyguardOn=false canceled=false
04-09 09:31:27.907 689 940 D WindowManager: isInterceptKeyWhenSound enableSoundEq = true
04-09 09:31:27.907 689 940 D WindowManager: isInterceptKeyWhenSound getKeyCode = 20
04-09 09:31:27.908 24960 24960 D ArrowItemView: onKey: 20
04-09 09:31:27.909 24960 24960 D ArrowItemView: initView: Search ModemOnFocusChangeCallback = com.nes.dvb.adapter.PropertyItemAdapter$$ExternalSyntheticLambda2@2967fb
04-09 09:31:27.911 24960 24960 D ArrowItemView: initView: SymbolRatemOnFocusChangeCallback = com.nes.dvb.adapter.PropertyItemAdapter$$ExternalSyntheticLambda2@c29cbe2
04-09 09:31:27.980 491 491 W binder:491_2: type=1400 audit(0.0:1160907): avc: denied { read } for name="u:object_r:default_prop:s0" dev="tmpfs" ino=182 scontext=u:r:hal_audio_default:s0 tcontext=u:object_r:default_prop:s0 tclass=file permissive=0
04-09 09:31:27.985 491 568 W libc : Access denied finding property ""
04-09 09:31:28.074 689 941 D WindowManager: interceptKeyTq mSeiHdmiCecManager begin !
04-09 09:31:28.074 689 941 D SeiHdmiCecManager: Projector cec fun is disable!
04-09 09:31:28.076 689 940 D WindowManager: interceptKeyTi keyCode=20 action=1 repeatCount=0 keyguardOn=false canceled=false
04-09 09:31:28.076 689 940 D WindowManager: isInterceptKeyWhenSound enableSoundEq = true
04-09 09:31:28.076 689 940 D WindowManager: isInterceptKeyWhenSound getKeyCode = 20
04-09 09:31:28.175 689 941 D WindowManager: interceptKeyTq mSeiHdmiCecManager begin !
04-09 09:31:28.175 689 941 D SeiHdmiCecManager: Projector cec fun is disable!
04-09 09:31:28.176 689 940 D WindowManager: interceptKeyTi keyCode=20 action=0 repeatCount=0 keyguardOn=false canceled=false
04-09 09:31:28.176 689 940 D WindowManager: isInterceptKeyWhenSound enableSoundEq = true
04-09 09:31:28.176 689 940 D WindowManager: isInterceptKeyWhenSound getKeyCode = 20
04-09 09:31:28.177 24960 24960 D ArrowItemView: onKey: 20
04-09 09:31:28.178 24960 24960 D ArrowItemView: initView: SymbolRatemOnFocusChangeCallback = com.nes.dvb.adapter.PropertyItemAdapter$$ExternalSyntheticLambda2@c29cbe2
04-09 09:31:28.179 24960 24960 D ArrowItemView: initView: Scan TypemOnFocusChangeCallback = com.nes.dvb.adapter.PropertyItemAdapter$$ExternalSyntheticLambda2@462a465
04-09 09:31:28.377 689 941 D WindowManager: interceptKeyTq mSeiHdmiCecManager begin !
04-09 09:31:28.377 689 941 D SeiHdmiCecManager: Projector cec fun is disable!
04-09 09:31:28.378 689 940 D WindowManager: interceptKeyTi keyCode=20 action=1 repeatCount=0 keyguardOn=false canceled=false
04-09 09:31:28.378 689 940 D WindowManager: isInterceptKeyWhenSound enableSoundEq = true
04-09 09:31:28.378 689 940 D WindowManager: isInterceptKeyWhenSound getKeyCode = 20
04-09 09:31:28.443 24960 24968 I m.nes.seilivetv: Background young concurrent copying GC freed 143924(6254KB) AllocSpace objects, 91(2124KB) LOS objects, 27% free, 21MB/30MB, paused 153us,77us total 189.001ms
04-09 09:31:28.667 527 547 I WifiHAL : call wifi_get_link_stats handler
04-09 09:31:28.667 527 547 I WifiHAL : Creating message to get link statistics; iface = 16
04-09 09:31:28.687 689 973 D WifiClientModeImpl[30070:wlan0]: updateLinkLayerStatsRssiSpeedFrequencyCapabilities rssi=-69 TxLinkspeed=39 freq=2437 RxLinkSpeed=52
04-09 09:31:28.687 689 973 D WifiScoreCard: 1 lastSampleWeight=3/128 filterInKbps=10000 avgKbps=10000 filterOutKbps=9999
04-09 09:31:28.687 689 973 D WifiDataStall: tx tput in kbps: 22522
04-09 09:31:28.687 689 973 D WifiDataStall: rx tput in kbps: 35750
04-09 09:31:28.687 689 973 V WifiConfigManager: Updating scan detail cache freq=2437 BSSID=c4:a3:66:f6:9d:a8 RSSI=-69 for "versim"WPA_PSK
04-09 09:31:28.687 689 973 D WifiDataStall: ccaLevel = 80
04-09 09:31:28.687 689 973 D WifiDataStall: L2 txTputKbps: 25471, rxTputKbps: 35750, L3 txTputKbps: 0, rxTputKbps: 0, TxTrafficHigh: false, RxTrafficHigh: false, Throughput Sufficient: true
04-09 09:31:28.688 689 973 D WifiScoreCard: BSSID update SIGNAL_POLL ID: 209318759 SSID: "versim", BSSID: c4:a3:66:f6:9d:a8, MAC: 40:d9:5a:d6:80:04, IP: /192.168.1.17, Security type: 2, Supplicant state: COMPLETED, Wi-Fi standard: 4, RSSI: -69, Link speed: 39Mbps, Tx Link speed: 39Mbps, Max Supported Tx Link speed: 144Mbps, Rx Link speed: 52Mbps, Max Supported Rx Link speed: 144Mbps, Frequency: 2437MHz, Net ID: 0, Metered hint: false, score: 60, isUsable: true, CarrierMerged: false, SubscriptionId: -1, IsPrimary: 1, Trusted: true, Restricted: false, Ephemeral: false, OEM paid: false, OEM private: false, OSU AP: false, FQDN: , Provider friendly name: , Requesting package name: "versim"wpa2-pskMLO Information: , Is TID-To-Link negotiation supported by the AP: false, AP MLD Address: , AP MLO Link Id: , AP MLO Affiliated links:
04-09 09:31:28.688 689 973 D WifiScoreCard: txRate: 3 txSpeed: 39
04-09 09:31:28.688 689 973 D WifiScoreCard: network update SIGNAL_POLL "versim" ID: 2122788863 RSSI -69 txSpeed -1
04-09 09:31:28.688 689 973 D WifiClientModeImpl[30070:wlan0]: ClientModeImpl$L2ConnectedState screen=on 3 0 "versim" c4:a3:66:f6:9d:a8 rssi=-69 f=2437 sc=60 link=39 tx=1.7, 1.0, 0.0 rx=0.9 bcn=0 [on:3024 tx:4 rx:725 period:3022] from screen [on:667332 period:720864] score=60
04-09 09:31:28.777 857 862 I dtvkitserver: request resource:Dvb.getFrontend, json:[0]
04-09 09:31:28.777 857 862 I DvbInterface: WriteFrontend strength(0):0 VERSION:202510130
04-09 09:31:28.777 857 862 I Glue : request : Dvb.getFrontend , reply : {
04-09 09:31:28.777 857 862 I Glue : "accepted" : true,
04-09 09:31:28.777 857 862 I Glue : "data" :
04-09 09:31:28.777 857 862 I Glue : {
04-09 09:31:28.777 857 862 I Glue : "band" : 0,
04-09 09:31:28.777 857 862 I Glue : "frequency" : 0,
04-09 09:31:28.777 857 862 I Glue : "frontendpath" : 0,
04-09 09:31:28.777 857 862 I Glue : "integrity" : 0,
04-09 09:31:28.777 857 862 I Glue : "mode" : 0,
04-09 09:31:28.777 857 862 I Glue : "polarity" : 0,
04-09 09:31:28.777 857 862 I Glue : "strength" : 0,
04-09 09:31:28.777 857 862 I Glue : "symbolRate" : 0,
04-09 09:31:28.777 857 862 I Glue : "tpId" : 0,
04-09 09:31:28.777 857 862 I Glue : "type" : "none",
04-09 09:31:28.777 857 862 I Glue : "usage" : "unknown"
04-09 09:31:28.777 857 862 I Glue : }
04-09 09:31:28.777 857 862 I Glue : }
04-09 09:31:28.778 1233 4962 D DtvKitPlayer: getSignalStatus resultObj:{"accepted":true,"data":{"band":0,"frequency":0,"frontendpath":0,"integrity":0,"mode":0,"polarity":0,"strength":0,"symbolRate":0,"tpId":0,"type":"none","usage":"unknown"}}
04-09 09:31:28.940 689 941 D WindowManager: interceptKeyTq mSeiHdmiCecManager begin !
04-09 09:31:28.940 689 941 D SeiHdmiCecManager: Projector cec fun is disable!
04-09 09:31:28.941 689 940 D WindowManager: interceptKeyTi keyCode=20 action=0 repeatCount=0 keyguardOn=false canceled=false
