04-08 11:27:56.296 1052 1170 V WindowManagerShell: All active transition animations finished
04-08 11:27:57.081 689 15157 D ActivityManager: sync unfroze 24231 com.android.settings.intelligence for 6
04-08 11:27:57.231 689 7267 W PackageConfigPersister: App-specific configuration not found for packageName: com.android.tv.settings and userId: 0
04-08 11:27:57.306 15384 16234 W ContextImpl: Calling a method in the system process without a qualified user: android.app.ContextImpl.sendBroadcast:1248 android.content.ContextWrapper.sendBroadcast:504 w0.b.u:30 w0.b.n:59 w0.b.a:1
04-08 11:27:57.308 15384 16234 W ContextImpl: Calling a method in the system process without a qualified user: android.app.ContextImpl.sendBroadcast:1248 android.content.ContextWrapper.sendBroadcast:504 w0.b.u:44 w0.b.n:59 w0.b.a:1
04-08 11:27:58.490 1052 1170 V WindowManagerShell: Transition requested: android.os.BinderProxy@8fb261 TransitionRequestInfo { type = CLOSE, triggerTask = TaskInfo{userId=0 taskId=438 displayId=0 isRunning=false baseIntent=Intent { flg=0x10800000 cmp=com.android.tv.settings/.MainSettings } baseActivity=null topActivity=null origActivity=null realActivity=ComponentInfo{com.android.tv.settings/com.android.tv.settings.MainSettings} numActivities=0 lastActiveTime=574526311 supportsMultiWindow=false resizeMode=1 isResizeable=true minWidth=-1 minHeight=-1 defaultMinSize=220 token=WCT{android.window.IWindowContainerToken$Stub$Proxy@d8eb186} topActivityType=1 pictureInPictureParams=null shouldDockBigOverlays=false launchIntoPipHostTaskId=-1 lastParentTaskIdBeforePip=-1 displayCutoutSafeInsets=null topActivityInfo=null launchCookies=[] positionInParent=Point(0, 0) parentTaskId=-1 isFocused=true isVisible=true isVisibleRequested=true isSleeping=false topActivityInSizeCompat=false topActivityEligibleForLetterboxEducation= false topActivityLetterboxed= false isFromDoubleTap= false topActivityLetterboxVerticalPosition= -1 topActivityLetterboxHorizontalPosition= -1 topActivityLetterboxWidth=-1 topActivityLetterboxHeight=-1 locusId=null displayAreaFeatureId=1 cameraCompatControlState=hidden}, remoteTransition = null, displayChange = null }
04-08 11:27:58.514 24960 26594 W ContextImpl: Calling a method in the system process without a qualified user: android.app.ContextImpl.bindService:2026 android.content.ContextWrapper.bindService:861 m7.im.g:11 m7.im.d:110 m7.hb.a:211
04-08 11:27:58.518 689 826 V WindowManager: Sent Transition #62 createdAt=04-08 11:27:58.488 via request=TransitionRequestInfo { type = CLOSE, triggerTask = TaskInfo{userId=0 taskId=438 displayId=0 isRunning=false baseIntent=Intent { flg=0x10800000 cmp=com.android.tv.settings/.MainSettings } baseActivity=null topActivity=null origActivity=null realActivity=ComponentInfo{com.android.tv.settings/com.android.tv.settings.MainSettings} numActivities=0 lastActiveTime=574526311 supportsMultiWindow=false resizeMode=1 isResizeable=true minWidth=-1 minHeight=-1 defaultMinSize=220 token=WCT{RemoteToken{62eb673 Task{56314b8 #438 type=standard A=1000:com.android.tv.settings}}} topActivityType=1 pictureInPictureParams=null shouldDockBigOverlays=false launchIntoPipHostTaskId=-1 lastParentTaskIdBeforePip=-1 displayCutoutSafeInsets=null topActivityInfo=null launchCookies=[] positionInParent=Point(0, 0) parentTaskId=-1 isFocused=true isVisible=true isVisibleRequested=true isSleeping=false topActivityInSizeCompat=false topActivityEligibleForLetterboxEducation= false topActivityLetterboxed= false isFromDoubleTap= false topActivityLetterboxVerticalPosition= -1 topActivityLetterboxHorizontalPosition= -1 topActivityLetterboxWidth=-1 topActivityLetterboxHeight=-1 locusId=null displayAreaFeatureId=1 cameraCompatControlState=hidden}, remoteTransition = null, displayChange = null }
04-08 11:27:58.518 689 826 V WindowManager: startWCT=WindowContainerTransaction { changes = {} hops = [] errorCallbackToken=null taskFragmentOrganizer=null }
04-08 11:27:58.521 1052 1170 V WindowManagerShell: onTransitionReady android.os.BinderProxy@8fb261: {id=62 t=CLOSE f=0x0 trk=0 r=[0@Point(0, 0)] c=[{WCT{android.window.IWindowContainerToken$Stub$Proxy@5b4139d} m=CLOSE f=TRANSLUCENT leash=Surface(name=Task=438)/@0x37c9a47 sb=Rect(0, 0 - 1920, 1080) eb=Rect(0, 0 - 1920, 1080) d=0}]}
04-08 11:27:58.521 1052 1170 V WindowManagerShell: Playing animation for (#62)android.os.BinderProxy@8fb261@0
04-08 11:27:58.521 1052 1170 V WindowManagerShell: try handler com.android.wm.shell.keyguard.KeyguardTransitionHandler@1afc691
04-08 11:27:58.524 689 826 V WindowManager: info={id=62 t=CLOSE f=0x0 trk=0 r=[0@Point(0, 0)] c=[{WCT{RemoteToken{62eb673 Task{56314b8 #438 type=standard A=1000:com.android.tv.settings}}} m=CLOSE f=TRANSLUCENT leash=Surface(name=Task=438)/@0x95ff756 sb=Rect(0, 0 - 1920, 1080) eb=Rect(0, 0 - 1920, 1080) d=0}]}
04-08 11:27:58.525 1052 1170 V WindowManagerShell: try handler com.android.wm.shell.activityembedding.ActivityEmbeddingController@b7de9f6
04-08 11:27:58.525 1052 1170 V WindowManagerShell: try handler com.android.wm.shell.pip.tv.TvPipTransition@c29c1f7
04-08 11:27:58.525 1052 1170 V WindowManagerShell: try handler com.android.wm.shell.transition.RemoteTransitionHandler@2eb0864
04-08 11:27:58.525 1052 1170 V WindowManagerShell: Transition doesn't have explicit remote, search filters for match for {id=62 t=CLOSE f=0x0 trk=0 r=[0@Point(0, 0)] c=[{WCT{android.window.IWindowContainerToken$Stub$Proxy@5b4139d} m=CLOSE f=TRANSLUCENT leash=Surface(name=Task=438)/@0x37c9a47 sb=Rect(0, 0 - 1920, 1080) eb=Rect(0, 0 - 1920, 1080) d=0}]}
04-08 11:27:58.525 1052 1170 V WindowManagerShell: Delegate animation for #62 to null
04-08 11:27:58.525 1052 1170 V WindowManagerShell: try handler com.android.wm.shell.transition.DefaultTransitionHandler@bf93acd
04-08 11:27:58.525 1052 1170 V WindowManagerShell: start default transition animation, info = {id=62 t=CLOSE f=0x0 trk=0 r=[0@Point(0, 0)] c=[{WCT{android.window.IWindowContainerToken$Stub$Proxy@5b4139d} m=CLOSE f=TRANSLUCENT leash=Surface(name=Task=438)/@0x37c9a47 sb=Rect(0, 0 - 1920, 1080) eb=Rect(0, 0 - 1920, 1080) d=0}]}
04-08 11:27:58.530 1052 1170 V WindowManagerShell: loadAnimation: anim=android.view.animation.AlphaAnimation@1de93e3 animAttr=0x7 type=CLOSE isEntrance=false
04-08 11:27:58.534 1052 1170 V WindowManagerShell: animated by com.android.wm.shell.transition.DefaultTransitionHandler@bf93acd
04-08 11:27:58.537 689 7267 D CoreBackPreview: Window{720edf7 u0 com.android.tv.settings/com.android.tv.settings.MainSettings}: Setting back callback null
04-08 11:27:58.560 689 7273 W PackageConfigPersister: App-specific configuration not found for packageName: com.nes.seilivetv and userId: 0
04-08 11:27:58.612 1052 1170 D WindowManagerShell: TvPipController: onTaskStackChanged()
04-08 11:27:58.951 1052 1170 V WindowManagerShell: Transition animation finished (aborted=false), notifying core (#62)android.os.BinderProxy@8fb261@0
04-08 11:27:58.955 689 826 V WindowManager: Finish Transition #62: created at
04-08 11:27:58.488 collect-started=0.163ms request-sent=0.401ms started=6.909ms ready=20.893ms sent=28.181ms finished=464.521ms
04-08 11:27:58.963 1052 1170 V WindowManagerShell: Track 0 became idle
04-08 11:27:58.963 1052 1170 V WindowManagerShell: All active transition animations finished
04-08 11:27:59.152 689 7273 W ActivityManager: Unable to start service Intent { cmp=com.nes.sound.retail/com.nes.sound.component.service.DaemonService } U=0: not found
04-08 11:27:59.152 1052 1052 I HeartBeatUtils: ComponentInfo{com.nes.sound.retail/com.nes.sound.component.service.DaemonService} bind failed !!!Immediate reconnect!!!
04-08 11:27:59.152 1052 1052 I HeartBeatUtils: onHeartBeatStoped com.nes.sound.retail/com.nes.sound.component.service.DaemonService
04-08 11:27:59.153 689 7273 W ActivityManager: Unbind failed: could not find connection for android.os.BinderProxy@b00df15
04-08 11:27:59.153 1052 1052 W HeartBeatUtils: start rescue com.nes.sound.retail/com.nes.sound.component.service.DaemonService
04-08 11:27:59.154 689 7273 W ActivityManager: Unable to start service Intent { cmp=com.nes.sound/.component.service.DaemonService } U=0: not found
04-08 11:27:59.154 1052 1052 I HeartBeatUtils: ComponentInfo{com.nes.sound/com.nes.sound.component.service.DaemonService} bind failed !!!Immediate reconnect!!!
04-08 11:27:59.154 1052 1052 I HeartBeatUtils: onHeartBeatStoped com.nes.sound/com.nes.sound.component.service.DaemonService
04-08 11:27:59.155 689 7273 W ActivityManager: Unbind failed: could not find connection for android.os.BinderProxy@295922a
04-08 11:27:59.155 1052 1052 W HeartBeatUtils: start rescue com.nes.sound/com.nes.sound.component.service.DaemonService
04-08 11:27:59.244 1856 1856 W ContextImpl: Calling a method in the system process without a qualified user: android.app.ContextImpl.bindService:2026 android.content.ContextWrapper.bindService:861 com.nes.sound.daemon.utils.heartbeat.HeartBeatConnectionPool.connectServiceByBinderBeans:108 com.nes.sound.daemon.utils.heartbeat.HeartBeatConnectionPool.reBindConnection:122 com.nes.sound.daemon.utils.heartbeat.HeartBeatUtils.reBindConnection:137
04-08 11:27:59.245 689 7273 W ActivityManager: Unable to start service Intent { cmp=com.nes.sound/.component.service.HeartBeatDaemonService } U=0: not found
04-08 11:27:59.246 1856 1856 I HeartBeatUtils: ComponentInfo{com.nes.sound/com.nes.sound.component.service.HeartBeatDaemonService} bind failed !!!Immediate reconnect!!!
04-08 11:27:59.246 1856 1856 I HeartBeatUtils: onHeartBeatStoped com.nes.sound/com.nes.sound.component.service.HeartBeatDaemonService
04-08 11:27:59.246 689 7273 W ActivityManager: Unbind failed: could not find connection for android.os.BinderProxy@2b4381b
04-08 11:27:59.246 1856 1856 W HeartBeatUtils: start rescue com.nes.sound/com.nes.sound.component.service.HeartBeatDaemonService
04-08 11:28:00.185 1856 2310 W ContextImpl: Calling a method in the system process without a qualified user: android.app.ContextImpl.startService:1927 android.content.ContextWrapper.startService:825 com.nes.sound.daemon.utils.ComponentUtil.startService:68 com.nes.sound.daemon.utils.ComponentUtil.startComponent:46 com.nes.sound.daemon.component.DaemonService.operateDaemon:97
04-08 11:28:00.186 689 15157 W ActivityManager: Unable to start service Intent { pkg=com.nes.sound cmp=com.nes.sound/.component.service.LanService } U=0: not found
04-08 11:28:01.515 689 1831 E TaskPersister: File error accessing recents directory (directory doesn't exist?).
04-08 11:28:01.721 1070 1070 D HdmiCecActiveness: setState inactive mState:active
04-08 11:28:01.721 689 689 D HDMI : [R]: 0F:36
04-08 11:28:01.722 689 689 I HDMI : Hdmi cec standby
04-08 11:28:01.723 689 689 I PowerGroup: Powering off display group due to hdmi (groupId= 0, uid= 1000, millisSinceLastUserActivity=3656, lastUserActivityEvent=button)...
04-08 11:28:01.723 689 689 I PowerManagerService: Going to sleep due to hdmi (uid 1000, screenOffTimeout=300000, activityTimeoutWM=-1, maxDimRatio=0.20000005, maxDimDur=7000)...
04-08 11:28:01.726 689 689 D WindowManager: updateCecScreenStatus 1
04-08 11:28:01.727 689 689 D HDMI : setCecSettingIntValue name:cec_screen_state, value:1
04-08 11:28:01.736 689 689 I HDMI : screen state is changing to 1
04-08 11:28:01.736 689 689 D HDMI : onStandby action:0, current power:0 initiatedByCec:true
04-08 11:28:01.736 689 689 D HDMI : standby acquireWakeLock 0
04-08 11:28:01.737 689 689 D HDMI : standby releaseWakeLock
04-08 11:28:01.740 689 689 V HdmiControlService: On standby-action cleared:4
04-08 11:28:01.740 689 689 V HdmiControlService: onPendingActionsCleared
04-08 11:28:01.741 689 689 D HDMI : setActiveSource logical:0xffffffff physical:0xffff HdmiCecLocalDevicePlayback#onStandby()
04-08 11:28:01.741 689 689 D HDMI : ActiveSourceHistoryRecord active source=(invalid, invalid) isActiveSource=false from=HdmiCecLocalDevicePlayback#onStandby()
04-08 11:28:01.741 689 689 D HDMI : onStandby sendStandbyNoneActive:false, wasActiveSource:true
04-08 11:28:01.741 689 689 D HDMI : onStandby sendStandbyNoneActive:false, wasActiveSource:true
04-08 11:28:01.741 689 689 I HDMI : onStandby finally completed
04-08 11:28:01.742 689 689 D HDMI : enableSystemCecControl: false
04-08 11:28:01.753 689 689 D HdmiControlService: Switching to full volume behavior
04-08 11:28:01.753 689 1018 D HDMI : standby releaseWakeLock
04-08 11:28:01.754 689 689 D HdmiControlService: Switching to full volume behavior
04-08 11:28:02.170 689 853 I DisplayPowerController2[0]: Blocking screen off
04-08 11:28:02.170 689 853 I DisplayPowerController2[0]: Unblocked screen off after 0 ms
04-08 11:28:02.173 689 853 D ActivityTaskManager: Top Process State changed to PROCESS_STATE_TOP_SLEEPING
04-08 11:28:02.176 689 826 V WindowManager: Sent Transition #63 createdAt=04-08 11:28:02.174 via request=TransitionRequestInfo { type = SLEEP, triggerTask = null, remoteTransition = null, displayChange = null }
04-08 11:28:02.176 689 826 V WindowManager: startWCT=null
04-08 11:28:02.176 689 826 V WindowManager: info={id=63 t=SLEEP f=0x0 trk=0 r=[] c=[]}
04-08 11:28:02.176 1052 1170 V WindowManagerShell: Transition requested: android.os.BinderProxy@c0eac0c TransitionRequestInfo { type = SLEEP, triggerTask = null, remoteTransition = null, displayChange = null }
04-08 11:28:02.180 689 7273 W Transition: Transition already started id=63 state=2
04-08 11:28:02.180 689 853 I DisplayBrightnessStrategySelector: Changing the DisplayBrightnessStrategy from InvalidBrightnessStrategy toScreenOffBrightnessStrategy for display 0
04-08 11:28:02.180 1052 1170 V WindowManagerShell: onTransitionReady android.os.BinderProxy@c0eac0c: {id=63 t=SLEEP f=0x0 trk=0 r=[] c=[]}
04-08 11:28:02.181 1052 1170 V WindowManagerShell: No transition roots in (#63)android.os.BinderProxy@c0eac0c@0 so abort
04-08 11:28:02.183 1052 1170 V WindowManagerShell: Transition animation finished (aborted=true), notifying core (#63)android.os.BinderProxy@c0eac0c@0
04-08 11:28:02.185 689 853 V DisplayPowerController2[0]: Brightness [0.0] reason changing to: 'screen_off', previous reason: 'manual'.
04-08 11:28:02.185 689 853 I DisplayPowerController2[0]: BrightnessEvent: disp=0, physDisp=local:4633127902230889483, brt=0.0, initBrt=0.39763778, rcmdBrt=NaN, preBrt=NaN, lux=0.0, preLux=0.0, hbmMax=1.0, hbmMode=off, rbcStrength=0, thrmMax=1.0, powerFactor=1.0, wasShortTermModelActive=false, flags=, reason=screen_off, autoBrightness=false, strategy=ScreenOffBrightnessStrategy
04-08 11:28:02.187 689 829 W ProcessStats: Tracking association SourceState{624d983 com.nes.seilivetv/1000 Top #22377} whose proc state 1 is better than process ProcessState{f526a14 com.google.android.gms/10051 pkg=com.google.android.gms} proc state 2 (1 skipped)
04-08 11:28:02.193 689 826 V WindowManager: Finish Transition #63: created at
04-08 11:28:02.174 collect-started=0.114ms request-sent=0.23ms started=0.536ms ready=0.528ms sent=0.943ms finished=17.671ms
04-08 11:28:02.193 1052 1170 V WindowManagerShell: Track 0 became idle
04-08 11:28:02.193 1052 1170 V WindowManagerShell: All active transition animations finished
04-08 11:28:02.195 689 829 I DisplayDeviceRepository: Display device changed: DisplayDeviceInfo{"Beépített képernyő": uniqueId="local:4633127902230889483", 1920 x 1080, modeId 72, renderFrameRate 59.94006, defaultModeId 72, supportedModes [{id=72, width=1920, height=1080, fps=59.94006, alternativeRefreshRates=[], supportedHdrTypes=[]}, {id=122, width=1920, height=1080, fps=60.000004, alternativeRefreshRates=[], supportedHdrTypes=[]}, {id=123, width=1920, height=1080, fps=50.0, alternativeRefreshRates=[], supportedHdrTypes=[]}, {id=124, width=1920, height=1080, fps=29.97003, alternativeRefreshRates=[], supportedHdrTypes=[]}, {id=125, width=1920, height=1080, fps=30.000002, alternativeRefreshRates=[], supportedHdrTypes=[]}, {id=126, width=1920, height=1080, fps=25.0, alternativeRefreshRates=[], supportedHdrTypes=[]}, {id=127, width=1920, height=1080, fps=23.976025, alternativeRefreshRates=[], supportedHdrTypes=[]}, {id=128, width=1920, height=1080, fps=24.000002, alternativeRefreshRates=[], supportedHdrTypes=[]}, {id=129, width=1280, height=720, fps=59.94006, alternativeRefreshRates=[], supportedHdrTypes=[]}, {id=130, width=1280, height=720, fps=60.000004, alternativeRefreshRates=[], supportedHdrTypes=[]}, {id=131, width=1280, height=720, fps=50.0, alternativeRefreshRates=[], supportedHdrTypes=[]}], colorMode 0, supportedColorModes [0], hdrCapabilities HdrCapabilities{mSupportedHdrTypes=[], mMaxLuminance=500.0, mMaxAverageLuminance=500.0, mMinLuminance=0.0}, isForceSdr false, allmSupported false, gameContentTypeSupported false, density 320, 54.795 x 54.864 dpi, appVsyncOff 2000000, presDeadline 13683333, touch INTERNAL, rotation 0, type INTERNAL, address {port=11, model=0x404c2d479b6c44}, deviceProductInfo DeviceProductInfo{name=SAMSUNG, manufacturerPnpId=SAM, productId=2912, modelYear=null, manufactureDate=ManufactureDate{week=48, year=2013}, connectionToSinkType=2}, state OFF, committedState ON, frameRateOverride , brightnessMinimum 0.0, brightnessMaximum 1.0, brightnessDefault 0.39763778, hdrSdrRatio NaN, FLAG_ALLOWED_TO_BE_DEFAULT_DISPLAY, FLAG_ROTATES_WITH_CONTENT, FLAG_SECURE, FLAG_SUPPORTS_PROTECTED_BUFFERS, FLAG_TRUSTED, installOrientation 0, displayShape DisplayShape{ spec=729782573 displayWidth=1920 displayHeight=1080 physicalPixelDisplaySizeRatio=1.0 rotation=0 offsetX=0 offsetY=0 scale=1.0}}
04-08 11:28:02.197 689 829 E DisplayManagerService: handleLogicalDisplayChangedLocked to set mStableDisplaySize
04-08 11:28:02.197 689 829 E DisplayManagerService: current mStableDisplaySize is large screen and return!!!
04-08 11:28:02.212 689 1876 D CompatibilityChangeReporter: Compat change id reported: 170503758; UID 10051; state: ENABLED
04-08 11:28:02.217 689 830 I DisplayDevice: [0] Layerstack set to -1 for local:4633127902230889483
04-08 11:28:02.286 1052 1170 D WindowManagerShell: TvPipController: onTaskStackChanged()
04-08 11:28:02.379 689 829 I DisplayDeviceRepository: Display device changed state: "Beépített képernyő", OFF
04-08 11:28:02.384 689 829 E DisplayManagerService: handleLogicalDisplayChangedLocked to set mStableDisplaySize
04-08 11:28:02.384 689 829 E DisplayManagerService: current mStableDisplaySize is large screen and return!!!
04-08 11:28:02.385 689 853 I PowerGroup: Sleeping power group (groupId=0, uid=1000, reason=timeout)...
04-08 11:28:02.386 689 853 I PowerManagerService: Sleeping (uid 1000)...
04-08 11:28:02.386 689 829 D DisplayManagerService: Ignore redundant display event 0/2 to 10052/24254
04-08 11:28:02.386 689 829 D DisplayManagerService: Ignore redundant display event 0/2 to 10054/26203
04-08 11:28:02.428 689 938 E DisplayManagerService: handleLogicalDisplayChangedLocked to set mStableDisplaySize
04-08 11:28:02.428 689 938 E DisplayManagerService: current mStableDisplaySize is large screen and return!!!
04-08 11:28:02.431 689 829 D DisplayManagerService: Ignore redundant display event 0/2 to 10052/24254
04-08 11:28:02.432 689 829 D DisplayManagerService: Ignore redundant display event 0/2 to 10054/26203
04-08 11:28:02.447 689 689 D HDMI : receive android.intent.action.SCREEN_OFF
04-08 11:28:02.458 689 689 I PowerManagerService: onFlip(): Face up.
04-08 11:28:02.495 689 829 I DisplayDeviceRepository: Display device changed: DisplayDeviceInfo{"Beépített képernyő": uniqueId="local:4633127902230889483", 1920 x 1080, modeId 72, renderFrameRate 59.94006, defaultModeId 72, supportedModes [{id=72, width=1920, height=1080, fps=59.94006, alternativeRefreshRates=[], supportedHdrTypes=[]}, {id=122, width=1920, height=1080, fps=60.000004, alternativeRefreshRates=[], supportedHdrTypes=[]}, {id=123, width=1920, height=1080, fps=50.0, alternativeRefreshRates=[], supportedHdrTypes=[]}, {id=124, width=1920, height=1080, fps=29.97003, alternativeRefreshRates=[], supportedHdrTypes=[]}, {id=125, width=1920, height=1080, fps=30.000002, alternativeRefreshRates=[], supportedHdrTypes=[]}, {id=126, width=1920, height=1080, fps=25.0, alternativeRefreshRates=[], supportedHdrTypes=[]}, {id=127, width=1920, height=1080, fps=23.976025, alternativeRefreshRates=[], supportedHdrTypes=[]}, {id=128, width=1920, height=1080, fps=24.000002, alternativeRefreshRates=[], supportedHdrTypes=[]}, {id=129, width=1280, height=720, fps=59.94006, alternativeRefreshRates=[], supportedHdrTypes=[]}, {id=130, width=1280, height=720, fps=60.000004, alternativeRefreshRates=[], supportedHdrTypes=[]}, {id=131, width=1280, height=720, fps=50.0, alternativeRefreshRates=[], supportedHdrTypes=[]}], colorMode 0, supportedColorModes [0], hdrCapabilities HdrCapabilities{mSupportedHdrTypes=[], mMaxLuminance=500.0, mMaxAverageLuminance=500.0, mMinLuminance=0.0}, isForceSdr false, allmSupported false, gameContentTypeSupported false, density 320, 54.795 x 54.864 dpi, appVsyncOff 2000000, presDeadline 13683333, touch INTERNAL, rotation 0, type INTERNAL, address {port=11, model=0x404c2d479b6c44}, deviceProductInfo DeviceProductInfo{name=SAMSUNG, manufacturerPnpId=SAM, productId=2912, modelYear=null, manufactureDate=ManufactureDate{week=48, year=2013}, connectionToSinkType=2}, state OFF, committedState OFF, frameRateOverride , brightnessMinimum 0.0, brightnessMaximum 1.0, brightnessDefault 0.39763778, hdrSdrRatio NaN, FLAG_ALLOWED_TO_BE_DEFAULT_DISPLAY, FLAG_ROTATES_WITH_CONTENT, FLAG_SECURE, FLAG_SUPPORTS_PROTECTED_BUFFERS, FLAG_TRUSTED, installOrientation 0, displayShape DisplayShape{ spec=729782573 displayWidth=1920 displayHeight=1080 physicalPixelDisplaySizeRatio=1.0 rotation=0 offsetX=0 offsetY=0 scale=1.0}}
04-08 11:28:02.506 689 829 E DisplayManagerService: handleLogicalDisplayChangedLocked to set mStableDisplaySize
04-08 11:28:02.506 689 829 E DisplayManagerService: current mStableDisplaySize is large screen and return!!!
04-08 11:28:02.528 689 829 D DisplayManagerService: Ignore redundant display event 0/2 to 10052/24254
04-08 11:28:02.528 689 829 D DisplayManagerService: Ignore redundant display event 0/2 to 10054/26203
04-08 11:28:03.479 689 994 D AudioService: setWiredDeviceConnectionState( type:400 state:DEVICE_STATE_UNAVAILABLE addr: name:) from android
04-08 11:28:03.479 689 994 I AS.AudioDeviceInventory: handleDeviceConnection(false dev:400 address: name:)
04-08 11:28:03.480 689 994 I AS.AudioDeviceInventory: deviceKey:0x400:
04-08 11:28:03.480 689 994 I AS.AudioDeviceInventory: deviceInfo:[DeviceInfo: type:0x400 (hdmi) name: addr: codec: 0 sensorUuid: null disabled modes: {}] is(already)Connected:true
04-08 11:28:03.501 689 994 I AS.AudioDeviceInventory: sendDeviceConnectionIntent(dev:0x400 state:0x0 address: name:);
04-08 11:28:04.404 1856 1856 W ContextImpl: Calling a method in the system process without a qualified user: android.app.ContextImpl.bindService:2026 android.content.ContextWrapper.bindService:861 com.nes.sound.daemon.utils.heartbeat.HeartBeatConnectionPool.connectServiceByBinderBeans:108 com.nes.sound.daemon.utils.heartbeat.HeartBeatConnectionPool.reBindConnection:122 com.nes.sound.daemon.utils.heartbeat.HeartBeatUtils.reBindConnection:137
04-08 11:28:04.410 689 1250 W ActivityManager: Unable to start service Intent { cmp=com.nes.sound/.component.service.HeartBeatDaemonService } U=0: not found
04-08 11:28:04.415 1856 1856 I HeartBeatUtils: ComponentInfo{com.nes.sound/com.nes.sound.component.service.HeartBeatDaemonService} bind failed !!!Immediate reconnect!!!
04-08 11:28:04.415 1856 1856 I HeartBeatUtils: onHeartBeatStoped com.nes.sound/com.nes.sound.component.service.HeartBeatDaemonService
04-08 11:28:04.417 689 1250 W ActivityManager: Unbind failed: could not find connection for android.os.BinderProxy@3eca32
04-08 11:28:04.421 689 1250 W ActivityManager: Unable to start service Intent { cmp=com.nes.sound.retail/com.nes.sound.component.service.DaemonService } U=0: not found
04-08 11:28:04.426 1856 1856 W HeartBeatUtils: start rescue com.nes.sound/com.nes.sound.component.service.HeartBeatDaemonService
04-08 11:28:04.426 1052 1052 I HeartBeatUtils: ComponentInfo{com.nes.sound.retail/com.nes.sound.component.service.DaemonService} bind failed !!!Immediate reconnect!!!
04-08 11:28:04.426 1052 1052 I HeartBeatUtils: onHeartBeatStoped com.nes.sound.retail/com.nes.sound.component.service.DaemonService
04-08 11:28:04.427 689 1250 W ActivityManager: Unbind failed: could not find connection for android.os.BinderProxy@1038383
04-08 11:28:04.427 1052 1052 W HeartBeatUtils: start rescue com.nes.sound.retail/com.nes.sound.component.service.DaemonService
04-08 11:28:04.429 689 911 W ActivityManager: Unable to start service Intent { cmp=com.nes.sound/.component.service.DaemonService } U=0: not found
04-08 11:28:04.430 1052 1052 I HeartBeatUtils: ComponentInfo{com.nes.sound/com.nes.sound.component.service.DaemonService} bind failed !!!Immediate reconnect!!!
04-08 11:28:04.430 1052 1052 I HeartBeatUtils: onHeartBeatStoped com.nes.sound/com.nes.sound.component.service.DaemonService
04-08 11:28:04.430 689 1250 W ActivityManager: Unbind failed: could not find connection for android.os.BinderProxy@ae31900
04-08 11:28:04.431 1052 1052 W HeartBeatUtils: start rescue com.nes.sound/com.nes.sound.component.service.DaemonService
04-08 11:28:04.546 689 1020 I MR2ServiceImpl: removeProviderRoutes | provider: com.android.server.media/.SystemMediaRoute2Provider, routes: [ROUTE_ID_HDMI | Tévés hangkimenet]
04-08 11:28:19.502 689 689 W Looper : Slow delivery took 4658ms main h=android.os.Handler c=com.android.server.inputmethod.ImeTrackerService$$ExternalSyntheticLambda1@41c5373 m=0
04-08 11:28:19.510 1856 1856 W ContextImpl: Calling a method in the system process without a qualified user: android.app.ContextImpl.bindService:2026 android.content.ContextWrapper.bindService:861 com.nes.sound.daemon.utils.heartbeat.HeartBeatConnectionPool.connectServiceByBinderBeans:108 com.nes.sound.daemon.utils.heartbeat.HeartBeatConnectionPool.reBindConnection:122 com.nes.sound.daemon.utils.heartbeat.HeartBeatUtils.reBindConnection:137
04-08 11:28:19.515 689 927 D ActivityManager: freezing 24438 com.google.process.gservices
04-08 11:28:19.526 689 689 W Looper : Drained
04-08 11:28:19.526 689 15158 W ActivityManager: Unable to start service Intent { cmp=com.nes.sound/.component.service.HeartBeatDaemonService } U=0: not found
04-08 11:28:19.527 1856 1856 I HeartBeatUtils: ComponentInfo{com.nes.sound/com.nes.sound.component.service.HeartBeatDaemonService} bind failed !!!Immediate reconnect!!!
04-08 11:28:19.527 1856 1856 I HeartBeatUtils: onHeartBeatStoped com.nes.sound/com.nes.sound.component.service.HeartBeatDaemonService
04-08 11:28:19.528 689 1250 W ActivityManager: Unable to start service Intent { cmp=com.nes.sound.retail/com.nes.sound.component.service.DaemonService } U=0: not found
04-08 11:28:19.529 689 927 D ActivityManager: freezing 26381 com.google.process.gapps
04-08 11:28:19.529 1052 1052 I HeartBeatUtils: ComponentInfo{com.nes.sound.retail/com.nes.sound.component.service.DaemonService} bind failed !!!Immediate reconnect!!!
04-08 11:28:19.529 1052 1052 I HeartBeatUtils: onHeartBeatStoped com.nes.sound.retail/com.nes.sound.component.service.DaemonService
04-08 11:28:19.529 689 15158 W ActivityManager: Unbind failed: could not find connection for android.os.BinderProxy@f6ec230
04-08 11:28:19.529 689 1250 W ActivityManager: Unbind failed: could not find connection for android.os.BinderProxy@2737ea9
04-08 11:28:19.530 689 927 D ActivityManager: freezing 24231 com.android.settings.intelligence
04-08 11:28:19.531 1052 1052 W HeartBeatUtils: start rescue com.nes.sound.retail/com.nes.sound.component.service.DaemonService
04-08 11:28:19.532 1856 1856 W HeartBeatUtils: start rescue com.nes.sound/com.nes.sound.component.service.HeartBeatDaemonService
04-08 11:28:19.534 689 1879 W ActivityManager: Unable to start service Intent { cmp=com.nes.sound/.component.service.DaemonService } U=0: not found
04-08 11:28:19.534 689 927 D ActivityManager: freezing 24254 com.google.android.tungsten.setupwraith
04-08 11:28:19.535 1052 1052 I HeartBeatUtils: ComponentInfo{com.nes.sound/com.nes.sound.component.service.DaemonService} bind failed !!!Immediate reconnect!!!
04-08 11:28:19.535 1052 1052 I HeartBeatUtils: onHeartBeatStoped com.nes.sound/com.nes.sound.component.service.DaemonService
04-08 11:28:19.536 689 15158 W ActivityManager: Unbind failed: could not find connection for android.os.BinderProxy@b7a9c2e
04-08 11:28:19.540 1052 1052 W HeartBeatUtils: start rescue com.nes.sound/com.nes.sound.component.service.DaemonService
04-08 11:28:19.822 689 951 I StorageSessionController: Notifying volume state changed for session with id: public:8,1
04-08 11:28:19.874 689 982 W ContextImpl: Calling a method in the system process without a qualified user: android.app.ContextImpl.sendStickyBroadcast:1654 android.net.connectivity.com.android.server.ConnectivityService.sendStickyBroadcast:3282 android.net.connectivity.com.android.server.ConnectivityService.sendLegacyNetworkBroadcast:10264 android.net.connectivity.com.android.server.ConnectivityService$LegacyTypeTracker.remove:1168 android.net.connectivity.com.android.server.ConnectivityService$LegacyTypeTracker.remove:1185
04-08 11:28:19.895 689 836 D CompatibilityChangeReporter: Compat change id reported: 135634846; UID 10025; state: DISABLED
04-08 11:28:19.895 689 836 D CompatibilityChangeReporter: Compat change id reported: 177438394; UID 10025; state: DISABLED
04-08 11:28:19.895 689 836 D CompatibilityChangeReporter: Compat change id reported: 135772972; UID 10025; state: DISABLED
04-08 11:28:19.895 689 836 D CompatibilityChangeReporter: Compat change id reported: 135754954; UID 10025; state: ENABLED
04-08 11:28:19.895 689 951 D StorageManagerService: Volume public:8,1 broadcasting ejecting to UserHandle{0}
04-08 11:28:19.896 689 837 D CompatibilityChangeReporter: Compat change id reported: 143937733; UID 10025; state: ENABLED
04-08 11:28:19.932 689 837 I ActivityManager: Start proc 26626:com.android.externalstorage/u0a25 for broadcast {com.android.externalstorage/com.android.externalstorage.MountReceiver}
04-08 11:28:19.994 689 1879 D CompatibilityChangeReporter: Compat change id reported: 168419799; UID 10025; state: DISABLED
04-08 11:28:19.995 689 1879 D CompatibilityChangeReporter: Compat change id reported: 273564678; UID 10025; state: DISABLED
04-08 11:28:20.000 689 918 D CompatibilityChangeReporter: Compat change id reported: 265195908; UID 10025; state: ENABLED
04-08 11:28:20.030 689 1879 D CompatibilityChangeReporter: Compat change id reported: 170503758; UID 10025; state: ENABLED
04-08 11:28:20.109 689 1250 I ActivityManager: Flag disabled. Ignoring finishAttachApplication from uid: 10025. pid: 26626
04-08 11:28:20.161 689 689 W NotificationHistory: Attempted to add notif for locked/gone/disabled user 0
04-08 11:28:20.179 689 982 W ContextImpl: Calling a method in the system process without a qualified user: android.app.ContextImpl.sendStickyBroadcast:1654 android.net.connectivity.com.android.server.ConnectivityService.sendStickyBroadcast:3282 android.net.connectivity.com.android.server.ConnectivityService.sendGeneralBroadcast:3252 android.net.connectivity.com.android.server.ConnectivityService.sendConnectedBroadcast:3225 android.net.connectivity.com.android.server.ConnectivityService.sendLegacyNetworkBroadcast:10236
04-08 11:28:20.293 689 982 W ContextImpl: Calling a method in the system process without a qualified user: android.app.ContextImpl.sendStickyBroadcast:1654 android.net.connectivity.com.android.server.ConnectivityService.sendStickyBroadcast:3282 android.net.connectivity.com.android.server.ConnectivityService.sendGeneralBroadcast:3252 android.net.connectivity.com.android.server.ConnectivityService.sendInetConditionBroadcast:3229 android.net.connectivity.com.android.server.ConnectivityService.updateInetCondition:9917
04-08 11:28:20.970 247 260 I vold : Unmounting fuse path /mnt/user/0/E2F0-FA59
04-08 11:28:20.974 247 260 I vold : Unmounting pass_through_path /mnt/pass_through/0/E2F0-FA59
04-08 11:28:21.004 689 1882 I StorageSessionController: On volume remove VolumeInfo{public:8,1}:
04-08 11:28:21.004 689 1882 I StorageSessionController: type=PUBLIC diskId=disk:8,0 partGuid= mountFlags=VISIBLE_FOR_WRITE
04-08 11:28:21.004 689 1882 I StorageSessionController: mountUserId=0 state=BAD_REMOVAL
04-08 11:28:21.004 689 1882 I StorageSessionController: fsType=vfat fsUuid=E2F0-FA59 fsLabel=
04-08 11:28:21.004 689 1882 I StorageSessionController: path=/storage/E2F0-FA59 internalPath=/mnt/media_rw/E2F0-FA59
04-08 11:28:21.007 689 1882 I StorageSessionController: Removed session for vol with id: public:8,1
04-08 11:28:21.011 689 951 I StorageSessionController: Notifying volume state changed for session with id: public:8,1
04-08 11:28:21.012 689 951 I StorageUserConnection: No session found for sessionId: public:8,1
04-08 11:28:21.027 689 951 I StorageSessionController: Notifying volume state changed for session with id: public:8,1
04-08 11:28:21.028 689 951 I StorageUserConnection: No session found for sessionId: public:8,1
04-08 11:28:21.030 689 951 D StorageManagerService: Volume public:8,1 broadcasting unmounted to UserHandle{0}
04-08 11:28:21.036 689 951 D StorageManagerService: Volume public:8,1 broadcasting bad_removal to UserHandle{0}
04-08 11:28:21.037 689 836 D ActivityManager: sync unfroze 25183 com.droidlogic.android.tv for 3
04-08 11:28:21.050 24960 24960 W ContextImpl: Calling a method in the system process without a qualified user: android.app.ContextImpl.sendBroadcast:1248 android.content.ContextWrapper.sendBroadcast:504 android.content.ContextWrapper.sendBroadcast:504 com.nes.seilivetv.receiver.USBBroadcastReceiver.onReceive:28 android.app.ActivityThread.handleReceiver:4449
04-08 11:28:21.052 689 689 D CompatibilityChangeReporter: Compat change id reported: 175319604; UID 1000; state: ENABLED
04-08 11:28:21.055 689 689 D CompatibilityChangeReporter: Compat change id reported: 195579280; UID 1000; state: ENABLED
04-08 11:28:21.055 689 689 D CompatibilityChangeReporter: Compat change id reported: 195579280; UID 1000; state: DISABLED
04-08 11:28:21.086 689 7272 I KatnissWindowBlocker: Setup wizard mode set to: false
04-08 11:28:21.108 689 7272 D CoreBackPreview: Window{596311 u0 Toast}: Setting back callback OnBackInvokedCallbackInfo{mCallback=android.window.IOnBackInvokedCallback$Stub$Proxy@f84fa02, mPriority=0, mIsAnimationCallback=false}
04-08 11:28:22.441 689 1050 D UsbHostManager: Removed device at /dev/bus/usb/001/005: Mass Storage
04-08 11:28:22.441 689 1050 I UsbAlsaManager: USB Audio Device Removed: null
04-08 11:28:22.445 689 836 D ActivityManager: sync unfroze 26172 android.process.media for 3
04-08 11:28:23.072 689 811 D CoreBackPreview: Window{596311 u0 Toast}: Setting back callback null
04-08 11:28:23.084 689 811 W NotificationService: Toast already killed. pkg=com.nes.seilivetv token=android.os.BinderProxy@4c3c75a
04-09 09:19:27.440 689 689 W Looper : Slow delivery took 1279ms main h=android.os.Handler c=com.android.internal.os.BinderCallsStats$1@667c4ca m=0
04-09 09:19:27.453 689 689 W Looper : Drained
04-09 09:19:27.456 1856 1856 W ContextImpl: Calling a method in the system process without a qualified user: android.app.ContextImpl.bindService:2026 android.content.ContextWrapper.bindService:861 com.nes.sound.daemon.utils.heartbeat.HeartBeatConnectionPool.connectServiceByBinderBeans:108 com.nes.sound.daemon.utils.heartbeat.HeartBeatConnectionPool.reBindConnection:122 com.nes.sound.daemon.utils.heartbeat.HeartBeatUtils.reBindConnection:137
04-09 09:19:27.458 689 835 I UsageStatsService: User[0] Rolling over usage stats
04-09 09:19:27.461 689 811 I ActivityManager: Killing 24070:com.nes.leanbacklauncher.partnercustomizer/1000 (adj 50): empty #17
04-09 09:19:27.467 689 835 I UsageStatsService: User[0] Flushing usage stats to disk
04-09 09:19:27.468 689 7272 W ActivityManager: Unable to start service Intent { cmp=com.nes.sound/.component.service.HeartBeatDaemonService } U=0: not found
04-09 09:19:27.468 689 1876 W ActivityManager: Unable to start service Intent { cmp=com.nes.sound.retail/com.nes.sound.component.service.DaemonService } U=0: not found
04-09 09:19:27.473 1052 1052 I HeartBeatUtils: ComponentInfo{com.nes.sound.retail/com.nes.sound.component.service.DaemonService} bind failed !!!Immediate reconnect!!!
04-09 09:19:27.473 1052 1052 I HeartBeatUtils: onHeartBeatStoped com.nes.sound.retail/com.nes.sound.component.service.DaemonService
04-09 09:19:27.473 689 811 W ActivityManager: Unbind failed: could not find connection for android.os.BinderProxy@2c83281
04-09 09:19:27.474 1856 1856 I HeartBeatUtils: ComponentInfo{com.nes.sound/com.nes.sound.component.service.HeartBeatDaemonService} bind failed !!!Immediate reconnect!!!
04-09 09:19:27.474 1856 1856 I HeartBeatUtils: onHeartBeatStoped com.nes.sound/com.nes.sound.component.service.HeartBeatDaemonService
04-09 09:19:27.474 689 1944 W ActivityManager: Unbind failed: could not find connection for android.os.BinderProxy@f66ff26
04-09 09:19:27.474 1052 1052 W HeartBeatUtils: start rescue com.nes.sound.retail/com.nes.sound.component.service.DaemonService
04-09 09:19:27.475 1856 1856 W HeartBeatUtils: start rescue com.nes.sound/com.nes.sound.component.service.HeartBeatDaemonService
04-09 09:19:27.476 689 1944 W ActivityManager: Unable to start service Intent { cmp=com.nes.sound/.component.service.DaemonService } U=0: not found
04-09 09:19:27.478 1052 1052 I HeartBeatUtils: ComponentInfo{com.nes.sound/com.nes.sound.component.service.DaemonService} bind failed !!!Immediate reconnect!!!
04-09 09:19:27.478 1052 1052 I HeartBeatUtils: onHeartBeatStoped com.nes.sound/com.nes.sound.component.service.DaemonService
04-09 09:19:27.479 689 1250 W ActivityManager: Unbind failed: could not find connection for android.os.BinderProxy@dfc6767
04-09 09:19:27.479 1052 1052 W HeartBeatUtils: start rescue com.nes.sound/com.nes.sound.component.service.DaemonService
04-09 09:19:27.500 689 15158 I PowerGroup: Waking up power group from Asleep (groupId=0, uid=10022, reason=WAKE_REASON_APPLICATION, details=axel:IR_power_button)...
04-09 09:19:27.501 689 15158 I PowerManagerService: Waking up from Asleep (uid=10022, reason=WAKE_REASON_APPLICATION, details=axel:IR_power_button)...
04-09 09:19:27.507 689 853 I DisplayPowerController2[0]: Blocking screen on until initial contents have been drawn.
04-09 09:19:27.507 689 853 D ActivityTaskManager: Top Process State changed to PROCESS_STATE_TOP
04-09 09:19:27.509 1052 1170 V WindowManagerShell: Transition requested: android.os.BinderProxy@d3c70a4 TransitionRequestInfo { type = WAKE, triggerTask = null, remoteTransition = null, displayChange = null }
04-09 09:19:27.518 689 853 I DisplayBrightnessStrategySelector: Changing the DisplayBrightnessStrategy from ScreenOffBrightnessStrategy toInvalidBrightnessStrategy for display 0
04-09 09:19:27.519 689 853 V DisplayPowerController2[0]: Brightness [0.39763778] reason changing to: 'manual', previous reason: 'screen_off'.
04-09 09:19:27.519 689 853 I DisplayPowerController2[0]: BrightnessEvent: disp=0, physDisp=local:4633127902230889483, brt=0.39763778, initBrt=0.0, rcmdBrt=NaN, preBrt=NaN, lux=0.0, preLux=0.0, hbmMax=1.0, hbmMode=off, rbcStrength=0, thrmMax=1.0, powerFactor=1.0, wasShortTermModelActive=false, flags=, reason=manual, autoBrightness=false, strategy=InvalidBrightnessStrategy
04-09 09:19:27.524 689 829 I DisplayDeviceRepository: Display device changed: DisplayDeviceInfo{"Beépített képernyő": uniqueId="local:4633127902230889483", 1920 x 1080, modeId 72, renderFrameRate 59.94006, defaultModeId 72, supportedModes [{id=72, width=1920, height=1080, fps=59.94006, alternativeRefreshRates=[], supportedHdrTypes=[]}], colorMode 0, supportedColorModes [0], hdrCapabilities HdrCapabilities{mSupportedHdrTypes=[], mMaxLuminance=500.0, mMaxAverageLuminance=500.0, mMinLuminance=0.0}, isForceSdr false, allmSupported false, gameContentTypeSupported false, density 320, 54.795 x 54.864 dpi, appVsyncOff 2000000, presDeadline 13683333, touch INTERNAL, rotation 0, type INTERNAL, address {port=11, model=0x404c2d479b6c44}, deviceProductInfo DeviceProductInfo{name=Linux FHD, manufacturerPnpId=LNX, productId=0, modelYear=null, manufactureDate=ManufactureDate{week=5, year=2012}, connectionToSinkType=0}, state ON, committedState OFF, frameRateOverride , brightnessMinimum 0.0, brightnessMaximum 1.0, brightnessDefault 0.39763778, hdrSdrRatio NaN, FLAG_ALLOWED_TO_BE_DEFAULT_DISPLAY, FLAG_ROTATES_WITH_CONTENT, FLAG_SECURE, FLAG_SUPPORTS_PROTECTED_BUFFERS, FLAG_TRUSTED, installOrientation 0, displayShape DisplayShape{ spec=729782573 displayWidth=1920 displayHeight=1080 physicalPixelDisplaySizeRatio=1.0 rotation=0 offsetX=0 offsetY=0 scale=1.0}}
04-09 09:19:27.530 689 829 E DisplayManagerService: handleLogicalDisplayChangedLocked to set mStableDisplaySize
04-09 09:19:27.530 689 829 E DisplayManagerService: current mStableDisplaySize is large screen and return!!!
04-09 09:19:27.530 689 830 I DisplayDevice: [0] Layerstack set to 0 for local:4633127902230889483
04-09 09:19:27.534 689 1014 D CompatibilityChangeReporter: Compat change id reported: 171306433; UID 1000; state: ENABLED
04-09 09:19:27.540 689 853 I DisplayPowerController2[0]: Unblocked screen on after 34 ms
04-09 09:19:27.547 689 836 D CompatibilityChangeReporter: Compat change id reported: 135634846; UID 10024; state: DISABLED
04-09 09:19:27.547 689 836 D CompatibilityChangeReporter: Compat change id reported: 177438394; UID 10024; state: DISABLED
04-09 09:19:27.547 689 836 D CompatibilityChangeReporter: Compat change id reported: 135772972; UID 10024; state: DISABLED
04-09 09:19:27.547 689 836 D CompatibilityChangeReporter: Compat change id reported: 135754954; UID 10024; state: ENABLED
04-09 09:19:27.548 689 837 D CompatibilityChangeReporter: Compat change id reported: 143937733; UID 10024; state: ENABLED
04-09 09:19:27.567 689 931 W ActivityManager: Background start not allowed: service Intent { cmp=com.google.android.play.games/com.google.android.gms.games.pano.recommendation.GamesRecommendationsService } to com.google.android.play.games/com.google.android.gms.games.pano.recommendation.GamesRecommendationsService from pid=-1 uid=10068 pkg=com.google.android.play.games startFg?=false
04-09 09:19:27.571 689 829 I DisplayDeviceRepository: Display device changed state: "Beépített képernyő", ON
04-09 09:19:27.573 689 829 E DisplayManagerService: handleLogicalDisplayChangedLocked to set mStableDisplaySize
04-09 09:19:27.573 689 829 E DisplayManagerService: current mStableDisplaySize is large screen and return!!!
04-09 09:19:27.584 689 829 D DisplayManagerService: Ignore redundant display event 0/2 to 10052/24254
04-09 09:19:27.584 689 829 D DisplayManagerService: Ignore redundant display event 0/2 to 10054/26203
04-09 09:19:27.695 689 826 V WindowManager: Sent Transition #64 createdAt=04-09 09:19:27.507 via request=TransitionRequestInfo { type = WAKE, triggerTask = null, remoteTransition = null, displayChange = null }
04-09 09:19:27.696 689 826 V WindowManager: startWCT=WindowContainerTransaction { changes = {} hops = [] errorCallbackToken=null taskFragmentOrganizer=null }
04-09 09:19:27.698 689 826 V WindowManager: info={id=64 t=WAKE f=0x0 trk=0 r=[0@Point(0, 0)] c=[{WCT{RemoteToken{c4e989 Task{ef13325 #431 type=standard A=1000:com.nes.seilivetv}}} m=TO_FRONT f=NONE p=WCT{RemoteToken{d427640 DefaultTaskDisplayArea@32040098}} leash=Surface(name=Task=431)/@0xa598f42 sb=Rect(0, 0 - 1920, 1080) eb=Rect(0, 0 - 1920, 1080) d=0},{WCT{RemoteToken{d427640 DefaultTaskDisplayArea@32040098}} m=TO_FRONT f=NONE leash=Surface(name=DefaultTaskDisplayArea)/@0xf6f0ec0 sb=Rect(0, 0 - 1920, 1080) eb=Rect(0, 0 - 1920, 1080) d=0}]}
04-09 09:19:27.751 689 837 W ActivityManager: Slow operation: 205ms so far, now at startProcess: returned from zygote!
04-09 09:19:27.755 689 837 W ActivityManager: Slow operation: 209ms so far, now at startProcess: done updating battery stats
04-09 09:19:27.755 689 837 W ActivityManager: Slow operation: 209ms so far, now at startProcess: building log message
04-09 09:19:27.755 689 837 I ActivityManager: Start proc 26721:com.android.providers.calendar/u0a24 for broadcast {com.android.providers.calendar/com.android.providers.calendar.CalendarProviderBroadcastReceiver}
04-09 09:19:27.755 689 837 W ActivityManager: Slow operation: 209ms so far, now at startProcess: starting to update pids map
04-09 09:19:27.755 689 837 W ActivityManager: Slow operation: 209ms so far, now at startProcess: done updating pids map
04-09 09:19:27.756 689 689 W Looper : Slow dispatch took 288ms main h=com.android.server.alarm.AlarmManagerService$AlarmHandler c=com.android.server.alarm.AlarmManagerService$3$$ExternalSyntheticLambda0@679c2f3 m=0
04-09 09:19:27.758 689 689 W Looper : Slow delivery took 256ms main h=com.android.server.power.Notifier$NotifierHandler c=null m=1
04-09 09:19:27.758 689 689 D WindowManager: updateCecScreenStatus 0
04-09 09:19:27.758 689 689 D HDMI : setCecSettingIntValue name:cec_screen_state, value:0
04-09 09:19:27.759 689 689 E ActivityManager: Cancel pending or running compactions as system is awake
04-09 09:19:27.772 689 15109 I WindowManager: WIN DEATH: Window{48935b1 u0 com.nes.leanbacklauncher.partnercustomizer}
04-09 09:19:27.782 689 829 W ActivityManager: setHasOverlayUi called on unknown pid: 24070
04-09 09:19:27.783 689 689 D ConditionProviders.SCP: onReceive ScheduleConditionProvider.EVALUATE
04-09 09:19:27.783 689 689 D ConditionProviders.SCP: evaluateSubscriptionLocked cal=ScheduleCalendar[mDays={1, 2, 3, 4, 5, 6, 7}, mSchedule=ScheduleInfo{days=[1, 2, 3, 4, 5, 6, 7], startHour=22, startMinute=0, endHour=7, endMinute=0, exitAtAlarm=true, nextAlarm=Thu Jan 01 01:00:00 GMT+01:00 1970 (0)}], now=Thu Apr 09 09:19:27 GMT+02:00 2026 (1775719167783), nextUserAlarmTime=Thu Jan 01 01:00:00 GMT+01:00 1970 (0)
04-09 09:19:27.783 689 689 D ConditionProviders.SCP: notifyCondition condition://android/schedule?days=1.2.3.4.5.6.7&start=22.0&end=7.0&exitAtAlarm=true STATE_FALSE reason=!meetsSchedule
04-09 09:19:27.807 689 689 D ConditionProviders.SCP: Scheduling evaluate for Thu Apr 09 22:00:00 GMT+02:00 2026 (1775764800000), in +12h40m32s217ms, now=Thu Apr 09 09:19:27 GMT+02:00 2026 (1775719167783)
04-09 09:19:27.808 689 689 D CompatibilityChangeReporter: Compat change id reported: 218533173; UID 1000; state: ENABLED
04-09 09:19:27.820 689 982 W ContextImpl: Calling a method in the system process without a qualified user: android.app.ContextImpl.sendStickyBroadcast:1654 android.net.connectivity.com.android.server.ConnectivityService.sendStickyBroadcast:3282 android.net.connectivity.com.android.server.ConnectivityService.sendLegacyNetworkBroadcast:10264 android.net.connectivity.com.android.server.ConnectivityService$LegacyTypeTracker.remove:1168 android.net.connectivity.com.android.server.ConnectivityService$LegacyTypeTracker.remove:1185
04-09 09:19:27.830 1052 1170 V WindowManagerShell: onTransitionReady android.os.BinderProxy@d3c70a4: {id=64 t=WAKE f=0x0 trk=0 r=[0@Point(0, 0)] c=[{WCT{android.window.IWindowContainerToken$Stub$Proxy@7e38e09} m=TO_FRONT f=NONE p=WCT{android.window.IWindowContainerToken$Stub$Proxy@520680e} leash=Surface(name=Task=431)/@0xfe61e0d sb=Rect(0, 0 - 1920, 1080) eb=Rect(0, 0 - 1920, 1080) d=0},{WCT{android.window.IWindowContainerToken$Stub$Proxy@754c22f} m=TO_FRONT f=NONE leash=Surface(name=DefaultTaskDisplayArea)/@0xd30f1c2 sb=Rect(0, 0 - 1920, 1080) eb=Rect(0, 0 - 1920, 1080) d=0}]}
04-09 09:19:27.830 1052 1170 V WindowManagerShell: Playing animation for (#64)android.os.BinderProxy@d3c70a4@0
04-09 09:19:27.830 1052 1170 V WindowManagerShell: try handler com.android.wm.shell.keyguard.KeyguardTransitionHandler@1afc691
04-09 09:19:27.830 1052 1170 V WindowManagerShell: try handler com.android.wm.shell.activityembedding.ActivityEmbeddingController@b7de9f6
04-09 09:19:27.830 1052 1170 V WindowManagerShell: try handler com.android.wm.shell.pip.tv.TvPipTransition@c29c1f7
04-09 09:19:27.830 1052 1170 V WindowManagerShell: try handler com.android.wm.shell.transition.RemoteTransitionHandler@2eb0864
04-09 09:19:27.830 1052 1170 V WindowManagerShell: Transition doesn't have explicit remote, search filters for match for {id=64 t=WAKE f=0x0 trk=0 r=[0@Point(0, 0)] c=[{WCT{android.window.IWindowContainerToken$Stub$Proxy@7e38e09} m=TO_FRONT f=NONE p=WCT{android.window.IWindowContainerToken$Stub$Proxy@520680e} leash=Surface(name=Task=431)/@0xfe61e0d sb=Rect(0, 0 - 1920, 1080) eb=Rect(0, 0 - 1920, 1080) d=0},{WCT{android.window.IWindowContainerToken$Stub$Proxy@754c22f} m=TO_FRONT f=NONE leash=Surface(name=DefaultTaskDisplayArea)/@0xd30f1c2 sb=Rect(0, 0 - 1920, 1080) eb=Rect(0, 0 - 1920, 1080) d=0}]}
04-09 09:19:27.831 1052 1170 V WindowManagerShell: Delegate animation for #64 to null
04-09 09:19:27.831 1052 1170 V WindowManagerShell: try handler com.android.wm.shell.transition.DefaultTransitionHandler@bf93acd
04-09 09:19:27.831 1052 1170 V WindowManagerShell: start default transition animation, info = {id=64 t=WAKE f=0x0 trk=0 r=[0@Point(0, 0)] c=[{WCT{android.window.IWindowContainerToken$Stub$Proxy@7e38e09} m=TO_FRONT f=NONE p=WCT{android.window.IWindowContainerToken$Stub$Proxy@520680e} leash=Surface(name=Task=431)/@0xfe61e0d sb=Rect(0, 0 - 1920, 1080) eb=Rect(0, 0 - 1920, 1080) d=0},{WCT{android.window.IWindowContainerToken$Stub$Proxy@754c22f} m=TO_FRONT f=NONE leash=Surface(name=DefaultTaskDisplayArea)/@0xd30f1c2 sb=Rect(0, 0 - 1920, 1080) eb=Rect(0, 0 - 1920, 1080) d=0}]}
04-09 09:19:27.832 1052 1170 V WindowManagerShell: Transition animation finished (aborted=false), notifying core (#64)android.os.BinderProxy@d3c70a4@0
04-09 09:19:27.837 689 826 V WindowManager: Finish Transition #64: created at
04-09 09:19:27.507 collect-started=0.081ms request-sent=0.179ms started=6.544ms ready=6.512ms sent=183.273ms finished=328.038ms
04-09 09:19:27.838 1052 1170 V WindowManagerShell: Track 0 became idle
