04-09 09:32:12.877 20919 20919 I SOUND_PAIR:BluetoothScanner$Receiver.scanNow(L:270): scanNow startDiscovery
04-09 09:32:12.878 20919 20919 D SOUND_PAIR:BluetoothScanner.startListening(L:108): startListening
04-09 09:32:12.878 20919 20919 D Soundeq-BluetoothDevicePairer: handleMessage: BluetoothScanner
04-09 09:32:12.958 857 862 I dtvkitserver: request resource:Dvb.getFrontend, json:[0]
04-09 09:32:12.958 857 862 I DvbInterface: WriteFrontend strength(0):0 VERSION:202510130
04-09 09:32:12.959 857 862 I Glue : request : Dvb.getFrontend , reply : {
04-09 09:32:12.959 857 862 I Glue : "accepted" : true,
04-09 09:32:12.959 857 862 I Glue : "data" :
04-09 09:32:12.959 857 862 I Glue : {
04-09 09:32:12.959 857 862 I Glue : "band" : 0,
04-09 09:32:12.959 857 862 I Glue : "frequency" : 0,
04-09 09:32:12.959 857 862 I Glue : "frontendpath" : 0,
04-09 09:32:12.959 857 862 I Glue : "integrity" : 0,
04-09 09:32:12.959 857 862 I Glue : "mode" : 0,
04-09 09:32:12.959 857 862 I Glue : "polarity" : 0,
04-09 09:32:12.959 857 862 I Glue : "strength" : 0,
04-09 09:32:12.959 857 862 I Glue : "symbolRate" : 0,
04-09 09:32:12.959 857 862 I Glue : "tpId" : 0,
04-09 09:32:12.959 857 862 I Glue : "type" : "none",
04-09 09:32:12.959 857 862 I Glue : "usage" : "unknown"
04-09 09:32:12.959 857 862 I Glue : }
04-09 09:32:12.959 857 862 I Glue : }
04-09 09:32:12.959 1233 4962 D DtvKitPlayer: getSignalStatus resultObj:{"accepted":true,"data":{"band":0,"frequency":0,"frontendpath":0,"integrity":0,"mode":0,"polarity":0,"strength":0,"symbolRate":0,"tpId":0,"type":"none","usage":"unknown"}}
04-09 09:32:13.008 491 568 W libc : Access denied finding property ""
04-09 09:32:13.004 491 491 W binder:491_2: type=1400 audit(0.0:1160952): avc: denied { read } for name="u:object_r:default_prop:s0" dev="tmpfs" ino=182 scontext=u:r:hal_audio_default:s0 tcontext=u:object_r:default_prop:s0 tclass=file permissive=0
04-09 09:32:13.042 1070 1070 I ThermalService: CPU temperatures: [43.100002]
04-09 09:32:13.417 1383 1493 E bt_btu_hcif: packages/modules/Bluetooth/system/stack/btu/btu_hcif.cc:182 btu_hcif_log_event_metrics: Unexpectedly received event_code:0x2f that should not be handled here
04-09 09:32:13.417 1383 1493 I bt_btif_dm: packages/modules/Bluetooth/system/btif/src/btif_dm.cc:1601 btif_dm_search_devices_evt: EIR UUIDs for xx:xx:xx:xx:8b:4f:
04-09 09:32:13.417 1383 1493 I bt_btif_dm: packages/modules/Bluetooth/system/btif/src/btif_dm.cc:1604 btif_dm_search_devices_evt: 0000110a-0000-1000-8000-00805f9b34fb
04-09 09:32:13.417 1383 1493 I bt_btif_dm: packages/modules/Bluetooth/system/btif/src/btif_dm.cc:1604 btif_dm_search_devices_evt: 0000110c-0000-1000-8000-00805f9b34fb
04-09 09:32:13.417 1383 1493 I bt_btif_dm: packages/modules/Bluetooth/system/btif/src/btif_dm.cc:1604 btif_dm_search_devices_evt: 00001200-0000-1000-8000-00805f9b34fb
04-09 09:32:13.424 20919 20919 D SOUND_PAIR:BluetoothScanner$Receiver.onReceive(L:364): Device found, address: C4:57:6E:38:8B:4F name: [TV]Samsung Rssi:-57
04-09 09:32:13.590 19644 24175 E OpenGLRenderer: Unable to match the desired swap behavior.
04-09 09:32:13.962 857 862 I dtvkitserver: request resource:Dvb.getFrontend, json:[0]
04-09 09:32:13.962 857 862 I DvbInterface: WriteFrontend strength(0):0 VERSION:202510130
04-09 09:32:13.963 857 862 I Glue : request : Dvb.getFrontend , reply : {
04-09 09:32:13.963 857 862 I Glue : "accepted" : true,
04-09 09:32:13.963 857 862 I Glue : "data" :
04-09 09:32:13.963 857 862 I Glue : {
04-09 09:32:13.963 857 862 I Glue : "band" : 0,
04-09 09:32:13.963 857 862 I Glue : "frequency" : 0,
04-09 09:32:13.963 857 862 I Glue : "frontendpath" : 0,
04-09 09:32:13.963 857 862 I Glue : "integrity" : 0,
04-09 09:32:13.963 857 862 I Glue : "mode" : 0,
04-09 09:32:13.963 857 862 I Glue : "polarity" : 0,
04-09 09:32:13.963 857 862 I Glue : "strength" : 0,
04-09 09:32:13.963 857 862 I Glue : "symbolRate" : 0,
04-09 09:32:13.963 857 862 I Glue : "tpId" : 0,
04-09 09:32:13.963 857 862 I Glue : "type" : "none",
04-09 09:32:13.963 857 862 I Glue : "usage" : "unknown"
04-09 09:32:13.963 857 862 I Glue : }
04-09 09:32:13.963 857 862 I Glue : }
04-09 09:32:13.963 1233 4962 D DtvKitPlayer: getSignalStatus resultObj:{"accepted":true,"data":{"band":0,"frequency":0,"frontendpath":0,"integrity":0,"mode":0,"polarity":0,"strength":0,"symbolRate":0,"tpId":0,"type":"none","usage":"unknown"}}
04-09 09:32:14.008 491 568 W libc : Access denied finding property ""
04-09 09:32:14.004 491 491 W binder:491_2: type=1400 audit(0.0:1160953): avc: denied { read } for name="u:object_r:default_prop:s0" dev="tmpfs" ino=182 scontext=u:r:hal_audio_default:s0 tcontext=u:object_r:default_prop:s0 tclass=file permissive=0
04-09 09:32:14.056 527 547 I WifiHAL : call wifi_get_link_stats handler
04-09 09:32:14.056 527 547 I WifiHAL : Creating message to get link statistics; iface = 16
04-09 09:32:14.071 689 973 D WifiClientModeImpl[30070:wlan0]: updateLinkLayerStatsRssiSpeedFrequencyCapabilities rssi=-77 TxLinkspeed=52 freq=2437 RxLinkSpeed=26
04-09 09:32:14.072 689 973 D WifiDataStall: tx tput in kbps: 19662
04-09 09:32:14.072 689 973 D WifiDataStall: rx tput in kbps: 35750
04-09 09:32:14.072 689 973 V WifiConfigManager: Updating scan detail cache freq=2437 BSSID=c4:a3:66:f6:9d:a8 RSSI=-76 for "versim"WPA_PSK
04-09 09:32:14.072 689 973 D WifiDataStall: ccaLevel = 80
04-09 09:32:14.072 689 973 D WifiDataStall: L2 txTputKbps: 33962, rxTputKbps: 17875, L3 txTputKbps: 0, rxTputKbps: 0, TxTrafficHigh: false, RxTrafficHigh: false, Throughput Sufficient: true
04-09 09:32:14.078 689 973 D WifiScoreReport: report new wifi score 54
04-09 09:32:14.079 689 973 D WifiScoreCard: BSSID update SIGNAL_POLL ID: 209318759 SSID: "versim", BSSID: c4:a3:66:f6:9d:a8, MAC: 40:d9:5a:d6:80:04, IP: /192.168.1.17, Security type: 2, Supplicant state: COMPLETED, Wi-Fi standard: 4, RSSI: -77, Link speed: 52Mbps, Tx Link speed: 52Mbps, Max Supported Tx Link speed: 144Mbps, Rx Link speed: 26Mbps, Max Supported Rx Link speed: 144Mbps, Frequency: 2437MHz, Net ID: 0, Metered hint: false, score: 54, isUsable: true, CarrierMerged: false, SubscriptionId: -1, IsPrimary: 1, Trusted: true, Restricted: false, Ephemeral: false, OEM paid: false, OEM private: false, OSU AP: false, FQDN: , Provider friendly name: , Requesting package name: "versim"wpa2-pskMLO Information: , Is TID-To-Link negotiation supported by the AP: false, AP MLD Address: , AP MLO Link Id: , AP MLO Affiliated links:
04-09 09:32:14.079 689 973 D WifiScoreCard: txRate: 2 txSpeed: 52
04-09 09:32:14.079 689 973 D WifiScoreCard: network update SIGNAL_POLL "versim" ID: 2122788863 RSSI -77 txSpeed -1
04-09 09:32:14.079 689 973 D WifiClientModeImpl[30070:wlan0]: ClientModeImpl$L2ConnectedState screen=on 3 0 "versim" c4:a3:66:f6:9d:a8 rssi=-77 f=2437 sc=54 link=52 tx=1.4, 0.5, 0.0 rx=1.5 bcn=0 [on:3022 tx:2 rx:754 period:3023] from screen [on:712722 period:766255] score=54
04-09 09:32:14.080 689 982 D ConnectivityService: NetReassign [no changes] [c 0] [a 0] [i 1]
04-09 09:32:14.479 491 587 I audio_hw_hal_alsamgr: alsa format =0x9000000 delay frames =2432 total frames=1509888000
04-09 09:32:14.591 19644 24175 E OpenGLRenderer: Unable to match the desired swap behavior.
04-09 09:32:14.690 19644 19652 I oid.tv.settings: Background young concurrent copying GC freed 223209(7914KB) AllocSpace objects, 16(640KB) LOS objects, 38% free, 13MB/21MB, paused 139us,66us total 102.247ms
04-09 09:32:14.965 857 862 I dtvkitserver: request resource:Dvb.getFrontend, json:[0]
04-09 09:32:14.966 857 862 I DvbInterface: WriteFrontend strength(0):0 VERSION:202510130
04-09 09:32:14.966 857 862 I Glue : request : Dvb.getFrontend , reply : {
04-09 09:32:14.966 857 862 I Glue : "accepted" : true,
04-09 09:32:14.966 857 862 I Glue : "data" :
04-09 09:32:14.966 857 862 I Glue : {
04-09 09:32:14.966 857 862 I Glue : "band" : 0,
04-09 09:32:14.966 857 862 I Glue : "frequency" : 0,
04-09 09:32:14.966 857 862 I Glue : "frontendpath" : 0,
04-09 09:32:14.966 857 862 I Glue : "integrity" : 0,
04-09 09:32:14.966 857 862 I Glue : "mode" : 0,
04-09 09:32:14.966 857 862 I Glue : "polarity" : 0,
04-09 09:32:14.966 857 862 I Glue : "strength" : 0,
04-09 09:32:14.966 857 862 I Glue : "symbolRate" : 0,
04-09 09:32:14.966 857 862 I Glue : "tpId" : 0,
04-09 09:32:14.966 857 862 I Glue : "type" : "none",
04-09 09:32:14.966 857 862 I Glue : "usage" : "unknown"
04-09 09:32:14.966 857 862 I Glue : }
04-09 09:32:14.966 857 862 I Glue : }
04-09 09:32:14.967 1233 4962 D DtvKitPlayer: getSignalStatus resultObj:{"accepted":true,"data":{"band":0,"frequency":0,"frontendpath":0,"integrity":0,"mode":0,"polarity":0,"strength":0,"symbolRate":0,"tpId":0,"type":"none","usage":"unknown"}}
04-09 09:32:15.009 491 568 W libc : Access denied finding property ""
04-09 09:32:15.004 491 491 W binder:491_2: type=1400 audit(0.0:1160954): avc: denied { read } for name="u:object_r:default_prop:s0" dev="tmpfs" ino=182 scontext=u:r:hal_audio_default:s0 tcontext=u:object_r:default_prop:s0 tclass=file permissive=0
04-09 09:32:15.045 1070 1070 I ThermalService: CPU temperatures: [43.2]
04-09 09:32:15.329 20919 20919 E Soundeq-BluetoothDevicePairer: what = 2
04-09 09:32:15.330 20919 20919 I Soundeq-BluetoothDevicePairer: start
04-09 09:32:15.330 20919 20919 D Soundeq-BluetoothDevicePairer: setStatus status:1
04-09 09:32:15.330 20919 20919 D Soundeq-BluetoothDevicePairer: updateListener
04-09 09:32:15.330 20919 20919 D Soundeq-DiscoverService: statusChanged
04-09 09:32:15.336 20919 20919 I Soundeq-BluetoothDevicePairer: BtScanner, name = [TV]Samsung , rssi = -51
04-09 09:32:15.341 20919 20919 D BluetoothAdapter: [SEIBluetoothlogfordebug]cancelDiscovery
04-09 09:32:15.343 1383 1398 D BluetoothAdapterService: cancelDiscovery
04-09 09:32:15.343 1383 1493 I bt_btif_dm: packages/modules/Bluetooth/system/btif/src/btif_dm.cc:2526 btif_dm_cancel_discovery: Cancel search
04-09 09:32:15.343 1383 1493 I bluetooth: packages/modules/Bluetooth/system/bta/dm/bta_dm_main.cc:96 bta_dm_search_sm_execute: state:BTA_DM_SEARCH_ACTIVE, event:BTA_DM_API_SEARCH_CANCEL_EVT[0x201]
04-09 09:32:15.343 1383 1493 E bluetooth: packages/modules/Bluetooth/system/stack/btm/btm_inq.cc:1539 btm_process_inq_complete: Received inquiry complete when no inquiry was active
04-09 09:32:15.344 1383 1493 I bt_bta_dm: packages/modules/Bluetooth/system/bta/dm/bta_dm_act.cc:1460 bta_dm_search_cmpl: No BLE connection, processing classic results
04-09 09:32:15.346 1383 1493 E bluetooth: packages/modules/Bluetooth/system/stack/btm/btm_inq.cc:1539 btm_process_inq_complete: Received inquiry complete when no inquiry was active
04-09 09:32:15.347 20919 20919 I SOUND_PAIR:BluetoothScanner$Receiver.scanNow(L:265): scanNow isDiscovering = false
04-09 09:32:15.348 20919 20919 D Soundeq-BluetoothDevicePairer: Device onScanningStarted:
04-09 09:32:15.348 20919 20919 D Soundeq-BluetoothDevicePairer: Device onScanningStarted:
04-09 09:32:15.348 20919 20919 D Soundeq-BluetoothDevicePairer: Device onScanningStarted:
04-09 09:32:15.348 20919 20919 D BluetoothAdapter: [SEIBluetoothlogfordebug]startDiscovery
04-09 09:32:15.353 1383 1398 D BluetoothAdapterService: startDiscovery
04-09 09:32:15.354 1383 1493 I bluetooth: packages/modules/Bluetooth/system/bta/dm/bta_dm_main.cc:96 bta_dm_search_sm_execute: state:BTA_DM_SEARCH_IDLE, event:BTA_DM_API_SEARCH_EVT[0x200]
04-09 09:32:15.354 1383 1493 W bluetooth: packages/modules/Bluetooth/system/stack/btm/btm_inq.cc:1083 btm_clr_inq_result_flt: Memory being reset multiple times
04-09 09:32:15.355 20919 20919 I SOUND_PAIR:BluetoothScanner$Receiver.scanNow(L:270): scanNow startDiscovery
04-09 09:32:15.355 20919 20919 D SOUND_PAIR:BluetoothScanner.startListening(L:108): startListening
04-09 09:32:15.355 20919 20919 D Soundeq-BluetoothDevicePairer: handleMessage: BluetoothScanner
04-09 09:32:15.592 19644 24175 E OpenGLRenderer: Unable to match the desired swap behavior.
04-09 09:32:15.679 1383 1493 E bt_btu_hcif: packages/modules/Bluetooth/system/stack/btu/btu_hcif.cc:182 btu_hcif_log_event_metrics: Unexpectedly received event_code:0x2f that should not be handled here
04-09 09:32:15.680 1383 1493 I bt_btif_dm: packages/modules/Bluetooth/system/btif/src/btif_dm.cc:1601 btif_dm_search_devices_evt: EIR UUIDs for xx:xx:xx:xx:8b:4f:
04-09 09:32:15.680 1383 1493 I bt_btif_dm: packages/modules/Bluetooth/system/btif/src/btif_dm.cc:1604 btif_dm_search_devices_evt: 0000110a-0000-1000-8000-00805f9b34fb
04-09 09:32:15.680 1383 1493 I bt_btif_dm: packages/modules/Bluetooth/system/btif/src/btif_dm.cc:1604 btif_dm_search_devices_evt: 0000110c-0000-1000-8000-00805f9b34fb
04-09 09:32:15.680 1383 1493 I bt_btif_dm: packages/modules/Bluetooth/system/btif/src/btif_dm.cc:1604 btif_dm_search_devices_evt: 00001200-0000-1000-8000-00805f9b34fb
04-09 09:32:15.687 20919 20919 D SOUND_PAIR:BluetoothScanner$Receiver.onReceive(L:364): Device found, address: C4:57:6E:38:8B:4F name: [TV]Samsung Rssi:-58
04-09 09:32:15.970 857 862 I dtvkitserver: request resource:Dvb.getFrontend, json:[0]
04-09 09:32:15.970 857 862 I DvbInterface: WriteFrontend strength(0):0 VERSION:202510130
04-09 09:32:15.970 857 862 I Glue : request : Dvb.getFrontend , reply : {
04-09 09:32:15.970 857 862 I Glue : "accepted" : true,
04-09 09:32:15.970 857 862 I Glue : "data" :
04-09 09:32:15.970 857 862 I Glue : {
04-09 09:32:15.970 857 862 I Glue : "band" : 0,
04-09 09:32:15.970 857 862 I Glue : "frequency" : 0,
04-09 09:32:15.970 857 862 I Glue : "frontendpath" : 0,
04-09 09:32:15.970 857 862 I Glue : "integrity" : 0,
04-09 09:32:15.970 857 862 I Glue : "mode" : 0,
04-09 09:32:15.970 857 862 I Glue : "polarity" : 0,
04-09 09:32:15.970 857 862 I Glue : "strength" : 0,
04-09 09:32:15.970 857 862 I Glue : "symbolRate" : 0,
04-09 09:32:15.970 857 862 I Glue : "tpId" : 0,
04-09 09:32:15.970 857 862 I Glue : "type" : "none",
04-09 09:32:15.970 857 862 I Glue : "usage" : "unknown"
04-09 09:32:15.970 857 862 I Glue : }
04-09 09:32:15.970 857 862 I Glue : }
04-09 09:32:15.971 1233 4962 D DtvKitPlayer: getSignalStatus resultObj:{"accepted":true,"data":{"band":0,"frequency":0,"frontendpath":0,"integrity":0,"mode":0,"polarity":0,"strength":0,"symbolRate":0,"tpId":0,"type":"none","usage":"unknown"}}
04-09 09:32:16.004 491 491 W binder:491_2: type=1400 audit(0.0:1160955): avc: denied { read } for name="u:object_r:default_prop:s0" dev="tmpfs" ino=182 scontext=u:r:hal_audio_default:s0 tcontext=u:object_r:default_prop:s0 tclass=file permissive=0
04-09 09:32:16.084 20919 20919 D Soundeq-BluetoothDevicePairer: startScanning type:1
04-09 09:32:16.730 689 2593 W ActivityManager: Unable to start service Intent { cmp=com.nes.sound.retail/com.nes.sound.component.service.DaemonService } U=0: not found
04-09 09:32:16.731 1052 1052 I HeartBeatUtils: ComponentInfo{com.nes.sound.retail/com.nes.sound.component.service.DaemonService} bind failed !!!Immediate reconnect!!!
04-09 09:32:16.731 1052 1052 I HeartBeatUtils: onHeartBeatStoped com.nes.sound.retail/com.nes.sound.component.service.DaemonService
04-09 09:32:16.731 689 2593 W ActivityManager: Unbind failed: could not find connection for android.os.BinderProxy@714350e
04-09 09:32:16.731 1052 1052 W HeartBeatUtils: start rescue com.nes.sound.retail/com.nes.sound.component.service.DaemonService
04-09 09:32:16.733 689 2593 W ActivityManager: Unable to start service Intent { cmp=com.nes.sound/.component.service.DaemonService } U=0: not found
04-09 09:32:16.733 1052 1052 I HeartBeatUtils: ComponentInfo{com.nes.sound/com.nes.sound.component.service.DaemonService} bind failed !!!Immediate reconnect!!!
04-09 09:32:16.733 1052 1052 I HeartBeatUtils: onHeartBeatStoped com.nes.sound/com.nes.sound.component.service.DaemonService
04-09 09:32:16.734 689 2593 W ActivityManager: Unbind failed: could not find connection for android.os.BinderProxy@2990b2f
04-09 09:32:16.734 1052 1052 W HeartBeatUtils: start rescue com.nes.sound/com.nes.sound.component.service.DaemonService
04-09 09:32:16.866 1856 1856 W ContextImpl: Calling a method in the system process without a qualified user: android.app.ContextImpl.bindService:2026 android.content.ContextWrapper.bindService:861 com.nes.sound.daemon.utils.heartbeat.HeartBeatConnectionPool.connectServiceByBinderBeans:108 com.nes.sound.daemon.utils.heartbeat.HeartBeatConnectionPool.reBindConnection:122 com.nes.sound.daemon.utils.heartbeat.HeartBeatUtils.reBindConnection:137
04-09 09:32:16.868 689 2593 W ActivityManager: Unable to start service Intent { cmp=com.nes.sound/.component.service.HeartBeatDaemonService } U=0: not found
04-09 09:32:16.868 1856 1856 I HeartBeatUtils: ComponentInfo{com.nes.sound/com.nes.sound.component.service.HeartBeatDaemonService} bind failed !!!Immediate reconnect!!!
04-09 09:32:16.868 1856 1856 I HeartBeatUtils: onHeartBeatStoped com.nes.sound/com.nes.sound.component.service.HeartBeatDaemonService
04-09 09:32:16.869 689 2593 W ActivityManager: Unbind failed: could not find connection for android.os.BinderProxy@1ec453c
04-09 09:32:16.869 1856 1856 W HeartBeatUtils: start rescue com.nes.sound/com.nes.sound.component.service.HeartBeatDaemonService
04-09 09:32:16.973 857 862 I dtvkitserver: request resource:Dvb.getFrontend, json:[0]
04-09 09:32:16.973 857 862 I DvbInterface: WriteFrontend strength(0):0 VERSION:202510130
04-09 09:32:16.973 857 862 I Glue : request : Dvb.getFrontend , reply : {
04-09 09:32:16.973 857 862 I Glue : "accepted" : true,
04-09 09:32:16.973 857 862 I Glue : "data" :
04-09 09:32:16.973 857 862 I Glue : {
04-09 09:32:16.973 857 862 I Glue : "band" : 0,
04-09 09:32:16.973 857 862 I Glue : "frequency" : 0,
04-09 09:32:16.973 857 862 I Glue : "frontendpath" : 0,
04-09 09:32:16.973 857 862 I Glue : "integrity" : 0,
04-09 09:32:16.973 857 862 I Glue : "mode" : 0,
04-09 09:32:16.973 857 862 I Glue : "polarity" : 0,
04-09 09:32:16.973 857 862 I Glue : "strength" : 0,
04-09 09:32:16.973 857 862 I Glue : "symbolRate" : 0,
04-09 09:32:16.973 857 862 I Glue : "tpId" : 0,
04-09 09:32:16.973 857 862 I Glue : "type" : "none",
04-09 09:32:16.973 857 862 I Glue : "usage" : "unknown"
04-09 09:32:16.973 857 862 I Glue : }
04-09 09:32:16.973 857 862 I Glue : }
04-09 09:32:16.973 1233 4962 D DtvKitPlayer: getSignalStatus resultObj:{"accepted":true,"data":{"band":0,"frequency":0,"frontendpath":0,"integrity":0,"mode":0,"polarity":0,"strength":0,"symbolRate":0,"tpId":0,"type":"none","usage":"unknown"}}
04-09 09:32:17.010 491 568 W libc : Access denied finding property ""
04-09 09:32:17.008 491 491 W binder:491_2: type=1400 audit(0.0:1160956): avc: denied { read } for name="u:object_r:default_prop:s0" dev="tmpfs" ino=182 scontext=u:r:hal_audio_default:s0 tcontext=u:object_r:default_prop:s0 tclass=file permissive=0
04-09 09:32:17.047 1070 1070 I ThermalService: CPU temperatures: [42.4]
04-09 09:32:17.082 527 547 I WifiHAL : call wifi_get_link_stats handler
04-09 09:32:17.082 527 547 I WifiHAL : Creating message to get link statistics; iface = 16
04-09 09:32:17.102 689 973 D WifiClientModeImpl[30070:wlan0]: updateLinkLayerStatsRssiSpeedFrequencyCapabilities rssi=-74 TxLinkspeed=52 freq=2437 RxLinkSpeed=13
04-09 09:32:17.102 689 973 D WifiDataStall: tx tput in kbps: 33962
04-09 09:32:17.102 689 973 D WifiDataStall: rx tput in kbps: 17875
04-09 09:32:17.102 689 973 V WifiConfigManager: Updating scan detail cache freq=2437 BSSID=c4:a3:66:f6:9d:a8 RSSI=-74 for "versim"WPA_PSK
04-09 09:32:17.103 689 973 D WifiDataStall: ccaLevel = 80
04-09 09:32:17.103 689 973 D WifiDataStall: L2 txTputKbps: 33962, rxTputKbps: 8937, L3 txTputKbps: 0, rxTputKbps: 0, TxTrafficHigh: false, RxTrafficHigh: false, Throughput Sufficient: true
04-09 09:32:17.103 689 973 D WifiScoreReport: report new wifi score 55
04-09 09:32:17.103 689 973 D WifiScoreCard: BSSID update SIGNAL_POLL ID: 209318759 SSID: "versim", BSSID: c4:a3:66:f6:9d:a8, MAC: 40:d9:5a:d6:80:04, IP: /192.168.1.17, Security type: 2, Supplicant state: COMPLETED, Wi-Fi standard: 4, RSSI: -74, Link speed: 52Mbps, Tx Link speed: 52Mbps, Max Supported Tx Link speed: 144Mbps, Rx Link speed: 13Mbps, Max Supported Rx Link speed: 144Mbps, Frequency: 2437MHz, Net ID: 0, Metered hint: false, score: 55, isUsable: true, CarrierMerged: false, SubscriptionId: -1, IsPrimary: 1, Trusted: true, Restricted: false, Ephemeral: false, OEM paid: false, OEM private: false, OSU AP: false, FQDN: , Provider friendly name: , Requesting package name: "versim"wpa2-pskMLO Information: , Is TID-To-Link negotiation supported by the AP: false, AP MLD Address: , AP MLO Link Id: , AP MLO Affiliated links:
04-09 09:32:17.103 689 973 D WifiScoreCard: txRate: 2 txSpeed: 52
04-09 09:32:17.103 689 973 D WifiScoreCard: network update SIGNAL_POLL "versim" ID: 2122788863 RSSI -74 txSpeed -1
04-09 09:32:17.104 689 973 D WifiClientModeImpl[30070:wlan0]: ClientModeImpl$L2ConnectedState screen=on 3 0 "versim" c4:a3:66:f6:9d:a8 rssi=-74 f=2437 sc=55 link=52 tx=1.5, 0.1, 0.0 rx=1.6 bcn=0 [on:3031 tx:3 rx:810 period:3025] from screen [on:715753 period:769280] score=55
04-09 09:32:17.105 689 982 D ConnectivityService: NetReassign [no changes] [c 1] [a 0] [i 1]
04-09 09:32:17.909 20919 20919 E Soundeq-BluetoothDevicePairer: what = 3
04-09 09:32:17.909 20919 20919 D Soundeq-BluetoothDevicePairer: handleMessage: MSG_SCANNING_TIMEOUT
04-09 09:32:17.909 20919 20919 D Soundeq-BluetoothDevicePairer: stopScanning leScan:false
04-09 09:32:17.910 20919 20919 D SOUND_PAIR:BluetoothScanner.stopListening(L:117): stopListening
04-09 09:32:17.910 20919 20919 D Soundeq-BluetoothDevicePairer: setStatus status:1
04-09 09:32:17.910 20919 20919 D Soundeq-BluetoothDevicePairer: updateListener
04-09 09:32:17.910 20919 20919 D Soundeq-DiscoverService: statusChanged
04-09 09:32:17.976 857 862 I dtvkitserver: request resource:Dvb.getFrontend, json:[0]
04-09 09:32:17.977 857 862 I DvbInterface: WriteFrontend strength(0):0 VERSION:202510130
04-09 09:32:17.977 857 862 I Glue : request : Dvb.getFrontend , reply : {
04-09 09:32:17.977 857 862 I Glue : "accepted" : true,
04-09 09:32:17.977 857 862 I Glue : "data" :
04-09 09:32:17.977 857 862 I Glue : {
04-09 09:32:17.977 857 862 I Glue : "band" : 0,
04-09 09:32:17.977 857 862 I Glue : "frequency" : 0,
04-09 09:32:17.977 857 862 I Glue : "frontendpath" : 0,
04-09 09:32:17.977 857 862 I Glue : "integrity" : 0,
04-09 09:32:17.977 857 862 I Glue : "mode" : 0,
04-09 09:32:17.977 857 862 I Glue : "polarity" : 0,
04-09 09:32:17.977 857 862 I Glue : "strength" : 0,
04-09 09:32:17.977 857 862 I Glue : "symbolRate" : 0,
04-09 09:32:17.977 857 862 I Glue : "tpId" : 0,
04-09 09:32:17.977 857 862 I Glue : "type" : "none",
04-09 09:32:17.977 857 862 I Glue : "usage" : "unknown"
04-09 09:32:17.977 857 862 I Glue : }
04-09 09:32:17.977 857 862 I Glue : }
04-09 09:32:17.977 1233 4962 D DtvKitPlayer: getSignalStatus resultObj:{"accepted":true,"data":{"band":0,"frequency":0,"frontendpath":0,"integrity":0,"mode":0,"polarity":0,"strength":0,"symbolRate":0,"tpId":0,"type":"none","usage":"unknown"}}
04-09 09:32:18.010 491 568 W libc : Access denied finding property ""
04-09 09:32:18.008 491 491 W binder:491_2: type=1400 audit(0.0:1160957): avc: denied { read } for name="u:object_r:default_prop:s0" dev="tmpfs" ino=182 scontext=u:r:hal_audio_default:s0 tcontext=u:object_r:default_prop:s0 tclass=file permissive=0
04-09 09:32:18.980 857 862 I dtvkitserver: request resource:Dvb.getFrontend, json:[0]
04-09 09:32:18.981 857 862 I DvbInterface: WriteFrontend strength(0):0 VERSION:202510130
04-09 09:32:18.981 857 862 I Glue : request : Dvb.getFrontend , reply : {
04-09 09:32:18.981 857 862 I Glue : "accepted" : true,
04-09 09:32:18.981 857 862 I Glue : "data" :
04-09 09:32:18.981 857 862 I Glue : {
04-09 09:32:18.981 857 862 I Glue : "band" : 0,
04-09 09:32:18.981 857 862 I Glue : "frequency" : 0,
04-09 09:32:18.981 857 862 I Glue : "frontendpath" : 0,
04-09 09:32:18.981 857 862 I Glue : "integrity" : 0,
04-09 09:32:18.981 857 862 I Glue : "mode" : 0,
04-09 09:32:18.981 857 862 I Glue : "polarity" : 0,
04-09 09:32:18.981 857 862 I Glue : "strength" : 0,
04-09 09:32:18.981 857 862 I Glue : "symbolRate" : 0,
04-09 09:32:18.981 857 862 I Glue : "tpId" : 0,
04-09 09:32:18.981 857 862 I Glue : "type" : "none",
04-09 09:32:18.981 857 862 I Glue : "usage" : "unknown"
04-09 09:32:18.981 857 862 I Glue : }
04-09 09:32:18.981 857 862 I Glue : }
04-09 09:32:18.981 1233 4962 D DtvKitPlayer: getSignalStatus resultObj:{"accepted":true,"data":{"band":0,"frequency":0,"frontendpath":0,"integrity":0,"mode":0,"polarity":0,"strength":0,"symbolRate":0,"tpId":0,"type":"none","usage":"unknown"}}
04-09 09:32:19.011 491 568 W libc : Access denied finding property ""
04-09 09:32:19.008 491 491 W binder:491_2: type=1400 audit(0.0:1160958): avc: denied { read } for name="u:object_r:default_prop:s0" dev="tmpfs" ino=182 scontext=u:r:hal_audio_default:s0 tcontext=u:object_r:default_prop:s0 tclass=file permissive=0
04-09 09:32:19.051 1070 1070 I ThermalService: CPU temperatures: [42.2]
04-09 09:32:19.704 15384 16238 D e : topActivityPackage: com.nes.seilivetv, appCollectType: 1 , launcherPackage: com.google.android.tvlauncher, video: false
04-09 09:32:19.704 15384 16238 D e : no register no record
04-09 09:32:19.983 857 862 I dtvkitserver: request resource:Dvb.getFrontend, json:[0]
04-09 09:32:19.984 857 862 I DvbInterface: WriteFrontend strength(0):0 VERSION:202510130
04-09 09:32:19.984 857 862 I Glue : request : Dvb.getFrontend , reply : {
04-09 09:32:19.984 857 862 I Glue : "accepted" : true,
04-09 09:32:19.984 857 862 I Glue : "data" :
04-09 09:32:19.984 857 862 I Glue : {
04-09 09:32:19.984 857 862 I Glue : "band" : 0,
04-09 09:32:19.984 857 862 I Glue : "frequency" : 0,
04-09 09:32:19.984 857 862 I Glue : "frontendpath" : 0,
04-09 09:32:19.984 857 862 I Glue : "integrity" : 0,
04-09 09:32:19.984 857 862 I Glue : "mode" : 0,
04-09 09:32:19.984 857 862 I Glue : "polarity" : 0,
04-09 09:32:19.984 857 862 I Glue : "strength" : 0,
04-09 09:32:19.984 857 862 I Glue : "symbolRate" : 0,
04-09 09:32:19.984 857 862 I Glue : "tpId" : 0,
04-09 09:32:19.984 857 862 I Glue : "type" : "none",
04-09 09:32:19.984 857 862 I Glue : "usage" : "unknown"
04-09 09:32:19.984 857 862 I Glue : }
04-09 09:32:19.984 857 862 I Glue : }
04-09 09:32:19.984 1233 4962 D DtvKitPlayer: getSignalStatus resultObj:{"accepted":true,"data":{"band":0,"frequency":0,"frontendpath":0,"integrity":0,"mode":0,"polarity":0,"strength":0,"symbolRate":0,"tpId":0,"type":"none","usage":"unknown"}}
04-09 09:32:20.012 491 568 W libc : Access denied finding property ""
04-09 09:32:20.008 491 491 W binder:491_2: type=1400 audit(0.0:1160959): avc: denied { read } for name="u:object_r:default_prop:s0" dev="tmpfs" ino=182 scontext=u:r:hal_audio_default:s0 tcontext=u:object_r:default_prop:s0 tclass=file permissive=0
04-09 09:32:20.107 527 547 I WifiHAL : call wifi_get_link_stats handler
04-09 09:32:20.107 527 547 I WifiHAL : Creating message to get link statistics; iface = 16
04-09 09:32:20.122 689 973 D WifiClientModeImpl[30070:wlan0]: updateLinkLayerStatsRssiSpeedFrequencyCapabilities rssi=-75 TxLinkspeed=52 freq=2437 RxLinkSpeed=52
04-09 09:32:20.123 689 973 D WifiDataStall: tx tput in kbps: 33962
04-09 09:32:20.123 689 973 D WifiDataStall: rx tput in kbps: 8937
04-09 09:32:20.123 689 973 V WifiConfigManager: Updating scan detail cache freq=2437 BSSID=c4:a3:66:f6:9d:a8 RSSI=-74 for "versim"WPA_PSK
04-09 09:32:20.123 689 973 D WifiDataStall: ccaLevel = 80
04-09 09:32:20.123 689 973 D WifiDataStall: L2 txTputKbps: 33962, rxTputKbps: 35750, L3 txTputKbps: 0, rxTputKbps: 0, TxTrafficHigh: false, RxTrafficHigh: false, Throughput Sufficient: true
04-09 09:32:20.124 689 973 D WifiScoreReport: report new wifi score 56
04-09 09:32:20.124 689 973 D WifiScoreCard: BSSID update SIGNAL_POLL ID: 209318759 SSID: "versim", BSSID: c4:a3:66:f6:9d:a8, MAC: 40:d9:5a:d6:80:04, IP: /192.168.1.17, Security type: 2, Supplicant state: COMPLETED, Wi-Fi standard: 4, RSSI: -75, Link speed: 52Mbps, Tx Link speed: 52Mbps, Max Supported Tx Link speed: 144Mbps, Rx Link speed: 52Mbps, Max Supported Rx Link speed: 144Mbps, Frequency: 2437MHz, Net ID: 0, Metered hint: false, score: 56, isUsable: true, CarrierMerged: false, SubscriptionId: -1, IsPrimary: 1, Trusted: true, Restricted: false, Ephemeral: false, OEM paid: false, OEM private: false, OSU AP: false, FQDN: , Provider friendly name: , Requesting package name: "versim"wpa2-pskMLO Information: , Is TID-To-Link negotiation supported by the AP: false, AP MLD Address: , AP MLO Link Id: , AP MLO Affiliated links:
04-09 09:32:20.124 689 973 D WifiScoreCard: txRate: 2 txSpeed: 52
04-09 09:32:20.124 689 973 D WifiScoreCard: network update SIGNAL_POLL "versim" ID: 2122788863 RSSI -75 txSpeed -1
04-09 09:32:20.125 689 973 D WifiClientModeImpl[30070:wlan0]: ClientModeImpl$L2ConnectedState screen=on 3 0 "versim" c4:a3:66:f6:9d:a8 rssi=-75 f=2437 sc=56 link=52 tx=1.2, 0.0, 0.0 rx=1.2 bcn=0 [on:3021 tx:2 rx:744 period:3021] from screen [on:718774 period:772301] score=56
04-09 09:32:20.126 689 982 D ConnectivityService: NetReassign [no changes] [c 0] [a 1] [i 1]
04-09 09:32:20.987 857 862 I dtvkitserver: request resource:Dvb.getFrontend, json:[0]
04-09 09:32:20.987 857 862 I DvbInterface: WriteFrontend strength(0):0 VERSION:202510130
04-09 09:32:20.987 857 862 I Glue : request : Dvb.getFrontend , reply : {
04-09 09:32:20.987 857 862 I Glue : "accepted" : true,
04-09 09:32:20.987 857 862 I Glue : "data" :
04-09 09:32:20.987 857 862 I Glue : {
04-09 09:32:20.987 857 862 I Glue : "band" : 0,
04-09 09:32:20.987 857 862 I Glue : "frequency" : 0,
04-09 09:32:20.987 857 862 I Glue : "frontendpath" : 0,
04-09 09:32:20.987 857 862 I Glue : "integrity" : 0,
04-09 09:32:20.987 857 862 I Glue : "mode" : 0,
04-09 09:32:20.987 857 862 I Glue : "polarity" : 0,
04-09 09:32:20.987 857 862 I Glue : "strength" : 0,
04-09 09:32:20.987 857 862 I Glue : "symbolRate" : 0,
04-09 09:32:20.987 857 862 I Glue : "tpId" : 0,
04-09 09:32:20.987 857 862 I Glue : "type" : "none",
04-09 09:32:20.987 857 862 I Glue : "usage" : "unknown"
04-09 09:32:20.987 857 862 I Glue : }
04-09 09:32:20.987 857 862 I Glue : }
04-09 09:32:20.988 1233 4962 D DtvKitPlayer: getSignalStatus resultObj:{"accepted":true,"data":{"band":0,"frequency":0,"frontendpath":0,"integrity":0,"mode":0,"polarity":0,"strength":0,"symbolRate":0,"tpId":0,"type":"none","usage":"unknown"}}
04-09 09:32:21.012 491 568 W libc : Access denied finding property ""
04-09 09:32:21.008 491 491 W binder:491_2: type=1400 audit(0.0:1160960): avc: denied { read } for name="u:object_r:default_prop:s0" dev="tmpfs" ino=182 scontext=u:r:hal_audio_default:s0 tcontext=u:object_r:default_prop:s0 tclass=file permissive=0
04-09 09:32:21.053 1070 1070 I ThermalService: CPU temperatures: [42.2]
04-09 09:32:21.087 20919 20919 E Soundeq-BluetoothDevicePairer: what = 2
04-09 09:32:21.088 20919 20919 I Soundeq-BluetoothDevicePairer: start
04-09 09:32:21.088 20919 20919 D Soundeq-BluetoothDevicePairer: setStatus status:1
04-09 09:32:21.088 20919 20919 D Soundeq-BluetoothDevicePairer: updateListener
04-09 09:32:21.089 20919 20919 D Soundeq-DiscoverService: statusChanged
04-09 09:32:21.094 20919 20919 I Soundeq-BluetoothDevicePairer: BtScanner, name = [TV]Samsung , rssi = -51
04-09 09:32:21.099 20919 20919 D BluetoothAdapter: [SEIBluetoothlogfordebug]cancelDiscovery
04-09 09:32:21.101 1383 1398 D BluetoothAdapterService: cancelDiscovery
04-09 09:32:21.101 1383 1493 I bt_btif_dm: packages/modules/Bluetooth/system/btif/src/btif_dm.cc:2526 btif_dm_cancel_discovery: Cancel search
04-09 09:32:21.101 1383 1493 I bluetooth: packages/modules/Bluetooth/system/bta/dm/bta_dm_main.cc:96 bta_dm_search_sm_execute: state:BTA_DM_SEARCH_ACTIVE, event:BTA_DM_API_SEARCH_CANCEL_EVT[0x201]
04-09 09:32:21.102 1383 1493 E bluetooth: packages/modules/Bluetooth/system/stack/btm/btm_inq.cc:1539 btm_process_inq_complete: Received inquiry complete when no inquiry was active
04-09 09:32:21.102 1383 1493 I bt_bta_dm: packages/modules/Bluetooth/system/bta/dm/bta_dm_act.cc:1460 bta_dm_search_cmpl: No BLE connection, processing classic results
04-09 09:32:21.105 1383 1493 E bluetooth: packages/modules/Bluetooth/system/stack/btm/btm_inq.cc:1539 btm_process_inq_complete: Received inquiry complete when no inquiry was active
04-09 09:32:21.110 20919 20919 I SOUND_PAIR:BluetoothScanner$Receiver.scanNow(L:265): scanNow isDiscovering = false
04-09 09:32:21.110 20919 20919 D Soundeq-BluetoothDevicePairer: Device onScanningStarted:
04-09 09:32:21.110 20919 20919 D Soundeq-BluetoothDevicePairer: Device onScanningStarted:
04-09 09:32:21.110 20919 20919 D Soundeq-BluetoothDevicePairer: Device onScanningStarted:
04-09 09:32:21.111 20919 20919 D BluetoothAdapter: [SEIBluetoothlogfordebug]startDiscovery
04-09 09:32:21.115 1383 1398 D BluetoothAdapterService: startDiscovery
04-09 09:32:21.116 1383 1493 I bluetooth: packages/modules/Bluetooth/system/bta/dm/bta_dm_main.cc:96 bta_dm_search_sm_execute: state:BTA_DM_SEARCH_IDLE, event:BTA_DM_API_SEARCH_EVT[0x200]
04-09 09:32:21.116 1383 1493 W bluetooth: packages/modules/Bluetooth/system/stack/btm/btm_inq.cc:1083 btm_clr_inq_result_flt: Memory being reset multiple times
04-09 09:32:21.117 20919 20919 I SOUND_PAIR:BluetoothScanner$Receiver.scanNow(L:270): scanNow startDiscovery
04-09 09:32:21.117 20919 20919 D SOUND_PAIR:BluetoothScanner.startListening(L:108): startListening
04-09 09:32:21.117 20919 20919 D Soundeq-BluetoothDevicePairer: handleMessage: BluetoothScanner
04-09 09:32:21.147 1383 1493 E bt_btu_hcif: packages/modules/Bluetooth/system/stack/btu/btu_hcif.cc:182 btu_hcif_log_event_metrics: Unexpectedly received event_code:0x2f that should not be handled here
04-09 09:32:21.147 1383 1493 I bt_btif_dm: packages/modules/Bluetooth/system/btif/src/btif_dm.cc:1601 btif_dm_search_devices_evt: EIR UUIDs for xx:xx:xx:xx:8b:4f:
04-09 09:32:21.147 1383 1493 I bt_btif_dm: packages/modules/Bluetooth/system/btif/src/btif_dm.cc:1604 btif_dm_search_devices_evt: 0000110a-0000-1000-8000-00805f9b34fb
04-09 09:32:21.147 1383 1493 I bt_btif_dm: packages/modules/Bluetooth/system/btif/src/btif_dm.cc:1604 btif_dm_search_devices_evt: 0000110c-0000-1000-8000-00805f9b34fb
04-09 09:32:21.147 1383 1493 I bt_btif_dm: packages/modules/Bluetooth/system/btif/src/btif_dm.cc:1604 btif_dm_search_devices_evt: 00001200-0000-1000-8000-00805f9b34fb
04-09 09:32:21.153 20919 20919 D SOUND_PAIR:BluetoothScanner$Receiver.onReceive(L:364): Device found, address: C4:57:6E:38:8B:4F name: [TV]Samsung Rssi:-57
04-09 09:32:21.736 689 812 W ActivityManager: Unable to start service Intent { cmp=com.nes.sound.retail/com.nes.sound.component.service.DaemonService } U=0: not found
04-09 09:32:21.736 1052 1052 I HeartBeatUtils: ComponentInfo{com.nes.sound.retail/com.nes.sound.component.service.DaemonService} bind failed !!!Immediate reconnect!!!
04-09 09:32:21.736 1052 1052 I HeartBeatUtils: onHeartBeatStoped com.nes.sound.retail/com.nes.sound.component.service.DaemonService
04-09 09:32:21.736 689 812 W ActivityManager: Unbind failed: could not find connection for android.os.BinderProxy@5d7e6
04-09 09:32:21.737 1052 1052 W HeartBeatUtils: start rescue com.nes.sound.retail/com.nes.sound.component.service.DaemonService
04-09 09:32:21.738 689 812 W ActivityManager: Unable to start service Intent { cmp=com.nes.sound/.component.service.DaemonService } U=0: not found
04-09 09:32:21.738 1052 1052 I HeartBeatUtils: ComponentInfo{com.nes.sound/com.nes.sound.component.service.DaemonService} bind failed !!!Immediate reconnect!!!
04-09 09:32:21.739 1052 1052 I HeartBeatUtils: onHeartBeatStoped com.nes.sound/com.nes.sound.component.service.DaemonService
04-09 09:32:21.739 689 812 W ActivityManager: Unbind failed: could not find connection for android.os.BinderProxy@c293127
04-09 09:32:21.739 1052 1052 W HeartBeatUtils: start rescue com.nes.sound/com.nes.sound.component.service.DaemonService
04-09 09:32:21.875 1856 1856 W ContextImpl: Calling a method in the system process without a qualified user: android.app.ContextImpl.bindService:2026 android.content.ContextWrapper.bindService:861 com.nes.sound.daemon.utils.heartbeat.HeartBeatConnectionPool.connectServiceByBinderBeans:108 com.nes.sound.daemon.utils.heartbeat.HeartBeatConnectionPool.reBindConnection:122 com.nes.sound.daemon.utils.heartbeat.HeartBeatUtils.reBindConnection:137
04-09 09:32:21.876 689 812 W ActivityManager: Unable to start service Intent { cmp=com.nes.sound/.component.service.HeartBeatDaemonService } U=0: not found
04-09 09:32:21.876 1856 1856 I HeartBeatUtils: ComponentInfo{com.nes.sound/com.nes.sound.component.service.HeartBeatDaemonService} bind failed !!!Immediate reconnect!!!
04-09 09:32:21.876 1856 1856 I HeartBeatUtils: onHeartBeatStoped com.nes.sound/com.nes.sound.component.service.HeartBeatDaemonService
04-09 09:32:21.877 689 812 W ActivityManager: Unbind failed: could not find connection for android.os.BinderProxy@5adffd4
04-09 09:32:21.877 1856 1856 W HeartBeatUtils: start rescue com.nes.sound/com.nes.sound.component.service.HeartBeatDaemonService
04-09 09:32:21.991 857 862 I dtvkitserver: request resource:Dvb.getFrontend, json:[0]
04-09 09:32:21.991 857 862 I DvbInterface: WriteFrontend strength(0):0 VERSION:202510130
04-09 09:32:21.991 857 862 I Glue : request : Dvb.getFrontend , reply : {
04-09 09:32:21.991 857 862 I Glue : "accepted" : true,
04-09 09:32:21.991 857 862 I Glue : "data" :
04-09 09:32:21.991 857 862 I Glue : {
04-09 09:32:21.991 857 862 I Glue : "band" : 0,
04-09 09:32:21.991 857 862 I Glue : "frequency" : 0,
04-09 09:32:21.991 857 862 I Glue : "frontendpath" : 0,
04-09 09:32:21.991 857 862 I Glue : "integrity" : 0,
04-09 09:32:21.991 857 862 I Glue : "mode" : 0,
04-09 09:32:21.991 857 862 I Glue : "polarity" : 0,
04-09 09:32:21.991 857 862 I Glue : "strength" : 0,
04-09 09:32:21.991 857 862 I Glue : "symbolRate" : 0,
04-09 09:32:21.991 857 862 I Glue : "tpId" : 0,
04-09 09:32:21.991 857 862 I Glue : "type" : "none",
04-09 09:32:21.991 857 862 I Glue : "usage" : "unknown"
04-09 09:32:21.991 857 862 I Glue : }
04-09 09:32:21.991 857 862 I Glue : }
04-09 09:32:21.991 1233 4962 D DtvKitPlayer: getSignalStatus resultObj:{"accepted":true,"data":{"band":0,"frequency":0,"frontendpath":0,"integrity":0,"mode":0,"polarity":0,"strength":0,"symbolRate":0,"tpId":0,"type":"none","usage":"unknown"}}
04-09 09:32:22.013 491 568 W libc : Access denied finding property ""
04-09 09:32:22.008 491 491 W binder:491_2: type=1400 audit(0.0:1160961): avc: denied { read } for name="u:object_r:default_prop:s0" dev="tmpfs" ino=182 scontext=u:r:hal_audio_default:s0 tcontext=u:object_r:default_prop:s0 tclass=file permissive=0
04-09 09:32:22.850 20919 20919 E Soundeq-BluetoothDevicePairer: what = 3
04-09 09:32:22.851 20919 20919 D Soundeq-BluetoothDevicePairer: handleMessage: MSG_SCANNING_TIMEOUT
04-09 09:32:22.851 20919 20919 D Soundeq-BluetoothDevicePairer: stopScanning leScan:true
04-09 09:32:22.852 20919 20919 D SOUND_PAIR:LeScanner.stopListening(L:102): stopListening sRemoteScanCallback=com.nes.sound.blesupport.LeScanner$RemoteScanCallback@8d6329a
04-09 09:32:22.852 20919 20919 D SOUND_PAIR:LeScanner$RemoteScanCallback.stopNow(L:258): mStopTask.run()
04-09 09:32:22.852 20919 20919 D BluetoothAdapter: [SEIBluetoothlogfordebug]cancelDiscovery
04-09 09:32:22.854 1383 1398 D BluetoothAdapterService: cancelDiscovery
04-09 09:32:22.855 1383 1493 I bt_btif_dm: packages/modules/Bluetooth/system/btif/src/btif_dm.cc:2526 btif_dm_cancel_discovery: Cancel search
04-09 09:32:22.855 1383 1493 I bluetooth: packages/modules/Bluetooth/system/bta/dm/bta_dm_main.cc:96 bta_dm_search_sm_execute: state:BTA_DM_SEARCH_ACTIVE, event:BTA_DM_API_SEARCH_CANCEL_EVT[0x201]
04-09 09:32:22.855 1383 1493 E bluetooth: packages/modules/Bluetooth/system/stack/btm/btm_inq.cc:1539 btm_process_inq_complete: Received inquiry complete when no inquiry was active
04-09 09:32:22.855 1383 1493 I bt_bta_dm: packages/modules/Bluetooth/system/bta/dm/bta_dm_act.cc:1460 bta_dm_search_cmpl: No BLE connection, processing classic results
04-09 09:32:22.856 20919 20919 D BluetoothAdapter: isLeEnabled(): ON
04-09 09:32:22.857 1383 1493 E bluetooth: packages/modules/Bluetooth/system/stack/btm/btm_inq.cc:1539 btm_process_inq_complete: Received inquiry complete when no inquiry was active
04-09 09:32:22.859 1383 1398 D ActivityAttributionService: notifyActivityAttributionInfo UID=1002 packageName=com.android.bluetooth deviceAddress=no_active_device_address
04-09 09:32:22.859 1383 1398 I bt_btif : packages/modules/Bluetooth/system/btif/src/bluetooth.cc:845 get_profile_interface: get_profile_interface: id = activity_attribution
04-09 09:32:22.859 1383 1830 I bt_stack: [INFO:le_scanning_manager.cc(168)] Scan in shim layer stopped
04-09 09:32:22.859 1383 1501 I bluetooth: packages/modules/Bluetooth/system/gd/hci/le_address_manager.cc:193 unregister_client: Client unregistered
04-09 09:32:22.859 1383 1830 I bt_stack: [INFO:le_scanning_manager.cc(204)] ScanFilterParamSetup in shim layer
04-09 09:32:22.862 1383 1398 I bt_stack: [INFO:le_scanning_manager.cc(162)] Unregister in shim layer, scanner_id:2
04-09 09:32:22.863 20919 20919 D Soundeq-BluetoothDevicePairer: setStatus status:1
04-09 09:32:22.863 20919 20919 D Soundeq-BluetoothDevicePairer: updateListener
04-09 09:32:22.863 20919 20919 D Soundeq-DiscoverService: statusChanged
04-09 09:32:22.879 20919 20919 E Soundeq-BluetoothDevicePairer: what = 3
04-09 09:32:22.880 20919 20919 D Soundeq-BluetoothDevicePairer: handleMessage: MSG_SCANNING_TIMEOUT
04-09 09:32:22.880 20919 20919 D Soundeq-BluetoothDevicePairer: stopScanning leScan:false
04-09 09:32:22.880 20919 20919 D SOUND_PAIR:BluetoothScanner.stopListening(L:117): stopListening
04-09 09:32:22.880 20919 20919 D Soundeq-BluetoothDevicePairer: setStatus status:1
04-09 09:32:22.880 20919 20919 D Soundeq-BluetoothDevicePairer: updateListener
04-09 09:32:22.881 20919 20919 D Soundeq-DiscoverService: statusChanged
04-09 09:32:22.911 20919 20919 D Soundeq-BluetoothDevicePairer: startScanning type:1
04-09 09:32:22.995 857 862 I dtvkitserver: request resource:Dvb.getFrontend, json:[0]
04-09 09:32:22.995 857 862 I DvbInterface: WriteFrontend strength(0):0 VERSION:202510130
04-09 09:32:22.995 857 862 I Glue : request : Dvb.getFrontend , reply : {
04-09 09:32:22.995 857 862 I Glue : "accepted" : true,
04-09 09:32:22.995 857 862 I Glue : "data" :
04-09 09:32:22.995 857 862 I Glue : {
04-09 09:32:22.995 857 862 I Glue : "band" : 0,
04-09 09:32:22.995 857 862 I Glue : "frequency" : 0,
04-09 09:32:22.995 857 862 I Glue : "frontendpath" : 0,
04-09 09:32:22.995 857 862 I Glue : "integrity" : 0,
04-09 09:32:22.995 857 862 I Glue : "mode" : 0,
04-09 09:32:22.995 857 862 I Glue : "polarity" : 0,
04-09 09:32:22.995 857 862 I Glue : "strength" : 0,
04-09 09:32:22.995 857 862 I Glue : "symbolRate" : 0,
04-09 09:32:22.995 857 862 I Glue : "tpId" : 0,
04-09 09:32:22.995 857 862 I Glue : "type" : "none",
04-09 09:32:22.995 857 862 I Glue : "usage" : "unknown"
04-09 09:32:22.995 857 862 I Glue : }
04-09 09:32:22.995 857 862 I Glue : }
04-09 09:32:22.996 1233 4962 D DtvKitPlayer: getSignalStatus resultObj:{"accepted":true,"data":{"band":0,"frequency":0,"frontendpath":0,"integrity":0,"mode":0,"polarity":0,"strength":0,"symbolRate":0,"tpId":0,"type":"none","usage":"unknown"}}
04-09 09:32:23.013 491 568 W libc : Access denied finding property ""
04-09 09:32:23.008 491 491 W binder:491_2: type=1400 audit(0.0:1160962): avc: denied { read } for name="u:object_r:default_prop:s0" dev="tmpfs" ino=182 scontext=u:r:hal_audio_default:s0 tcontext=u:object_r:default_prop:s0 tclass=file permissive=0
04-09 09:32:23.055 1070 1070 I ThermalService: CPU temperatures: [42.2]
04-09 09:32:23.126 527 547 I WifiHAL : call wifi_get_link_stats handler
04-09 09:32:23.126 527 547 I WifiHAL : Creating message to get link statistics; iface = 16
04-09 09:32:23.142 689 973 D WifiClientModeImpl[30070:wlan0]: updateLinkLayerStatsRssiSpeedFrequencyCapabilities rssi=-75 TxLinkspeed=52 freq=2437 RxLinkSpeed=52
04-09 09:32:23.142 689 973 D WifiDataStall: tx tput in kbps: 33962
04-09 09:32:23.142 689 973 D WifiDataStall: rx tput in kbps: 35750
04-09 09:32:23.143 689 973 V WifiConfigManager: Updating scan detail cache freq=2437 BSSID=c4:a3:66:f6:9d:a8 RSSI=-74 for "versim"WPA_PSK
04-09 09:32:23.143 689 973 D WifiDataStall: ccaLevel = 80
04-09 09:32:23.143 689 973 D WifiDataStall: L2 txTputKbps: 33962, rxTputKbps: 35750, L3 txTputKbps: 0, rxTputKbps: 0, TxTrafficHigh: false, RxTrafficHigh: false, Throughput Sufficient: true
04-09 09:32:23.144 689 973 D WifiScoreCard: BSSID update SIGNAL_POLL ID: 209318759 SSID: "versim", BSSID: c4:a3:66:f6:9d:a8, MAC: 40:d9:5a:d6:80:04, IP: /192.168.1.17, Security type: 2, Supplicant state: COMPLETED, Wi-Fi standard: 4, RSSI: -75, Link speed: 52Mbps, Tx Link speed: 52Mbps, Max Supported Tx Link speed: 144Mbps, Rx Link speed: 52Mbps, Max Supported Rx Link speed: 144Mbps, Frequency: 2437MHz, Net ID: 0, Metered hint: false, score: 56, isUsable: true, CarrierMerged: false, SubscriptionId: -1, IsPrimary: 1, Trusted: true, Restricted: false, Ephemeral: false, OEM paid: false, OEM private: false, OSU AP: false, FQDN: , Provider friendly name: , Requesting package name: "versim"wpa2-pskMLO Information: , Is TID-To-Link negotiation supported by the AP: false, AP MLD Address: , AP MLO Link Id: , AP MLO Affiliated links:
04-09 09:32:23.144 689 973 D WifiScoreCard: txRate: 2 txSpeed: 52
04-09 09:32:23.144 689 973 D WifiScoreCard: network update SIGNAL_POLL "versim" ID: 2122788863 RSSI -75 txSpeed -1
04-09 09:32:23.144 689 973 D WifiClientModeImpl[30070:wlan0]: ClientModeImpl$L2ConnectedState screen=on 3 0 "versim" c4:a3:66:f6:9d:a8 rssi=-75 f=2437 sc=56 link=52 tx=1.0, 0.2, 0.0 rx=1.0 bcn=0 [on:3020 tx:2 rx:728 period:3019] from screen [on:721794 period:775320] score=56
04-09 09:32:23.998 857 862 I dtvkitserver: request resource:Dvb.getFrontend, json:[0]
04-09 09:32:23.999 857 862 I DvbInterface: WriteFrontend strength(0):0 VERSION:202510130
04-09 09:32:23.999 857 862 I Glue : request : Dvb.getFrontend , reply : {
04-09 09:32:23.999 857 862 I Glue : "accepted" : true,
04-09 09:32:23.999 857 862 I Glue : "data" :
04-09 09:32:23.999 857 862 I Glue : {
04-09 09:32:23.999 857 862 I Glue : "band" : 0,
04-09 09:32:23.999 857 862 I Glue : "frequency" : 0,
04-09 09:32:23.999 857 862 I Glue : "frontendpath" : 0,
04-09 09:32:23.999 857 862 I Glue : "integrity" : 0,
04-09 09:32:23.999 857 862 I Glue : "mode" : 0,
04-09 09:32:23.999 857 862 I Glue : "polarity" : 0,
04-09 09:32:23.999 857 862 I Glue : "strength" : 0,
04-09 09:32:23.999 857 862 I Glue : "symbolRate" : 0,
04-09 09:32:23.999 857 862 I Glue : "tpId" : 0,
04-09 09:32:23.999 857 862 I Glue : "type" : "none",
04-09 09:32:23.999 857 862 I Glue : "usage" : "unknown"
04-09 09:32:23.999 857 862 I Glue : }
04-09 09:32:23.999 857 862 I Glue : }
04-09 09:32:23.999 1233 4962 D DtvKitPlayer: getSignalStatus resultObj:{"accepted":true,"data":{"band":0,"frequency":0,"frontendpath":0,"integrity":0,"mode":0,"polarity":0,"strength":0,"symbolRate":0,"tpId":0,"type":"none","usage":"unknown"}}
04-09 09:32:24.014 491 568 W libc : Access denied finding property ""
04-09 09:32:24.008 491 491 W binder:491_2: type=1400 audit(0.0:1160963): avc: denied { read } for name="u:object_r:default_prop:s0" dev="tmpfs" ino=182 scontext=u:r:hal_audio_default:s0 tcontext=u:object_r:default_prop:s0 tclass=file permissive=0
04-09 09:32:25.002 857 862 I dtvkitserver: request resource:Dvb.getFrontend, json:[0]
04-09 09:32:25.002 857 862 I DvbInterface: WriteFrontend strength(0):0 VERSION:202510130
04-09 09:32:25.003 857 862 I Glue : request : Dvb.getFrontend , reply : {
04-09 09:32:25.003 857 862 I Glue : "accepted" : true,
04-09 09:32:25.003 857 862 I Glue : "data" :
04-09 09:32:25.003 857 862 I Glue : {
04-09 09:32:25.003 857 862 I Glue : "band" : 0,
04-09 09:32:25.003 857 862 I Glue : "frequency" : 0,
04-09 09:32:25.003 857 862 I Glue : "frontendpath" : 0,
04-09 09:32:25.003 857 862 I Glue : "integrity" : 0,
04-09 09:32:25.003 857 862 I Glue : "mode" : 0,
04-09 09:32:25.003 857 862 I Glue : "polarity" : 0,
04-09 09:32:25.003 857 862 I Glue : "strength" : 0,
04-09 09:32:25.003 857 862 I Glue : "symbolRate" : 0,
04-09 09:32:25.003 857 862 I Glue : "tpId" : 0,
04-09 09:32:25.003 857 862 I Glue : "type" : "none",
04-09 09:32:25.003 857 862 I Glue : "usage" : "unknown"
04-09 09:32:25.003 857 862 I Glue : }
04-09 09:32:25.003 857 862 I Glue : }
04-09 09:32:25.003 1233 4962 D DtvKitPlayer: getSignalStatus resultObj:{"accepted":true,"data":{"band":0,"frequency":0,"frontendpath":0,"integrity":0,"mode":0,"polarity":0,"strength":0,"symbolRate":0,"tpId":0,"type":"none","usage":"unknown"}}
04-09 09:32:25.014 491 568 W libc : Access denied finding property ""
04-09 09:32:25.012 491 491 W binder:491_2: type=1400 audit(0.0:1160964): avc: denied { read } for name="u:object_r:default_prop:s0" dev="tmpfs" ino=182 scontext=u:r:hal_audio_default:s0 tcontext=u:object_r:default_prop:s0 tclass=file permissive=0
04-09 09:32:25.059 1070 1070 I ThermalService: CPU temperatures: [42.2]
04-09 09:32:25.359 20919 20919 E Soundeq-BluetoothDevicePairer: what = 3
04-09 09:32:25.359 20919 20919 D Soundeq-BluetoothDevicePairer: handleMessage: MSG_SCANNING_TIMEOUT
04-09 09:32:25.360 20919 20919 D Soundeq-BluetoothDevicePairer: stopScanning leScan:false
04-09 09:32:25.360 20919 20919 D SOUND_PAIR:BluetoothScanner.stopListening(L:117): stopListening
04-09 09:32:25.360 20919 20919 D Soundeq-BluetoothDevicePairer: setStatus status:1
04-09 09:32:25.360 20919 20919 D Soundeq-BluetoothDevicePairer: updateListener
04-09 09:32:25.360 20919 20919 D Soundeq-DiscoverService: statusChanged
04-09 09:32:26.006 857 862 I dtvkitserver: request resource:Dvb.getFrontend, json:[0]
04-09 09:32:26.007 857 862 I DvbInterface: WriteFrontend strength(0):0 VERSION:202510130
04-09 09:32:26.007 857 862 I Glue : request : Dvb.getFrontend , reply : {
04-09 09:32:26.007 857 862 I Glue : "accepted" : true,
04-09 09:32:26.007 857 862 I Glue : "data" :
04-09 09:32:26.007 857 862 I Glue : {
