04-09 09:19:27.838 1052 1170 V WindowManagerShell: All active transition animations finished
04-09 09:19:27.838 1052 1170 V WindowManagerShell: animated by com.android.wm.shell.transition.DefaultTransitionHandler@bf93acd
04-09 09:19:27.838 1052 1170 V WindowManagerShell: Track 0 became idle
04-09 09:19:27.838 1052 1170 V WindowManagerShell: All active transition animations finished
04-09 09:19:27.862 2700 2700 W ContextImpl: Calling a method in the system process without a qualified user: android.app.ContextImpl.startService:1927 android.content.ContextWrapper.startService:825 android.content.ContextWrapper.startService:825 com.nes.blerc.receiver.AlarmReceiver.onReceive:24 android.app.ActivityThread.handleReceiver:4449
04-09 09:19:27.874 689 15109 W PackageConfigPersister: App-specific configuration not found for packageName: com.nes.seilivetv and userId: 0
04-09 09:19:27.898 689 1250 D CompatibilityChangeReporter: Compat change id reported: 168419799; UID 10024; state: DISABLED
04-09 09:19:27.898 689 1250 D CompatibilityChangeReporter: Compat change id reported: 273564678; UID 10024; state: DISABLED
04-09 09:19:27.909 689 836 D CompatibilityChangeReporter: Compat change id reported: 135634846; UID 10115; state: DISABLED
04-09 09:19:27.909 689 836 D CompatibilityChangeReporter: Compat change id reported: 177438394; UID 10115; state: DISABLED
04-09 09:19:27.909 689 836 D CompatibilityChangeReporter: Compat change id reported: 135772972; UID 10115; state: DISABLED
04-09 09:19:27.909 689 836 D CompatibilityChangeReporter: Compat change id reported: 135754954; UID 10115; state: ENABLED
04-09 09:19:27.910 689 837 D CompatibilityChangeReporter: Compat change id reported: 143937733; UID 10115; state: ENABLED
04-09 09:19:27.932 689 837 I ActivityManager: Start proc 26740:com.alphainventor.filemanager/u0a115 for broadcast {com.alphainventor.filemanager/com.alphainventor.filemanager.receiver.StorageCheckReceiver}
04-09 09:19:27.939 689 918 D CompatibilityChangeReporter: Compat change id reported: 135634846; UID 10062; state: DISABLED
04-09 09:19:27.940 689 837 D CompatibilityChangeReporter: Compat change id reported: 143937733; UID 10062; state: ENABLED
04-09 09:19:27.954 689 918 W ProcessStats: Tracking association SourceState{369e1fb com.android.vending:background/10054 ImpBg #22481} whose proc state 6 is better than process ProcessState{ce64722 com.android.vending/10054 pkg=com.android.vending} proc state 13 (47 skipped)
04-09 09:19:27.972 689 689 W Looper : Slow dispatch took 152ms main h=android.os.Handler c=android.app.AlarmManager$ListenerWrapper@c7c4014 m=0
04-09 09:19:27.976 689 918 D CompatibilityChangeReporter: Compat change id reported: 265195908; UID 10024; state: ENABLED
04-09 09:19:27.983 689 689 I HDMI : screen state is changing to 0
04-09 09:19:27.984 689 689 D HDMI : onWakeUp action:0, current power status:1
04-09 09:19:27.997 24960 26594 W ContextImpl: Calling a method in the system process without a qualified user: android.app.ContextImpl.bindService:2026 android.content.ContextWrapper.bindService:861 m7.im.g:11 m7.im.d:110 m7.hb.a:211
04-09 09:19:27.999 689 812 D CompatibilityChangeReporter: Compat change id reported: 168419799; UID 10115; state: DISABLED
04-09 09:19:27.999 689 812 D CompatibilityChangeReporter: Compat change id reported: 273564678; UID 10115; state: DISABLED
04-09 09:19:28.004 689 689 D HDMI : enableSystemCecControl: true
04-09 09:19:28.011 689 835 D IntervalStats: Unable to parse usage stats packages: [2, 11, 17, 33, 39, 40, 43, 49, 51, 52, 55, 60, 61, 69, 70, 76]
04-09 09:19:28.031 689 1250 D CompatibilityChangeReporter: Compat change id reported: 170503758; UID 10024; state: ENABLED
04-09 09:19:28.035 689 837 W ActivityManager: Slow operation: 96ms so far, now at startProcess: returned from zygote!
04-09 09:19:28.036 689 837 W ActivityManager: Slow operation: 97ms so far, now at startProcess: done updating battery stats
04-09 09:19:28.036 689 837 W ActivityManager: Slow operation: 97ms so far, now at startProcess: building log message
04-09 09:19:28.036 689 837 I ActivityManager: Start proc 26756:com.google.android.tts/u0a62 for service {com.google.android.tts/androidx.work.impl.background.systemjob.SystemJobService}
04-09 09:19:28.036 689 837 W ActivityManager: Slow operation: 97ms so far, now at startProcess: starting to update pids map
04-09 09:19:28.036 689 837 W ActivityManager: Slow operation: 98ms so far, now at startProcess: done updating pids map
04-09 09:19:28.051 689 689 W Looper : Drained
04-09 09:19:28.073 689 943 I WatchlistLoggingHandler: Start aggregating watchlist records.
04-09 09:19:28.093 689 15109 D CompatibilityChangeReporter: Compat change id reported: 170503758; UID 10115; state: ENABLED
04-09 09:19:28.111 689 689 D ActivityManager: sync unfroze 25323 com.google.android.katniss:search for 6
04-09 09:19:28.138 689 1250 D CompatibilityChangeReporter: Compat change id reported: 168419799; UID 10062; state: DISABLED
04-09 09:19:28.139 689 1250 D CompatibilityChangeReporter: Compat change id reported: 273564678; UID 10062; state: DISABLED
04-09 09:19:28.149 689 835 D IntervalStats: Unable to parse usage stats packages: [2, 11, 17, 33, 39, 40, 43, 49, 51, 52, 55, 60, 61, 69, 70, 76, 88]
04-09 09:19:28.156 689 918 D CompatibilityChangeReporter: Compat change id reported: 265195908; UID 10115; state: ENABLED
04-09 09:19:28.160 689 835 I UsageStatsService: User[0] Rollover scheduled @ 2026-04-10 09:19:27(1775805567457)
04-09 09:19:28.161 689 835 I UsageStatsService: User[0] Rolling over usage stats complete. Took 703 milliseconds
04-09 09:19:28.168 689 918 D CompatibilityChangeReporter: Compat change id reported: 265195908; UID 10062; state: ENABLED
04-09 09:19:28.175 689 689 D HDMI : receive android.intent.action.SCREEN_ON
04-09 09:19:28.183 689 918 D CompatibilityChangeReporter: Compat change id reported: 218533173; UID 10049; state: ENABLED
04-09 09:19:28.184 689 918 D CompatibilityChangeReporter: Compat change id reported: 262645982; UID 10049; state: ENABLED
04-09 09:19:28.185 689 918 D CompatibilityChangeReporter: Compat change id reported: 218533173; UID 10020; state: ENABLED
04-09 09:19:28.186 689 918 D CompatibilityChangeReporter: Compat change id reported: 262645982; UID 10020; state: ENABLED
04-09 09:19:28.187 689 1018 D HDMI : New logical address for device [4]: [preferred:4, assigned:4]
04-09 09:19:28.188 689 918 D CompatibilityChangeReporter: Compat change id reported: 218533173; UID 10118; state: ENABLED
04-09 09:19:28.193 689 918 D CompatibilityChangeReporter: Compat change id reported: 262645982; UID 10118; state: ENABLED
04-09 09:19:28.195 689 918 D CompatibilityChangeReporter: Compat change id reported: 218533173; UID 10025; state: ENABLED
04-09 09:19:28.195 689 918 D CompatibilityChangeReporter: Compat change id reported: 262645982; UID 10025; state: ENABLED
04-09 09:19:28.200 689 689 D HDMI : addCecDevice new:CEC: logical_address: 0x04 device_type: 4 cec_version: 5 vendor_id: 1877008 display_name: dune power_status: 0 physical_address: 0x1000 port_id: 0 old:null
04-09 09:19:28.204 689 918 D CompatibilityChangeReporter: Compat change id reported: 218533173; UID 10115; state: ENABLED
04-09 09:19:28.205 689 918 D CompatibilityChangeReporter: Compat change id reported: 262645982; UID 10115; state: ENABLED
04-09 09:19:28.207 689 918 D CompatibilityChangeReporter: Compat change id reported: 218533173; UID 10019; state: ENABLED
04-09 09:19:28.207 689 918 D CompatibilityChangeReporter: Compat change id reported: 262645982; UID 10019; state: ENABLED
04-09 09:19:28.210 689 918 D CompatibilityChangeReporter: Compat change id reported: 218533173; UID 10052; state: ENABLED
04-09 09:19:28.210 689 918 D CompatibilityChangeReporter: Compat change id reported: 262645982; UID 10052; state: ENABLED
04-09 09:19:28.227 689 918 D CompatibilityChangeReporter: Compat change id reported: 218533173; UID 10048; state: DISABLED
04-09 09:19:28.227 689 918 D CompatibilityChangeReporter: Compat change id reported: 262645982; UID 10048; state: DISABLED
04-09 09:19:28.265 689 1944 D CompatibilityChangeReporter: Compat change id reported: 170503758; UID 10062; state: ENABLED
04-09 09:19:28.267 689 918 D CompatibilityChangeReporter: Compat change id reported: 262645982; UID 10051; state: ENABLED
04-09 09:19:28.268 689 918 D CompatibilityChangeReporter: Compat change id reported: 218533173; UID 10062; state: ENABLED
04-09 09:19:28.269 689 918 D CompatibilityChangeReporter: Compat change id reported: 262645982; UID 10062; state: ENABLED
04-09 09:19:28.270 689 918 D CompatibilityChangeReporter: Compat change id reported: 218533173; UID 10071; state: ENABLED
04-09 09:19:28.270 689 918 D CompatibilityChangeReporter: Compat change id reported: 262645982; UID 10071; state: DISABLED
04-09 09:19:28.284 689 918 D CompatibilityChangeReporter: Compat change id reported: 218533173; UID 10097; state: ENABLED
04-09 09:19:28.285 689 918 D CompatibilityChangeReporter: Compat change id reported: 262645982; UID 10097; state: DISABLED
04-09 09:19:28.285 689 918 D CompatibilityChangeReporter: Compat change id reported: 171306433; UID 10097; state: ENABLED
04-09 09:19:28.285 689 918 D CompatibilityChangeReporter: Compat change id reported: 226439802; UID 10097; state: ENABLED
04-09 09:19:28.329 689 812 D CompatibilityChangeReporter: Compat change id reported: 161145287; UID 10024; state: ENABLED
04-09 09:19:28.332 689 911 D CompatibilityChangeReporter: Compat change id reported: 261072174; UID 10051; state: ENABLED
04-09 09:19:28.353 689 1944 I ActivityManager: Flag disabled. Ignoring finishAttachApplication from uid: 10024. pid: 26721
04-09 09:19:28.364 689 1250 D CompatibilityChangeReporter: Compat change id reported: 253665015; UID 10024; state: ENABLED
04-09 09:19:28.365 689 1250 D CompatibilityChangeReporter: Compat change id reported: 194532703; UID 10024; state: ENABLED
04-09 09:19:28.396 689 911 D CompatibilityChangeReporter: Compat change id reported: 261072174; UID 10049; state: ENABLED
04-09 09:19:28.411 689 689 D HDMI : onInitializeCecComplete 2
04-09 09:19:28.411 689 689 D HDMI : enableWakeupByOtp: true
04-09 09:19:28.413 689 938 E DisplayManagerService: handleLogicalDisplayChangedLocked to set mStableDisplaySize
04-09 09:19:28.413 689 938 E DisplayManagerService: current mStableDisplaySize is large screen and return!!!
04-09 09:19:28.413 689 689 D HDMI : oneTouchPlay com.android.server.hdmi.OneTouchPlayAction@288cfd5
04-09 09:19:28.413 689 689 I HDMI : Not ready to start action. Queued for deferred start:com.android.server.hdmi.OneTouchPlayAction@288cfd5
04-09 09:19:28.414 689 689 D HdmiControlService: Local device is under address allocation. Queue display callback for later process.
04-09 09:19:28.414 689 689 W HdmiControlService: invokeHdmiCecTransTest start failed
04-09 09:19:28.414 689 689 D HDMI : onAddressAllocated address:4 reason:2
04-09 09:19:28.415 689 829 D DisplayManagerService: Ignore redundant display event 0/2 to 10052/24254
04-09 09:19:28.416 689 1018 D HDMI : [S]: 4F:84:10:00:04
04-09 09:19:28.418 689 689 D HDMI : DeviceDiscoveryAction start com.android.server.hdmi.DeviceDiscoveryAction@9c976db
04-09 09:19:28.418 689 689 I HdmiCecLocalDevice: Starting queued action:com.android.server.hdmi.OneTouchPlayAction@288cfd5
04-09 09:19:28.419 689 689 I OneTouchPlayAction: Start action.
04-09 09:19:28.427 689 689 D HDMI : setActiveSource logical:0x04 physical:0x1000 OneTouchPlayAction#broadcastActiveSource()
04-09 09:19:28.434 689 689 D HDMI : ActiveSourceHistoryRecord active source=(0x04, 0x1000) isActiveSource=true from=OneTouchPlayAction#broadcastActiveSource()
04-09 09:19:28.435 689 689 D HDMI : setActiveSource logical:0x04 physical:0x1000 ActiveSourceAction
04-09 09:19:28.440 689 689 D HDMI : ActiveSourceHistoryRecord active source=(0x04, 0x1000) isActiveSource=true from=ActiveSourceAction
04-09 09:19:28.463 689 689 W Looper : Slow dispatch took 273ms main h=android.os.Handler c=com.android.server.hdmi.WorkSourceUidPreservingRunnable@5939451 m=0
04-09 09:19:28.463 689 689 W Looper : Slow delivery took 236ms main h=com.android.server.power.Notifier$NotifierHandler c=null m=7
04-09 09:19:28.495 689 689 D ActivityManager: sync unfroze 26225 com.google.android.partnersetup for 6
04-09 09:19:28.507 689 689 D HDMI : Hotplug event:[port:0, connected:true]
04-09 09:19:28.547 689 689 D HDMI : initPortInfo port info:port_id: 0, type: HDMI_OUT, address: 0x1000, cec: true, arc: true, mhl: false, earc: false
04-09 09:19:28.554 689 994 D AudioService: setWiredDeviceConnectionState( type:400 state:DEVICE_STATE_AVAILABLE addr: name:) from android
04-09 09:19:28.554 689 994 I AS.AudioDeviceInventory: handleDeviceConnection(true dev:400 address: name:)
04-09 09:19:28.554 689 689 D HdmiControlService: Switching to full volume behavior
04-09 09:19:28.555 689 994 I AS.AudioDeviceInventory: deviceKey:0x400:
04-09 09:19:28.555 689 994 I AS.AudioDeviceInventory: deviceInfo:null is(already)Connected:false
04-09 09:19:28.555 689 689 D HdmiControlService: Switching to full volume behavior
04-09 09:19:28.572 689 1018 D HDMI : [S]: 4F:87:1C:A4:10
04-09 09:19:28.580 689 689 W Looper : Drained
04-09 09:19:28.582 689 1882 D ActivityManager: sync unfroze 24438 com.google.process.gservices for 7
04-09 09:19:28.671 689 15158 W JobScheduler: Job didn't exist in JobStore: 835507e #u0a71/4097 com.google.android.partnersetup/.RlzPingJobService
04-09 09:19:28.725 689 1018 D HDMI : [S]: 40:8C
04-09 09:19:28.789 689 7272 D CompatibilityChangeReporter: Compat change id reported: 261072174; UID 10054; state: ENABLED
04-09 09:19:28.790 689 7272 D CompatibilityChangeReporter: Compat change id reported: 261072174; UID 10118; state: ENABLED
04-09 09:19:28.808 689 1018 D HDMI : [S]: 40:47:64:75:6E:65
04-09 09:19:28.857 689 689 D CompatibilityChangeReporter: Compat change id reported: 135634846; UID 10076; state: DISABLED
04-09 09:19:28.859 689 689 D CompatibilityChangeReporter: Compat change id reported: 177438394; UID 10076; state: DISABLED
04-09 09:19:28.859 689 689 D CompatibilityChangeReporter: Compat change id reported: 135772972; UID 10076; state: DISABLED
04-09 09:19:28.859 689 689 D CompatibilityChangeReporter: Compat change id reported: 135754954; UID 10076; state: ENABLED
04-09 09:19:28.862 689 837 D CompatibilityChangeReporter: Compat change id reported: 143937733; UID 10076; state: ENABLED
04-09 09:19:28.864 26721 26739 E CalendarConfidenceChecker: Last check time 562005798 was too old. now=653219193 (boot count=19/19)
04-09 09:19:28.865 689 689 W Looper : Slow dispatch took 116ms main h=android.app.job.JobServiceEngine$JobHandler c=null m=0
04-09 09:19:28.892 689 1882 D ActivityManager: sync unfroze 20757 com.google.android.gms.unstable for 6
04-09 09:19:28.957 689 689 D HDMI : [R]: 0F:87:00:00:F0
04-09 09:19:28.958 689 689 D HDMI : addCecDevice new:CEC: logical_address: 0x00 device_type: 0 cec_version: 5 vendor_id: 16777215 display_name: TV power_status: -1 physical_address: 0xFFFF port_id: -1 old:null
04-09 09:19:28.959 689 689 D HdmiControlService: Switching to full volume behavior
04-09 09:19:29.008 689 837 W ActivityManager: Slow operation: 152ms so far, now at startProcess: returned from zygote!
04-09 09:19:29.008 689 837 W ActivityManager: Slow operation: 153ms so far, now at startProcess: done updating battery stats
04-09 09:19:29.009 689 837 W ActivityManager: Slow operation: 153ms so far, now at startProcess: building log message
04-09 09:19:29.009 689 837 I ActivityManager: Start proc 26861:com.google.android.permissioncontroller/u0a76 for service {com.google.android.permissioncontroller/com.android.permissioncontroller.privacysources.NotificationListenerCheckJobService}
04-09 09:19:29.009 689 837 W ActivityManager: Slow operation: 153ms so far, now at startProcess: starting to update pids map
04-09 09:19:29.012 689 837 W ActivityManager: Slow operation: 157ms so far, now at startProcess: done updating pids map
04-09 09:19:29.063 689 15158 D CompatibilityChangeReporter: Compat change id reported: 161145287; UID 10115; state: ENABLED
04-09 09:19:29.105 689 829 I DisplayDeviceRepository: Display device changed: DisplayDeviceInfo{"Beépített képernyő": uniqueId="local:4633127902230889483", 1920 x 1080, modeId 72, renderFrameRate 59.94006, defaultModeId 72, supportedModes [{id=72, width=1920, height=1080, fps=59.94006, alternativeRefreshRates=[], supportedHdrTypes=[]}], colorMode 0, supportedColorModes [0], hdrCapabilities HdrCapabilities{mSupportedHdrTypes=[], mMaxLuminance=500.0, mMaxAverageLuminance=500.0, mMinLuminance=0.0}, isForceSdr false, allmSupported false, gameContentTypeSupported false, density 320, 54.795 x 54.864 dpi, appVsyncOff 2000000, presDeadline 13683333, touch INTERNAL, rotation 0, type INTERNAL, address {port=11, model=0x404c2d479b6c44}, deviceProductInfo DeviceProductInfo{name=Linux FHD, manufacturerPnpId=LNX, productId=0, modelYear=null, manufactureDate=ManufactureDate{week=5, year=2012}, connectionToSinkType=0}, state ON, committedState ON, frameRateOverride , brightnessMinimum 0.0, brightnessMaximum 1.0, brightnessDefault 0.39763778, hdrSdrRatio NaN, FLAG_ALLOWED_TO_BE_DEFAULT_DISPLAY, FLAG_ROTATES_WITH_CONTENT, FLAG_SECURE, FLAG_SUPPORTS_PROTECTED_BUFFERS, FLAG_TRUSTED, installOrientation 0, displayShape DisplayShape{ spec=729782573 displayWidth=1920 displayHeight=1080 physicalPixelDisplaySizeRatio=1.0 rotation=0 offsetX=0 offsetY=0 scale=1.0}}
04-09 09:19:29.107 689 990 D CompatibilityChangeReporter: Compat change id reported: 143231523; UID 1000; state: DISABLED
04-09 09:19:29.110 689 829 E DisplayManagerService: handleLogicalDisplayChangedLocked to set mStableDisplaySize
04-09 09:19:29.110 689 829 E DisplayManagerService: current mStableDisplaySize is large screen and return!!!
04-09 09:19:29.122 689 829 D DisplayManagerService: Ignore redundant display event 0/2 to 10052/24254
04-09 09:19:29.127 689 1880 D CompatibilityChangeReporter: Compat change id reported: 143231523; UID 10024; state: DISABLED
04-09 09:19:29.141 689 1944 D CompatibilityChangeReporter: Compat change id reported: 168419799; UID 10076; state: DISABLED
04-09 09:19:29.142 689 1944 D CompatibilityChangeReporter: Compat change id reported: 273564678; UID 10076; state: DISABLED
04-09 09:19:29.154 689 918 D CompatibilityChangeReporter: Compat change id reported: 265195908; UID 10076; state: ENABLED
04-09 09:19:29.179 689 1018 D HDMI : [S]: 45:7D
04-09 09:19:29.208 689 835 E DiscreteRegistry: Deleting file 1775070482916tl
04-09 09:19:29.212 689 835 E DiscreteRegistry: Deleting file 1775065226748tl
04-09 09:19:29.216 689 835 E DiscreteRegistry: Deleting file 1775071382915tl
04-09 09:19:29.216 689 835 E DiscreteRegistry: Deleting file 1775069582930tl
04-09 09:19:29.221 689 835 E DiscreteRegistry: Deleting file 1775071397160tl
04-09 09:19:29.221 689 835 E DiscreteRegistry: Deleting file 1775069597141tl
04-09 09:19:29.222 689 835 E DiscreteRegistry: Deleting file 1775067782913tl
04-09 09:19:29.222 689 835 E DiscreteRegistry: Deleting file 1775068682928tl
04-09 09:19:29.222 689 835 E DiscreteRegistry: Deleting file 1775065951653tl
04-09 09:19:29.222 689 835 E DiscreteRegistry: Deleting file 1775066882903tl
04-09 09:19:29.230 689 994 I AS.AudioDeviceInventory: sendDeviceConnectionIntent(dev:0x400 state:0x1 address: name:);
04-09 09:19:29.263 689 1020 I MR2ServiceImpl: addProviderRoutes | provider: com.android.server.media/.SystemMediaRoute2Provider, routes: [ROUTE_ID_HDMI | Tévés hangkimenet]
04-09 09:19:29.298 689 1018 E HDMI : [2]:Failed to send 45:7D with errorCode=1
04-09 09:19:29.299 689 1018 D HDMI : [S]: 40:0D
04-09 09:19:29.299 689 689 D HDMI : AVR did not respond to
04-09 09:19:29.299 689 689 D HdmiControlService: Switching to full volume behavior
04-09 09:19:29.389 689 1018 D HDMI : [S]: 4F:82:10:00
04-09 09:19:29.390 1070 1070 D HdmiCecActiveness: setState active mState:inactive
04-09 09:19:29.399 689 15158 D CompatibilityChangeReporter: Compat change id reported: 170503758; UID 10076; state: ENABLED
04-09 09:19:29.521 689 1018 D HDMI : [S]: 40:8E:00
04-09 09:19:29.598 689 943 I WatchlistLoggingHandler: Milliseconds spent on tryAggregateRecords(): 1525
04-09 09:19:29.628 689 1018 D HDMI : [S]: 45:70:10:00
04-09 09:19:27.827 689 931 E LazyAlarmStore: Removed TIME_TICK alarm
04-09 09:19:27.842 689 689 D ConditionProviders.SCP: onReceive android.intent.action.TIME_SET
04-09 09:19:27.843 689 689 D ConditionProviders.SCP: evaluateSubscriptionLocked cal=ScheduleCalendar[mDays={1, 2, 3, 4, 5, 6, 7}, mSchedule=ScheduleInfo{days=[1, 2, 3, 4, 5, 6, 7], startHour=22, startMinute=0, endHour=7, endMinute=0, exitAtAlarm=true, nextAlarm=Thu Jan 01 01:00:00 GMT+01:00 1970 (0)}], now=Thu Apr 09 09:19:27 GMT+02:00 2026 (1775719167842), nextUserAlarmTime=Thu Jan 01 01:00:00 GMT+01:00 1970 (0)
04-09 09:19:27.843 689 689 D ConditionProviders.SCP: notifyCondition condition://android/schedule?days=1.2.3.4.5.6.7&start=22.0&end=7.0&exitAtAlarm=true STATE_FALSE reason=!meetsSchedule
04-09 09:19:27.852 689 982 W ContextImpl: Calling a method in the system process without a qualified user: android.app.ContextImpl.sendStickyBroadcast:1654 android.net.connectivity.com.android.server.ConnectivityService.sendStickyBroadcast:3282 android.net.connectivity.com.android.server.ConnectivityService.sendGeneralBroadcast:3252 android.net.connectivity.com.android.server.ConnectivityService.sendConnectedBroadcast:3225 android.net.connectivity.com.android.server.ConnectivityService.sendLegacyNetworkBroadcast:10236
04-09 09:19:27.856 689 689 D ConditionProviders.SCP: Scheduling evaluate for Thu Apr 09 22:00:00 GMT+02:00 2026 (1775764800000), in +12h40m32s158ms, now=Thu Apr 09 09:19:27 GMT+02:00 2026 (1775719167842)
04-09 09:19:27.884 689 1018 E HDMI : [1]:Failed to send 45:70:10:00 with errorCode=1
04-09 09:19:27.884 689 1018 D HDMI : [S]: 40:8F
04-09 09:19:27.965 689 1018 D HDMI : [S]: 40:8F
04-09 09:19:27.965 689 836 D CompatibilityChangeReporter: Compat change id reported: 135634846; UID 10036; state: DISABLED
04-09 09:19:27.966 689 1882 D CompatibilityChangeReporter: Compat change id reported: 171306433; UID 10024; state: ENABLED
04-09 09:19:27.966 689 1882 D CompatibilityChangeReporter: Compat change id reported: 218533173; UID 10024; state: ENABLED
04-09 09:19:27.972 689 837 D CompatibilityChangeReporter: Compat change id reported: 143937733; UID 10036; state: ENABLED
04-09 09:19:27.985 689 836 D ActivityManager: sync unfroze 26381 com.google.process.gapps for 10
04-09 09:19:28.060 689 911 I ActivityManager: Flag disabled. Ignoring finishAttachApplication from uid: 10115. pid: 26740
04-09 09:19:28.087 689 837 W ActivityManager: Slow operation: 128ms so far, now at startProcess: returned from zygote!
04-09 09:19:28.090 689 837 W ActivityManager: Slow operation: 130ms so far, now at startProcess: done updating battery stats
04-09 09:19:28.090 689 837 W ActivityManager: Slow operation: 131ms so far, now at startProcess: building log message
04-09 09:19:28.090 689 837 I ActivityManager: Start proc 26949:com.amazon.amazonvideo.livingroom/u0a36 for broadcast {com.amazon.amazonvideo.livingroom/androidx.work.impl.background.systemalarm.RescheduleReceiver}
04-09 09:19:28.090 689 837 W ActivityManager: Slow operation: 131ms so far, now at startProcess: starting to update pids map
04-09 09:19:28.090 689 837 W ActivityManager: Slow operation: 131ms so far, now at startProcess: done updating pids map
04-09 09:19:28.099 689 918 D CompatibilityChangeReporter: Compat change id reported: 271850009; UID 1000; state: ENABLED
04-09 09:19:28.108 689 918 D CompatibilityChangeReporter: Compat change id reported: 271850009; UID 1000; state: DISABLED
04-09 09:19:28.142 689 1944 I ActivityManager: Flag disabled. Ignoring finishAttachApplication from uid: 10062. pid: 26756
04-09 09:19:28.181 689 982 W ContextImpl: Calling a method in the system process without a qualified user: android.app.ContextImpl.sendStickyBroadcast:1654 android.net.connectivity.com.android.server.ConnectivityService.sendStickyBroadcast:3282 android.net.connectivity.com.android.server.ConnectivityService.sendGeneralBroadcast:3252 android.net.connectivity.com.android.server.ConnectivityService.sendInetConditionBroadcast:3229 android.net.connectivity.com.android.server.ConnectivityService.updateInetCondition:9917
04-09 09:19:28.246 689 689 W Looper : Slow dispatch took 112ms main h=android.app.ActivityThread$H c=android.app.LoadedApk$ServiceDispatcher$RunConnection@7337b22 m=0
04-09 09:19:28.297 689 689 D CompatibilityChangeReporter: Compat change id reported: 271850009; UID 10049; state: ENABLED
04-09 09:19:28.299 689 1882 D CompatibilityChangeReporter: Compat change id reported: 168419799; UID 10036; state: DISABLED
04-09 09:19:28.300 689 1882 D CompatibilityChangeReporter: Compat change id reported: 273564678; UID 10036; state: DISABLED
04-09 09:19:28.320 689 1944 I ActivityManager: Flag disabled. Ignoring finishAttachApplication from uid: 10076. pid: 26861
04-09 09:19:28.337 689 836 D CompatibilityChangeReporter: Compat change id reported: 135634846; UID 10017; state: DISABLED
04-09 09:19:28.337 689 836 D CompatibilityChangeReporter: Compat change id reported: 177438394; UID 10017; state: DISABLED
04-09 09:19:28.337 689 836 D CompatibilityChangeReporter: Compat change id reported: 135772972; UID 10017; state: DISABLED
04-09 09:19:28.337 689 836 D CompatibilityChangeReporter: Compat change id reported: 135754954; UID 10017; state: DISABLED
04-09 09:19:28.342 689 837 D CompatibilityChangeReporter: Compat change id reported: 143937733; UID 10017; state: DISABLED
04-09 09:19:28.394 689 1046 E SyncManager: SYNC_OP_STATE_INVALID: disallowed by settings/network
04-09 09:19:28.463 689 911 D CompatibilityChangeReporter: Compat change id reported: 261072174; UID 10115; state: ENABLED
04-09 09:19:28.477 689 911 W JobScheduler: Job didn't exist in JobStore: 6436aac {androidx.work.systemjobscheduler} #u0a49/222 @androidx.work.systemjobscheduler@com.google.android.katniss/androidx.work.impl.background.systemjob.SystemJobService
04-09 09:19:28.485 689 1882 D CompatibilityChangeReporter: Compat change id reported: 170503758; UID 10036; state: ENABLED
04-09 09:19:28.575 689 837 W ActivityManager: Slow operation: 239ms so far, now at startProcess: returned from zygote!
04-09 09:19:28.593 689 811 D CompatibilityChangeReporter: Compat change id reported: 161145287; UID 10062; state: ENABLED
04-09 09:19:28.597 689 837 W ActivityManager: Slow operation: 261ms so far, now at startProcess: done updating battery stats
04-09 09:19:28.597 689 837 W ActivityManager: Slow operation: 261ms so far, now at startProcess: building log message
04-09 09:19:28.597 689 837 I ActivityManager: Start proc 26993:com.android.statementservice/u0a17 for broadcast {com.android.statementservice/androidx.work.impl.background.systemalarm.RescheduleReceiver}
04-09 09:19:28.597 689 837 W ActivityManager: Slow operation: 261ms so far, now at startProcess: starting to update pids map
04-09 09:19:28.603 689 837 W ActivityManager: Slow operation: 266ms so far, now at startProcess: done updating pids map
04-09 09:19:28.604 689 689 W Looper : Slow dispatch took 114ms main h=android.app.ActivityThread$H c=android.app.LoadedApk$ServiceDispatcher$RunConnection@475ddfb m=0
04-09 09:19:28.604 689 689 D HDMI : one touch play retry:1
04-09 09:19:28.607 689 1046 E SyncManager: SYNC_OP_STATE_INVALID: NOT_SYNCABLE
04-09 09:19:28.644 689 911 D CompatibilityChangeReporter: Compat change id reported: 168419799; UID 10017; state: DISABLED
04-09 09:19:28.644 689 911 D CompatibilityChangeReporter: Compat change id reported: 273564678; UID 10017; state: DISABLED
04-09 09:19:28.669 689 1018 D HDMI : New logical address for device [4]: [preferred:4, assigned:4]
04-09 09:19:28.697 689 689 D HDMI : addCecDevice new:CEC: logical_address: 0x04 device_type: 4 cec_version: 5 vendor_id: 1877008 display_name: dune power_status: 0 physical_address: 0x1000 port_id: 0 old:null
04-09 09:19:28.705 689 836 D CompatibilityChangeReporter: Compat change id reported: 135634846; UID 10066; state: DISABLED
04-09 09:19:28.706 689 837 D CompatibilityChangeReporter: Compat change id reported: 143937733; UID 10066; state: ENABLED
04-09 09:19:28.709 689 689 D HdmiControlService: Local device is under address allocation. Queue display callback for later process.
04-09 09:19:28.710 689 1046 E SyncManager: SYNC_OP_STATE_INVALID: disallowed by settings/network
04-09 09:19:28.710 689 689 D HDMI : onAddressAllocated address:4 reason:4
04-09 09:19:28.711 689 911 D CompatibilityChangeReporter: Compat change id reported: 170503758; UID 10017; state: DISABLED
04-09 09:19:28.716 689 689 I HdmiCecLocalDevicePlayback: Device Discovery Action is in progress. Restarting.
04-09 09:19:28.716 689 689 D HDMI : DeviceDiscoveryAction start com.android.server.hdmi.DeviceDiscoveryAction@86e2a65
04-09 09:19:28.725 689 1018 D HDMI : [S]: 40:0D
04-09 09:19:28.736 689 689 I HdmiCecLocalDeviceSource: queryDisplayStatus already in progress
04-09 09:19:28.789 689 7272 D CompatibilityChangeReporter: Compat change id reported: 261072174; UID 10062; state: ENABLED
04-09 09:19:28.806 689 1018 D HDMI : [S]: 40:8F
04-09 09:19:28.852 689 837 W ActivityManager: Slow operation: 160ms so far, now at startProcess: returned from zygote!
04-09 09:19:28.853 689 837 W ActivityManager: Slow operation: 161ms so far, now at startProcess: done updating battery stats
04-09 09:19:28.853 689 837 W ActivityManager: Slow operation: 161ms so far, now at startProcess: building log message
04-09 09:19:28.853 689 837 I ActivityManager: Start proc 27018:com.google.android.youtube.tv/u0a66 for broadcast {com.google.android.youtube.tv/androidx.work.impl.background.systemalarm.RescheduleReceiver}
04-09 09:19:28.853 689 837 W ActivityManager: Slow operation: 161ms so far, now at startProcess: starting to update pids map
04-09 09:19:28.854 689 837 W ActivityManager: Slow operation: 161ms so far, now at startProcess: done updating pids map
04-09 09:19:28.894 689 1018 D HDMI : [S]: 40:8F
04-09 09:19:28.961 689 11289 D CompatibilityChangeReporter: Compat change id reported: 168419799; UID 10066; state: DISABLED
04-09 09:19:28.961 689 11289 D CompatibilityChangeReporter: Compat change id reported: 273564678; UID 10066; state: DISABLED
04-09 09:19:28.990 689 918 D CompatibilityChangeReporter: Compat change id reported: 265195908; UID 10017; state: ENABLED
04-09 09:19:28.996 1070 1070 D HdmiCecActiveness: setState inactive mState:active
04-09 09:19:29.020 689 11289 W ActivityManager: Slow operation: 52ms so far, now at finishAttachApplicationInner: after dispatching broadcasts
04-09 09:19:29.045 689 8310 D CompatibilityChangeReporter: Compat change id reported: 271850009; UID 10054; state: ENABLED
04-09 09:19:29.107 689 911 I ActivityManager: Flag disabled. Ignoring finishAttachApplication from uid: 10017. pid: 26993
04-09 09:19:29.151 689 8310 D CompatibilityChangeReporter: Compat change id reported: 170503758; UID 10066; state: ENABLED
04-09 09:19:29.172 689 1018 D HDMI : [S]: 4F:84:10:00:04
04-09 09:19:29.207 689 689 W Looper : Slow dispatch took 468ms main h=android.app.ActivityThread$H c=android.app.LoadedApk$ReceiverDispatcher$Args$$ExternalSyntheticLambda0@7b77dbb m=0
04-09 09:19:29.207 689 689 W Looper : Slow delivery took 460ms main h=com.android.server.power.Notifier$NotifierHandler c=null m=7
04-09 09:19:29.226 689 918 D CompatibilityChangeReporter: Compat change id reported: 265195908; UID 10066; state: ENABLED
04-09 09:19:29.226 689 689 D HDMI : [R]: 04:90:01
04-09 09:19:29.233 689 689 D HDMI : addCecDevice new:CEC: logical_address: 0x00 device_type: 0 cec_version: 5 vendor_id: 16777215 display_name: TV power_status: -1 physical_address: 0xFFFF port_id: -1 old:null
04-09 09:19:29.233 689 689 D HdmiControlService: Switching to full volume behavior
04-09 09:19:29.237 689 689 D HDMI : queryDisplayStatus status=1
04-09 09:19:29.237 689 689 D AS.AudioService: onStatusChange cecEnabled:true available:true
04-09 09:19:29.238 689 689 D HDMI : queryDisplayStatus status=1
04-09 09:19:29.238 689 689 D AS.AudioService: onStatusChange cecEnabled:true available:true
04-09 09:19:29.273 1070 1070 D HdmiCecActiveness: setState inactive mState:inactive
04-09 09:19:29.323 689 15109 D CompatibilityChangeReporter: Compat change id reported: 161145287; UID 10054; state: ENABLED
04-09 09:19:29.330 689 689 D HDMI : [R]: 04:90:01
04-09 09:19:29.355 689 1880 D CompatibilityChangeReporter: Compat change id reported: 161145287; UID 10036; state: ENABLED
04-09 09:19:29.425 689 689 W Looper : Drained
04-09 09:19:29.484 689 911 D CompatibilityChangeReporter: Compat change id reported: 161252188; UID 10054; state: DISABLED
04-09 09:19:29.489 689 911 D CompatibilityChangeReporter: Compat change id reported: 261072174; UID 10036; state: ENABLED
04-09 09:19:29.534 689 1018 D HDMI : [S]: 4F:87:1C:A4:10
04-09 09:19:29.554 689 11289 D CompatibilityChangeReporter: Compat change id reported: 253665015; UID 10054; state: ENABLED
04-09 09:19:29.554 689 11289 D CompatibilityChangeReporter: Compat change id reported: 194532703; UID 10054; state: ENABLED
04-09 09:19:29.666 689 11289 W JobScheduler: Job didn't exist in JobStore: b532d9c #u0a54/9332 com.android.vending/com.google.android.finsky.scheduler.process.mainimpl.PhoneskyJobServiceMain
04-09 09:19:29.682 689 11289 D CompatibilityChangeReporter: Compat change id reported: 135634846; UID 10056; state: DISABLED
04-09 09:19:29.682 689 11289 D CompatibilityChangeReporter: Compat change id reported: 177438394; UID 10056; state: DISABLED
04-09 09:19:29.682 689 11289 D CompatibilityChangeReporter: Compat change id reported: 135772972; UID 10056; state: DISABLED
04-09 09:19:29.683 689 11289 D CompatibilityChangeReporter: Compat change id reported: 135754954; UID 10056; state: ENABLED
04-09 09:19:29.684 689 837 D CompatibilityChangeReporter: Compat change id reported: 143937733; UID 10056; state: ENABLED
04-09 09:19:29.690 689 1018 D HDMI : [S]: 40:8C
04-09 09:19:29.731 689 15109 W JobScheduler: Job didn't exist in JobStore: a6bd39a #u0a54/9782 com.android.vending/com.google.android.finsky.scheduler.process.mainimpl.PhoneskyJobServiceMain
04-09 09:19:29.734 689 15109 D CompatibilityChangeReporter: Compat change id reported: 271850009; UID 10067; state: DISABLED
04-09 09:19:29.737 689 15109 D CompatibilityChangeReporter: Compat change id reported: 135634846; UID 10067; state: DISABLED
04-09 09:19:29.737 689 15109 D CompatibilityChangeReporter: Compat change id reported: 177438394; UID 10067; state: DISABLED
04-09 09:19:29.738 689 15109 D CompatibilityChangeReporter: Compat change id reported: 135772972; UID 10067; state: DISABLED
04-09 09:19:29.738 689 15109 D CompatibilityChangeReporter: Compat change id reported: 135754954; UID 10067; state: ENABLED
04-09 09:19:29.773 689 1018 D HDMI : [S]: 40:47:64:75:6E:65
04-09 09:19:29.782 689 837 W ActivityManager: Slow operation: 101ms so far, now at startProcess: returned from zygote!
04-09 09:19:29.782 689 837 W ActivityManager: Slow operation: 101ms so far, now at startProcess: done updating battery stats
04-09 09:19:29.782 689 837 W ActivityManager: Slow operation: 101ms so far, now at startProcess: building log message
04-09 09:19:29.782 689 837 I ActivityManager: Start proc 27091:com.google.android.tvlauncher/u0a56 for service {com.google.android.tvlauncher/com.google.android.libraries.notifications.entrypoints.scheduled.ScheduledTaskService}
04-09 09:19:29.782 689 837 W ActivityManager: Slow operation: 101ms so far, now at startProcess: starting to update pids map
04-09 09:19:29.783 689 837 W ActivityManager: Slow operation: 101ms so far, now at startProcess: done updating pids map
04-09 09:19:29.783 689 837 D CompatibilityChangeReporter: Compat change id reported: 143937733; UID 10067; state: ENABLED
04-09 09:19:29.785 689 11289 D CompatibilityChangeReporter: Compat change id reported: 161145287; UID 10066; state: ENABLED
04-09 09:19:29.916 689 918 D CompatibilityChangeReporter: Compat change id reported: 265195908; UID 10056; state: ENABLED
04-09 09:19:29.941 689 689 D HDMI : [R]: 0F:87:00:00:F0
04-09 09:19:29.971 689 837 W ActivityManager: Slow operation: 235ms so far, now at startProcess: returned from zygote!
04-09 09:19:29.975 689 837 W ActivityManager: Slow operation: 238ms so far, now at startProcess: done updating battery stats
04-09 09:19:29.975 689 837 W ActivityManager: Slow operation: 238ms so far, now at startProcess: building log message
04-09 09:19:29.975 689 837 I ActivityManager: Start proc 27115:com.google.android.syncadapters.calendar/u0a67 for service {com.google.android.syncadapters.calendar/com.google.android.libraries.notifications.entrypoints.scheduled.ScheduledTaskService}
04-09 09:19:29.975 689 837 W ActivityManager: Slow operation: 239ms so far, now at startProcess: starting to update pids map
04-09 09:19:29.975 689 837 W ActivityManager: Slow operation: 239ms so far, now at startProcess: done updating pids map
04-09 09:19:30.093 689 8310 D CompatibilityChangeReporter: Compat change id reported: 170503758; UID 10056; state: ENABLED
04-09 09:19:30.184 689 1018 D HDMI : [S]: 45:7D
04-09 09:19:30.213 689 1944 D CompatibilityChangeReporter: Compat change id reported: 168419799; UID 10067; state: DISABLED
04-09 09:19:30.213 689 1944 D CompatibilityChangeReporter: Compat change id reported: 273564678; UID 10067; state: DISABLED
04-09 09:19:30.232 689 918 D CompatibilityChangeReporter: Compat change id reported: 265195908; UID 10067; state: ENABLED
04-09 09:19:30.297 689 689 D HDMI : AVR did not respond to
04-09 09:19:30.298 689 689 D HdmiControlService: Switching to full volume behavior
04-09 09:19:30.329 689 2331 I ActivityManager: Flag disabled. Ignoring finishAttachApplication from uid: 10036. pid: 26949
04-09 09:19:30.343 689 2331 D CompatibilityChangeReporter: Compat change id reported: 170503758; UID 10067; state: ENABLED
04-09 09:19:30.482 689 811 I ActivityManager: Flag disabled. Ignoring finishAttachApplication from uid: 10066. pid: 27018
04-09 09:19:30.582 689 811 D CompatibilityChangeReporter: Compat change id reported: 161145287; UID 10056; state: ENABLED
04-09 09:19:30.605 689 689 D HDMI : one touch play retry:2
04-09 09:19:30.622 689 1944 W ActivityManager: Unable to start service Intent { cmp=com.nes.sound.retail/com.nes.sound.component.service.DaemonService } U=0: not found
04-09 09:19:30.623 1856 1856 W ContextImpl: Calling a method in the system process without a qualified user: android.app.ContextImpl.bindService:2026 android.content.ContextWrapper.bindService:861 com.nes.sound.daemon.utils.heartbeat.HeartBeatConnectionPool.connectServiceByBinderBeans:108 com.nes.sound.daemon.utils.heartbeat.HeartBeatConnectionPool.reBindConnection:122 com.nes.sound.daemon.utils.heartbeat.HeartBeatUtils.reBindConnection:137
04-09 09:19:30.623 1052 1052 I HeartBeatUtils: ComponentInfo{com.nes.sound.retail/com.nes.sound.component.service.DaemonService} bind failed !!!Immediate reconnect!!!
04-09 09:19:30.623 1052 1052 I HeartBeatUtils: onHeartBeatStoped com.nes.sound.retail/com.nes.sound.component.service.DaemonService
04-09 09:19:30.623 689 1944 W ActivityManager: Unable to start service Intent { cmp=com.nes.sound/.component.service.HeartBeatDaemonService } U=0: not found
04-09 09:19:30.624 689 811 W ActivityManager: Unbind failed: could not find connection for android.os.BinderProxy@5f299cc
04-09 09:19:30.624 1856 1856 I HeartBeatUtils: ComponentInfo{com.nes.sound/com.nes.sound.component.service.HeartBeatDaemonService} bind failed !!!Immediate reconnect!!!
04-09 09:19:30.624 1856 1856 I HeartBeatUtils: onHeartBeatStoped com.nes.sound/com.nes.sound.component.service.HeartBeatDaemonService
04-09 09:19:30.624 689 1944 W ActivityManager: Unbind failed: could not find connection for android.os.BinderProxy@2efd415
04-09 09:19:30.625 1052 1052 W HeartBeatUtils: start rescue com.nes.sound.retail/com.nes.sound.component.service.DaemonService
04-09 09:19:30.626 1856 1856 W HeartBeatUtils: start rescue com.nes.sound/com.nes.sound.component.service.HeartBeatDaemonService
04-09 09:19:30.627 689 1944 W ActivityManager: Unable to start service Intent { cmp=com.nes.sound/.component.service.DaemonService } U=0: not found
04-09 09:19:30.632 1052 1052 I HeartBeatUtils: ComponentInfo{com.nes.sound/com.nes.sound.component.service.DaemonService} bind failed !!!Immediate reconnect!!!
04-09 09:19:30.632 1052 1052 I HeartBeatUtils: onHeartBeatStoped com.nes.sound/com.nes.sound.component.service.DaemonService
04-09 09:19:30.632 689 7273 W ActivityManager: Unbind failed: could not find connection for android.os.BinderProxy@ff9e32a
04-09 09:19:30.632 1052 1052 W HeartBeatUtils: start rescue com.nes.sound/com.nes.sound.component.service.DaemonService
04-09 09:19:30.691 689 1018 D HDMI : [S]: 40:0D
04-09 09:19:30.725 689 1250 I ActivityManager: Flag disabled. Ignoring finishAttachApplication from uid: 10067. pid: 27115
04-09 09:19:30.736 689 2331 D CompatibilityChangeReporter: Compat change id reported: 261072174; UID 10067; state: DISABLED
04-09 09:19:30.745 689 1250 D CompatibilityChangeReporter: Compat change id reported: 161145287; UID 10067; state: DISABLED
04-09 09:19:30.772 689 1018 D HDMI : [S]: 40:8F
04-09 09:19:30.801 689 1944 D CompatibilityChangeReporter: Compat change id reported: 261072174; UID 10056; state: ENABLED
04-09 09:19:30.894 689 927 D ActivityManager: freezing 26626 com.android.externalstorage
04-09 09:19:30.944 689 811 D CompatibilityChangeReporter: Compat change id reported: 271850009; UID 10036; state: ENABLED
04-09 09:19:30.944 689 811 D CompatibilityChangeReporter: Compat change id reported: 253665015; UID 10036; state: ENABLED
04-09 09:19:30.945 689 811 D CompatibilityChangeReporter: Compat change id reported: 194532703; UID 10036; state: ENABLED
04-09 09:19:30.954 689 689 D HDMI : [R]: 04:90:01
04-09 09:19:30.954 1070 1070 D HdmiCecActiveness: setState inactive mState:inactive
04-09 09:19:30.964 689 811 I ActivityManager: Flag disabled. Ignoring finishAttachApplication from uid: 10056. pid: 27091
04-09 09:19:31.010 689 2331 W BackupManagerService: [UserID:0] dataChanged but no participant pkg='com.google.android.syncadapters.calendar' uid=10067
04-09 09:19:31.178 689 1944 D CompatibilityChangeReporter: Compat change id reported: 161252188; UID 10051; state: DISABLED
04-09 09:19:31.272 689 689 D HdmiCecController: [P]:AllocatedAddress=[0]
04-09 09:19:31.272 689 689 W HDMI : [1]:onPollingFinished but action has been removed com.android.server.hdmi.DeviceDiscoveryAction$1@c2fb48f
04-09 09:19:31.281 689 1944 I ActivityManager: Killing 25243:com.android.tv.common/u0a97 (adj 985): empty #17
04-09 09:19:31.319 689 1250 D CompatibilityChangeReporter: Compat change id reported: 271850009; UID 10066; state: ENABLED
04-09 09:19:31.320 689 1250 D CompatibilityChangeReporter: Compat change id reported: 253665015; UID 10066; state: ENABLED
04-09 09:19:31.320 689 1250 D CompatibilityChangeReporter: Compat change id reported: 194532703; UID 10066; state: ENABLED
04-09 09:19:31.327 689 689 D HdmiCecController: [P]:AllocatedAddress=[0]
04-09 09:19:31.327 689 689 V DeviceDiscoveryAction: Device detected: [0]
04-09 09:19:31.328 689 689 V DeviceDiscoveryAction: Start [Physical Address Stage]:1
04-09 09:19:31.328 689 1018 D HDMI : [S]: 40:83
04-09 09:19:31.558 689 689 D HDMI : [R]: 0F:84:00:00:00
04-09 09:19:31.561 689 689 D HDMI : addCecDevice new:CEC: logical_address: 0x00 device_type: 0 cec_version: 5 vendor_id: 240 display_name: TV power_status: 1 physical_address: 0x0000 port_id: -1 old:CEC: logical_address: 0x00 device_type: 0 cec_version: 5 vendor_id: 240 display_name: TV power_status: 1 physical_address: 0xFFFF port_id: -1
04-09 09:19:31.561 689 689 D HdmiControlService: Switching to full volume behavior
04-09 09:19:31.563 689 689 V DeviceDiscoveryAction: Start [Osd Name Stage]:1
04-09 09:19:31.563 689 1018 D HDMI : [S]: 40:46
04-09 09:19:31.652 689 1250 D CompatibilityChangeReporter: Compat change id reported: 201794303; UID 10067; state: ENABLED
04-09 09:19:31.653 689 1250 D CompatibilityChangeReporter: Compat change id reported: 207133734; UID 10067; state: DISABLED
04-09 09:19:31.707 689 7272 D CompatibilityChangeReporter: Compat change id reported: 143231523; UID 10067; state: DISABLED
04-09 09:19:31.976 689 1958 D ActivityManager: sync unfroze 25887 com.uptodown for 6
04-09 09:19:32.265 689 927 D ActivityManager: freezing 25183 com.droidlogic.android.tv
04-09 09:19:32.320 689 1882 I ActivityManager: Process com.google.android.gms.persistent (pid 20362) has died: fg BTOP
04-09 09:19:32.325 27091 27169 I ActivityThread: Removing dead content provider:android.content.ContentProviderProxy@d430c73
04-09 09:19:32.327 27115 27115 I ActivityThread: Removing dead content provider:android.content.ContentProviderProxy@ea6be51
04-09 09:19:32.327 27115 27115 I ActivityThread: Removing dead content provider:android.content.ContentProviderProxy@ea6be51
04-09 09:19:32.329 689 1882 W ActivityManager: Scheduling restart of crashed service com.google.android.gms/.auth.GetToken in 1000ms for connection
04-09 09:19:32.329 689 1882 W ActivityManager: Scheduling restart of crashed service com.google.android.gms/.chimera.PersistentApiService in 11000ms for connection
04-09 09:19:32.329 689 1882 W ActivityManager: Scheduling restart of crashed service com.google.android.gms/.fido.authenticator.service.AuthenticatorService in 21000ms for start-requested
04-09 09:19:32.330 689 1882 W ActivityManager: Scheduling restart of crashed service com.google.android.gms/.chimera.PersistentDirectBootAwareApiService in 31000ms for connection
04-09 09:19:32.330 689 1882 W ActivityManager: Scheduling restart of crashed service com.google.android.gms/com.google.android.location.internal.server.HardwareArProviderService in 41000ms for connection
04-09 09:19:32.337 689 1882 W ActivityManager: Scheduling restart of crashed service com.google.android.gms/.gcm.http.GoogleHttpService in 51000ms for connection
04-09 09:19:32.337 689 1882 W ActivityManager: Scheduling restart of crashed service com.google.android.gms/.common.stats.GmsCoreStatsService in 60992ms for start-requested
04-09 09:19:32.337 689 1882 W ActivityManager: Scheduling restart of crashed service com.google.android.gms/.auth.setup.devicesignals.LockScreenService in 70992ms for start-requested
04-09 09:19:32.337 689 1882 W ActivityManager: Scheduling restart of crashed service com.google.android.gms/.instantapps.service.InstantAppsService in 80992ms for connection
04-09 09:19:32.337 689 1882 W ActivityManager: Scheduling restart of crashed service com.google.android.gms/.gcm.nts.SchedulerService in 90992ms for start-requested
04-09 09:19:32.338 689 1882 W ActivityManager: Scheduling restart of crashed service com.google.android.gms/.location.geocode.GeocodeService in 100992ms for connection
04-09 09:19:32.339 689 1882 W ActivityManager: Scheduling restart of crashed service com.google.android.gms/com.google.android.location.internal.server.GoogleLocationService in 110991ms for start-requested
04-09 09:19:32.339 689 1882 W ActivityManager: Scheduling restart of crashed service com.google.android.gms/com.google.android.location.internal.GoogleLocationManagerService in 120991ms for start-requested
04-09 09:19:32.339 689 1882 W ActivityManager: Scheduling restart of crashed service com.google.android.gms/com.google.android.location.network.NetworkLocationService in 130990ms for connection
04-09 09:19:32.339 689 1882 W ActivityManager: Scheduling restart of crashed service com.google.android.gms/com.google.android.contextmanager.service.ContextManagerService in 140990ms for start-requested
04-09 09:19:32.339 689 1882 W ActivityManager: Scheduling restart of crashed service com.google.android.gms/.gcm.GcmService in 150990ms for start-requested
04-09 09:19:32.339 689 1882 W ActivityManager: Scheduling restart of crashed service com.google.android.gms/.play.integrity.api.service.IntegrityApiPersistentService in 160990ms for start-requested
04-09 09:19:32.339 689 1882 W ActivityManager: Scheduling restart of crashed service com.google.android.gms/.location.persistent.LocationPersistentService in 170990ms for start-requested
04-09 09:19:32.339 689 1882 W ActivityManager: Scheduling restart of crashed service com.google.android.gms/com.google.android.location.fused.FusedLocationService in 180990ms for connection
04-09 09:19:32.339 689 1882 W ActivityManager: Scheduling restart of crashed service com.google.android.gms/.chimera.PersistentIntentOperationService in 190990ms for start-requested
04-09 09:19:32.348 689 1876 D CompatibilityChangeReporter: Compat change id reported: 135634846; UID 10051; state: DISABLED
04-09 09:19:32.349 689 837 D CompatibilityChangeReporter: Compat change id reported: 143937733; UID 10051; state: ENABLED
04-09 09:19:32.378 27091 27091 I ActivityThread: Removing dead content provider:android.content.ContentProviderProxy@7498730
04-09 09:19:32.401 689 927 D ActivityManager: freezing 26172 android.process.media
04-09 09:19:32.407 689 1882 I ActivityManager: Killing 23309:com.android.vending:instant_app_installer/u0a54 (adj 995): empty #17
04-09 09:19:32.409 689 837 W ActivityManager: Slow operation: 62ms so far, now at startProcess: returned from zygote!
04-09 09:19:32.410 689 1882 W JobScheduler: Job didn't exist in JobStore: 37265ec {androidx.work.systemjobscheduler} #u0a118/95 @androidx.work.systemjobscheduler@com.uptodown/androidx.work.impl.background.systemjob.SystemJobService
04-09 09:19:32.416 689 837 W ActivityManager: Slow operation: 69ms so far, now at startProcess: done updating battery stats
04-09 09:19:32.416 689 837 W ActivityManager: Slow operation: 69ms so far, now at startProcess: building log message
04-09 09:19:32.416 689 837 I ActivityManager: Start proc 27275:com.google.android.gms.persistent/u0a51 for content provider {com.google.android.gms/com.google.android.gms.chimera.container.GmsModuleProvider}
