04-09 09:19:54.543 689 689 D HdmiControlService: Switching to full volume behavior
04-09 09:19:54.543 689 827 D CompatibilityChangeReporter: Compat change id reported: 265452344; UID 10056; state: DISABLED
04-09 09:19:54.544 689 827 D CompatibilityChangeReporter: Compat change id reported: 266124927; UID 10056; state: DISABLED
04-09 09:19:54.544 689 827 D CompatibilityChangeReporter: Compat change id reported: 265451093; UID 10056; state: DISABLED
04-09 09:19:54.544 689 827 D CompatibilityChangeReporter: Compat change id reported: 265456536; UID 10056; state: DISABLED
04-09 09:19:54.545 689 827 D CompatibilityChangeReporter: Compat change id reported: 255940284; UID 10056; state: DISABLED
04-09 09:19:54.545 689 827 D CompatibilityChangeReporter: Compat change id reported: 236283604; UID 10056; state: DISABLED
04-09 09:19:54.545 689 827 D CompatibilityChangeReporter: Compat change id reported: 263959004; UID 10056; state: DISABLED
04-09 09:19:54.545 689 827 D CompatibilityChangeReporter: Compat change id reported: 264304459; UID 10056; state: DISABLED
04-09 09:19:54.546 689 827 D CompatibilityChangeReporter: Compat change id reported: 264301586; UID 10056; state: DISABLED
04-09 09:19:54.547 689 827 D CompatibilityChangeReporter: Compat change id reported: 254631730; UID 10056; state: DISABLED
04-09 09:19:54.547 689 827 D CompatibilityChangeReporter: Compat change id reported: 273509367; UID 10056; state: DISABLED
04-09 09:19:54.547 689 827 D CompatibilityChangeReporter: Compat change id reported: 263259275; UID 10056; state: DISABLED
04-09 09:19:54.548 689 827 D CompatibilityChangeReporter: Compat change id reported: 174042980; UID 10056; state: DISABLED
04-09 09:19:54.548 689 827 D CompatibilityChangeReporter: Compat change id reported: 174042936; UID 10056; state: DISABLED
04-09 09:19:54.548 689 827 D CompatibilityChangeReporter: Compat change id reported: 181136395; UID 10056; state: DISABLED
04-09 09:19:54.556 689 827 D CompatibilityChangeReporter: Compat change id reported: 184838306; UID 10056; state: DISABLED
04-09 09:19:54.557 689 827 D CompatibilityChangeReporter: Compat change id reported: 185004937; UID 10056; state: DISABLED
04-09 09:19:54.557 689 827 D CompatibilityChangeReporter: Compat change id reported: 194480991; UID 10056; state: ENABLED
04-09 09:19:54.574 1052 1170 V WindowManagerShell: Transition requested: android.os.BinderProxy@b2f0eff TransitionRequestInfo { type = OPEN, triggerTask = TaskInfo{userId=0 taskId=427 displayId=0 isRunning=true baseIntent=Intent { act=android.intent.action.MAIN cat=[android.intent.category.HOME] flg=0x10800100 cmp=com.google.android.tvlauncher/.MainActivity } baseActivity=ComponentInfo{com.google.android.tvlauncher/com.google.android.tvlauncher.MainActivity} topActivity=ComponentInfo{com.google.android.tvlauncher/com.google.android.tvlauncher.MainActivity} origActivity=null realActivity=ComponentInfo{com.google.android.tvlauncher/com.google.android.tvlauncher.MainActivity} numActivities=1 lastActiveTime=653246899 supportsMultiWindow=false resizeMode=0 isResizeable=false minWidth=-1 minHeight=-1 defaultMinSize=220 token=WCT{android.window.IWindowContainerToken$Stub$Proxy@1d544cc} topActivityType=2 pictureInPictureParams=null shouldDockBigOverlays=true launchIntoPipHostTaskId=-1 lastParentTaskIdBeforePip=-1 displayCutoutSafeInsets=null topActivityInfo=ActivityInfo{48ca315 com.google.android.tvlauncher.MainActivity} launchCookies=[] positionInParent=Point(0, 0) parentTaskId=-1 isFocused=true isVisible=false isVisibleRequested=true isSleeping=false topActivityInSizeCompat=false topActivityEligibleForLetterboxEducation= false topActivityLetterboxed= false isFromDoubleTap= false topActivityLetterboxVerticalPosition= -1 topActivityLetterboxHorizontalPosition= -1 topActivityLetterboxWidth=-1 topActivityLetterboxHeight=-1 locusId=null displayAreaFeatureId=1 cameraCompatControlState=hidden}, remoteTransition = null, displayChange = null }
04-09 09:19:54.579 689 827 I ActivityTaskManager: START u0 {act=android.intent.action.MAIN cat=[android.intent.category.HOME] flg=0x10000100 cmp=com.google.android.tvlauncher/.MainActivity (has extras)} with LAUNCH_SINGLE_TASK from uid 0 (BAL_ALLOW_ALLOWLISTED_UID) result code=2
04-09 09:19:54.621 689 1018 D HDMI : [S]: 4F:82:10:00
04-09 09:19:54.622 1070 1070 D HdmiCecActiveness: setState active mState:active
04-09 09:19:54.661 689 918 D CompatibilityChangeReporter: Compat change id reported: 265195908; UID 10036; state: ENABLED
04-09 09:19:54.664 689 689 V BackupManagerService: [UserID:0] Scheduling immediate backup pass
04-09 09:19:54.664 689 689 W BackupManagerService: [UserID:0] Backup pass but enabled=false setupComplete=true
04-09 09:19:54.670 1052 1170 D WindowManagerShell: TvPipController: onTaskStackChanged()
04-09 09:19:54.754 689 1018 D HDMI : [S]: 40:8E:00
04-09 09:19:54.863 689 1018 D HDMI : [S]: 45:70:10:00
04-09 09:19:54.883 689 1880 D CompatibilityChangeReporter: Compat change id reported: 271850009; UID 10056; state: ENABLED
04-09 09:19:54.883 689 1880 D CompatibilityChangeReporter: Compat change id reported: 253665015; UID 10056; state: ENABLED
04-09 09:19:54.884 689 1880 D CompatibilityChangeReporter: Compat change id reported: 194532703; UID 10056; state: ENABLED
04-09 09:19:54.976 689 1018 E HDMI : [1]:Failed to send 45:70:10:00 with errorCode=1
04-09 09:19:54.976 689 1018 D HDMI : [S]: 40:8F
04-09 09:19:55.101 689 2599 D CompatibilityChangeReporter: Compat change id reported: 135634846; UID 1000; state: DISABLED
04-09 09:19:55.113 689 1165 I ActivityTaskManager: START u0 {flg=0x14000000 cmp=com.google.android.tvlauncher/.MainActivity (has extras)} with LAUNCH_SINGLE_TASK from uid 10056 (BAL_ALLOW_ALLOWLISTED_COMPONENT) result code=3
04-09 09:19:55.132 689 837 I ActivityManager: Start proc 27902:com.nes.leanbacklauncher.partnercustomizer/1000 for content provider {com.nes.leanbacklauncher.partnercustomizer/com.nes.leanbacklauncher.partnercustomizer.ConfigurationProvider}
04-09 09:19:55.162 689 689 D HDMI : [R]: 04:90:00
04-09 09:19:55.163 689 689 D HDMI : TV's power status is on. Action finished successfully
04-09 09:19:55.163 689 689 D HDMI : setActiveSource logical:0x04 physical:0x1000 ActiveSourceAction
04-09 09:19:55.164 689 1018 D HDMI : [S]: 4F:82:10:00
04-09 09:19:55.165 1070 1070 D HdmiCecActiveness: setState active mState:active
04-09 09:19:55.168 689 689 D HDMI : ActiveSourceHistoryRecord active source=(0x04, 0x1000) isActiveSource=true from=ActiveSourceAction
04-09 09:19:55.169 689 689 D HdmiControlService: Switching to full volume behavior
04-09 09:19:55.270 689 2599 D CompatibilityChangeReporter: Compat change id reported: 168419799; UID 10056; state: DISABLED
04-09 09:19:55.270 689 2599 D CompatibilityChangeReporter: Compat change id reported: 273564678; UID 10056; state: DISABLED
04-09 09:19:55.270 689 2599 I KatnissWindowBlocker: Setup wizard mode set to: false
04-09 09:19:55.293 689 1018 D HDMI : [S]: 40:8E:00
04-09 09:19:55.353 689 1882 D CoreBackPreview: Window{35ab3b9 u0 com.google.android.tvlauncher/com.google.android.tvlauncher.MainActivity}: Setting back callback OnBackInvokedCallbackInfo{mCallback=android.window.IOnBackInvokedCallback$Stub$Proxy@adbb13f, mPriority=0, mIsAnimationCallback=false}
04-09 09:19:55.562 1052 1170 V WindowManagerShell: onTransitionReady android.os.BinderProxy@b2f0eff: {id=68 t=OPEN f=0x0 trk=0 r=[0@Point(0, 0)] c=[{WCT{android.window.IWindowContainerToken$Stub$Proxy@1215b91} m=TO_FRONT f=MOVE_TO_TOP leash=Surface(name=Task=1)/@0xd0062a sb=Rect(0, 0 - 1920, 1080) eb=Rect(0, 0 - 1920, 1080) d=0},{WCT{android.window.IWindowContainerToken$Stub$Proxy@8405af6} m=TO_BACK f=NONE leash=Surface(name=Task=431)/@0x8ef9c1b sb=Rect(0, 0 - 1920, 1080) eb=Rect(0, 0 - 1920, 1080) d=0}]}
04-09 09:19:55.562 1052 1170 V WindowManagerShell: Playing animation for (#68)android.os.BinderProxy@b2f0eff@0
04-09 09:19:55.562 1052 1170 V WindowManagerShell: try handler com.android.wm.shell.keyguard.KeyguardTransitionHandler@1afc691
04-09 09:19:55.562 1052 1170 V WindowManagerShell: try handler com.android.wm.shell.activityembedding.ActivityEmbeddingController@b7de9f6
04-09 09:19:55.562 1052 1170 V WindowManagerShell: try handler com.android.wm.shell.pip.tv.TvPipTransition@c29c1f7
04-09 09:19:55.562 1052 1170 V WindowManagerShell: try handler com.android.wm.shell.transition.RemoteTransitionHandler@2eb0864
04-09 09:19:55.563 1052 1170 V WindowManagerShell: Transition doesn't have explicit remote, search filters for match for {id=68 t=OPEN f=0x0 trk=0 r=[0@Point(0, 0)] c=[{WCT{android.window.IWindowContainerToken$Stub$Proxy@1215b91} m=TO_FRONT f=MOVE_TO_TOP leash=Surface(name=Task=1)/@0xd0062a sb=Rect(0, 0 - 1920, 1080) eb=Rect(0, 0 - 1920, 1080) d=0},{WCT{android.window.IWindowContainerToken$Stub$Proxy@8405af6} m=TO_BACK f=NONE leash=Surface(name=Task=431)/@0x8ef9c1b sb=Rect(0, 0 - 1920, 1080) eb=Rect(0, 0 - 1920, 1080) d=0}]}
04-09 09:19:55.563 1052 1170 V WindowManagerShell: Delegate animation for #68 to null
04-09 09:19:55.563 1052 1170 V WindowManagerShell: try handler com.android.wm.shell.transition.DefaultTransitionHandler@bf93acd
04-09 09:19:55.563 1052 1170 V WindowManagerShell: start default transition animation, info = {id=68 t=OPEN f=0x0 trk=0 r=[0@Point(0, 0)] c=[{WCT{android.window.IWindowContainerToken$Stub$Proxy@1215b91} m=TO_FRONT f=MOVE_TO_TOP leash=Surface(name=Task=1)/@0xd0062a sb=Rect(0, 0 - 1920, 1080) eb=Rect(0, 0 - 1920, 1080) d=0},{WCT{android.window.IWindowContainerToken$Stub$Proxy@8405af6} m=TO_BACK f=NONE leash=Surface(name=Task=431)/@0x8ef9c1b sb=Rect(0, 0 - 1920, 1080) eb=Rect(0, 0 - 1920, 1080) d=0}]}
04-09 09:19:55.567 1052 1170 V WindowManagerShell: loadAnimation: anim=android.view.animation.AlphaAnimation@96f1fcd animAttr=0x9 type=OPEN isEntrance=false
04-09 09:19:55.569 1052 1170 V WindowManagerShell: loadAnimation: anim=android.view.animation.AlphaAnimation@54b7393 animAttr=0x8 type=OPEN isEntrance=true
04-09 09:19:55.571 689 826 V WindowManager: Sent Transition #68 createdAt=04-09 09:19:54.558 via request=TransitionRequestInfo { type = OPEN, triggerTask = TaskInfo{userId=0 taskId=427 displayId=0 isRunning=true baseIntent=Intent { act=android.intent.action.MAIN cat=[android.intent.category.HOME] flg=0x10800100 cmp=com.google.android.tvlauncher/.MainActivity } baseActivity=ComponentInfo{com.google.android.tvlauncher/com.google.android.tvlauncher.MainActivity} topActivity=ComponentInfo{com.google.android.tvlauncher/com.google.android.tvlauncher.MainActivity} origActivity=null realActivity=ComponentInfo{com.google.android.tvlauncher/com.google.android.tvlauncher.MainActivity} numActivities=1 lastActiveTime=653246899 supportsMultiWindow=false resizeMode=0 isResizeable=false minWidth=-1 minHeight=-1 defaultMinSize=220 token=WCT{RemoteToken{238d21a Task{e062a2c #427 type=home A=10056:.TvLauncher}}} topActivityType=2 pictureInPictureParams=null shouldDockBigOverlays=true launchIntoPipHostTaskId=-1 lastParentTaskIdBeforePip=-1 displayCutoutSafeInsets=null topActivityInfo=ActivityInfo{cad28d4 com.google.android.tvlauncher.MainActivity} launchCookies=[] positionInParent=Point(0, 0) parentTaskId=-1 isFocused=true isVisible=false isVisibleRequested=true isSleeping=false topActivityInSizeCompat=false topActivityEligibleForLetterboxEducation= false topActivityLetterboxed= false isFromDoubleTap= false topActivityLetterboxVerticalPosition= -1 topActivityLetterboxHorizontalPosition= -1 topActivityLetterboxWidth=-1 topActivityLetterboxHeight=-1 locusId=null displayAreaFeatureId=1 cameraCompatControlState=hidden}, remoteTransition = null, displayChange = null }
04-09 09:19:55.571 689 826 V WindowManager: startWCT=WindowContainerTransaction { changes = {} hops = [] errorCallbackToken=null taskFragmentOrganizer=null }
04-09 09:19:55.578 1052 1170 V WindowManagerShell: animated by com.android.wm.shell.transition.DefaultTransitionHandler@bf93acd
04-09 09:19:55.645 689 826 V WindowManager: info={id=68 t=OPEN f=0x0 trk=0 r=[0@Point(0, 0)] c=[{WCT{RemoteToken{d32a4c0 Task{92665fa #1 type=home}}} m=TO_FRONT f=MOVE_TO_TOP leash=Surface(name=Task=1)/@0x147f7f9 sb=Rect(0, 0 - 1920, 1080) eb=Rect(0, 0 - 1920, 1080) d=0},{WCT{RemoteToken{c4e989 Task{ef13325 #431 type=standard A=1000:com.nes.seilivetv}}} m=TO_BACK f=NONE leash=Surface(name=Task=431)/@0xa598f42 sb=Rect(0, 0 - 1920, 1080) eb=Rect(0, 0 - 1920, 1080) d=0}]}
04-09 09:19:55.657 689 812 W ActivityManager: Unable to start service Intent { cmp=com.nes.sound.retail/com.nes.sound.component.service.DaemonService } U=0: not found
04-09 09:19:55.658 1052 1052 I HeartBeatUtils: ComponentInfo{com.nes.sound.retail/com.nes.sound.component.service.DaemonService} bind failed !!!Immediate reconnect!!!
04-09 09:19:55.659 1052 1052 I HeartBeatUtils: onHeartBeatStoped com.nes.sound.retail/com.nes.sound.component.service.DaemonService
04-09 09:19:55.660 689 1164 W ActivityManager: Unbind failed: could not find connection for android.os.BinderProxy@c3ea8e6
04-09 09:19:55.660 1052 1052 W HeartBeatUtils: start rescue com.nes.sound.retail/com.nes.sound.component.service.DaemonService
04-09 09:19:55.674 689 1882 W ActivityManager: Unable to start service Intent { cmp=com.nes.sound/.component.service.DaemonService } U=0: not found
04-09 09:19:55.677 689 1571 I KatnissWindowBlocker: Setup wizard mode set to: false
04-09 09:19:55.679 1856 1856 W ContextImpl: Calling a method in the system process without a qualified user: android.app.ContextImpl.bindService:2026 android.content.ContextWrapper.bindService:861 com.nes.sound.daemon.utils.heartbeat.HeartBeatConnectionPool.connectServiceByBinderBeans:108 com.nes.sound.daemon.utils.heartbeat.HeartBeatConnectionPool.reBindConnection:122 com.nes.sound.daemon.utils.heartbeat.HeartBeatUtils.reBindConnection:137
04-09 09:19:55.682 689 1164 W ActivityManager: Unable to start service Intent { cmp=com.nes.sound/.component.service.HeartBeatDaemonService } U=0: not found
04-09 09:19:55.688 1052 1052 I HeartBeatUtils: ComponentInfo{com.nes.sound/com.nes.sound.component.service.DaemonService} bind failed !!!Immediate reconnect!!!
04-09 09:19:55.688 1052 1052 I HeartBeatUtils: onHeartBeatStoped com.nes.sound/com.nes.sound.component.service.DaemonService
04-09 09:19:55.694 1856 1856 I HeartBeatUtils: ComponentInfo{com.nes.sound/com.nes.sound.component.service.HeartBeatDaemonService} bind failed !!!Immediate reconnect!!!
04-09 09:19:55.695 1856 1856 I HeartBeatUtils: onHeartBeatStoped com.nes.sound/com.nes.sound.component.service.HeartBeatDaemonService
04-09 09:19:55.696 689 1571 W ActivityManager: Unbind failed: could not find connection for android.os.BinderProxy@2bf85c3
04-09 09:19:55.699 1856 1856 W HeartBeatUtils: start rescue com.nes.sound/com.nes.sound.component.service.HeartBeatDaemonService
04-09 09:19:55.705 689 1882 W ActivityManager: Unbind failed: could not find connection for android.os.BinderProxy@e1f8e40
04-09 09:19:55.707 1052 1052 W HeartBeatUtils: start rescue com.nes.sound/com.nes.sound.component.service.DaemonService
04-09 09:19:55.766 689 1882 I ActivityManager: Flag disabled. Ignoring finishAttachApplication from uid: 1000. pid: 27902
04-09 09:19:55.779 689 1882 D CoreBackPreview: Window{ba87a7d u0 com.nes.leanbacklauncher.partnercustomizer}: Setting back callback OnBackInvokedCallbackInfo{mCallback=android.window.IOnBackInvokedCallback$Stub$Proxy@38f4e6c, mPriority=0, mIsAnimationCallback=false}
04-09 09:19:56.003 1052 1170 V WindowManagerShell: Transition animation finished (aborted=false), notifying core (#68)android.os.BinderProxy@b2f0eff@0
04-09 09:19:56.009 689 826 V WindowManager: Finish Transition #68: created at
04-09 09:19:54.558 collect-started=0.119ms request-sent=13.539ms started=23.267ms ready=23.177ms sent=996.589ms finished=1448.253ms
04-09 09:19:56.012 1052 1170 V WindowManagerShell: Track 0 became idle
04-09 09:19:56.012 1052 1170 V WindowManagerShell: All active transition animations finished
04-09 09:19:56.203 689 1882 D CoreBackPreview: Window{28f73b5 u0 org.dtvkit.inputsource}: Setting back callback null
04-09 09:19:56.250 689 1882 D CompatibilityChangeReporter: Compat change id reported: 214016041; UID 10056; state: ENABLED
04-09 09:19:56.276 689 1880 W PackageConfigPersister: App-specific configuration not found for packageName: com.google.android.tvlauncher and userId: 0
04-09 09:19:56.299 689 1164 D CompatibilityChangeReporter: Compat change id reported: 170503758; UID 10019; state: ENABLED
04-09 09:19:56.907 689 1165 I ActivityManager: Killing 26172:android.process.media/u0a20 (adj 985): empty #17
04-09 09:19:56.967 689 827 D DisplayManagerService: Drop pending events for gone uid 10020
04-09 09:19:58.599 15361 15361 W ContextImpl: Calling a method in the system process without a qualified user: android.app.ContextImpl.startActivity:1115 android.content.ContextWrapper.startActivity:436 com.nes.tvglobalkeyhandler.utils.SystemUtils.k0:178 com.nes.tvglobalkeyhandler.typeaction.a.c:87 com.nes.tvglobalkeyhandler.typeaction.s.b:43
04-09 09:19:58.599 15361 15361 W ContextImpl: Calling a method in the system process without a qualified user: android.app.ContextImpl.startActivity:1142 android.app.ContextImpl.startActivity:1116 android.content.ContextWrapper.startActivity:436 com.nes.tvglobalkeyhandler.utils.SystemUtils.k0:178 com.nes.tvglobalkeyhandler.typeaction.a.c:87
04-09 09:19:58.605 689 1880 D CompatibilityChangeReporter: Compat change id reported: 265464455; UID 1000; state: DISABLED
04-09 09:19:58.605 689 1880 D CompatibilityChangeReporter: Compat change id reported: 265452344; UID 1000; state: DISABLED
04-09 09:19:58.605 689 1880 D CompatibilityChangeReporter: Compat change id reported: 266124927; UID 1000; state: DISABLED
04-09 09:19:58.605 689 1880 D CompatibilityChangeReporter: Compat change id reported: 265451093; UID 1000; state: DISABLED
04-09 09:19:58.606 689 1880 D CompatibilityChangeReporter: Compat change id reported: 265456536; UID 1000; state: DISABLED
04-09 09:19:58.606 689 1880 D CompatibilityChangeReporter: Compat change id reported: 255940284; UID 1000; state: DISABLED
04-09 09:19:58.606 689 1880 D CompatibilityChangeReporter: Compat change id reported: 236283604; UID 1000; state: DISABLED
04-09 09:19:58.606 689 1880 D CompatibilityChangeReporter: Compat change id reported: 263959004; UID 1000; state: DISABLED
04-09 09:19:58.607 689 1880 D CompatibilityChangeReporter: Compat change id reported: 264304459; UID 1000; state: DISABLED
04-09 09:19:58.607 689 1880 D CompatibilityChangeReporter: Compat change id reported: 264301586; UID 1000; state: DISABLED
04-09 09:19:58.607 689 1880 D CompatibilityChangeReporter: Compat change id reported: 254631730; UID 1000; state: DISABLED
04-09 09:19:58.607 689 1880 D CompatibilityChangeReporter: Compat change id reported: 273509367; UID 1000; state: DISABLED
04-09 09:19:58.608 689 1880 D CompatibilityChangeReporter: Compat change id reported: 263259275; UID 1000; state: DISABLED
04-09 09:19:58.608 689 1880 D CompatibilityChangeReporter: Compat change id reported: 174042980; UID 1000; state: DISABLED
04-09 09:19:58.608 689 1880 D CompatibilityChangeReporter: Compat change id reported: 174042936; UID 1000; state: DISABLED
04-09 09:19:58.608 689 1880 D CompatibilityChangeReporter: Compat change id reported: 181136395; UID 1000; state: DISABLED
04-09 09:19:58.610 689 1880 D CompatibilityChangeReporter: Compat change id reported: 194480991; UID 1000; state: ENABLED
04-09 09:19:58.623 689 1880 D CompatibilityChangeReporter: Compat change id reported: 205907456; UID 1000; state: ENABLED
04-09 09:19:58.626 689 1880 I ActivityTaskManager: START u0 {flg=0x10000000 cmp=com.android.tv.settings/.MainSettings} with LAUNCH_MULTIPLE from uid 1000 (BAL_ALLOW_ALLOWLISTED_UID) result code=0
04-09 09:19:58.627 1052 1170 V WindowManagerShell: Transition requested: android.os.BinderProxy@e0e4dda TransitionRequestInfo { type = OPEN, triggerTask = TaskInfo{userId=0 taskId=439 displayId=0 isRunning=true baseIntent=Intent { flg=0x10800000 cmp=com.android.tv.settings/.MainSettings } baseActivity=ComponentInfo{com.android.tv.settings/com.android.tv.settings.MainSettings} topActivity=ComponentInfo{com.android.tv.settings/com.android.tv.settings.MainSettings} origActivity=null realActivity=ComponentInfo{com.android.tv.settings/com.android.tv.settings.MainSettings} numActivities=1 lastActiveTime=653250954 supportsMultiWindow=false resizeMode=1 isResizeable=true minWidth=-1 minHeight=-1 defaultMinSize=220 token=WCT{android.window.IWindowContainerToken$Stub$Proxy@86bc20b} topActivityType=1 pictureInPictureParams=null shouldDockBigOverlays=true launchIntoPipHostTaskId=-1 lastParentTaskIdBeforePip=-1 displayCutoutSafeInsets=null topActivityInfo=ActivityInfo{a8328e8 com.android.tv.settings.MainSettings} launchCookies=[] positionInParent=Point(0, 0) parentTaskId=-1 isFocused=false isVisible=false isVisibleRequested=false isSleeping=false topActivityInSizeCompat=false topActivityEligibleForLetterboxEducation= false topActivityLetterboxed= false isFromDoubleTap= false topActivityLetterboxVerticalPosition= -1 topActivityLetterboxHorizontalPosition= -1 topActivityLetterboxWidth=-1 topActivityLetterboxHeight=-1 locusId=null displayAreaFeatureId=1 cameraCompatControlState=hidden}, remoteTransition = null, displayChange = null }
04-09 09:19:58.691 689 1571 D CompatibilityChangeReporter: Compat change id reported: 168419799; UID 1000; state: DISABLED
04-09 09:19:58.691 689 1571 D CompatibilityChangeReporter: Compat change id reported: 273564678; UID 1000; state: DISABLED
04-09 09:19:58.691 689 1571 I KatnissWindowBlocker: Setup wizard mode set to: false
04-09 09:19:58.699 689 1571 D CoreBackPreview: Window{2ba5994 u0 com.android.tv.settings/com.android.tv.settings.MainSettings}: Setting back callback OnBackInvokedCallbackInfo{mCallback=android.window.IOnBackInvokedCallback$Stub$Proxy@3d5dc32, mPriority=0, mIsAnimationCallback=false}
04-09 09:19:58.753 1052 1170 D WindowManagerShell: TvPipController: onTaskStackChanged()
04-09 09:19:58.758 689 927 D ActivityManager: freezing 26993 com.android.statementservice
04-09 09:19:58.775 689 1880 D CompatibilityChangeReporter: Compat change id reported: 135634846; UID 10048; state: DISABLED
04-09 09:19:58.776 689 1880 D CompatibilityChangeReporter: Compat change id reported: 177438394; UID 10048; state: DISABLED
04-09 09:19:58.776 689 1880 D CompatibilityChangeReporter: Compat change id reported: 135772972; UID 10048; state: DISABLED
04-09 09:19:58.776 689 1880 D CompatibilityChangeReporter: Compat change id reported: 135754954; UID 10048; state: ENABLED
04-09 09:19:58.777 689 837 D CompatibilityChangeReporter: Compat change id reported: 143937733; UID 10048; state: ENABLED
04-09 09:19:58.781 689 1880 D CompatibilityChangeReporter: Compat change id reported: 161145287; UID 1000; state: ENABLED
04-09 09:19:58.782 689 1880 D CompatibilityChangeReporter: Compat change id reported: 161145287; UID 1000; state: DISABLED
04-09 09:19:58.795 689 837 I ActivityManager: Start proc 27970:com.android.settings.intelligence/u0a48 for service {com.android.settings.intelligence/com.android.settings.intelligence.suggestions.SuggestionService}
04-09 09:19:58.854 689 1880 D CompatibilityChangeReporter: Compat change id reported: 168419799; UID 10048; state: DISABLED
04-09 09:19:58.855 689 1880 D CompatibilityChangeReporter: Compat change id reported: 273564678; UID 10048; state: DISABLED
04-09 09:19:58.861 689 1880 D CompatibilityChangeReporter: Compat change id reported: 261072174; UID 1000; state: ENABLED
04-09 09:19:58.863 689 918 D CompatibilityChangeReporter: Compat change id reported: 265195908; UID 10048; state: ENABLED
04-09 09:19:58.897 1052 1170 V WindowManagerShell: onTransitionReady android.os.BinderProxy@e0e4dda: {id=69 t=OPEN f=0x0 trk=0 r=[0@Point(0, 0)] c=[{WCT{android.window.IWindowContainerToken$Stub$Proxy@11273e7} m=OPEN f=TRANSLUCENT leash=Surface(name=Task=439)/@0xbbf4b01 sb=Rect(0, 0 - 1920, 1080) eb=Rect(0, 0 - 1920, 1080) d=0}]}
04-09 09:19:58.898 1052 1170 V WindowManagerShell: Playing animation for (#69)android.os.BinderProxy@e0e4dda@0
04-09 09:19:58.898 1052 1170 V WindowManagerShell: try handler com.android.wm.shell.keyguard.KeyguardTransitionHandler@1afc691
04-09 09:19:58.898 1052 1170 V WindowManagerShell: try handler com.android.wm.shell.activityembedding.ActivityEmbeddingController@b7de9f6
04-09 09:19:58.898 1052 1170 V WindowManagerShell: try handler com.android.wm.shell.pip.tv.TvPipTransition@c29c1f7
04-09 09:19:58.898 1052 1170 V WindowManagerShell: try handler com.android.wm.shell.transition.RemoteTransitionHandler@2eb0864
04-09 09:19:58.898 1052 1170 V WindowManagerShell: Transition doesn't have explicit remote, search filters for match for {id=69 t=OPEN f=0x0 trk=0 r=[0@Point(0, 0)] c=[{WCT{android.window.IWindowContainerToken$Stub$Proxy@11273e7} m=OPEN f=TRANSLUCENT leash=Surface(name=Task=439)/@0xbbf4b01 sb=Rect(0, 0 - 1920, 1080) eb=Rect(0, 0 - 1920, 1080) d=0}]}
04-09 09:19:58.898 1052 1170 V WindowManagerShell: Delegate animation for #69 to null
04-09 09:19:58.898 1052 1170 V WindowManagerShell: try handler com.android.wm.shell.transition.DefaultTransitionHandler@bf93acd
04-09 09:19:58.898 1052 1170 V WindowManagerShell: start default transition animation, info = {id=69 t=OPEN f=0x0 trk=0 r=[0@Point(0, 0)] c=[{WCT{android.window.IWindowContainerToken$Stub$Proxy@11273e7} m=OPEN f=TRANSLUCENT leash=Surface(name=Task=439)/@0xbbf4b01 sb=Rect(0, 0 - 1920, 1080) eb=Rect(0, 0 - 1920, 1080) d=0}]}
04-09 09:19:58.898 689 1571 D CompatibilityChangeReporter: Compat change id reported: 170503758; UID 10048; state: ENABLED
04-09 09:19:58.899 1052 1170 V WindowManagerShell: loadAnimation: anim=android.view.animation.AlphaAnimation@fd5eb94 animAttr=0x4 type=OPEN isEntrance=true
04-09 09:19:58.902 1052 1170 V WindowManagerShell: animated by com.android.wm.shell.transition.DefaultTransitionHandler@bf93acd
04-09 09:19:58.911 689 826 V WindowManager: Sent Transition #69 createdAt=04-09 09:19:58.613 via request=TransitionRequestInfo { type = OPEN, triggerTask = TaskInfo{userId=0 taskId=439 displayId=0 isRunning=true baseIntent=Intent { flg=0x10800000 cmp=com.android.tv.settings/.MainSettings } baseActivity=ComponentInfo{com.android.tv.settings/com.android.tv.settings.MainSettings} topActivity=ComponentInfo{com.android.tv.settings/com.android.tv.settings.MainSettings} origActivity=null realActivity=ComponentInfo{com.android.tv.settings/com.android.tv.settings.MainSettings} numActivities=1 lastActiveTime=653250954 supportsMultiWindow=false resizeMode=1 isResizeable=true minWidth=-1 minHeight=-1 defaultMinSize=220 token=WCT{RemoteToken{7539ede Task{e779185 #439 type=standard A=1000:com.android.tv.settings}}} topActivityType=1 pictureInPictureParams=null shouldDockBigOverlays=true launchIntoPipHostTaskId=-1 lastParentTaskIdBeforePip=-1 displayCutoutSafeInsets=null topActivityInfo=ActivityInfo{6b678bf com.android.tv.settings.MainSettings} launchCookies=[] positionInParent=Point(0, 0) parentTaskId=-1 isFocused=false isVisible=false isVisibleRequested=false isSleeping=false topActivityInSizeCompat=false topActivityEligibleForLetterboxEducation= false topActivityLetterboxed= false isFromDoubleTap= false topActivityLetterboxVerticalPosition= -1 topActivityLetterboxHorizontalPosition= -1 topActivityLetterboxWidth=-1 topActivityLetterboxHeight=-1 locusId=null displayAreaFeatureId=1 cameraCompatControlState=hidden}, remoteTransition = null, displayChange = null }
04-09 09:19:58.911 689 826 V WindowManager: startWCT=WindowContainerTransaction { changes = {} hops = [] errorCallbackToken=null taskFragmentOrganizer=null }
04-09 09:19:58.911 689 826 V WindowManager: info={id=69 t=OPEN f=0x0 trk=0 r=[0@Point(0, 0)] c=[{WCT{RemoteToken{7539ede Task{e779185 #439 type=standard A=1000:com.android.tv.settings}}} m=OPEN f=TRANSLUCENT leash=Surface(name=Task=439)/@0x567cd1d sb=Rect(0, 0 - 1920, 1080) eb=Rect(0, 0 - 1920, 1080) d=0}]}
04-09 09:19:58.946 689 829 W ProcessStats: Tracking association SourceState{62e3bfc com.google.android.katniss:interactor/10049 BTop #23569} whose proc state 2 is better than process ProcessState{bf257d com.google.android.tv.remote.service/10050 pkg=com.google.android.tv.remote.service} proc state 3 (106 skipped)
04-09 09:19:58.961 689 1880 D CompatibilityChangeReporter: Compat change id reported: 214016041; UID 1000; state: ENABLED
04-09 09:19:58.962 689 1880 D CompatibilityChangeReporter: Compat change id reported: 214016041; UID 1000; state: DISABLED
04-09 09:19:58.982 689 1880 W PackageConfigPersister: App-specific configuration not found for packageName: com.android.tv.settings and userId: 0
04-09 09:19:58.996 689 1571 I ActivityManager: Flag disabled. Ignoring finishAttachApplication from uid: 10048. pid: 27970
04-09 09:19:59.026 689 1571 D CompatibilityChangeReporter: Compat change id reported: 135634846; UID 10052; state: DISABLED
04-09 09:19:59.027 689 837 D CompatibilityChangeReporter: Compat change id reported: 143937733; UID 10052; state: ENABLED
04-09 09:19:59.047 689 837 I ActivityManager: Start proc 27989:com.google.android.tungsten.setupwraith/u0a52 for content provider {com.google.android.tungsten.setupwraith/com.google.android.tvsetup.app.deferred.DeferredContentProvider}
04-09 09:19:59.052 689 927 D ActivityManager: freezing 27018 com.google.android.youtube.tv
04-09 09:19:59.107 689 918 D CompatibilityChangeReporter: Compat change id reported: 265195908; UID 10052; state: ENABLED
04-09 09:19:59.150 689 1880 D CompatibilityChangeReporter: Compat change id reported: 170503758; UID 10052; state: ENABLED
04-09 09:19:59.275 689 1164 D CompatibilityChangeReporter: Compat change id reported: 261072174; UID 10052; state: ENABLED
04-09 09:19:59.317 1052 1170 V WindowManagerShell: Transition animation finished (aborted=false), notifying core (#69)android.os.BinderProxy@e0e4dda@0
04-09 09:19:59.323 689 826 V WindowManager: Finish Transition #69: created at
04-09 09:19:58.613 collect-started=0.123ms request-sent=12.137ms started=21.325ms ready=38.726ms sent=281.865ms finished=708.851ms
04-09 09:19:59.327 1052 1170 V WindowManagerShell: Track 0 became idle
04-09 09:19:59.327 1052 1170 V WindowManagerShell: All active transition animations finished
04-09 09:19:59.354 689 2599 D CompatibilityChangeReporter: Compat change id reported: 161145287; UID 10052; state: ENABLED
04-09 09:19:59.396 689 1880 I ActivityManager: Flag disabled. Ignoring finishAttachApplication from uid: 10052. pid: 27989
04-09 09:20:00.342 689 927 D ActivityManager: freezing 20757 com.google.android.gms.unstable
04-09 09:20:00.663 689 1164 W ActivityManager: Unable to start service Intent { cmp=com.nes.sound.retail/com.nes.sound.component.service.DaemonService } U=0: not found
04-09 09:20:00.663 1052 1052 I HeartBeatUtils: ComponentInfo{com.nes.sound.retail/com.nes.sound.component.service.DaemonService} bind failed !!!Immediate reconnect!!!
04-09 09:20:00.663 1052 1052 I HeartBeatUtils: onHeartBeatStoped com.nes.sound.retail/com.nes.sound.component.service.DaemonService
04-09 09:20:00.663 689 1165 W ActivityManager: Unbind failed: could not find connection for android.os.BinderProxy@f8f8d4c
04-09 09:20:00.664 1052 1052 W HeartBeatUtils: start rescue com.nes.sound.retail/com.nes.sound.component.service.DaemonService
04-09 09:20:00.685 27387 27455 W PackageParser: Unknown element under : queries at /data/user_de/0/com.google.android.gms/app_chimera/m/0000000a/dl-Games.optional_261233180000.apk Binary XML file line #15
04-09 09:20:00.705 1856 1856 W ContextImpl: Calling a method in the system process without a qualified user: android.app.ContextImpl.bindService:2026 android.content.ContextWrapper.bindService:861 com.nes.sound.daemon.utils.heartbeat.HeartBeatConnectionPool.connectServiceByBinderBeans:108 com.nes.sound.daemon.utils.heartbeat.HeartBeatConnectionPool.reBindConnection:122 com.nes.sound.daemon.utils.heartbeat.HeartBeatUtils.reBindConnection:137
04-09 09:20:00.706 689 1882 W ActivityManager: Unable to start service Intent { cmp=com.nes.sound/.component.service.HeartBeatDaemonService } U=0: not found
04-09 09:20:00.707 1856 1856 I HeartBeatUtils: ComponentInfo{com.nes.sound/com.nes.sound.component.service.HeartBeatDaemonService} bind failed !!!Immediate reconnect!!!
04-09 09:20:00.707 1856 1856 I HeartBeatUtils: onHeartBeatStoped com.nes.sound/com.nes.sound.component.service.HeartBeatDaemonService
04-09 09:20:00.707 689 1165 W ActivityManager: Unbind failed: could not find connection for android.os.BinderProxy@93bc67b
04-09 09:20:00.708 1856 1856 W HeartBeatUtils: start rescue com.nes.sound/com.nes.sound.component.service.HeartBeatDaemonService
04-09 09:20:00.709 689 1163 W ActivityManager: Unable to start service Intent { cmp=com.nes.sound/.component.service.DaemonService } U=0: not found
04-09 09:20:00.710 1052 1052 I HeartBeatUtils: ComponentInfo{com.nes.sound/com.nes.sound.component.service.DaemonService} bind failed !!!Immediate reconnect!!!
04-09 09:20:00.710 1052 1052 I HeartBeatUtils: onHeartBeatStoped com.nes.sound/com.nes.sound.component.service.DaemonService
04-09 09:20:00.711 689 1165 W ActivityManager: Unbind failed: could not find connection for android.os.BinderProxy@d167a44
04-09 09:20:00.711 1052 1052 W HeartBeatUtils: start rescue com.nes.sound/com.nes.sound.component.service.DaemonService
04-09 09:20:01.952 689 1164 D ActivityManager: sync unfroze 20757 com.google.android.gms.unstable for 6
04-09 09:20:02.293 293 293 W keystore2: system/security/keystore2/src/remote_provisioning.rs:102 - Error occurred: system/security/keystore2/src/rkpd_client.rs:226: Trying to get to IRegistration service.
04-09 09:20:02.293 293 293 W keystore2:
04-09 09:20:02.293 293 293 W keystore2: Caused by:
04-09 09:20:02.293 293 293 W keystore2: 0: system/security/keystore2/src/rkpd_client.rs:120: Trying to get IRPC name.
04-09 09:20:02.293 293 293 W keystore2: 1: system/security/keystore2/src/globals.rs:440
04-09 09:20:02.293 293 293 W keystore2: 2: Error::Km(r#HARDWARE_TYPE_UNAVAILABLE)
04-09 09:20:02.978 689 836 D ActivityManager: sync unfroze 25323 com.google.android.katniss:search for 3
04-09 09:20:03.117 689 1163 W PackageConfigPersister: App-specific configuration not found for packageName: com.android.tv.settings and userId: 0
04-09 09:20:03.769 689 1882 D CompatibilityChangeReporter: Compat change id reported: 172251878; UID 10051; state: ENABLED
04-09 09:20:04.921 689 927 D ActivityManager: freezing 26861 com.google.android.permissioncontroller
04-09 09:20:05.178 689 1164 W ActivityManager: Unable to start service Intent { act=com.google.android.gms.time.trustedtime.service.START pkg=com.google.android.gms } U=0: not found
04-09 09:20:05.180 689 812 W ActivityManager: Unbind failed: could not find connection for android.os.BinderProxy@4afb50f
04-09 09:20:05.402 27387 27455 W PackageParser: Unknown element under : queries at /data/user_de/0/com.google.android.gms/app_chimera/m/0000000a/dl-Games.optional_261233180000.apk Binary XML file line #15
04-09 09:20:05.430 689 1165 D CompatibilityChangeReporter: Compat change id reported: 201794303; UID 10051; state: ENABLED
04-09 09:20:05.430 689 1165 D CompatibilityChangeReporter: Compat change id reported: 207133734; UID 10051; state: ENABLED
04-09 09:20:05.667 689 1164 W ActivityManager: Unable to start service Intent { cmp=com.nes.sound.retail/com.nes.sound.component.service.DaemonService } U=0: not found
04-09 09:20:05.667 1052 1052 I HeartBeatUtils: ComponentInfo{com.nes.sound.retail/com.nes.sound.component.service.DaemonService} bind failed !!!Immediate reconnect!!!
04-09 09:20:05.667 1052 1052 I HeartBeatUtils: onHeartBeatStoped com.nes.sound.retail/com.nes.sound.component.service.DaemonService
04-09 09:20:05.667 689 1164 W ActivityManager: Unbind failed: could not find connection for android.os.BinderProxy@e40c491
04-09 09:20:05.668 1052 1052 W HeartBeatUtils: start rescue com.nes.sound.retail/com.nes.sound.component.service.DaemonService
04-09 09:20:05.710 1856 1856 W ContextImpl: Calling a method in the system process without a qualified user: android.app.ContextImpl.bindService:2026 android.content.ContextWrapper.bindService:861 com.nes.sound.daemon.utils.heartbeat.HeartBeatConnectionPool.connectServiceByBinderBeans:108 com.nes.sound.daemon.utils.heartbeat.HeartBeatConnectionPool.reBindConnection:122 com.nes.sound.daemon.utils.heartbeat.HeartBeatUtils.reBindConnection:137
04-09 09:20:05.713 689 1164 W ActivityManager: Unable to start service Intent { cmp=com.nes.sound/.component.service.HeartBeatDaemonService } U=0: not found
04-09 09:20:05.713 689 1165 W ActivityManager: Unable to start service Intent { cmp=com.nes.sound/.component.service.DaemonService } U=0: not found
04-09 09:20:05.714 1052 1052 I HeartBeatUtils: ComponentInfo{com.nes.sound/com.nes.sound.component.service.DaemonService} bind failed !!!Immediate reconnect!!!
04-09 09:20:05.714 1052 1052 I HeartBeatUtils: onHeartBeatStoped com.nes.sound/com.nes.sound.component.service.DaemonService
04-09 09:20:05.715 689 1165 W ActivityManager: Unbind failed: could not find connection for android.os.BinderProxy@39c18cd
04-09 09:20:05.715 1052 1052 W HeartBeatUtils: start rescue com.nes.sound/com.nes.sound.component.service.DaemonService
04-09 09:20:05.716 1856 1856 I HeartBeatUtils: ComponentInfo{com.nes.sound/com.nes.sound.component.service.HeartBeatDaemonService} bind failed !!!Immediate reconnect!!!
04-09 09:20:05.716 1856 1856 I HeartBeatUtils: onHeartBeatStoped com.nes.sound/com.nes.sound.component.service.HeartBeatDaemonService
04-09 09:20:05.717 689 1165 W ActivityManager: Unbind failed: could not find connection for android.os.BinderProxy@4933582
04-09 09:20:05.717 1856 1856 W HeartBeatUtils: start rescue com.nes.sound/com.nes.sound.component.service.HeartBeatDaemonService
04-09 09:20:06.548 689 836 D ActivityManager: sync unfroze 27018 com.google.android.youtube.tv for 3
04-09 09:20:07.600 689 1789 V BackupManagerConstants: getKeyValueBackupIntervalMilliseconds(...) returns 14400000
04-09 09:20:07.600 689 1789 V BackupManagerConstants: getKeyValueBackupFuzzMilliseconds(...) returns 600000
04-09 09:20:07.600 689 1789 V BackupManagerConstants: getKeyValueBackupRequiredNetworkType(...) returns 1
04-09 09:20:07.600 689 1789 V BackupManagerConstants: getKeyValueBackupRequireCharging(...) returns true
04-09 09:20:07.600 689 1789 V KeyValueBackupJob: Scheduling k/v pass in 246 minutes
04-09 09:20:07.612 689 1789 D CompatibilityChangeReporter: Compat change id reported: 271850009; UID 1000; state: ENABLED
04-09 09:20:07.616 689 1789 D CompatibilityChangeReporter: Compat change id reported: 271850009; UID 1000; state: DISABLED
04-09 09:20:07.625 689 1789 D CompatibilityChangeReporter: Compat change id reported: 253665015; UID 1000; state: ENABLED
04-09 09:20:07.626 689 1789 D CompatibilityChangeReporter: Compat change id reported: 253665015; UID 1000; state: DISABLED
04-09 09:20:07.633 689 1789 D CompatibilityChangeReporter: Compat change id reported: 194532703; UID 1000; state: ENABLED
04-09 09:20:07.633 689 1789 D CompatibilityChangeReporter: Compat change id reported: 194532703; UID 1000; state: DISABLED
04-09 09:20:07.725 689 836 D CompatibilityChangeReporter: Compat change id reported: 135634846; UID 10068; state: DISABLED
04-09 09:20:07.725 689 836 D CompatibilityChangeReporter: Compat change id reported: 177438394; UID 10068; state: DISABLED
04-09 09:20:07.725 689 836 D CompatibilityChangeReporter: Compat change id reported: 135772972; UID 10068; state: DISABLED
04-09 09:20:07.725 689 836 D CompatibilityChangeReporter: Compat change id reported: 135754954; UID 10068; state: ENABLED
04-09 09:20:07.726 689 837 D CompatibilityChangeReporter: Compat change id reported: 143937733; UID 10068; state: ENABLED
04-09 09:20:07.749 689 837 I ActivityManager: Start proc 28186:com.google.android.play.games/u0a68 for broadcast {com.google.android.play.games/com.google.android.apps.play.games.features.experiments.PhenotypeBroadcastReceiver}
04-09 09:20:07.800 689 1163 D CompatibilityChangeReporter: Compat change id reported: 168419799; UID 10068; state: DISABLED
04-09 09:20:07.800 689 1163 D CompatibilityChangeReporter: Compat change id reported: 273564678; UID 10068; state: DISABLED
04-09 09:20:07.810 689 918 D CompatibilityChangeReporter: Compat change id reported: 265195908; UID 10068; state: ENABLED
04-09 09:20:07.836 689 1163 D CompatibilityChangeReporter: Compat change id reported: 170503758; UID 10068; state: ENABLED
04-09 09:20:08.052 689 1165 D CompatibilityChangeReporter: Compat change id reported: 261072174; UID 10068; state: ENABLED
04-09 09:20:08.175 689 11289 I ActivityManager: Flag disabled. Ignoring finishAttachApplication from uid: 10068. pid: 28186
04-09 09:20:08.187 689 812 D CompatibilityChangeReporter: Compat change id reported: 161145287; UID 10068; state: ENABLED
04-09 09:20:08.286 293 293 W keystore2: system/security/keystore2/src/remote_provisioning.rs:102 - Error occurred: system/security/keystore2/src/rkpd_client.rs:226: Trying to get to IRegistration service.
04-09 09:20:08.286 293 293 W keystore2:
04-09 09:20:08.286 293 293 W keystore2: Caused by:
04-09 09:20:08.286 293 293 W keystore2: 0: system/security/keystore2/src/rkpd_client.rs:120: Trying to get IRPC name.
04-09 09:20:08.286 293 293 W keystore2: 1: system/security/keystore2/src/globals.rs:440
04-09 09:20:08.286 293 293 W keystore2: 2: Error::Km(r#HARDWARE_TYPE_UNAVAILABLE)
04-09 09:20:08.631 689 933 I RescueParty: Starting to observe: [com.google.android.ext.services, android, com.android.providers.media.module], updated namespace: storage_native_boot
04-09 09:20:08.632 689 835 I PackageWatchdog: Syncing state, reason: observing new packages
04-09 09:20:08.632 689 835 D PackageWatchdog: rescue-party-observer added the following packages to monitor [com.google.android.ext.services, android, com.android.providers.media.module]
04-09 09:20:08.632 689 835 I PackageWatchdog: Syncing state, reason: updated observers
04-09 09:20:08.633 689 835 I PackageWatchdog: Not pruning observers, elapsed time: 0ms
04-09 09:20:08.633 689 689 I PackageWatchdog: Syncing health check requests for packages: {}
04-09 09:20:08.633 689 689 I ExplicitHealthCheckController: Service not ready to get health check supported packages. Binding...
04-09 09:20:08.640 689 689 I ExplicitHealthCheckController: Explicit health check service is bound
04-09 09:20:08.642 689 689 I PackageWatchdog: Syncing health check requests for packages: {}
04-09 09:20:08.642 689 689 I ExplicitHealthCheckController: Service not ready to get health check supported packages. Binding...
04-09 09:20:08.642 689 689 I ExplicitHealthCheckController: Not binding to service, service already connecting
04-09 09:20:08.643 689 835 I PackageWatchdog: Saving observer state to file
04-09 09:20:08.645 689 689 I ExplicitHealthCheckController: Explicit health check service is connected ComponentInfo{com.google.android.ext.services/android.ext.services.watchdog.ExplicitHealthCheckServiceImpl}
04-09 09:20:08.645 689 689 I ExplicitHealthCheckController: Service initialized, syncing requests
04-09 09:20:08.659 689 689 I PackageWatchdog: Syncing health check requests for packages: {}
04-09 09:20:08.659 689 689 D ExplicitHealthCheckController: Getting health check supported packages
04-09 09:20:08.664 689 1163 I ExplicitHealthCheckController: Explicit health check supported packages [PackageConfig{com.android.networkstack, 86400000}]
04-09 09:20:08.664 689 1163 D PackageWatchdog: Received supported packages [PackageConfig{com.android.networkstack, 86400000}]
04-09 09:20:08.664 689 1163 D ExplicitHealthCheckController: Getting health check requested packages
04-09 09:20:08.666 689 1163 I ExplicitHealthCheckController: Explicit health check requested packages []
04-09 09:20:08.666 689 1163 I ExplicitHealthCheckController: No more health check requests, unbinding...
04-09 09:20:08.668 689 1163 I ExplicitHealthCheckController: Explicit health check service is unbound
04-09 09:20:08.671 689 26174 E SettingsToPropertiesMapper: key=persist.device_config.storage_native_boot.transcode_compat_manifest value=com.yelp.android,0,com.yy.biu,0,com.groupme.android,0,air.tv.douyu.android,0,com.baidu.mbaby,0,com.vlocker.locker,0,com.znxh.hyhuo,0,com.yixia.xiaokaxiu,0 exceeds system property max length.
04-09 09:20:08.694 689 933 I RescueParty: Starting to observe: [android], updated namespace: surface_flinger_native_boot
04-09 09:20:08.694 689 835 I PackageWatchdog: Syncing state, reason: observing new packages
04-09 09:20:08.695 689 835 D PackageWatchdog: rescue-party-observer added the following packages to monitor [android]
04-09 09:20:08.695 689 835 I PackageWatchdog: Syncing state, reason: updated observers
04-09 09:20:08.695 689 835 I PackageWatchdog: Saving observer state to file
04-09 09:20:08.706 689 689 I PackageWatchdog: Syncing health check requests for packages: {}
04-09 09:20:08.706 689 689 I ExplicitHealthCheckController: Service not ready to get health check supported packages. Binding...
04-09 09:20:08.711 689 689 I ExplicitHealthCheckController: Explicit health check service is bound
04-09 09:20:08.713 689 689 I ExplicitHealthCheckController: Explicit health check service is connected ComponentInfo{com.google.android.ext.services/android.ext.services.watchdog.ExplicitHealthCheckServiceImpl}
04-09 09:20:08.713 689 689 I ExplicitHealthCheckController: Service initialized, syncing requests
04-09 09:20:08.714 689 689 I PackageWatchdog: Syncing health check requests for packages: {}
04-09 09:20:08.714 689 689 D ExplicitHealthCheckController: Getting health check supported packages
04-09 09:20:08.715 689 1163 I ExplicitHealthCheckController: Explicit health check supported packages [PackageConfig{com.android.networkstack, 86400000}]
04-09 09:20:08.715 689 1163 D PackageWatchdog: Received supported packages [PackageConfig{com.android.networkstack, 86400000}]
04-09 09:20:08.715 689 1163 D ExplicitHealthCheckController: Getting health check requested packages
04-09 09:20:08.718 689 812 I ExplicitHealthCheckController: Explicit health check requested packages []
04-09 09:20:08.718 689 812 I ExplicitHealthCheckController: No more health check requests, unbinding...
04-09 09:20:08.720 689 812 I ExplicitHealthCheckController: Explicit health check service is unbound
04-09 09:20:08.723 689 933 I RescueParty: Starting to observe: [android], updated namespace: activity_manager_native_boot
04-09 09:20:08.726 689 835 I PackageWatchdog: Syncing state, reason: observing new packages
04-09 09:20:08.727 689 689 I PackageWatchdog: Syncing health check requests for packages: {}
04-09 09:20:08.727 689 689 I ExplicitHealthCheckController: Service not ready to get health check supported packages. Binding...
04-09 09:20:08.732 689 689 I ExplicitHealthCheckController: Explicit health check service is bound
04-09 09:20:08.732 689 835 D PackageWatchdog: rescue-party-observer added the following packages to monitor [android]
04-09 09:20:08.732 689 835 I PackageWatchdog: Syncing state, reason: updated observers
04-09 09:20:08.733 689 835 I PackageWatchdog: Saving observer state to file
04-09 09:20:08.751 689 689 I PackageWatchdog: Syncing health check requests for packages: {}
04-09 09:20:08.751 689 689 I ExplicitHealthCheckController: Service not ready to get health check supported packages. Binding...
04-09 09:20:08.751 689 689 I ExplicitHealthCheckController: Not binding to service, service already connecting
04-09 09:20:08.751 689 689 I ExplicitHealthCheckController: Explicit health check service is connected ComponentInfo{com.google.android.ext.services/android.ext.services.watchdog.ExplicitHealthCheckServiceImpl}
04-09 09:20:08.751 689 689 I ExplicitHealthCheckController: Service initialized, syncing requests
04-09 09:20:08.751 689 689 I PackageWatchdog: Syncing health check requests for packages: {}
04-09 09:20:08.751 689 689 D ExplicitHealthCheckController: Getting health check supported packages
04-09 09:20:08.754 689 11289 I ExplicitHealthCheckController: Explicit health check supported packages [PackageConfig{com.android.networkstack, 86400000}]
04-09 09:20:08.754 689 11289 D PackageWatchdog: Received supported packages [PackageConfig{com.android.networkstack, 86400000}]
04-09 09:20:08.754 689 11289 D ExplicitHealthCheckController: Getting health check requested packages
04-09 09:20:08.755 689 11289 I ExplicitHealthCheckController: Explicit health check requested packages []
04-09 09:20:08.755 689 11289 I ExplicitHealthCheckController: No more health check requests, unbinding...
04-09 09:20:08.756 689 11289 I ExplicitHealthCheckController: Explicit health check service is unbound
04-09 09:20:08.810 689 933 I RescueParty: Starting to observe: [android], updated namespace: runtime_native_boot
04-09 09:20:08.813 689 835 I PackageWatchdog: Syncing state, reason: observing new packages
04-09 09:20:08.813 689 835 D PackageWatchdog: rescue-party-observer added the following packages to monitor [android]
04-09 09:20:08.813 689 835 I PackageWatchdog: Syncing state, reason: updated observers
04-09 09:20:08.813 689 835 I PackageWatchdog: Not pruning observers, elapsed time: 0ms
04-09 09:20:08.813 689 835 I PackageWatchdog: Saving observer state to file
04-09 09:20:08.847 689 689 I PackageWatchdog: Syncing health check requests for packages: {}
04-09 09:20:08.847 689 689 I ExplicitHealthCheckController: Service not ready to get health check supported packages. Binding...
04-09 09:20:08.851 689 689 I ExplicitHealthCheckController: Explicit health check service is bound
04-09 09:20:08.854 689 689 I ExplicitHealthCheckController: Explicit health check service is connected ComponentInfo{com.google.android.ext.services/android.ext.services.watchdog.ExplicitHealthCheckServiceImpl}
04-09 09:20:08.855 689 689 I ExplicitHealthCheckController: Service initialized, syncing requests
04-09 09:20:08.855 689 689 I PackageWatchdog: Syncing health check requests for packages: {}
