04-08 09:00:38.395 1856 1856 I HeartBeatUtils: ComponentInfo{com.nes.sound/com.nes.sound.component.service.HeartBeatDaemonService} bind failed !!!Immediate reconnect!!!
04-08 09:00:38.395 1856 1856 I HeartBeatUtils: onHeartBeatStoped com.nes.sound/com.nes.sound.component.service.HeartBeatDaemonService
04-08 09:00:38.395 689 15157 W ActivityManager: Unbind failed: could not find connection for android.os.BinderProxy@5328105
04-08 09:00:38.396 1856 1856 W HeartBeatUtils: start rescue com.nes.sound/com.nes.sound.component.service.HeartBeatDaemonService
04-08 09:00:41.416 689 927 D ActivityManager: freezing 15682 com.standard.irtvcontrol
04-08 09:00:41.435 689 927 D ActivityManager: freezing 15194 com.droidlogic.tv.settings
04-08 09:00:42.653 689 7273 W ActivityManager: Unable to start service Intent { cmp=com.nes.sound.retail/com.nes.sound.component.service.DaemonService } U=0: not found
04-08 09:00:42.653 1052 1052 I HeartBeatUtils: ComponentInfo{com.nes.sound.retail/com.nes.sound.component.service.DaemonService} bind failed !!!Immediate reconnect!!!
04-08 09:00:42.653 1052 1052 I HeartBeatUtils: onHeartBeatStoped com.nes.sound.retail/com.nes.sound.component.service.DaemonService
04-08 09:00:42.654 689 7273 W ActivityManager: Unbind failed: could not find connection for android.os.BinderProxy@8df2881
04-08 09:00:42.654 1052 1052 W HeartBeatUtils: start rescue com.nes.sound.retail/com.nes.sound.component.service.DaemonService
04-08 09:00:42.655 689 7273 W ActivityManager: Unable to start service Intent { cmp=com.nes.sound/.component.service.DaemonService } U=0: not found
04-08 09:00:42.656 1052 1052 I HeartBeatUtils: ComponentInfo{com.nes.sound/com.nes.sound.component.service.DaemonService} bind failed !!!Immediate reconnect!!!
04-08 09:00:42.656 1052 1052 I HeartBeatUtils: onHeartBeatStoped com.nes.sound/com.nes.sound.component.service.DaemonService
04-08 09:00:42.656 689 7273 W ActivityManager: Unbind failed: could not find connection for android.os.BinderProxy@a21bd26
04-08 09:00:42.656 1052 1052 W HeartBeatUtils: start rescue com.nes.sound/com.nes.sound.component.service.DaemonService
04-08 09:00:43.400 1856 1856 W ContextImpl: Calling a method in the system process without a qualified user: android.app.ContextImpl.bindService:2026 android.content.ContextWrapper.bindService:861 com.nes.sound.daemon.utils.heartbeat.HeartBeatConnectionPool.connectServiceByBinderBeans:108 com.nes.sound.daemon.utils.heartbeat.HeartBeatConnectionPool.reBindConnection:122 com.nes.sound.daemon.utils.heartbeat.HeartBeatUtils.reBindConnection:137
04-08 09:00:43.401 689 7273 W ActivityManager: Unable to start service Intent { cmp=com.nes.sound/.component.service.HeartBeatDaemonService } U=0: not found
04-08 09:00:43.402 1856 1856 I HeartBeatUtils: ComponentInfo{com.nes.sound/com.nes.sound.component.service.HeartBeatDaemonService} bind failed !!!Immediate reconnect!!!
04-08 09:00:43.402 1856 1856 I HeartBeatUtils: onHeartBeatStoped com.nes.sound/com.nes.sound.component.service.HeartBeatDaemonService
04-08 09:00:43.402 689 7273 W ActivityManager: Unbind failed: could not find connection for android.os.BinderProxy@9634d67
04-08 09:00:43.402 1856 1856 W HeartBeatUtils: start rescue com.nes.sound/com.nes.sound.component.service.HeartBeatDaemonService
04-08 09:00:47.658 689 7273 W ActivityManager: Unable to start service Intent { cmp=com.nes.sound.retail/com.nes.sound.component.service.DaemonService } U=0: not found
04-08 09:00:47.659 1052 1052 I HeartBeatUtils: ComponentInfo{com.nes.sound.retail/com.nes.sound.component.service.DaemonService} bind failed !!!Immediate reconnect!!!
04-08 09:00:47.659 1052 1052 I HeartBeatUtils: onHeartBeatStoped com.nes.sound.retail/com.nes.sound.component.service.DaemonService
04-08 09:00:47.659 689 7273 W ActivityManager: Unbind failed: could not find connection for android.os.BinderProxy@bcd5903
04-08 09:00:47.659 1052 1052 W HeartBeatUtils: start rescue com.nes.sound.retail/com.nes.sound.component.service.DaemonService
04-08 09:00:47.661 689 7273 W ActivityManager: Unable to start service Intent { cmp=com.nes.sound/.component.service.DaemonService } U=0: not found
04-08 09:00:47.661 1052 1052 I HeartBeatUtils: ComponentInfo{com.nes.sound/com.nes.sound.component.service.DaemonService} bind failed !!!Immediate reconnect!!!
04-08 09:00:47.661 1052 1052 I HeartBeatUtils: onHeartBeatStoped com.nes.sound/com.nes.sound.component.service.DaemonService
04-08 09:00:47.661 689 7273 W ActivityManager: Unbind failed: could not find connection for android.os.BinderProxy@2e00080
04-08 09:00:47.661 1052 1052 W HeartBeatUtils: start rescue com.nes.sound/com.nes.sound.component.service.DaemonService
04-08 09:00:48.407 1856 1856 W ContextImpl: Calling a method in the system process without a qualified user: android.app.ContextImpl.bindService:2026 android.content.ContextWrapper.bindService:861 com.nes.sound.daemon.utils.heartbeat.HeartBeatConnectionPool.connectServiceByBinderBeans:108 com.nes.sound.daemon.utils.heartbeat.HeartBeatConnectionPool.reBindConnection:122 com.nes.sound.daemon.utils.heartbeat.HeartBeatUtils.reBindConnection:137
04-08 09:00:48.408 689 7273 W ActivityManager: Unable to start service Intent { cmp=com.nes.sound/.component.service.HeartBeatDaemonService } U=0: not found
04-08 09:00:48.409 1856 1856 I HeartBeatUtils: ComponentInfo{com.nes.sound/com.nes.sound.component.service.HeartBeatDaemonService} bind failed !!!Immediate reconnect!!!
04-08 09:00:48.409 1856 1856 I HeartBeatUtils: onHeartBeatStoped com.nes.sound/com.nes.sound.component.service.HeartBeatDaemonService
04-08 09:00:48.409 689 7273 W ActivityManager: Unbind failed: could not find connection for android.os.BinderProxy@c8766b9
04-08 09:00:48.409 1856 1856 W HeartBeatUtils: start rescue com.nes.sound/com.nes.sound.component.service.HeartBeatDaemonService
04-08 09:00:52.662 689 7273 W ActivityManager: Unable to start service Intent { cmp=com.nes.sound.retail/com.nes.sound.component.service.DaemonService } U=0: not found
04-08 09:00:52.662 1052 1052 I HeartBeatUtils: ComponentInfo{com.nes.sound.retail/com.nes.sound.component.service.DaemonService} bind failed !!!Immediate reconnect!!!
04-08 09:00:52.662 1052 1052 I HeartBeatUtils: onHeartBeatStoped com.nes.sound.retail/com.nes.sound.component.service.DaemonService
04-08 09:00:52.663 689 7273 W ActivityManager: Unbind failed: could not find connection for android.os.BinderProxy@c2b190a
04-08 09:00:52.663 1052 1052 W HeartBeatUtils: start rescue com.nes.sound.retail/com.nes.sound.component.service.DaemonService
04-08 09:00:52.664 689 7273 W ActivityManager: Unable to start service Intent { cmp=com.nes.sound/.component.service.DaemonService } U=0: not found
04-08 09:00:52.664 1052 1052 I HeartBeatUtils: ComponentInfo{com.nes.sound/com.nes.sound.component.service.DaemonService} bind failed !!!Immediate reconnect!!!
04-08 09:00:52.664 1052 1052 I HeartBeatUtils: onHeartBeatStoped com.nes.sound/com.nes.sound.component.service.DaemonService
04-08 09:00:52.665 689 7273 W ActivityManager: Unbind failed: could not find connection for android.os.BinderProxy@7b6e57b
04-08 09:00:52.665 1052 1052 W HeartBeatUtils: start rescue com.nes.sound/com.nes.sound.component.service.DaemonService
04-08 09:00:53.186 689 927 D ActivityManager: freezing 20428 com.google.android.gms
04-08 09:00:53.415 1856 1856 W ContextImpl: Calling a method in the system process without a qualified user: android.app.ContextImpl.bindService:2026 android.content.ContextWrapper.bindService:861 com.nes.sound.daemon.utils.heartbeat.HeartBeatConnectionPool.connectServiceByBinderBeans:108 com.nes.sound.daemon.utils.heartbeat.HeartBeatConnectionPool.reBindConnection:122 com.nes.sound.daemon.utils.heartbeat.HeartBeatUtils.reBindConnection:137
04-08 09:00:53.416 689 7273 W ActivityManager: Unable to start service Intent { cmp=com.nes.sound/.component.service.HeartBeatDaemonService } U=0: not found
04-08 09:00:53.417 1856 1856 I HeartBeatUtils: ComponentInfo{com.nes.sound/com.nes.sound.component.service.HeartBeatDaemonService} bind failed !!!Immediate reconnect!!!
04-08 09:00:53.417 1856 1856 I HeartBeatUtils: onHeartBeatStoped com.nes.sound/com.nes.sound.component.service.HeartBeatDaemonService
04-08 09:00:53.417 689 7273 W ActivityManager: Unbind failed: could not find connection for android.os.BinderProxy@aed5f98
04-08 09:00:53.417 1856 1856 W HeartBeatUtils: start rescue com.nes.sound/com.nes.sound.component.service.HeartBeatDaemonService
04-08 09:01:02.451 689 927 D ActivityManager: freezing 20919 com.nes.sound.pair
04-08 09:01:02.456 1052 1235 W Looper : Slow delivery took 1972ms SysUiBg h=com.android.systemui.appops.AppOpsControllerImpl$H c=com.android.systemui.appops.AppOpsControllerImpl$H$1@8017860 m=0
04-08 09:01:02.463 1856 1856 W ContextImpl: Calling a method in the system process without a qualified user: android.app.ContextImpl.bindService:2026 android.content.ContextWrapper.bindService:861 com.nes.sound.daemon.utils.heartbeat.HeartBeatConnectionPool.connectServiceByBinderBeans:108 com.nes.sound.daemon.utils.heartbeat.HeartBeatConnectionPool.reBindConnection:122 com.nes.sound.daemon.utils.heartbeat.HeartBeatUtils.reBindConnection:137
04-08 09:01:02.467 689 1944 W ActivityManager: Unable to start service Intent { cmp=com.nes.sound.retail/com.nes.sound.component.service.DaemonService } U=0: not found
04-08 09:01:02.468 689 1824 W ActivityManager: Unable to start service Intent { cmp=com.nes.sound/.component.service.HeartBeatDaemonService } U=0: not found
04-08 09:01:02.469 1856 1856 I HeartBeatUtils: ComponentInfo{com.nes.sound/com.nes.sound.component.service.HeartBeatDaemonService} bind failed !!!Immediate reconnect!!!
04-08 09:01:02.469 1052 1052 I HeartBeatUtils: ComponentInfo{com.nes.sound.retail/com.nes.sound.component.service.DaemonService} bind failed !!!Immediate reconnect!!!
04-08 09:01:02.469 1856 1856 I HeartBeatUtils: onHeartBeatStoped com.nes.sound/com.nes.sound.component.service.HeartBeatDaemonService
04-08 09:01:02.469 1052 1052 I HeartBeatUtils: onHeartBeatStoped com.nes.sound.retail/com.nes.sound.component.service.DaemonService
04-08 09:01:02.469 689 1824 W ActivityManager: Unbind failed: could not find connection for android.os.BinderProxy@1c233f1
04-08 09:01:02.469 689 15157 W ActivityManager: Unbind failed: could not find connection for android.os.BinderProxy@8e9bbd6
04-08 09:01:02.469 1052 1052 W HeartBeatUtils: start rescue com.nes.sound.retail/com.nes.sound.component.service.DaemonService
04-08 09:01:02.470 1856 1856 W HeartBeatUtils: start rescue com.nes.sound/com.nes.sound.component.service.HeartBeatDaemonService
04-08 09:01:02.472 689 15157 W ActivityManager: Unable to start service Intent { cmp=com.nes.sound/.component.service.DaemonService } U=0: not found
04-08 09:01:02.472 1052 1052 I HeartBeatUtils: ComponentInfo{com.nes.sound/com.nes.sound.component.service.DaemonService} bind failed !!!Immediate reconnect!!!
04-08 09:01:02.472 1052 1052 I HeartBeatUtils: onHeartBeatStoped com.nes.sound/com.nes.sound.component.service.DaemonService
04-08 09:01:02.473 689 15157 W ActivityManager: Unbind failed: could not find connection for android.os.BinderProxy@445e57
04-08 09:01:02.473 1052 1052 W HeartBeatUtils: start rescue com.nes.sound/com.nes.sound.component.service.DaemonService
04-08 09:01:02.553 689 982 W ContextImpl: Calling a method in the system process without a qualified user: android.app.ContextImpl.sendStickyBroadcast:1654 android.net.connectivity.com.android.server.ConnectivityService.sendStickyBroadcast:3282 android.net.connectivity.com.android.server.ConnectivityService.sendLegacyNetworkBroadcast:10264 android.net.connectivity.com.android.server.ConnectivityService$LegacyTypeTracker.remove:1168 android.net.connectivity.com.android.server.ConnectivityService$LegacyTypeTracker.remove:1185
04-08 09:01:02.558 689 836 D ActivityManager: sync unfroze 15682 com.standard.irtvcontrol for 3
04-08 09:01:02.768 689 836 D ActivityManager: sync unfroze 20919 com.nes.sound.pair for 3
04-08 09:01:02.782 1052 1235 W Looper : Drained
04-08 09:01:03.768 689 982 W ContextImpl: Calling a method in the system process without a qualified user: android.app.ContextImpl.sendStickyBroadcast:1654 android.net.connectivity.com.android.server.ConnectivityService.sendStickyBroadcast:3282 android.net.connectivity.com.android.server.ConnectivityService.sendGeneralBroadcast:3252 android.net.connectivity.com.android.server.ConnectivityService.sendConnectedBroadcast:3225 android.net.connectivity.com.android.server.ConnectivityService.sendLegacyNetworkBroadcast:10236
04-08 09:01:03.830 689 982 W ContextImpl: Calling a method in the system process without a qualified user: android.app.ContextImpl.sendStickyBroadcast:1654 android.net.connectivity.com.android.server.ConnectivityService.sendStickyBroadcast:3282 android.net.connectivity.com.android.server.ConnectivityService.sendGeneralBroadcast:3252 android.net.connectivity.com.android.server.ConnectivityService.sendInetConditionBroadcast:3229 android.net.connectivity.com.android.server.ConnectivityService.updateInetCondition:9917
04-08 09:01:04.576 689 836 D ActivityManager: sync unfroze 15194 com.droidlogic.tv.settings for 3
04-08 09:01:11.080 689 982 W ContextImpl: Calling a method in the system process without a qualified user: android.app.ContextImpl.sendStickyBroadcast:1654 android.net.connectivity.com.android.server.ConnectivityService.sendStickyBroadcast:3282 android.net.connectivity.com.android.server.ConnectivityService.sendLegacyNetworkBroadcast:10264 android.net.connectivity.com.android.server.ConnectivityService$LegacyTypeTracker.remove:1168 android.net.connectivity.com.android.server.ConnectivityService$LegacyTypeTracker.remove:1185
04-08 09:01:11.345 689 1250 W ActivityManager: Unable to start service Intent { cmp=com.nes.sound.retail/com.nes.sound.component.service.DaemonService } U=0: not found
04-08 09:01:11.345 1052 1052 I HeartBeatUtils: ComponentInfo{com.nes.sound.retail/com.nes.sound.component.service.DaemonService} bind failed !!!Immediate reconnect!!!
04-08 09:01:11.345 1052 1052 I HeartBeatUtils: onHeartBeatStoped com.nes.sound.retail/com.nes.sound.component.service.DaemonService
04-08 09:01:11.345 689 1250 W ActivityManager: Unbind failed: could not find connection for android.os.BinderProxy@3533ac5
04-08 09:01:11.346 1052 1052 W HeartBeatUtils: start rescue com.nes.sound.retail/com.nes.sound.component.service.DaemonService
04-08 09:01:11.347 689 1250 W ActivityManager: Unable to start service Intent { cmp=com.nes.sound/.component.service.DaemonService } U=0: not found
04-08 09:01:11.347 1052 1052 I HeartBeatUtils: ComponentInfo{com.nes.sound/com.nes.sound.component.service.DaemonService} bind failed !!!Immediate reconnect!!!
04-08 09:01:11.347 1052 1052 I HeartBeatUtils: onHeartBeatStoped com.nes.sound/com.nes.sound.component.service.DaemonService
04-08 09:01:11.348 689 1250 W ActivityManager: Unbind failed: could not find connection for android.os.BinderProxy@fb63c1a
04-08 09:01:11.348 1052 1052 W HeartBeatUtils: start rescue com.nes.sound/com.nes.sound.component.service.DaemonService
04-08 09:01:11.349 1856 1856 W ContextImpl: Calling a method in the system process without a qualified user: android.app.ContextImpl.bindService:2026 android.content.ContextWrapper.bindService:861 com.nes.sound.daemon.utils.heartbeat.HeartBeatConnectionPool.connectServiceByBinderBeans:108 com.nes.sound.daemon.utils.heartbeat.HeartBeatConnectionPool.reBindConnection:122 com.nes.sound.daemon.utils.heartbeat.HeartBeatUtils.reBindConnection:137
04-08 09:01:11.350 689 1250 W ActivityManager: Unable to start service Intent { cmp=com.nes.sound/.component.service.HeartBeatDaemonService } U=0: not found
04-08 09:01:11.350 1856 1856 I HeartBeatUtils: ComponentInfo{com.nes.sound/com.nes.sound.component.service.HeartBeatDaemonService} bind failed !!!Immediate reconnect!!!
04-08 09:01:11.350 1856 1856 I HeartBeatUtils: onHeartBeatStoped com.nes.sound/com.nes.sound.component.service.HeartBeatDaemonService
04-08 09:01:11.351 689 1250 W ActivityManager: Unbind failed: could not find connection for android.os.BinderProxy@d03b34b
04-08 09:01:11.351 1856 1856 W HeartBeatUtils: start rescue com.nes.sound/com.nes.sound.component.service.HeartBeatDaemonService
04-08 09:01:12.222 689 982 W ContextImpl: Calling a method in the system process without a qualified user: android.app.ContextImpl.sendStickyBroadcast:1654 android.net.connectivity.com.android.server.ConnectivityService.sendStickyBroadcast:3282 android.net.connectivity.com.android.server.ConnectivityService.sendGeneralBroadcast:3252 android.net.connectivity.com.android.server.ConnectivityService.sendConnectedBroadcast:3225 android.net.connectivity.com.android.server.ConnectivityService.sendLegacyNetworkBroadcast:10236
04-08 09:01:12.345 689 982 W ContextImpl: Calling a method in the system process without a qualified user: android.app.ContextImpl.sendStickyBroadcast:1654 android.net.connectivity.com.android.server.ConnectivityService.sendStickyBroadcast:3282 android.net.connectivity.com.android.server.ConnectivityService.sendGeneralBroadcast:3252 android.net.connectivity.com.android.server.ConnectivityService.sendInetConditionBroadcast:3229 android.net.connectivity.com.android.server.ConnectivityService.updateInetCondition:9917
04-08 11:24:33.239 689 7273 I PowerGroup: Waking up power group from Asleep (groupId=0, uid=10022, reason=WAKE_REASON_APPLICATION, details=axel:IR_power_button)...
04-08 11:24:33.241 689 7273 I PowerManagerService: Waking up from Asleep (uid=10022, reason=WAKE_REASON_APPLICATION, details=axel:IR_power_button)...
04-08 11:24:33.257 689 853 I DisplayPowerController2[0]: Blocking screen on until initial contents have been drawn.
04-08 11:24:33.258 689 853 D ActivityTaskManager: Top Process State changed to PROCESS_STATE_TOP
04-08 11:24:33.261 1052 1170 V WindowManagerShell: Transition requested: android.os.BinderProxy@b75ba8c TransitionRequestInfo { type = WAKE, triggerTask = null, remoteTransition = null, displayChange = null }
04-08 11:24:33.273 689 853 I DisplayBrightnessStrategySelector: Changing the DisplayBrightnessStrategy from ScreenOffBrightnessStrategy toInvalidBrightnessStrategy for display 0
04-08 11:24:33.274 689 689 D WindowManager: updateCecScreenStatus 0
04-08 11:24:33.274 689 689 D HDMI : setCecSettingIntValue name:cec_screen_state, value:0
04-08 11:24:33.274 689 853 V DisplayPowerController2[0]: Brightness [0.39763778] reason changing to: 'manual', previous reason: 'screen_off'.
04-08 11:24:33.275 689 853 I DisplayPowerController2[0]: BrightnessEvent: disp=0, physDisp=local:4633127902230889483, brt=0.39763778, initBrt=0.0, rcmdBrt=NaN, preBrt=NaN, lux=0.0, preLux=0.0, hbmMax=1.0, hbmMode=off, rbcStrength=0, thrmMax=1.0, powerFactor=1.0, wasShortTermModelActive=false, flags=, reason=manual, autoBrightness=false, strategy=InvalidBrightnessStrategy
04-08 11:24:33.281 689 689 E ActivityManager: Cancel pending or running compactions as system is awake
04-08 11:24:33.283 689 853 I DisplayPowerController2[0]: Unblocked screen on after 26 ms
04-08 11:24:33.292 689 829 I DisplayDeviceRepository: Display device changed: DisplayDeviceInfo{"Beépített képernyő": uniqueId="local:4633127902230889483", 1920 x 1080, modeId 72, renderFrameRate 59.94006, defaultModeId 72, supportedModes [{id=72, width=1920, height=1080, fps=59.94006, alternativeRefreshRates=[], supportedHdrTypes=[]}], colorMode 0, supportedColorModes [0], hdrCapabilities HdrCapabilities{mSupportedHdrTypes=[], mMaxLuminance=500.0, mMaxAverageLuminance=500.0, mMinLuminance=0.0}, isForceSdr false, allmSupported false, gameContentTypeSupported false, density 320, 54.795 x 54.864 dpi, appVsyncOff 2000000, presDeadline 13683333, touch INTERNAL, rotation 0, type INTERNAL, address {port=11, model=0x404c2d479b6c44}, deviceProductInfo DeviceProductInfo{name=Linux FHD, manufacturerPnpId=LNX, productId=0, modelYear=null, manufactureDate=ManufactureDate{week=5, year=2012}, connectionToSinkType=0}, state ON, committedState ON, frameRateOverride , brightnessMinimum 0.0, brightnessMaximum 1.0, brightnessDefault 0.39763778, hdrSdrRatio NaN, FLAG_ALLOWED_TO_BE_DEFAULT_DISPLAY, FLAG_ROTATES_WITH_CONTENT, FLAG_SECURE, FLAG_SUPPORTS_PROTECTED_BUFFERS, FLAG_TRUSTED, installOrientation 0, displayShape DisplayShape{ spec=729782573 displayWidth=1920 displayHeight=1080 physicalPixelDisplaySizeRatio=1.0 rotation=0 offsetX=0 offsetY=0 scale=1.0}}
04-08 11:24:33.296 689 829 E DisplayManagerService: handleLogicalDisplayChangedLocked to set mStableDisplaySize
04-08 11:24:33.296 689 829 E DisplayManagerService: current mStableDisplaySize is large screen and return!!!
04-08 11:24:33.297 689 829 I DisplayDeviceRepository: Display device changed: DisplayDeviceInfo{"Beépített képernyő": uniqueId="local:4633127902230889483", 1920 x 1080, modeId 72, renderFrameRate 59.94006, defaultModeId 72, supportedModes [{id=72, width=1920, height=1080, fps=59.94006, alternativeRefreshRates=[], supportedHdrTypes=[]}], colorMode 0, supportedColorModes [0], hdrCapabilities HdrCapabilities{mSupportedHdrTypes=[], mMaxLuminance=500.0, mMaxAverageLuminance=500.0, mMinLuminance=0.0}, isForceSdr false, allmSupported false, gameContentTypeSupported false, density 320, 54.795 x 54.864 dpi, appVsyncOff 2000000, presDeadline 13683333, touch INTERNAL, rotation 0, type INTERNAL, address {port=11, model=0x404c2d479b6c44}, deviceProductInfo DeviceProductInfo{name=Linux FHD, manufacturerPnpId=LNX, productId=0, modelYear=null, manufactureDate=ManufactureDate{week=5, year=2012}, connectionToSinkType=0}, state ON, committedState ON, frameRateOverride , brightnessMinimum 0.0, brightnessMaximum 1.0, brightnessDefault 0.39763778, hdrSdrRatio NaN, FLAG_ALLOWED_TO_BE_DEFAULT_DISPLAY, FLAG_ROTATES_WITH_CONTENT, FLAG_SECURE, FLAG_SUPPORTS_PROTECTED_BUFFERS, FLAG_TRUSTED, installOrientation 0, displayShape DisplayShape{ spec=729782573 displayWidth=1920 displayHeight=1080 physicalPixelDisplaySizeRatio=1.0 rotation=0 offsetX=0 offsetY=0 scale=1.0}}
04-08 11:24:33.298 689 7273 I DisplayDevice: [0] Layerstack set to 0 for local:4633127902230889483
04-08 11:24:33.371 689 982 W ContextImpl: Calling a method in the system process without a qualified user: android.app.ContextImpl.sendStickyBroadcast:1654 android.net.connectivity.com.android.server.ConnectivityService.sendStickyBroadcast:3282 android.net.connectivity.com.android.server.ConnectivityService.sendLegacyNetworkBroadcast:10264 android.net.connectivity.com.android.server.ConnectivityService$LegacyTypeTracker.remove:1168 android.net.connectivity.com.android.server.ConnectivityService$LegacyTypeTracker.remove:1185
04-08 11:24:33.461 1052 1170 V WindowManagerShell: onTransitionReady android.os.BinderProxy@b75ba8c: {id=58 t=WAKE f=0x0 trk=0 r=[0@Point(0, 0)] c=[{WCT{android.window.IWindowContainerToken$Stub$Proxy@809f378} m=TO_FRONT f=NONE p=WCT{android.window.IWindowContainerToken$Stub$Proxy@b3b6a51} leash=Surface(name=Task=431)/@0x43f45d5 sb=Rect(0, 0 - 1920, 1080) eb=Rect(0, 0 - 1920, 1080) d=0},{WCT{android.window.IWindowContainerToken$Stub$Proxy@e5722b6} m=TO_FRONT f=NONE leash=Surface(name=DefaultTaskDisplayArea)/@0xdf5d1ea sb=Rect(0, 0 - 1920, 1080) eb=Rect(0, 0 - 1920, 1080) d=0}]}
04-08 11:24:33.461 1052 1170 V WindowManagerShell: Playing animation for (#58)android.os.BinderProxy@b75ba8c@0
04-08 11:24:33.461 1052 1170 V WindowManagerShell: try handler com.android.wm.shell.keyguard.KeyguardTransitionHandler@1afc691
04-08 11:24:33.461 1052 1170 V WindowManagerShell: try handler com.android.wm.shell.activityembedding.ActivityEmbeddingController@b7de9f6
04-08 11:24:33.461 1052 1170 V WindowManagerShell: try handler com.android.wm.shell.pip.tv.TvPipTransition@c29c1f7
04-08 11:24:33.461 1052 1170 V WindowManagerShell: try handler com.android.wm.shell.transition.RemoteTransitionHandler@2eb0864
04-08 11:24:33.461 1052 1170 V WindowManagerShell: Transition doesn't have explicit remote, search filters for match for {id=58 t=WAKE f=0x0 trk=0 r=[0@Point(0, 0)] c=[{WCT{android.window.IWindowContainerToken$Stub$Proxy@809f378} m=TO_FRONT f=NONE p=WCT{android.window.IWindowContainerToken$Stub$Proxy@b3b6a51} leash=Surface(name=Task=431)/@0x43f45d5 sb=Rect(0, 0 - 1920, 1080) eb=Rect(0, 0 - 1920, 1080) d=0},{WCT{android.window.IWindowContainerToken$Stub$Proxy@e5722b6} m=TO_FRONT f=NONE leash=Surface(name=DefaultTaskDisplayArea)/@0xdf5d1ea sb=Rect(0, 0 - 1920, 1080) eb=Rect(0, 0 - 1920, 1080) d=0}]}
04-08 11:24:33.461 1052 1170 V WindowManagerShell: Delegate animation for #58 to null
04-08 11:24:33.462 1052 1170 V WindowManagerShell: try handler com.android.wm.shell.transition.DefaultTransitionHandler@bf93acd
04-08 11:24:33.462 1052 1170 V WindowManagerShell: start default transition animation, info = {id=58 t=WAKE f=0x0 trk=0 r=[0@Point(0, 0)] c=[{WCT{android.window.IWindowContainerToken$Stub$Proxy@809f378} m=TO_FRONT f=NONE p=WCT{android.window.IWindowContainerToken$Stub$Proxy@b3b6a51} leash=Surface(name=Task=431)/@0x43f45d5 sb=Rect(0, 0 - 1920, 1080) eb=Rect(0, 0 - 1920, 1080) d=0},{WCT{android.window.IWindowContainerToken$Stub$Proxy@e5722b6} m=TO_FRONT f=NONE leash=Surface(name=DefaultTaskDisplayArea)/@0xdf5d1ea sb=Rect(0, 0 - 1920, 1080) eb=Rect(0, 0 - 1920, 1080) d=0}]}
04-08 11:24:33.465 689 826 V WindowManager: Sent Transition #58 createdAt=04-08 11:24:33.258 via request=TransitionRequestInfo { type = WAKE, triggerTask = null, remoteTransition = null, displayChange = null }
04-08 11:24:33.465 1052 1170 V WindowManagerShell: Transition animation finished (aborted=false), notifying core (#58)android.os.BinderProxy@b75ba8c@0
04-08 11:24:33.466 689 826 V WindowManager: startWCT=WindowContainerTransaction { changes = {} hops = [] errorCallbackToken=null taskFragmentOrganizer=null }
04-08 11:24:33.468 689 826 V WindowManager: info={id=58 t=WAKE f=0x0 trk=0 r=[0@Point(0, 0)] c=[{WCT{RemoteToken{c4e989 Task{ef13325 #431 type=standard A=1000:com.nes.seilivetv}}} m=TO_FRONT f=NONE p=WCT{RemoteToken{d427640 DefaultTaskDisplayArea@32040098}} leash=Surface(name=Task=431)/@0xa598f42 sb=Rect(0, 0 - 1920, 1080) eb=Rect(0, 0 - 1920, 1080) d=0},{WCT{RemoteToken{d427640 DefaultTaskDisplayArea@32040098}} m=TO_FRONT f=NONE leash=Surface(name=DefaultTaskDisplayArea)/@0xf6f0ec0 sb=Rect(0, 0 - 1920, 1080) eb=Rect(0, 0 - 1920, 1080) d=0}]}
04-08 11:24:33.482 689 811 I ActivityManager: Process com.android.vending (pid 23383) has died: cch+45 CEM
04-08 11:24:33.486 1052 1170 V WindowManagerShell: Track 0 became idle
04-08 11:24:33.486 1052 1170 V WindowManagerShell: All active transition animations finished
04-08 11:24:33.487 1052 1170 V WindowManagerShell: animated by com.android.wm.shell.transition.DefaultTransitionHandler@bf93acd
04-08 11:24:33.487 1052 1170 V WindowManagerShell: Track 0 became idle
04-08 11:24:33.487 1052 1170 V WindowManagerShell: All active transition animations finished
04-08 11:24:33.489 689 826 V WindowManager: Finish Transition #58: created at
04-08 11:24:33.258 collect-started=0.13ms request-sent=0.23ms started=23.505ms ready=23.471ms sent=197.58ms finished=226.683ms
04-08 11:24:33.496 689 811 W ActivityManager: Scheduling restart of crashed service com.android.vending/com.google.android.finsky.crossprofile.ProfileStateService in 1000ms for connection
04-08 11:24:33.504 689 1250 W PackageConfigPersister: App-specific configuration not found for packageName: com.nes.seilivetv and userId: 0
04-08 11:24:33.616 689 689 W Looper : Slow dispatch took 333ms main h=android.os.Handler c=com.android.server.statusbar.StatusBarManagerService$$ExternalSyntheticLambda2@20f1a00 m=0
04-08 11:24:33.616 689 827 W Looper : Slow dispatch took 131ms android.ui h=com.android.server.wm.DisplayPolicy$PolicyHandler c=com.android.server.wm.DisplayPolicy$2$$ExternalSyntheticLambda2@65a4239 m=0
04-08 11:24:33.617 689 689 W Looper : Slow delivery took 369ms main h=com.android.server.alarm.AlarmManagerService$AlarmHandler c=android.app.PendingIntent$FinishedDispatcher@5b1c07e m=0
04-08 11:24:33.631 689 689 I HDMI : screen state is changing to 0
04-08 11:24:33.631 689 689 D HDMI : onWakeUp action:0, current power status:1
04-08 11:24:33.634 689 689 D HDMI : enableSystemCecControl: true
04-08 11:24:33.666 24960 25977 W ContextImpl: Calling a method in the system process without a qualified user: android.app.ContextImpl.bindService:2026 android.content.ContextWrapper.bindService:861 m7.im.g:11 m7.im.d:110 m7.hb.a:211
04-08 11:24:33.674 689 15157 D ActivityManager: sync unfroze 20428 com.google.android.gms for 4
04-08 11:24:33.734 689 689 W Looper : Drained
04-08 11:24:33.744 689 689 W JobScheduler: Job didn't exist in JobStore: c4828e9 #1000/13254266 android/com.android.server.camera.CameraStatsJobService
04-08 11:24:33.759 689 689 D CompatibilityChangeReporter: Compat change id reported: 135634846; UID 10020; state: DISABLED
04-08 11:24:33.759 689 689 D CompatibilityChangeReporter: Compat change id reported: 177438394; UID 10020; state: DISABLED
04-08 11:24:33.759 689 689 D CompatibilityChangeReporter: Compat change id reported: 135772972; UID 10020; state: DISABLED
04-08 11:24:33.760 689 689 D CompatibilityChangeReporter: Compat change id reported: 135754954; UID 10020; state: ENABLED
04-08 11:24:33.761 689 837 D CompatibilityChangeReporter: Compat change id reported: 143937733; UID 10020; state: ENABLED
04-08 11:24:33.770 689 943 I WatchlistLoggingHandler: Start aggregating watchlist records.
04-08 11:24:33.781 689 20911 D BlobStore: Completed idle maintenance; deleted []
04-08 11:24:33.783 689 837 I ActivityManager: Start proc 26172:android.process.media/u0a20 for service {com.android.providers.downloads/com.android.providers.downloads.DownloadIdleService}
04-08 11:24:33.794 689 1834 E HealthConnectAutoDelete: Auto delete for Access logs failed
04-08 11:24:33.794 689 1834 E HealthConnectAutoDelete: android.database.sqlite.SQLiteException: no such column: time (code 1 SQLITE_ERROR): , while compiling: DELETE FROM access_logs_table WHERE time BETWEEN 0 AND 1775035473780
04-08 11:24:33.794 689 1834 E HealthConnectAutoDelete: at android.database.sqlite.SQLiteConnection.nativePrepareStatement(Native Method)
04-08 11:24:33.794 689 1834 E HealthConnectAutoDelete: at android.database.sqlite.SQLiteConnection.acquirePreparedStatement(SQLiteConnection.java:1069)
04-08 11:24:33.794 689 1834 E HealthConnectAutoDelete: at android.database.sqlite.SQLiteConnection.prepare(SQLiteConnection.java:673)
04-08 11:24:33.794 689 1834 E HealthConnectAutoDelete: at android.database.sqlite.SQLiteSession.prepare(SQLiteSession.java:590)
04-08 11:24:33.794 689 1834 E HealthConnectAutoDelete: at android.database.sqlite.SQLiteProgram.(SQLiteProgram.java:62)
04-08 11:24:33.794 689 1834 E HealthConnectAutoDelete: at android.database.sqlite.SQLiteStatement.(SQLiteStatement.java:34)
04-08 11:24:33.794 689 1834 E HealthConnectAutoDelete: at android.database.sqlite.SQLiteDatabase.executeSql(SQLiteDatabase.java:2088)
04-08 11:24:33.794 689 1834 E HealthConnectAutoDelete: at android.database.sqlite.SQLiteDatabase.execSQL(SQLiteDatabase.java:2010)
04-08 11:24:33.794 689 1834 E HealthConnectAutoDelete: at com.android.server.healthconnect.storage.TransactionManager.deleteWithoutChangeLogs(TransactionManager.java:488)
04-08 11:24:33.794 689 1834 E HealthConnectAutoDelete: at com.android.server.healthconnect.storage.AutoDeleteService.deleteStaleAccessLogEntries(AutoDeleteService.java:123)
04-08 11:24:33.794 689 1834 E HealthConnectAutoDelete: at com.android.server.healthconnect.storage.AutoDeleteService.startAutoDelete(AutoDeleteService.java:65)
04-08 11:24:33.794 689 1834 E HealthConnectAutoDelete: at com.android.server.healthconnect.HealthConnectDailyJobs.execute(HealthConnectDailyJobs.java:74)
04-08 11:24:33.794 689 1834 E HealthConnectAutoDelete: at com.android.server.healthconnect.HealthConnectDailyService.lambda$onStartJob$0(HealthConnectDailyService.java:75)
04-08 11:24:33.794 689 1834 E HealthConnectAutoDelete: at com.android.server.healthconnect.HealthConnectDailyService.$r8$lambda$dZh4Iawyh3I1sCDKGjDeDEHdSfE(HealthConnectDailyService.java:0)
04-08 11:24:33.794 689 1834 E HealthConnectAutoDelete: at com.android.server.healthconnect.HealthConnectDailyService$$ExternalSyntheticLambda0.run(R8$$SyntheticClass:0)
04-08 11:24:33.794 689 1834 E HealthConnectAutoDelete: at com.android.server.healthconnect.HealthConnectThreadScheduler.lambda$getSafeRunnable$3(HealthConnectThreadScheduler.java:206)
04-08 11:24:33.794 689 1834 E HealthConnectAutoDelete: at com.android.server.healthconnect.HealthConnectThreadScheduler.$r8$lambda$tsYOTb7QkLgUMRhRLzOAkCUaCIY(HealthConnectThreadScheduler.java:0)
04-08 11:24:33.794 689 1834 E HealthConnectAutoDelete: at com.android.server.healthconnect.HealthConnectThreadScheduler$$ExternalSyntheticLambda0.run(R8$$SyntheticClass:0)
04-08 11:24:33.794 689 1834 E HealthConnectAutoDelete: at java.util.concurrent.ThreadPoolExecutor.runWorker(ThreadPoolExecutor.java:1145)
04-08 11:24:33.794 689 1834 E HealthConnectAutoDelete: at java.util.concurrent.ThreadPoolExecutor$Worker.run(ThreadPoolExecutor.java:644)
04-08 11:24:33.794 689 1834 E HealthConnectAutoDelete: at java.lang.Thread.run(Thread.java:1012)
04-08 11:24:33.798 689 26170 D DynamicCodeLogger: Got no hash for /data/user/0/com.google.android.tvlauncher/cache/1762298034389.jar
04-08 11:24:33.808 689 689 D HDMI : receive android.intent.action.SCREEN_ON
04-08 11:24:33.832 689 1018 D HDMI : New logical address for device [4]: [preferred:4, assigned:4]
04-08 11:24:33.852 689 1250 D CompatibilityChangeReporter: Compat change id reported: 168419799; UID 10020; state: DISABLED
04-08 11:24:33.853 689 1250 D CompatibilityChangeReporter: Compat change id reported: 273564678; UID 10020; state: DISABLED
04-08 11:24:33.859 689 918 D CompatibilityChangeReporter: Compat change id reported: 265195908; UID 10020; state: ENABLED
04-08 11:24:33.859 689 689 D HDMI : addCecDevice new:CEC: logical_address: 0x04 device_type: 4 cec_version: 5 vendor_id: 1877008 display_name: dune power_status: 0 physical_address: 0x1000 port_id: 0 old:null
04-08 11:24:33.867 689 689 D HDMI : onInitializeCecComplete 2
04-08 11:24:33.867 689 689 D HDMI : enableWakeupByOtp: true
04-08 11:24:33.868 689 689 D HDMI : oneTouchPlay com.android.server.hdmi.OneTouchPlayAction@fd74aa8
04-08 11:24:33.868 689 689 I HDMI : Not ready to start action. Queued for deferred start:com.android.server.hdmi.OneTouchPlayAction@fd74aa8
04-08 11:24:33.868 689 689 D HdmiControlService: Local device is under address allocation. Queue display callback for later process.
04-08 11:24:33.868 689 689 W HdmiControlService: invokeHdmiCecTransTest start failed
04-08 11:24:33.868 689 689 D HDMI : onAddressAllocated address:4 reason:2
04-08 11:24:33.870 689 1018 D HDMI : [S]: 4F:84:10:00:04
04-08 11:24:33.875 689 689 D HDMI : DeviceDiscoveryAction start com.android.server.hdmi.DeviceDiscoveryAction@d5a29c1
04-08 11:24:33.875 689 689 I HdmiCecLocalDevice: Starting queued action:com.android.server.hdmi.OneTouchPlayAction@fd74aa8
04-08 11:24:33.875 689 689 I OneTouchPlayAction: Start action.
04-08 11:24:33.878 689 1250 I ActivityManager: com.android.vending is exempt from freezer
04-08 11:24:33.879 689 1250 D CompatibilityChangeReporter: Compat change id reported: 135634846; UID 10054; state: DISABLED
04-08 11:24:33.880 689 837 D CompatibilityChangeReporter: Compat change id reported: 143937733; UID 10054; state: ENABLED
04-08 11:24:33.881 689 689 D HDMI : setActiveSource logical:0x04 physical:0x1000 OneTouchPlayAction#broadcastActiveSource()
04-08 11:24:33.886 689 689 D HDMI : ActiveSourceHistoryRecord active source=(0x04, 0x1000) isActiveSource=true from=OneTouchPlayAction#broadcastActiveSource()
04-08 11:24:33.886 689 689 D HDMI : setActiveSource logical:0x04 physical:0x1000 ActiveSourceAction
04-08 11:24:33.887 689 689 D HDMI : ActiveSourceHistoryRecord active source=(0x04, 0x1000) isActiveSource=true from=ActiveSourceAction
04-08 11:24:33.903 689 1250 D CompatibilityChangeReporter: Compat change id reported: 170503758; UID 10020; state: ENABLED
04-08 11:24:33.905 689 689 I ActivityManager: Idle maintenance over +2h7m54s820ms low RAM for 0
04-08 11:24:33.915 689 837 I ActivityManager: Start proc 26203:com.android.vending/u0a54 for service {com.android.vending/com.google.android.finsky.scheduler.process.mainimpl.PhoneskyJobServiceMain}
04-08 11:24:33.928 247 26205 D vold : idle maintenance started
04-08 11:24:33.928 689 689 D HdmiControlService: Switching to full volume behavior
04-08 11:24:33.929 689 689 D HdmiControlService: Switching to full volume behavior
04-08 11:24:33.929 689 689 D TransparencyService: Job to update binary measurements started.
04-08 11:24:33.929 689 1250 W ActivityManager: Unable to start service Intent { cmp=com.nes.sound.retail/com.nes.sound.component.service.DaemonService } U=0: not found
04-08 11:24:33.930 1052 1052 I HeartBeatUtils: ComponentInfo{com.nes.sound.retail/com.nes.sound.component.service.DaemonService} bind failed !!!Immediate reconnect!!!
04-08 11:24:33.930 1052 1052 I HeartBeatUtils: onHeartBeatStoped com.nes.sound.retail/com.nes.sound.component.service.DaemonService
04-08 11:24:33.933 689 1250 W ActivityManager: Unbind failed: could not find connection for android.os.BinderProxy@ab94ff9
04-08 11:24:33.936 1052 1052 W HeartBeatUtils: start rescue com.nes.sound.retail/com.nes.sound.component.service.DaemonService
04-08 11:24:33.937 689 1250 W ActivityManager: Unable to start service Intent { cmp=com.nes.sound/.component.service.DaemonService } U=0: not found
04-08 11:24:33.939 1856 1856 W ContextImpl: Calling a method in the system process without a qualified user: android.app.ContextImpl.bindService:2026 android.content.ContextWrapper.bindService:861 com.nes.sound.daemon.utils.heartbeat.HeartBeatConnectionPool.connectServiceByBinderBeans:108 com.nes.sound.daemon.utils.heartbeat.HeartBeatConnectionPool.reBindConnection:122 com.nes.sound.daemon.utils.heartbeat.HeartBeatUtils.reBindConnection:137
04-08 11:24:33.940 1052 1052 I HeartBeatUtils: ComponentInfo{com.nes.sound/com.nes.sound.component.service.DaemonService} bind failed !!!Immediate reconnect!!!
04-08 11:24:33.940 1052 1052 I HeartBeatUtils: onHeartBeatStoped com.nes.sound/com.nes.sound.component.service.DaemonService
04-08 11:24:33.941 689 811 W ActivityManager: Unbind failed: could not find connection for android.os.BinderProxy@18bad9f
04-08 11:24:33.941 1052 1052 W HeartBeatUtils: start rescue com.nes.sound/com.nes.sound.component.service.DaemonService
04-08 11:24:33.945 689 1250 W ActivityManager: Unable to start service Intent { cmp=com.nes.sound/.component.service.HeartBeatDaemonService } U=0: not found
04-08 11:24:33.947 689 26206 D TransparencyService: Measurement was last taken at 1775153194980 and is now updated to: 1775640273947
04-08 11:24:33.948 1856 1856 I HeartBeatUtils: ComponentInfo{com.nes.sound/com.nes.sound.component.service.HeartBeatDaemonService} bind failed !!!Immediate reconnect!!!
04-08 11:24:33.948 1856 1856 I HeartBeatUtils: onHeartBeatStoped com.nes.sound/com.nes.sound.component.service.HeartBeatDaemonService
04-08 11:24:33.949 689 1944 W ActivityManager: Unbind failed: could not find connection for android.os.BinderProxy@f598eec
04-08 11:24:33.949 1856 1856 W HeartBeatUtils: start rescue com.nes.sound/com.nes.sound.component.service.HeartBeatDaemonService
04-08 11:24:33.985 247 26205 D vold : Starting trim of /metadata
04-08 11:24:33.988 247 26205 I vold : Trimmed 0 bytes on /metadata in 2ms
04-08 11:24:33.988 247 26205 D vold : Starting trim of /data
04-08 11:24:34.013 689 689 D CompatibilityChangeReporter: Compat change id reported: 135634846; UID 10071; state: DISABLED
04-08 11:24:34.013 689 689 D CompatibilityChangeReporter: Compat change id reported: 177438394; UID 10071; state: DISABLED
04-08 11:24:34.013 689 689 D CompatibilityChangeReporter: Compat change id reported: 135772972; UID 10071; state: DISABLED
04-08 11:24:34.013 689 689 D CompatibilityChangeReporter: Compat change id reported: 135754954; UID 10071; state: ENABLED
04-08 11:24:34.018 689 837 D CompatibilityChangeReporter: Compat change id reported: 143937733; UID 10071; state: ENABLED
04-08 11:24:34.025 689 15157 D CompatibilityChangeReporter: Compat change id reported: 168419799; UID 10054; state: DISABLED
04-08 11:24:34.025 689 15157 D CompatibilityChangeReporter: Compat change id reported: 273564678; UID 10054; state: DISABLED
04-08 11:24:34.026 689 1018 D HDMI : [S]: 4F:87:1C:A4:10
04-08 11:24:34.040 689 827 W DisplayManagerService: Failed to notify process 23383 that displays changed, assuming it died.
04-08 11:24:34.040 689 827 W DisplayManagerService: android.os.DeadObjectException
04-08 11:24:34.040 689 827 W DisplayManagerService: at android.os.BinderProxy.transactNative(Native Method)
04-08 11:24:34.040 689 827 W DisplayManagerService: at android.os.BinderProxy.transact(BinderProxy.java:584)
04-08 11:24:34.040 689 827 W DisplayManagerService: at android.hardware.display.IDisplayManagerCallback$Stub$Proxy.onDisplayEvent(IDisplayManagerCallback.java:121)
04-08 11:24:34.040 689 827 W DisplayManagerService: at com.android.server.display.DisplayManagerService$CallbackRecord.notifyDisplayEventAsync(DisplayManagerService.java:3402)
04-08 11:24:34.040 689 827 W DisplayManagerService: at com.android.server.display.DisplayManagerService$PendingCallback.sendPendingDisplayEvent(DisplayManagerService.java:3464)
04-08 11:24:34.040 689 827 W DisplayManagerService: at com.android.server.display.DisplayManagerService$UidImportanceListener.onUidImportance(DisplayManagerService.java:934)
04-08 11:24:34.040 689 827 W DisplayManagerService: at android.app.ActivityManager$MyUidObserver.onUidStateChanged(ActivityManager.java:207)
04-08 11:24:34.040 689 827 W DisplayManagerService: at com.android.server.am.UidObserverController.dispatchUidsChangedForObserver(UidObserverController.java:414)
04-08 11:24:34.040 689 827 W DisplayManagerService: at com.android.server.am.UidObserverController.dispatchUidsChanged(UidObserverController.java:280)
04-08 11:24:34.040 689 827 W DisplayManagerService: at com.android.server.am.UidObserverController$$ExternalSyntheticLambda0.run(R8$$SyntheticClass:0)
04-08 11:24:34.040 689 827 W DisplayManagerService: at android.os.Handler.handleCallback(Handler.java:958)
04-08 11:24:34.040 689 827 W DisplayManagerService: at android.os.Handler.dispatchMessage(Handler.java:99)
04-08 11:24:34.040 689 827 W DisplayManagerService: at android.os.Looper.loopOnce(Looper.java:205)
04-08 11:24:34.040 689 827 W DisplayManagerService: at android.os.Looper.loop(Looper.java:294)
04-08 11:24:34.040 689 827 W DisplayManagerService: at android.os.HandlerThread.run(HandlerThread.java:67)
04-08 11:24:34.040 689 827 W DisplayManagerService: at com.android.server.ServiceThread.run(ServiceThread.java:46)
04-08 11:24:34.040 689 827 W DisplayManagerService: at com.android.server.UiThread.run(UiThread.java:45)
04-08 11:24:34.040 689 827 D DisplayManagerService: Drop pending events for dead process 23383
04-08 11:24:34.049 689 837 W ActivityManager: Slow operation: 59ms so far, now at startProcess: returned from zygote!
04-08 11:24:34.055 689 689 D ActivityManager: sync unfroze 25183 com.droidlogic.android.tv for 6
04-08 11:24:34.064 689 837 W ActivityManager: Slow operation: 73ms so far, now at startProcess: done updating battery stats
04-08 11:24:34.064 689 837 W ActivityManager: Slow operation: 74ms so far, now at startProcess: building log message
04-08 11:24:34.064 689 837 I ActivityManager: Start proc 26225:com.google.android.partnersetup/u0a71 for service {com.google.android.partnersetup/com.google.android.partnersetup.InstalledAppJobService}
04-08 11:24:34.064 689 837 W ActivityManager: Slow operation: 74ms so far, now at startProcess: starting to update pids map
04-08 11:24:34.064 689 837 W ActivityManager: Slow operation: 74ms so far, now at startProcess: done updating pids map
04-08 11:24:34.117 689 938 E DisplayManagerService: handleLogicalDisplayChangedLocked to set mStableDisplaySize
04-08 11:24:34.117 689 938 E DisplayManagerService: current mStableDisplaySize is large screen and return!!!
04-08 11:24:34.118 689 812 D CompatibilityChangeReporter: Compat change id reported: 170503758; UID 10054; state: ENABLED
04-08 11:24:34.122 689 836 D ActivityManager: sync unfroze 25323 com.google.android.katniss:search for 3
04-08 11:24:34.125 689 829 D DisplayManagerService: Ignore redundant display event 0/2 to 10052/24254
04-08 11:24:34.143 689 26170 D DynamicCodeLogger: Got no hash for /data/user_de/0/com.google.android.gms/app_chimera/m/00000008/dl-Games.optional_261133180000.apk
04-08 11:24:34.145 689 1876 D CompatibilityChangeReporter: Compat change id reported: 168419799; UID 10071; state: DISABLED
04-08 11:24:34.145 689 1876 D CompatibilityChangeReporter: Compat change id reported: 273564678; UID 10071; state: DISABLED
04-08 11:24:34.171 247 26245 D vold : aborting idle maintenance
04-08 11:24:34.179 689 689 D HDMI : Hotplug event:[port:0, connected:true]
04-08 11:24:34.181 689 918 D CompatibilityChangeReporter: Compat change id reported: 265195908; UID 10071; state: ENABLED
04-08 11:24:34.183 689 1018 D HDMI : [S]: 40:8C
04-08 11:24:34.265 689 1018 D HDMI : [S]: 40:47:64:75:6E:65
04-08 11:24:34.269 689 689 D HDMI : initPortInfo port info:port_id: 0, type: HDMI_OUT, address: 0x1000, cec: true, arc: true, mhl: false, earc: false
04-08 11:24:34.279 689 994 D AudioService: setWiredDeviceConnectionState( type:400 state:DEVICE_STATE_AVAILABLE addr: name:) from android
04-08 11:24:34.279 689 994 I AS.AudioDeviceInventory: handleDeviceConnection(true dev:400 address: name:)
04-08 11:24:34.279 689 994 I AS.AudioDeviceInventory: deviceKey:0x400:
04-08 11:24:34.279 689 994 I AS.AudioDeviceInventory: deviceInfo:null is(already)Connected:false
04-08 11:24:34.291 247 261 W vold : There is no valid blk device path for data partition
04-08 11:24:34.291 689 689 W StorageManagerService: Failed to get storage write record
04-08 11:24:34.291 689 689 I SmartStorageMaintIdler: Got smart storage maintenance service completion callback
04-08 11:24:34.295 689 689 W JobScheduler: Job didn't exist in JobStore: 54c4ef6 #1000/2808 android/com.android.server.SmartStorageMaintIdler
04-08 11:24:34.323 689 1876 D CompatibilityChangeReporter: Compat change id reported: 170503758; UID 10071; state: ENABLED
04-08 11:24:34.415 689 689 D HDMI : [R]: 0F:87:00:00:F0
04-08 11:24:34.428 689 689 D HDMI : addCecDevice new:CEC: logical_address: 0x00 device_type: 0 cec_version: 5 vendor_id: 16777215 display_name: TV power_status: -1 physical_address: 0xFFFF port_id: -1 old:null
04-08 11:24:34.429 689 689 D HdmiControlService: Switching to full volume behavior
04-08 11:24:34.659 689 1018 D HDMI : [S]: 45:7D
04-08 11:24:34.704 689 829 I DisplayDeviceRepository: Display device changed: DisplayDeviceInfo{"Beépített képernyő": uniqueId="local:4633127902230889483", 1920 x 1080, modeId 72, renderFrameRate 59.94006, defaultModeId 72, supportedModes [{id=72, width=1920, height=1080, fps=59.94006, alternativeRefreshRates=[], supportedHdrTypes=[]}], colorMode 0, supportedColorModes [0], hdrCapabilities HdrCapabilities{mSupportedHdrTypes=[], mMaxLuminance=500.0, mMaxAverageLuminance=500.0, mMinLuminance=0.0}, isForceSdr false, allmSupported false, gameContentTypeSupported false, density 320, 54.795 x 54.864 dpi, appVsyncOff 2000000, presDeadline 13683333, touch INTERNAL, rotation 0, type INTERNAL, address {port=11, model=0x404c2d479b6c44}, deviceProductInfo DeviceProductInfo{name=Linux FHD, manufacturerPnpId=LNX, productId=0, modelYear=null, manufactureDate=ManufactureDate{week=5, year=2012}, connectionToSinkType=0}, state ON, committedState ON, frameRateOverride , brightnessMinimum 0.0, brightnessMaximum 1.0, brightnessDefault 0.39763778, hdrSdrRatio NaN, FLAG_ALLOWED_TO_BE_DEFAULT_DISPLAY, FLAG_ROTATES_WITH_CONTENT, FLAG_SECURE, FLAG_SUPPORTS_PROTECTED_BUFFERS, FLAG_TRUSTED, installOrientation 0, displayShape DisplayShape{ spec=729782573 displayWidth=1920 displayHeight=1080 physicalPixelDisplaySizeRatio=1.0 rotation=0 offsetX=0 offsetY=0 scale=1.0}}
04-08 11:24:34.708 689 829 E DisplayManagerService: handleLogicalDisplayChangedLocked to set mStableDisplaySize
04-08 11:24:34.708 689 829 E DisplayManagerService: current mStableDisplaySize is large screen and return!!!
04-08 11:24:34.739 689 829 D DisplayManagerService: Ignore redundant display event 0/2 to 10052/24254
04-08 11:24:34.780 689 1018 E HDMI : [2]:Failed to send 45:7D with errorCode=1
04-08 11:24:34.780 689 689 D HDMI : AVR did not respond to
04-08 11:24:34.781 689 689 D HdmiControlService: Switching to full volume behavior
04-08 11:24:34.781 689 1018 D HDMI : [S]: 40:0D
04-08 11:24:34.866 689 1018 D HDMI : [S]: 4F:82:10:00
04-08 11:24:34.871 1070 1070 D HdmiCecActiveness: setState active mState:inactive
04-08 11:24:34.955 689 994 I AS.AudioDeviceInventory: sendDeviceConnectionIntent(dev:0x400 state:0x1 address: name:);
04-08 11:24:34.956 689 1020 E MR2SystemProvider: Could not map this selected device attribute type to an available route: 9
04-08 11:24:35.009 689 1018 D HDMI : [S]: 40:8E:00
04-08 11:24:35.058 689 811 I ActivityManager: Flag disabled. Ignoring finishAttachApplication from uid: 10020. pid: 26172
04-08 11:24:35.113 689 1018 D HDMI : [S]: 45:70:10:00
04-08 11:24:35.114 689 911 I ActivityManager: Flag disabled. Ignoring finishAttachApplication from uid: 10071. pid: 26225
04-08 11:24:35.224 689 1018 E HDMI : [2]:Failed to send 45:70:10:00 with errorCode=1
04-08 11:24:35.225 689 1018 D HDMI : [S]: 40:8F
04-08 11:24:35.248 689 911 I ActivityManager: Flag disabled. Ignoring finishAttachApplication from uid: 10054. pid: 26203
