04-09 09:20:20.687 689 927 D ActivityManager: freezing 20757 com.google.android.gms.unstable
04-09 09:20:20.699 689 1571 W ActivityManager: Unable to start service Intent { cmp=com.nes.sound.retail/com.nes.sound.component.service.DaemonService } U=0: not found
04-09 09:20:20.700 1052 1052 I HeartBeatUtils: ComponentInfo{com.nes.sound.retail/com.nes.sound.component.service.DaemonService} bind failed !!!Immediate reconnect!!!
04-09 09:20:20.700 1052 1052 I HeartBeatUtils: onHeartBeatStoped com.nes.sound.retail/com.nes.sound.component.service.DaemonService
04-09 09:20:20.700 689 1571 W ActivityManager: Unbind failed: could not find connection for android.os.BinderProxy@143d1d
04-09 09:20:20.700 1052 1052 W HeartBeatUtils: start rescue com.nes.sound.retail/com.nes.sound.component.service.DaemonService
04-09 09:20:20.732 689 1571 W ActivityManager: Unable to start service Intent { cmp=com.nes.sound/.component.service.DaemonService } U=0: not found
04-09 09:20:20.732 1052 1052 I HeartBeatUtils: ComponentInfo{com.nes.sound/com.nes.sound.component.service.DaemonService} bind failed !!!Immediate reconnect!!!
04-09 09:20:20.732 1052 1052 I HeartBeatUtils: onHeartBeatStoped com.nes.sound/com.nes.sound.component.service.DaemonService
04-09 09:20:20.733 689 1571 W ActivityManager: Unbind failed: could not find connection for android.os.BinderProxy@4ab0b92
04-09 09:20:20.733 1052 1052 W HeartBeatUtils: start rescue com.nes.sound/com.nes.sound.component.service.DaemonService
04-09 09:20:20.743 1856 1856 W ContextImpl: Calling a method in the system process without a qualified user: android.app.ContextImpl.bindService:2026 android.content.ContextWrapper.bindService:861 com.nes.sound.daemon.utils.heartbeat.HeartBeatConnectionPool.connectServiceByBinderBeans:108 com.nes.sound.daemon.utils.heartbeat.HeartBeatConnectionPool.reBindConnection:122 com.nes.sound.daemon.utils.heartbeat.HeartBeatUtils.reBindConnection:137
04-09 09:20:20.745 689 1571 W ActivityManager: Unable to start service Intent { cmp=com.nes.sound/.component.service.HeartBeatDaemonService } U=0: not found
04-09 09:20:20.745 1856 1856 I HeartBeatUtils: ComponentInfo{com.nes.sound/com.nes.sound.component.service.HeartBeatDaemonService} bind failed !!!Immediate reconnect!!!
04-09 09:20:20.745 1856 1856 I HeartBeatUtils: onHeartBeatStoped com.nes.sound/com.nes.sound.component.service.HeartBeatDaemonService
04-09 09:20:20.746 689 1571 W ActivityManager: Unbind failed: could not find connection for android.os.BinderProxy@f469963
04-09 09:20:20.746 1856 1856 W HeartBeatUtils: start rescue com.nes.sound/com.nes.sound.component.service.HeartBeatDaemonService
04-09 09:20:25.704 689 1925 W ActivityManager: Unable to start service Intent { cmp=com.nes.sound.retail/com.nes.sound.component.service.DaemonService } U=0: not found
04-09 09:20:25.704 1052 1052 I HeartBeatUtils: ComponentInfo{com.nes.sound.retail/com.nes.sound.component.service.DaemonService} bind failed !!!Immediate reconnect!!!
04-09 09:20:25.705 1052 1052 I HeartBeatUtils: onHeartBeatStoped com.nes.sound.retail/com.nes.sound.component.service.DaemonService
04-09 09:20:25.705 689 1925 W ActivityManager: Unbind failed: could not find connection for android.os.BinderProxy@27f68bf
04-09 09:20:25.705 1052 1052 W HeartBeatUtils: start rescue com.nes.sound.retail/com.nes.sound.component.service.DaemonService
04-09 09:20:25.735 689 1925 W ActivityManager: Unable to start service Intent { cmp=com.nes.sound/.component.service.DaemonService } U=0: not found
04-09 09:20:25.735 1052 1052 I HeartBeatUtils: ComponentInfo{com.nes.sound/com.nes.sound.component.service.DaemonService} bind failed !!!Immediate reconnect!!!
04-09 09:20:25.735 1052 1052 I HeartBeatUtils: onHeartBeatStoped com.nes.sound/com.nes.sound.component.service.DaemonService
04-09 09:20:25.735 689 1925 W ActivityManager: Unbind failed: could not find connection for android.os.BinderProxy@4e3fb8c
04-09 09:20:25.736 1052 1052 W HeartBeatUtils: start rescue com.nes.sound/com.nes.sound.component.service.DaemonService
04-09 09:20:25.752 1856 1856 W ContextImpl: Calling a method in the system process without a qualified user: android.app.ContextImpl.bindService:2026 android.content.ContextWrapper.bindService:861 com.nes.sound.daemon.utils.heartbeat.HeartBeatConnectionPool.connectServiceByBinderBeans:108 com.nes.sound.daemon.utils.heartbeat.HeartBeatConnectionPool.reBindConnection:122 com.nes.sound.daemon.utils.heartbeat.HeartBeatUtils.reBindConnection:137
04-09 09:20:25.753 689 1925 W ActivityManager: Unable to start service Intent { cmp=com.nes.sound/.component.service.HeartBeatDaemonService } U=0: not found
04-09 09:20:25.753 1856 1856 I HeartBeatUtils: ComponentInfo{com.nes.sound/com.nes.sound.component.service.HeartBeatDaemonService} bind failed !!!Immediate reconnect!!!
04-09 09:20:25.753 1856 1856 I HeartBeatUtils: onHeartBeatStoped com.nes.sound/com.nes.sound.component.service.HeartBeatDaemonService
04-09 09:20:25.754 689 1925 W ActivityManager: Unbind failed: could not find connection for android.os.BinderProxy@5fef2d5
04-09 09:20:25.754 1856 1856 W HeartBeatUtils: start rescue com.nes.sound/com.nes.sound.component.service.HeartBeatDaemonService
04-09 09:20:27.976 689 927 D ActivityManager: freezing 27970 com.android.settings.intelligence
04-09 09:20:30.712 689 1571 W ActivityManager: Unable to start service Intent { cmp=com.nes.sound.retail/com.nes.sound.component.service.DaemonService } U=0: not found
04-09 09:20:30.712 1052 1052 I HeartBeatUtils: ComponentInfo{com.nes.sound.retail/com.nes.sound.component.service.DaemonService} bind failed !!!Immediate reconnect!!!
04-09 09:20:30.712 1052 1052 I HeartBeatUtils: onHeartBeatStoped com.nes.sound.retail/com.nes.sound.component.service.DaemonService
04-09 09:20:30.713 689 1571 W ActivityManager: Unbind failed: could not find connection for android.os.BinderProxy@dc8e751
04-09 09:20:30.713 1052 1052 W HeartBeatUtils: start rescue com.nes.sound.retail/com.nes.sound.component.service.DaemonService
04-09 09:20:30.737 689 1571 W ActivityManager: Unable to start service Intent { cmp=com.nes.sound/.component.service.DaemonService } U=0: not found
04-09 09:20:30.737 1052 1052 I HeartBeatUtils: ComponentInfo{com.nes.sound/com.nes.sound.component.service.DaemonService} bind failed !!!Immediate reconnect!!!
04-09 09:20:30.738 1052 1052 I HeartBeatUtils: onHeartBeatStoped com.nes.sound/com.nes.sound.component.service.DaemonService
04-09 09:20:30.738 689 1571 W ActivityManager: Unbind failed: could not find connection for android.os.BinderProxy@eab5bb6
04-09 09:20:30.739 1052 1052 W HeartBeatUtils: start rescue com.nes.sound/com.nes.sound.component.service.DaemonService
04-09 09:20:30.759 1856 1856 W ContextImpl: Calling a method in the system process without a qualified user: android.app.ContextImpl.bindService:2026 android.content.ContextWrapper.bindService:861 com.nes.sound.daemon.utils.heartbeat.HeartBeatConnectionPool.connectServiceByBinderBeans:108 com.nes.sound.daemon.utils.heartbeat.HeartBeatConnectionPool.reBindConnection:122 com.nes.sound.daemon.utils.heartbeat.HeartBeatUtils.reBindConnection:137
04-09 09:20:30.760 689 1571 W ActivityManager: Unable to start service Intent { cmp=com.nes.sound/.component.service.HeartBeatDaemonService } U=0: not found
04-09 09:20:30.760 1856 1856 I HeartBeatUtils: ComponentInfo{com.nes.sound/com.nes.sound.component.service.HeartBeatDaemonService} bind failed !!!Immediate reconnect!!!
04-09 09:20:30.760 1856 1856 I HeartBeatUtils: onHeartBeatStoped com.nes.sound/com.nes.sound.component.service.HeartBeatDaemonService
04-09 09:20:30.760 689 1571 W ActivityManager: Unbind failed: could not find connection for android.os.BinderProxy@9abb0b7
04-09 09:20:30.761 1856 1856 W HeartBeatUtils: start rescue com.nes.sound/com.nes.sound.component.service.HeartBeatDaemonService
04-09 09:20:32.186 689 1925 I ActivityTaskManager: Config changes=2104 {1.0 ?mcc0mnc [en_US] ldltr sw540dp w960dp h540dp 320dpi lrg long land television night -touch qwerty/v/v dpad/v winConfig={ mBounds=Rect(0, 0 - 1920, 1080) mAppBounds=Rect(0, 0 - 1920, 1080) mMaxBounds=Rect(0, 0 - 1920, 1080) mDisplayRotation=ROTATION_0 mWindowingMode=fullscreen mDisplayWindowingMode=fullscreen mActivityType=undefined mAlwaysOnTop=undefined mRotation=ROTATION_0} s.15 fontWeightAdjustment=0}
04-09 09:20:32.236 689 812 D CompatibilityChangeReporter: Compat change id reported: 170503758; UID 10051; state: ENABLED
04-09 09:20:32.290 689 1925 I WindowManager: Override config changes=2104 {1.0 ?mcc0mnc [en_US] ldltr sw540dp w960dp h540dp 320dpi lrg long land television night -touch qwerty/v/v dpad/v winConfig={ mBounds=Rect(0, 0 - 1920, 1080) mAppBounds=Rect(0, 0 - 1920, 1080) mMaxBounds=Rect(0, 0 - 1920, 1080) mDisplayRotation=ROTATION_0 mWindowingMode=fullscreen mDisplayWindowingMode=fullscreen mActivityType=undefined mAlwaysOnTop=undefined mRotation=ROTATION_0} s.15 fontWeightAdjustment=0} for displayId=0
04-09 09:20:32.294 1052 1170 V WindowManagerShell: Transition requested: android.os.BinderProxy@93d255c TransitionRequestInfo { type = CHANGE, triggerTask = null, remoteTransition = null, displayChange = null }
04-09 09:20:32.311 689 689 D HDMI : receive android.intent.action.CONFIGURATION_CHANGED
04-09 09:20:32.334 689 1925 D CompatibilityChangeReporter: Compat change id reported: 184838306; UID 10097; state: DISABLED
04-09 09:20:32.335 689 1925 D CompatibilityChangeReporter: Compat change id reported: 185004937; UID 10097; state: DISABLED
04-09 09:20:32.373 689 1571 E DisplayManagerService: handleLogicalDisplayChangedLocked to set mStableDisplaySize
04-09 09:20:32.373 689 1571 E DisplayManagerService: current mStableDisplaySize is large screen and return!!!
04-09 09:20:32.391 689 1571 I ActivityTaskManager: Config changes=100 {1.0 ?mcc0mnc [en_US] ldltr sw540dp w960dp h540dp 320dpi lrg long land television night -touch qwerty/v/v dpad/v winConfig={ mBounds=Rect(0, 0 - 1920, 1080) mAppBounds=Rect(0, 0 - 1920, 1080) mMaxBounds=Rect(0, 0 - 1920, 1080) mDisplayRotation=ROTATION_0 mWindowingMode=fullscreen mDisplayWindowingMode=fullscreen mActivityType=undefined mAlwaysOnTop=undefined mRotation=ROTATION_0} s.73 fontWeightAdjustment=0}
04-09 09:20:32.396 689 1925 W PackageConfigPersister: App-specific configuration not found for packageName: com.android.tv.settings and userId: 0
04-09 09:20:32.441 689 1571 I WindowManager: Override config changes=100 {1.0 ?mcc0mnc [en_US] ldltr sw540dp w960dp h540dp 320dpi lrg long land television night -touch qwerty/v/v dpad/v winConfig={ mBounds=Rect(0, 0 - 1920, 1080) mAppBounds=Rect(0, 0 - 1920, 1080) mMaxBounds=Rect(0, 0 - 1920, 1080) mDisplayRotation=ROTATION_0 mWindowingMode=fullscreen mDisplayWindowingMode=fullscreen mActivityType=undefined mAlwaysOnTop=undefined mRotation=ROTATION_0} s.73 fontWeightAdjustment=0} for displayId=0
04-09 09:20:32.475 689 7267 D CoreBackPreview: Window{2ba5994 u0 com.android.tv.settings/com.android.tv.settings.MainSettings}: Setting back callback null
04-09 09:20:32.478 1052 1170 D WindowManagerShell: TvPipController: onDisplayConfigurationChanged(), displayId 0, saved display id 0
04-09 09:20:32.487 1052 1170 V WindowManagerShell: Display changed: 0
04-09 09:20:32.493 1052 1170 D WindowManagerShell: TvPipController: onConfigurationChanged(), state=NO_PIP
04-09 09:20:32.496 689 1163 W PackageConfigPersister: App-specific configuration not found for packageName: com.android.tv.settings and userId: 0
04-09 09:20:32.499 1052 1170 D WindowManagerShell: TvPipController: onDisplayConfigurationChanged(), displayId 0, saved display id 0
04-09 09:20:32.499 1052 1170 V WindowManagerShell: Display changed: 0
04-09 09:20:32.524 689 827 W Looper : Slow dispatch took 167ms android.ui h=com.android.server.am.ActivityManagerService$UiHandler c=null m=68
04-09 09:20:32.528 689 836 D ActivityManager: sync unfroze 26949 com.amazon.amazonvideo.livingroom for 3
04-09 09:20:32.616 689 836 W ProcessStats: Tracking association SourceState{8d646e3 com.android.vending/10054 Receivr #24770} whose proc state 10 is better than process ProcessState{91bd1af com.android.vending:background/10054 pkg=com.android.vending} proc state 14 (15 skipped)
04-09 09:20:32.656 689 7267 D CoreBackPreview: Window{35ab3b9 u0 com.google.android.tvlauncher/com.google.android.tvlauncher.MainActivity}: Setting back callback null
04-09 09:20:32.668 689 689 W InputMethodManagerService: Illegal subtype state: old subtype = null, new subtype = android.view.inputmethod.InputMethodSubtype@c9194f98
04-09 09:20:32.678 1052 1170 D WindowManagerShell: TvPipController: onConfigurationChanged(), state=NO_PIP
04-09 09:20:32.691 689 836 D ActivityManager: sync unfroze 20757 com.google.android.gms.unstable for 10
04-09 09:20:32.693 689 836 D ActivityManager: sync unfroze 26381 com.google.process.gapps for 10
04-09 09:20:32.748 689 689 W Looper : Slow dispatch took 404ms main h=android.app.ActivityThread$H c=android.app.LoadedApk$ReceiverDispatcher$Args$$ExternalSyntheticLambda0@b796975 m=0
04-09 09:20:32.750 689 836 D ActivityManager: sync unfroze 25323 com.google.android.katniss:search for 3
04-09 09:20:32.750 689 829 V WindowManager: Unknown focus tokens, dropping reportFocusChanged
04-09 09:20:32.752 689 2599 D CompatibilityChangeReporter: Compat change id reported: 168419799; UID 1000; state: DISABLED
04-09 09:20:32.753 689 2599 D CompatibilityChangeReporter: Compat change id reported: 273564678; UID 1000; state: DISABLED
04-09 09:20:32.753 689 2599 I KatnissWindowBlocker: Setup wizard mode set to: false
04-09 09:20:32.763 689 1571 D CoreBackPreview: Window{b6ea398 u0 com.android.tv.settings/com.android.tv.settings.MainSettings}: Setting back callback OnBackInvokedCallbackInfo{mCallback=android.window.IOnBackInvokedCallback$Stub$Proxy@8d69fd6, mPriority=0, mIsAnimationCallback=false}
04-09 09:20:32.780 689 689 W Looper : Slow delivery took 427ms main h=android.app.ActivityThread$H c= m=0
04-09 09:20:32.886 689 1925 I MediaSessionStack: removeSession | record: com.netflix.ninja/Netflix media session (userId=0)
04-09 09:20:32.886 689 836 D CompatibilityChangeReporter: Compat change id reported: 135634846; UID 10062; state: DISABLED
04-09 09:20:32.887 689 837 D CompatibilityChangeReporter: Compat change id reported: 143937733; UID 10062; state: ENABLED
04-09 09:20:32.910 689 1571 I WindowManager: finishDrawing of relaunch: Window{b6ea398 u0 com.android.tv.settings/com.android.tv.settings.MainSettings} 550ms
04-09 09:20:32.940 689 689 W Looper : Slow dispatch took 161ms main h=android.app.ActivityThread$H c=android.app.LoadedApk$ReceiverDispatcher$Args$$ExternalSyntheticLambda0@a69209d m=0
04-09 09:20:32.985 689 689 D HDMI : receive android.intent.action.CONFIGURATION_CHANGED
04-09 09:20:33.062 689 1925 D CompatibilityChangeReporter: Compat change id reported: 161252188; UID 10054; state: DISABLED
04-09 09:20:33.065 689 689 W Looper : Drained
04-09 09:20:33.066 689 837 W ActivityManager: Slow operation: 180ms so far, now at startProcess: returned from zygote!
04-09 09:20:33.066 689 837 W ActivityManager: Slow operation: 181ms so far, now at startProcess: done updating battery stats
04-09 09:20:33.066 689 837 W ActivityManager: Slow operation: 181ms so far, now at startProcess: building log message
04-09 09:20:33.066 689 837 I ActivityManager: Start proc 28359:com.google.android.tts/u0a62 for broadcast {com.google.android.tts/com.google.android.apps.speech.tts.googletts.local.voicepack.VoicepackUpdater_Receiver}
04-09 09:20:33.066 689 837 W ActivityManager: Slow operation: 181ms so far, now at startProcess: starting to update pids map
04-09 09:20:33.067 689 837 W ActivityManager: Slow operation: 181ms so far, now at startProcess: done updating pids map
04-09 09:20:33.112 689 1925 D CompatibilityChangeReporter: Compat change id reported: 161252188; UID 10066; state: DISABLED
04-09 09:20:33.181 689 2599 D CompatibilityChangeReporter: Compat change id reported: 168419799; UID 10062; state: DISABLED
04-09 09:20:33.182 689 2599 D CompatibilityChangeReporter: Compat change id reported: 273564678; UID 10062; state: DISABLED
04-09 09:20:33.196 689 2599 D CompatibilityChangeReporter: Compat change id reported: 161252188; UID 10036; state: DISABLED
04-09 09:20:33.199 689 836 D CompatibilityChangeReporter: Compat change id reported: 135634846; UID 10119; state: DISABLED
04-09 09:20:33.203 689 837 D CompatibilityChangeReporter: Compat change id reported: 143937733; UID 10119; state: ENABLED
04-09 09:20:33.204 689 2599 D CompatibilityChangeReporter: Compat change id reported: 161252188; UID 10068; state: DISABLED
04-09 09:20:33.258 689 1163 D CompatibilityChangeReporter: Compat change id reported: 170503758; UID 10062; state: ENABLED
04-09 09:20:33.296 689 1925 D CompatibilityChangeReporter: Compat change id reported: 161252188; UID 10115; state: DISABLED
04-09 09:20:33.368 689 837 W ActivityManager: Slow operation: 169ms so far, now at startProcess: returned from zygote!
04-09 09:20:33.368 689 837 W ActivityManager: Slow operation: 170ms so far, now at startProcess: done updating battery stats
04-09 09:20:33.368 689 837 W ActivityManager: Slow operation: 170ms so far, now at startProcess: building log message
04-09 09:20:33.368 689 837 I ActivityManager: Start proc 28387:com.brave.browser/u0a119 for broadcast {com.brave.browser/org.chromium.chrome.browser.notifications.channels.LocaleChangedBroadcastReceiver}
04-09 09:20:33.368 689 837 W ActivityManager: Slow operation: 170ms so far, now at startProcess: starting to update pids map
04-09 09:20:33.369 689 837 W ActivityManager: Slow operation: 170ms so far, now at startProcess: done updating pids map
04-09 09:20:33.459 689 7267 D CompatibilityChangeReporter: Compat change id reported: 168419799; UID 10119; state: DISABLED
04-09 09:20:33.460 689 7267 D CompatibilityChangeReporter: Compat change id reported: 273564678; UID 10119; state: DISABLED
04-09 09:20:33.480 689 918 D CompatibilityChangeReporter: Compat change id reported: 265195908; UID 10119; state: ENABLED
04-09 09:20:33.512 689 7267 I KatnissWindowBlocker: Setup wizard mode set to: false
04-09 09:20:33.538 689 1925 D CompatibilityChangeReporter: Compat change id reported: 170503758; UID 10119; state: ENABLED
04-09 09:20:33.598 689 7267 D CoreBackPreview: Window{b13d0 u0 com.google.android.tvlauncher/com.google.android.tvlauncher.MainActivity}: Setting back callback OnBackInvokedCallbackInfo{mCallback=android.window.IOnBackInvokedCallback$Stub$Proxy@ba305c4, mPriority=0, mIsAnimationCallback=false}
04-09 09:20:33.602 689 7267 D CompatibilityChangeReporter: Compat change id reported: 161252188; UID 10118; state: DISABLED
04-09 09:20:33.613 689 1925 I ActivityManager: Flag disabled. Ignoring finishAttachApplication from uid: 10062. pid: 28359
04-09 09:20:33.704 689 7267 I WindowManager: finishDrawing of relaunch: Window{b13d0 u0 com.google.android.tvlauncher/com.google.android.tvlauncher.MainActivity} 1343ms
04-09 09:20:33.738 689 689 W JobScheduler: Job didn't exist in JobStore: 26db13c {androidx.work.systemjobscheduler} #u0a56/26 @androidx.work.systemjobscheduler@com.google.android.tvlauncher/androidx.work.impl.background.systemjob.SystemJobService
04-09 09:20:33.750 689 826 V WindowManager: Sent Transition #70 createdAt=04-09 09:20:32.290 via request=TransitionRequestInfo { type = CHANGE, triggerTask = null, remoteTransition = null, displayChange = null }
04-09 09:20:33.751 689 826 V WindowManager: startWCT=WindowContainerTransaction { changes = {} hops = [] errorCallbackToken=null taskFragmentOrganizer=null }
04-09 09:20:33.751 689 826 V WindowManager: info={id=70 t=CHANGE f=0x0 trk=0 r=[0@Point(0, 0)] c=[{WCT{RemoteToken{b011551 Display{#0 state=ON size=1920x1080 ROTATION_0}}} m=CHANGE f=IS_DISPLAY|DISPLAY_HAS_ALERT_WINDOWS leash=Surface(name=WindowedMagnification:0:31)/@0xe246478 sb=Rect(0, 0 - 1920, 1080) eb=Rect(0, 0 - 1920, 1080) d=0}]}
04-09 09:20:33.760 1052 1170 V WindowManagerShell: onTransitionReady android.os.BinderProxy@93d255c: {id=70 t=CHANGE f=0x0 trk=0 r=[0@Point(0, 0)] c=[{WCT{android.window.IWindowContainerToken$Stub$Proxy@907e819} m=CHANGE f=IS_DISPLAY|DISPLAY_HAS_ALERT_WINDOWS leash=Surface(name=WindowedMagnification:0:31)/@0x5b3d92 sb=Rect(0, 0 - 1920, 1080) eb=Rect(0, 0 - 1920, 1080) d=0 snapshot=Surface(name=transition snapshot: Display{#0 state=ON size=1920x1080 ROTATION_0})/@0x487e363}]}
04-09 09:20:33.761 1052 1170 V WindowManagerShell: Playing animation for (#70)android.os.BinderProxy@93d255c@0
04-09 09:20:33.761 1052 1170 V WindowManagerShell: try handler com.android.wm.shell.keyguard.KeyguardTransitionHandler@1afc691
04-09 09:20:33.761 1052 1170 V WindowManagerShell: try handler com.android.wm.shell.activityembedding.ActivityEmbeddingController@b7de9f6
04-09 09:20:33.761 1052 1170 V WindowManagerShell: try handler com.android.wm.shell.pip.tv.TvPipTransition@c29c1f7
04-09 09:20:33.761 1052 1170 V WindowManagerShell: try handler com.android.wm.shell.transition.RemoteTransitionHandler@2eb0864
04-09 09:20:33.761 1052 1170 V WindowManagerShell: try handler com.android.wm.shell.transition.DefaultTransitionHandler@bf93acd
04-09 09:20:33.762 1052 1170 V WindowManagerShell: start default transition animation, info = {id=70 t=CHANGE f=0x0 trk=0 r=[0@Point(0, 0)] c=[{WCT{android.window.IWindowContainerToken$Stub$Proxy@907e819} m=CHANGE f=IS_DISPLAY|DISPLAY_HAS_ALERT_WINDOWS leash=Surface(name=WindowedMagnification:0:31)/@0x5b3d92 sb=Rect(0, 0 - 1920, 1080) eb=Rect(0, 0 - 1920, 1080) d=0 snapshot=Surface(name=transition snapshot: Display{#0 state=ON size=1920x1080 ROTATION_0})/@0x487e363}]}
04-09 09:20:33.768 1052 1170 V WindowManagerShell: Display is changing, resolve the animation hint.
04-09 09:20:33.791 689 7267 D CompatibilityChangeReporter: Compat change id reported: 214016041; UID 1000; state: ENABLED
04-09 09:20:33.792 689 7267 D CompatibilityChangeReporter: Compat change id reported: 214016041; UID 1000; state: DISABLED
04-09 09:20:33.812 689 1925 W PackageConfigPersister: App-specific configuration not found for packageName: com.android.tv.settings and userId: 0
04-09 09:20:33.833 1052 1170 V WindowManagerShell: animated by com.android.wm.shell.transition.DefaultTransitionHandler@bf93acd
04-09 09:20:33.850 689 1163 D CompatibilityChangeReporter: Compat change id reported: 161145287; UID 10062; state: ENABLED
04-09 09:20:33.969 1052 1170 V WindowManagerShell: Transition animation finished (aborted=false), notifying core (#70)android.os.BinderProxy@93d255c@0
04-09 09:20:33.974 689 826 V WindowManager: Finish Transition #70: created at
04-09 09:20:32.290 collect-started=0.097ms request-sent=0.201ms started=81.591ms ready=164.066ms sent=1456.356ms finished=1681.985ms
04-09 09:20:33.976 1052 1170 V WindowManagerShell: Track 0 became idle
04-09 09:20:33.976 1052 1170 V WindowManagerShell: All active transition animations finished
04-09 09:20:34.122 689 1571 I ActivityManager: Flag disabled. Ignoring finishAttachApplication from uid: 10119. pid: 28387
04-09 09:20:34.219 689 1925 D CompatibilityChangeReporter: Compat change id reported: 261072174; UID 10062; state: ENABLED
04-09 09:20:34.233 689 7267 D CompatibilityChangeReporter: Compat change id reported: 161145287; UID 10119; state: ENABLED
04-09 09:20:34.640 689 7267 I ActivityManager: Process com.netflix.ninja (pid 2940) has died: fg SVC
04-09 09:20:34.641 689 827 D DisplayManagerService: Drop pending events for gone uid 10057
04-09 09:20:34.957 689 1571 D CompatibilityChangeReporter: Compat change id reported: 253665015; UID 10062; state: ENABLED
04-09 09:20:34.957 689 1571 D CompatibilityChangeReporter: Compat change id reported: 194532703; UID 10062; state: ENABLED
04-09 09:20:35.117 689 2599 W ActivityManager: Receiver with filter android.content.IntentFilter@273c998 already registered for pid 24655, callerPackage is com.google.android.katniss
04-09 09:20:35.131 689 1571 I KatnissWindowBlocker: Setup wizard mode set to: false
04-09 09:20:35.152 689 2599 D CoreBackPreview: Window{ecf35d6 u0 Toast}: Setting back callback OnBackInvokedCallbackInfo{mCallback=android.window.IOnBackInvokedCallback$Stub$Proxy@9c49af3, mPriority=0, mIsAnimationCallback=false}
04-09 09:20:35.234 689 7267 W JobScheduler: Job didn't exist in JobStore: 5b7cba #u0a36/159 com.amazon.amazonvideo.livingroom/androidx.work.impl.background.systemjob.SystemJobService
04-09 09:20:35.700 689 1925 W JobScheduler: Job didn't exist in JobStore: b1057a4 {androidx.work.systemjobscheduler} #u0a58/145 @androidx.work.systemjobscheduler@com.google.android.inputmethod.latin/androidx.work.impl.background.systemjob.SystemJobService
04-09 09:20:35.717 689 1925 W ActivityManager: Unable to start service Intent { cmp=com.nes.sound.retail/com.nes.sound.component.service.DaemonService } U=0: not found
04-09 09:20:35.718 1052 1052 I HeartBeatUtils: ComponentInfo{com.nes.sound.retail/com.nes.sound.component.service.DaemonService} bind failed !!!Immediate reconnect!!!
04-09 09:20:35.718 1052 1052 I HeartBeatUtils: onHeartBeatStoped com.nes.sound.retail/com.nes.sound.component.service.DaemonService
04-09 09:20:35.719 689 1925 W ActivityManager: Unbind failed: could not find connection for android.os.BinderProxy@679bcc5
04-09 09:20:35.719 1052 1052 W HeartBeatUtils: start rescue com.nes.sound.retail/com.nes.sound.component.service.DaemonService
04-09 09:20:35.741 689 1925 W ActivityManager: Unable to start service Intent { cmp=com.nes.sound/.component.service.DaemonService } U=0: not found
04-09 09:20:35.750 1052 1052 I HeartBeatUtils: ComponentInfo{com.nes.sound/com.nes.sound.component.service.DaemonService} bind failed !!!Immediate reconnect!!!
04-09 09:20:35.750 1052 1052 I HeartBeatUtils: onHeartBeatStoped com.nes.sound/com.nes.sound.component.service.DaemonService
04-09 09:20:35.750 689 1925 W ActivityManager: Unbind failed: could not find connection for android.os.BinderProxy@4a8f9e6
04-09 09:20:35.751 1052 1052 W HeartBeatUtils: start rescue com.nes.sound/com.nes.sound.component.service.DaemonService
04-09 09:20:35.767 1856 1856 W ContextImpl: Calling a method in the system process without a qualified user: android.app.ContextImpl.bindService:2026 android.content.ContextWrapper.bindService:861 com.nes.sound.daemon.utils.heartbeat.HeartBeatConnectionPool.connectServiceByBinderBeans:108 com.nes.sound.daemon.utils.heartbeat.HeartBeatConnectionPool.reBindConnection:122 com.nes.sound.daemon.utils.heartbeat.HeartBeatUtils.reBindConnection:137
04-09 09:20:35.768 689 1925 W ActivityManager: Unable to start service Intent { cmp=com.nes.sound/.component.service.HeartBeatDaemonService } U=0: not found
04-09 09:20:35.769 1856 1856 I HeartBeatUtils: ComponentInfo{com.nes.sound/com.nes.sound.component.service.HeartBeatDaemonService} bind failed !!!Immediate reconnect!!!
04-09 09:20:35.769 1856 1856 I HeartBeatUtils: onHeartBeatStoped com.nes.sound/com.nes.sound.component.service.HeartBeatDaemonService
04-09 09:20:35.769 689 1925 W ActivityManager: Unbind failed: could not find connection for android.os.BinderProxy@5faab27
04-09 09:20:35.770 1856 1856 W HeartBeatUtils: start rescue com.nes.sound/com.nes.sound.component.service.HeartBeatDaemonService
04-09 09:20:36.165 689 1925 D IntervalStats: Unable to parse usage stats packages: [2, 11, 17, 33, 39, 40, 43, 49, 51, 52, 55, 60, 61, 69, 70, 76]
04-09 09:20:36.274 689 11289 D IntervalStats: Unable to parse usage stats packages: [2, 11, 17, 33, 39, 40, 43, 49, 51, 52, 55, 60, 61, 69, 70, 76]
04-09 09:20:36.381 689 11289 D IntervalStats: Unable to parse usage stats packages: [2, 11, 17, 33, 39, 40, 43, 49, 51, 52, 55, 60, 61, 69, 70, 76]
04-09 09:20:36.444 689 2599 D IntervalStats: Unable to parse usage stats packages: [2, 11, 17, 33, 39, 40, 43, 49, 51, 52, 55, 60, 61, 69, 70, 76]
04-09 09:20:36.614 689 2599 D IntervalStats: Unable to parse usage stats packages: [2, 11, 17, 33, 39, 40, 43, 49, 51, 52, 55, 60, 61, 69, 70, 76]
04-09 09:20:36.844 689 7267 D IntervalStats: Unable to parse usage stats packages: [2, 11, 17, 33, 39, 40, 43, 49, 51, 52, 55, 60, 61, 69, 70, 76]
04-09 09:20:37.135 689 689 V HotPlugDetectionAction: Poll all devices.
04-09 09:20:37.638 689 2599 D CoreBackPreview: Window{ecf35d6 u0 Toast}: Setting back callback null
04-09 09:20:37.661 689 1925 W NotificationService: Toast already killed. pkg=com.google.android.tvlauncher token=android.os.BinderProxy@5c23ffc
04-09 09:20:38.712 689 7267 I ActivityManager: Background started FGS: Allowed [callingPackage: com.android.vending; callingUid: 10054; uidState: TRNB; uidBFSL: n/a; intent: Intent { act=com.google.android.finsky.BIND_DOWNLOAD_SERVICE pkg=com.android.vending (has extras) }; code:BACKGROUND_ACTIVITY_PERMISSION; tempAllowListReason:<,reasonCode:SYSTEM_ALLOW_LISTED,duration:9223372036854775807,callingUid:-1>; targetSdkVersion:36; callerTargetSdkVersion:36; startForegroundCount:0; bindFromPackage:null: isBindService:false]
04-09 09:20:38.728 689 689 D CompatibilityChangeReporter: Compat change id reported: 171306433; UID 1000; state: ENABLED
04-09 09:20:38.728 689 689 D CompatibilityChangeReporter: Compat change id reported: 218533173; UID 1000; state: ENABLED
04-09 09:20:38.729 689 7267 D CompatibilityChangeReporter: Compat change id reported: 170668199; UID 10054; state: ENABLED
04-09 09:20:38.955 689 689 W NotificationHistory: Attempted to add notif for locked/gone/disabled user 0
04-09 09:20:39.006 689 843 W BatteryExternalStatsWorker: error reading modem stats:ERROR_PHONE_NOT_AVAILABLE
04-09 09:20:39.491 689 907 D PackageInstallerSession: Inherited files: [/data/app/~~IF8az7pRRz7kYz9N00jJwg==/com.android.vending-uLTG1oCQoOE114iMyoeM7g==/base.apk, /data/app/~~IF8az7pRRz7kYz9N00jJwg==/com.android.vending-uLTG1oCQoOE114iMyoeM7g==/base.dm, /data/app/~~IF8az7pRRz7kYz9N00jJwg==/com.android.vending-uLTG1oCQoOE114iMyoeM7g==/base.digests, /data/app/~~IF8az7pRRz7kYz9N00jJwg==/com.android.vending-uLTG1oCQoOE114iMyoeM7g==/split_config.armeabi_v7a.apk, /data/app/~~IF8az7pRRz7kYz9N00jJwg==/com.android.vending-uLTG1oCQoOE114iMyoeM7g==/split_config.hu.apk, /data/app/~~IF8az7pRRz7kYz9N00jJwg==/com.android.vending-uLTG1oCQoOE114iMyoeM7g==/oat/arm/base.vdex, /data/app/~~IF8az7pRRz7kYz9N00jJwg==/com.android.vending-uLTG1oCQoOE114iMyoeM7g==/oat/arm/base.art, /data/app/~~IF8az7pRRz7kYz9N00jJwg==/com.android.vending-uLTG1oCQoOE114iMyoeM7g==/oat/arm/base.odex]
04-09 09:20:39.514 689 907 D PackageInstallerSession: Linked 8 files into /data/app/vmdl897603083.tmp
04-09 09:20:39.803 689 861 I PackageManager: Integrity check passed for file:///data/app/vmdl897603083.tmp
04-09 09:20:39.822 689 907 D PackageInstallerSession: Inherited files: [/data/app/~~0pwfIo_m1TwdORc7n63mMA==/com.disney.disneyplus-FWAeWmhOet8Q9LlNCKiRmw==/base.apk, /data/app/~~0pwfIo_m1TwdORc7n63mMA==/com.disney.disneyplus-FWAeWmhOet8Q9LlNCKiRmw==/base.dm, /data/app/~~0pwfIo_m1TwdORc7n63mMA==/com.disney.disneyplus-FWAeWmhOet8Q9LlNCKiRmw==/base.digests, /data/app/~~0pwfIo_m1TwdORc7n63mMA==/com.disney.disneyplus-FWAeWmhOet8Q9LlNCKiRmw==/split_config.armeabi_v7a.apk, /data/app/~~0pwfIo_m1TwdORc7n63mMA==/com.disney.disneyplus-FWAeWmhOet8Q9LlNCKiRmw==/split_config.hu.apk, /data/app/~~0pwfIo_m1TwdORc7n63mMA==/com.disney.disneyplus-FWAeWmhOet8Q9LlNCKiRmw==/split_config.xhdpi.apk, /data/app/~~0pwfIo_m1TwdORc7n63mMA==/com.disney.disneyplus-FWAeWmhOet8Q9LlNCKiRmw==/oat/arm/base.odex, /data/app/~~0pwfIo_m1TwdORc7n63mMA==/com.disney.disneyplus-FWAeWmhOet8Q9LlNCKiRmw==/oat/arm/base.vdex, /data/app/~~0pwfIo_m1TwdORc7n63mMA==/com.disney.disneyplus-FWAeWmhOet8Q9LlNCKiRmw==/oat/arm/base.art]
04-09 09:20:39.837 689 907 D PackageInstallerSession: Linked 9 files into /data/app/vmdl618845750.tmp
04-09 09:20:39.861 689 861 I PackageManager: Continuing with installation of file:///data/app/vmdl897603083.tmp
04-09 09:20:40.041 689 861 W PackageParsing: Unknown element under : uses-sdk at /data/app/vmdl897603083.tmp/base.apk Binary XML file line #0
04-09 09:20:40.045 689 861 W PackageParsing: Unknown element under : uses-sdk at /data/app/vmdl897603083.tmp/base.apk Binary XML file line #0
04-09 09:20:40.048 689 861 W PackageParsing: Unknown element under : uses-sdk at /data/app/vmdl897603083.tmp/base.apk Binary XML file line #0
04-09 09:20:40.140 689 861 I PackageManager: Update system package com.android.vending code path from /data/app/~~IF8az7pRRz7kYz9N00jJwg==/com.android.vending-uLTG1oCQoOE114iMyoeM7g== to /data/app/~~pWZdDmcxPgiSyawZDa5qMg==/com.android.vending-PaYvmaJ_8ICW6r1IGGB2TQ==; Retain data and using new
04-09 09:20:40.172 689 861 I PermissionManager: Permission ownership changed. Updating all permissions.
04-09 09:20:40.175 689 861 W PermissionManager: Package com.android.adservices.api is an APK in APEX, but has permission allowlist on the system image. Please bundle the allowlist in the com.android.adservices APEX instead.
04-09 09:20:40.267 689 861 W PermissionManager: Package com.android.providers.media.module is an APK in APEX, but has permission allowlist on the system image. Please bundle the allowlist in the com.android.mediaprovider APEX instead.
04-09 09:20:40.267 689 861 W PermissionManager: Package com.android.providers.media.module is an APK in APEX, but has permission allowlist on the system image. Please bundle the allowlist in the com.android.mediaprovider APEX instead.
04-09 09:20:40.267 689 861 W PermissionManager: Package com.android.providers.media.module is an APK in APEX, but has permission allowlist on the system image. Please bundle the allowlist in the com.android.mediaprovider APEX instead.
04-09 09:20:40.268 689 861 W PermissionManager: Package com.android.providers.media.module is an APK in APEX, but has permission allowlist on the system image. Please bundle the allowlist in the com.android.mediaprovider APEX instead.
04-09 09:20:40.268 689 861 W PermissionManager: Package com.android.providers.media.module is an APK in APEX, but has permission allowlist on the system image. Please bundle the allowlist in the com.android.mediaprovider APEX instead.
04-09 09:20:40.268 689 861 W PermissionManager: Package com.android.providers.media.module is an APK in APEX, but has permission allowlist on the system image. Please bundle the allowlist in the com.android.mediaprovider APEX instead.
04-09 09:20:40.268 689 861 W PermissionManager: Package com.android.providers.media.module is an APK in APEX, but has permission allowlist on the system image. Please bundle the allowlist in the com.android.mediaprovider APEX instead.
04-09 09:20:40.268 689 861 W PermissionManager: Package com.android.providers.media.module is an APK in APEX, but has permission allowlist on the system image. Please bundle the allowlist in the com.android.mediaprovider APEX instead.
04-09 09:20:40.268 689 861 W PermissionManager: Package com.android.providers.media.module is an APK in APEX, but has permission allowlist on the system image. Please bundle the allowlist in the com.android.mediaprovider APEX instead.
04-09 09:20:40.268 689 861 W PermissionManager: Package com.android.providers.media.module is an APK in APEX, but has permission allowlist on the system image. Please bundle the allowlist in the com.android.mediaprovider APEX instead.
04-09 09:20:40.268 689 861 W PermissionManager: Package com.android.providers.media.module is an APK in APEX, but has permission allowlist on the system image. Please bundle the allowlist in the com.android.mediaprovider APEX instead.
04-09 09:20:40.268 689 861 W PermissionManager: Package com.android.providers.media.module is an APK in APEX, but has permission allowlist on the system image. Please bundle the allowlist in the com.android.mediaprovider APEX instead.
04-09 09:20:40.474 689 826 W Looper : Slow dispatch took 301ms android.fg h=android.os.Handler c= m=0
04-09 09:20:40.483 689 826 W Looper : Slow delivery took 301ms android.fg h=android.os.Handler c= m=0
04-09 09:20:40.489 689 826 W Looper : Drained
04-09 09:20:40.536 689 689 D HdmiCecController: [P]:AllocatedAddress=[0]
04-09 09:20:40.536 689 689 V HotPlugDetectionAction: Finish poll all devices.
04-09 09:20:40.707 689 826 W Looper : Slow delivery took 221ms android.fg h=android.os.Handler c= m=0
04-09 09:20:40.722 689 1925 W ActivityManager: Unable to start service Intent { cmp=com.nes.sound.retail/com.nes.sound.component.service.DaemonService } U=0: not found
04-09 09:20:40.722 1052 1052 I HeartBeatUtils: ComponentInfo{com.nes.sound.retail/com.nes.sound.component.service.DaemonService} bind failed !!!Immediate reconnect!!!
04-09 09:20:40.722 1052 1052 I HeartBeatUtils: onHeartBeatStoped com.nes.sound.retail/com.nes.sound.component.service.DaemonService
04-09 09:20:40.723 689 1925 W ActivityManager: Unbind failed: could not find connection for android.os.BinderProxy@b1164e3
04-09 09:20:40.723 1052 1052 W HeartBeatUtils: start rescue com.nes.sound.retail/com.nes.sound.component.service.DaemonService
04-09 09:20:40.752 689 1925 W ActivityManager: Unable to start service Intent { cmp=com.nes.sound/.component.service.DaemonService } U=0: not found
04-09 09:20:40.753 1052 1052 I HeartBeatUtils: ComponentInfo{com.nes.sound/com.nes.sound.component.service.DaemonService} bind failed !!!Immediate reconnect!!!
04-09 09:20:40.753 1052 1052 I HeartBeatUtils: onHeartBeatStoped com.nes.sound/com.nes.sound.component.service.DaemonService
04-09 09:20:40.753 689 1925 W ActivityManager: Unbind failed: could not find connection for android.os.BinderProxy@db74ee0
04-09 09:20:40.753 1052 1052 W HeartBeatUtils: start rescue com.nes.sound/com.nes.sound.component.service.DaemonService
04-09 09:20:40.759 689 1925 D CompatibilityChangeReporter: Compat change id reported: 261072174; UID 1000; state: ENABLED
04-09 09:20:40.774 1856 1856 W ContextImpl: Calling a method in the system process without a qualified user: android.app.ContextImpl.bindService:2026 android.content.ContextWrapper.bindService:861 com.nes.sound.daemon.utils.heartbeat.HeartBeatConnectionPool.connectServiceByBinderBeans:108 com.nes.sound.daemon.utils.heartbeat.HeartBeatConnectionPool.reBindConnection:122 com.nes.sound.daemon.utils.heartbeat.HeartBeatUtils.reBindConnection:137
04-09 09:20:40.779 689 1925 W ActivityManager: Unable to start service Intent { cmp=com.nes.sound/.component.service.HeartBeatDaemonService } U=0: not found
04-09 09:20:40.779 1856 1856 I HeartBeatUtils: ComponentInfo{com.nes.sound/com.nes.sound.component.service.HeartBeatDaemonService} bind failed !!!Immediate reconnect!!!
04-09 09:20:40.779 1856 1856 I HeartBeatUtils: onHeartBeatStoped com.nes.sound/com.nes.sound.component.service.HeartBeatDaemonService
04-09 09:20:40.780 689 7267 W ActivityManager: Unbind failed: could not find connection for android.os.BinderProxy@2550599
04-09 09:20:40.781 1856 1856 W HeartBeatUtils: start rescue com.nes.sound/com.nes.sound.component.service.HeartBeatDaemonService
04-09 09:20:40.837 689 861 I PackageManager: Integrity check passed for file:///data/app/vmdl618845750.tmp
04-09 09:20:40.847 689 861 I PackageManager: Continuing with installation of file:///data/app/vmdl618845750.tmp
04-09 09:20:40.939 689 7267 D IntervalStats: Unable to parse usage stats packages: [2, 11, 17, 33, 39, 40, 43, 49, 51, 52, 55, 60, 61, 69, 70, 76]
04-09 09:20:40.943 689 861 D CompatibilityChangeReporter: Compat change id reported: 168419799; UID 10054; state: DISABLED
04-09 09:20:40.943 689 861 D CompatibilityChangeReporter: Compat change id reported: 273564678; UID 10054; state: DISABLED
04-09 09:20:41.000 689 2599 D PackageInstallerSession: Marking session 897603083 as applied
04-09 09:20:41.130 689 861 I PackageManager: Update package com.disney.disneyplus code path from /data/app/~~0pwfIo_m1TwdORc7n63mMA==/com.disney.disneyplus-FWAeWmhOet8Q9LlNCKiRmw== to /data/app/~~xJW0wCN4fihn9euJh10Izw==/com.disney.disneyplus-meXQcEqNLg42zJY0-oRR8w==; Retain data and using new
04-09 09:20:41.146 689 861 I PermissionManager: Permission ownership changed. Updating all permissions.
04-09 09:20:41.152 689 861 W PermissionManager: Package com.android.adservices.api is an APK in APEX, but has permission allowlist on the system image. Please bundle the allowlist in the com.android.adservices APEX instead.
04-09 09:20:41.306 689 861 W PermissionManager: Package com.android.providers.media.module is an APK in APEX, but has permission allowlist on the system image. Please bundle the allowlist in the com.android.mediaprovider APEX instead.
04-09 09:20:41.309 689 861 W PermissionManager: Package com.android.providers.media.module is an APK in APEX, but has permission allowlist on the system image. Please bundle the allowlist in the com.android.mediaprovider APEX instead.
04-09 09:20:41.309 689 861 W PermissionManager: Package com.android.providers.media.module is an APK in APEX, but has permission allowlist on the system image. Please bundle the allowlist in the com.android.mediaprovider APEX instead.
04-09 09:20:41.309 689 861 W PermissionManager: Package com.android.providers.media.module is an APK in APEX, but has permission allowlist on the system image. Please bundle the allowlist in the com.android.mediaprovider APEX instead.
04-09 09:20:41.309 689 861 W PermissionManager: Package com.android.providers.media.module is an APK in APEX, but has permission allowlist on the system image. Please bundle the allowlist in the com.android.mediaprovider APEX instead.
04-09 09:20:41.310 689 861 W PermissionManager: Package com.android.providers.media.module is an APK in APEX, but has permission allowlist on the system image. Please bundle the allowlist in the com.android.mediaprovider APEX instead.
04-09 09:20:41.310 689 861 W PermissionManager: Package com.android.providers.media.module is an APK in APEX, but has permission allowlist on the system image. Please bundle the allowlist in the com.android.mediaprovider APEX instead.
04-09 09:20:41.310 689 861 W PermissionManager: Package com.android.providers.media.module is an APK in APEX, but has permission allowlist on the system image. Please bundle the allowlist in the com.android.mediaprovider APEX instead.
04-09 09:20:41.310 689 861 W PermissionManager: Package com.android.providers.media.module is an APK in APEX, but has permission allowlist on the system image. Please bundle the allowlist in the com.android.mediaprovider APEX instead.
04-09 09:20:41.310 689 861 W PermissionManager: Package com.android.providers.media.module is an APK in APEX, but has permission allowlist on the system image. Please bundle the allowlist in the com.android.mediaprovider APEX instead.
04-09 09:20:41.310 689 861 W PermissionManager: Package com.android.providers.media.module is an APK in APEX, but has permission allowlist on the system image. Please bundle the allowlist in the com.android.mediaprovider APEX instead.
04-09 09:20:41.310 689 861 W PermissionManager: Package com.android.providers.media.module is an APK in APEX, but has permission allowlist on the system image. Please bundle the allowlist in the com.android.mediaprovider APEX instead.
04-09 09:20:41.491 689 827 E AutofillManagerServiceImpl: Bad service name: com.google.android.gms/.autofill.service.AutofillService
04-09 09:20:41.491 689 827 W Looper : Slow dispatch took 306ms android.ui h=com.android.server.policy.PhoneWindowManager$PolicyHandler c=null m=20
04-09 09:20:41.492 689 827 W Looper : Slow delivery took 306ms android.ui h=android.os.Handler c=com.android.server.autofill.ui.AutoFillUI$$ExternalSyntheticLambda3@92fa261 m=0
04-09 09:20:41.496 689 826 W Looper : Slow dispatch took 421ms android.fg h=android.os.Handler c= m=0
04-09 09:20:41.499 689 689 D CompatibilityChangeReporter: Compat change id reported: 175319604; UID 1000; state: ENABLED
04-09 09:20:41.502 689 689 D CompatibilityChangeReporter: Compat change id reported: 195579280; UID 1000; state: ENABLED
04-09 09:20:41.502 689 689 D CompatibilityChangeReporter: Compat change id reported: 195579280; UID 1000; state: DISABLED
04-09 09:20:41.514 689 827 W Looper : Drained
04-09 09:20:41.712 689 11289 W PackageConfigPersister: App-specific configuration not found for packageName: com.android.tv.settings and userId: 0
04-09 09:20:41.716 689 1571 D IntervalStats: Unable to parse usage stats packages: [2, 11, 17, 33, 39, 40, 43, 49, 51, 52, 55, 60, 61, 69, 70, 76]
04-09 09:20:41.844 689 826 W Looper : Slow dispatch took 161ms android.fg h=android.os.Handler c= m=0
04-09 09:20:42.011 689 953 W PackageConfigPersister: App-specific configuration not found for packageName: com.android.vending and userId: 0
04-09 09:20:42.025 689 826 W Looper : Drained
04-09 09:20:42.063 689 689 D CompatibilityChangeReporter: Compat change id reported: 135634846; UID 1000; state: DISABLED
04-09 09:20:42.112 689 837 W ActivityManager: Slow operation: 51ms so far, now at startProcess: done updating battery stats
04-09 09:20:42.112 689 837 W ActivityManager: Slow operation: 51ms so far, now at startProcess: building log message
04-09 09:20:42.112 689 837 I ActivityManager: Start proc 28601:com.android.keychain/1000 for service {com.android.keychain/com.android.keychain.KeyChainService}
04-09 09:20:42.112 689 837 W ActivityManager: Slow operation: 51ms so far, now at startProcess: starting to update pids map
04-09 09:20:42.113 689 837 W ActivityManager: Slow operation: 52ms so far, now at startProcess: done updating pids map
04-09 09:20:42.205 689 1037 D ActivityManager: sync unfroze 26861 com.google.android.permissioncontroller for 6
04-09 09:20:42.211 689 689 D TransparencyService: com.android.vending was updated. Scheduling measurement...
04-09 09:20:42.211 689 689 I TransparencyService: Scheduling binary content-digest computation job
04-09 09:20:42.211 689 689 D TransparencyService: Scheduling the next measurement to be done at least 7434466ms from now.
04-09 09:20:42.212 689 689 D CompatibilityChangeReporter: Compat change id reported: 253665015; UID 1000; state: ENABLED
04-09 09:20:42.226 689 689 D CompatibilityChangeReporter: Compat change id reported: 253665015; UID 1000; state: DISABLED
04-09 09:20:42.228 689 689 D CompatibilityChangeReporter: Compat change id reported: 194532703; UID 1000; state: ENABLED
04-09 09:20:42.229 689 689 D CompatibilityChangeReporter: Compat change id reported: 194532703; UID 1000; state: DISABLED
04-09 09:20:42.244 689 689 D TransparencyService: Job 1740526926 to measure binaries was scheduled successfully.
04-09 09:20:42.258 689 689 W Looper : Slow delivery took 230ms main h=android.app.ActivityThread$H c=android.app.LoadedApk$ReceiverDispatcher$Args$$ExternalSyntheticLambda0@38e27d3 m=0
04-09 09:20:42.286 689 826 W Looper : Slow dispatch took 138ms android.fg h=android.os.Handler c= m=0
04-09 09:20:42.287 689 689 D CompatibilityChangeReporter: Compat change id reported: 218533173; UID 10054; state: ENABLED
04-09 09:20:42.288 689 689 D CompatibilityChangeReporter: Compat change id reported: 171306433; UID 10054; state: ENABLED
04-09 09:20:42.288 689 689 W AlarmManager: Package com.android.vending, uid 10054 lost permission to set exact alarms!
04-09 09:20:42.289 689 26174 D IntervalStats: Unable to parse usage stats packages: [2, 11, 17, 33, 39, 40, 43, 49, 51, 52, 55, 60, 61, 69, 70, 76]
04-09 09:20:42.331 689 826 W Looper : Slow delivery took 271ms android.fg h=android.os.Handler c= m=0
04-09 09:20:42.331 689 861 D PackageInstallerSession: Marking session 618845750 as applied
04-09 09:20:42.356 689 689 W Looper : Drained
04-09 09:20:42.470 689 835 W TextServicesManagerService: no available spell checker services found
04-09 09:20:42.620 689 11289 W ProcessStats: Tracking association SourceState{68a54a6 system/1000 ImpBg #25096} whose proc state 6 is better than process ProcessState{91bd1af com.android.vending:background/10054 pkg=com.android.vending} proc state 14 (402 skipped)
04-09 09:20:42.683 689 826 W Looper : Slow dispatch took 271ms android.fg h=android.os.Handler c= m=0
04-09 09:20:42.832 689 1250 I ActivityManager: Flag disabled. Ignoring finishAttachApplication from uid: 1000. pid: 28601
04-09 09:20:43.106 689 689 W Looper : Slow dispatch took 175ms main h=com.android.server.alarm.AlarmManagerService$AlarmHandler c=null m=7
04-09 09:20:43.175 689 7272 I ActivityManager: Background started FGS: Allowed [callingPackage: com.android.vending; callingUid: 10054; uidState: BFGS; uidBFSL: [BFSL]; intent: Intent { act=com.google.android.finsky.BIND_DOWNLOAD_SERVICE pkg=com.android.vending (has extras) }; code:BACKGROUND_ACTIVITY_PERMISSION; tempAllowListReason:<,reasonCode:SYSTEM_ALLOW_LISTED,duration:9223372036854775807,callingUid:-1>; targetSdkVersion:36; callerTargetSdkVersion:36; startForegroundCount:0; bindFromPackage:null: isBindService:false]
04-09 09:20:43.232 689 812 D IntervalStats: Unable to parse usage stats packages: [2, 11, 17, 33, 39, 40, 43, 49, 51, 52, 55, 60, 61, 69, 70, 76]
04-09 09:20:43.283 689 689 D CompatibilityChangeReporter: Compat change id reported: 171306433; UID 1000; state: ENABLED
04-09 09:20:43.284 689 689 D CompatibilityChangeReporter: Compat change id reported: 218533173; UID 1000; state: ENABLED
04-09 09:20:43.347 689 826 W Looper : Slow dispatch took 248ms android.fg h=android.os.Handler c= m=0
04-09 09:20:43.533 689 689 W NotificationHistory: Attempted to add notif for locked/gone/disabled user 0
04-09 09:20:43.593 689 826 W Looper : Slow dispatch took 245ms android.fg h=android.os.Handler c= m=0
04-09 09:20:43.751 689 826 W Looper : Slow dispatch took 157ms android.fg h=android.os.Handler c= m=0
04-09 09:20:43.938 1070 1070 W ContextImpl: Calling a method in the system process without a qualified user: android.app.ContextImpl.sendBroadcast:1248 android.content.ContextWrapper.sendBroadcast:504 com.droidlogic.SEIService$1$2.run:74 android.os.Handler.handleCallback:958 android.os.Handler.dispatchMessage:99
