04-09 09:31:06.656 1052 1052 I HeartBeatUtils: ComponentInfo{com.nes.sound/com.nes.sound.component.service.DaemonService} bind failed !!!Immediate reconnect!!!
04-09 09:31:06.656 1052 1052 I HeartBeatUtils: onHeartBeatStoped com.nes.sound/com.nes.sound.component.service.DaemonService
04-09 09:31:06.657 689 2593 W ActivityManager: Unbind failed: could not find connection for android.os.BinderProxy@8bf7a48
04-09 09:31:06.657 1052 1052 W HeartBeatUtils: start rescue com.nes.sound/com.nes.sound.component.service.DaemonService
04-09 09:31:06.760 1856 1856 W ContextImpl: Calling a method in the system process without a qualified user: android.app.ContextImpl.bindService:2026 android.content.ContextWrapper.bindService:861 com.nes.sound.daemon.utils.heartbeat.HeartBeatConnectionPool.connectServiceByBinderBeans:108 com.nes.sound.daemon.utils.heartbeat.HeartBeatConnectionPool.reBindConnection:122 com.nes.sound.daemon.utils.heartbeat.HeartBeatUtils.reBindConnection:137
04-09 09:31:06.761 689 2593 W ActivityManager: Unable to start service Intent { cmp=com.nes.sound/.component.service.HeartBeatDaemonService } U=0: not found
04-09 09:31:06.762 1856 1856 I HeartBeatUtils: ComponentInfo{com.nes.sound/com.nes.sound.component.service.HeartBeatDaemonService} bind failed !!!Immediate reconnect!!!
04-09 09:31:06.762 1856 1856 I HeartBeatUtils: onHeartBeatStoped com.nes.sound/com.nes.sound.component.service.HeartBeatDaemonService
04-09 09:31:06.762 689 2593 W ActivityManager: Unbind failed: could not find connection for android.os.BinderProxy@c7930e1
04-09 09:31:06.763 1856 1856 W HeartBeatUtils: start rescue com.nes.sound/com.nes.sound.component.service.HeartBeatDaemonService
04-09 09:31:06.960 1070 1070 I ThermalService: CPU temperatures: [43.600002]
04-09 09:31:06.975 491 568 W libc : Access denied finding property ""
04-09 09:31:06.972 491 491 W binder:491_2: type=1400 audit(0.0:1160886): avc: denied { read } for name="u:object_r:default_prop:s0" dev="tmpfs" ino=182 scontext=u:r:hal_audio_default:s0 tcontext=u:object_r:default_prop:s0 tclass=file permissive=0
04-09 09:31:07.489 527 547 I WifiHAL : call wifi_get_link_stats handler
04-09 09:31:07.489 527 547 I WifiHAL : Creating message to get link statistics; iface = 16
04-09 09:31:07.508 689 973 D WifiClientModeImpl[30070:wlan0]: updateLinkLayerStatsRssiSpeedFrequencyCapabilities rssi=-71 TxLinkspeed=39 freq=2437 RxLinkSpeed=39
04-09 09:31:07.508 689 973 V WifiScoreCard: rssi -71 level 2 bssid c4:a3:66:f6:9d:a8 freq 2437 onTimeMs 3025 txKB 72 rxKB 1317 txKBThr 300 rxKBThr 1000
04-09 09:31:07.509 689 973 D WifiClientModeImpl[30070:wlan0]: reported txKbps 10000 rxKbps 3560
04-09 09:31:07.509 689 973 D WifiDataStall: tx tput in kbps: 25382
04-09 09:31:07.509 689 973 D WifiDataStall: rx tput in kbps: 17875
04-09 09:31:07.509 689 973 V WifiConfigManager: Updating scan detail cache freq=2437 BSSID=c4:a3:66:f6:9d:a8 RSSI=-70 for "versim"WPA_PSK
04-09 09:31:07.510 689 973 D WifiDataStall: ccaLevel = 80
04-09 09:31:07.510 689 973 D WifiDataStall: L2 txTputKbps: 14210, rxTputKbps: 26812, L3 txTputKbps: 195, rxTputKbps: 3567, TxTrafficHigh: true, RxTrafficHigh: true, Throughput Sufficient: true
04-09 09:31:07.510 689 973 D WifiScoreCard: BSSID update SIGNAL_POLL ID: 209318759 SSID: "versim", BSSID: c4:a3:66:f6:9d:a8, MAC: 40:d9:5a:d6:80:04, IP: /192.168.1.17, Security type: 2, Supplicant state: COMPLETED, Wi-Fi standard: 4, RSSI: -71, Link speed: 39Mbps, Tx Link speed: 39Mbps, Max Supported Tx Link speed: 144Mbps, Rx Link speed: 39Mbps, Max Supported Rx Link speed: 144Mbps, Frequency: 2437MHz, Net ID: 0, Metered hint: false, score: 60, isUsable: true, CarrierMerged: false, SubscriptionId: -1, IsPrimary: 1, Trusted: true, Restricted: false, Ephemeral: false, OEM paid: false, OEM private: false, OSU AP: false, FQDN: , Provider friendly name: , Requesting package name: "versim"wpa2-pskMLO Information: , Is TID-To-Link negotiation supported by the AP: false, AP MLD Address: , AP MLO Link Id: , AP MLO Affiliated links:
04-09 09:31:07.510 689 973 D WifiScoreCard: txRate: 445 txSpeed: 39
04-09 09:31:07.511 689 973 D WifiScoreCard: network update SIGNAL_POLL "versim" ID: 2122788863 RSSI -71 txSpeed 39
04-09 09:31:07.511 689 973 D WifiClientModeImpl[30070:wlan0]: ClientModeImpl$L2ConnectedState screen=on 3 0 "versim" c4:a3:66:f6:9d:a8 rssi=-71 f=2437 sc=60 link=39 tx=235.8, 208.6, 0.0 rx=18.1 bcn=0 [on:3025 tx:143 rx:1319 period:3026] from screen [on:646150 period:699687] score=60
04-09 09:31:07.512 28679 28679 W JobService: onNetworkChanged() not implemented in com.google.android.finsky.scheduler.process.mainimpl.PhoneskyJobServiceMain. Must override in a subclass.
04-09 09:31:07.521 689 982 W IPCThreadState: Sending oneway calls to frozen process.
04-09 09:31:07.521 689 982 W IPCThreadState: Sending oneway calls to frozen process.
04-09 09:31:07.522 689 982 W IPCThreadState: Sending oneway calls to frozen process.
04-09 09:31:07.524 689 982 W IPCThreadState: Sending oneway calls to frozen process.
04-09 09:31:07.525 689 982 W IPCThreadState: Sending oneway calls to frozen process.
04-09 09:31:07.525 689 15155 I WifiService: getConnectionInfo uid=10051
04-09 09:31:07.525 689 982 W IPCThreadState: Sending oneway calls to frozen process.
04-09 09:31:07.529 689 15155 V WifiService: Clearing REDACT_FOR_LOCAL_MAC_ADDRESS for com.google.android.gms(uid=10051)
04-09 09:31:07.530 689 15155 V WifiPermissionsUtil: checkCallersLocationPermission(com.google.android.gms): ok because uid 10051 has app-op android:fine_location
04-09 09:31:07.530 689 15155 V WifiService: Clearing REDACT_FOR_ACCESS_FINE_LOCATION for com.google.android.gms(uid=10051)
04-09 09:31:07.534 27275 27365 W TrustedTimeHelper: TrustedTime initialization task failed
04-09 09:31:07.534 27275 27365 W TrustedTimeHelper: agwd: 17: API: TrustedTime.API is not available on this device. Connection failed with: ConnectionResult{statusCode=API_UNAVAILABLE, resolution=null, message=null, clientMethodKey=null}
04-09 09:31:07.534 27275 27365 W TrustedTimeHelper: at ahsp.a(:com.google.android.gms@261233118@26.12.33 (180300-892550550):15)
04-09 09:31:07.534 27275 27365 W TrustedTimeHelper: at agxy.a(:com.google.android.gms@261233118@26.12.33 (180300-892550550):1)
04-09 09:31:07.534 27275 27365 W TrustedTimeHelper: at agxv.c(:com.google.android.gms@261233118@26.12.33 (180300-892550550):5)
04-09 09:31:07.534 27275 27365 W TrustedTimeHelper: at ahak.t(:com.google.android.gms@261233118@26.12.33 (180300-892550550):48)
04-09 09:31:07.534 27275 27365 W TrustedTimeHelper: at ahak.f(:com.google.android.gms@261233118@26.12.33 (180300-892550550):10)
04-09 09:31:07.534 27275 27365 W TrustedTimeHelper: at ahak.i(:com.google.android.gms@261233118@26.12.33 (180300-892550550):191)
04-09 09:31:07.534 27275 27365 W TrustedTimeHelper: at ahak.m(:com.google.android.gms@261233118@26.12.33 (180300-892550550):2)
04-09 09:31:07.534 27275 27365 W TrustedTimeHelper: at aham.run(:com.google.android.gms@261233118@26.12.33 (180300-892550550):80)
04-09 09:31:07.534 27275 27365 W TrustedTimeHelper: at android.os.Handler.handleCallback(Handler.java:958)
04-09 09:31:07.534 27275 27365 W TrustedTimeHelper: at android.os.Handler.dispatchMessage(Handler.java:99)
04-09 09:31:07.534 27275 27365 W TrustedTimeHelper: at bcbl.ik(:com.google.android.gms@261233118@26.12.33 (180300-892550550):1)
04-09 09:31:07.534 27275 27365 W TrustedTimeHelper: at bcbl.dispatchMessage(:com.google.android.gms@261233118@26.12.33 (180300-892550550):140)
04-09 09:31:07.534 27275 27365 W TrustedTimeHelper: at android.os.Looper.loopOnce(Looper.java:205)
04-09 09:31:07.534 27275 27365 W TrustedTimeHelper: at android.os.Looper.loop(Looper.java:294)
04-09 09:31:07.534 27275 27365 W TrustedTimeHelper: at android.os.HandlerThread.run(HandlerThread.java:67)
04-09 09:31:07.645 20919 20919 D Soundeq-BluetoothDevicePairer: startScanning type:1
04-09 09:31:07.646 20919 20919 D Soundeq-BluetoothDevicePairer: startScanning type:1
04-09 09:31:07.792 20919 20919 E Soundeq-BluetoothDevicePairer: what = 2
04-09 09:31:07.793 20919 20919 I Soundeq-BluetoothDevicePairer: start
04-09 09:31:07.793 20919 20919 D Soundeq-BluetoothDevicePairer: setStatus status:1
04-09 09:31:07.793 20919 20919 D Soundeq-BluetoothDevicePairer: updateListener
04-09 09:31:07.793 20919 20919 D Soundeq-DiscoverService: statusChanged
04-09 09:31:07.799 20919 20919 I Soundeq-BluetoothDevicePairer: BtScanner, name = [TV]Samsung , rssi = -62
04-09 09:31:07.806 20919 20919 I SOUND_PAIR:BluetoothScanner$Receiver.scanNow(L:265): scanNow isDiscovering = false
04-09 09:31:07.806 20919 20919 D Soundeq-BluetoothDevicePairer: Device onScanningStarted:
04-09 09:31:07.807 20919 20919 D Soundeq-BluetoothDevicePairer: Device onScanningStarted:
04-09 09:31:07.807 20919 20919 D BluetoothAdapter: [SEIBluetoothlogfordebug]startDiscovery
04-09 09:31:07.809 1383 1398 D BluetoothAdapterService: startDiscovery
04-09 09:31:07.810 1383 1493 I bluetooth: packages/modules/Bluetooth/system/bta/dm/bta_dm_main.cc:96 bta_dm_search_sm_execute: state:BTA_DM_SEARCH_IDLE, event:BTA_DM_API_SEARCH_EVT[0x200]
04-09 09:31:07.810 1383 1493 W bluetooth: packages/modules/Bluetooth/system/stack/btm/btm_inq.cc:1083 btm_clr_inq_result_flt: Memory being reset multiple times
04-09 09:31:07.811 20919 20919 I SOUND_PAIR:BluetoothScanner$Receiver.scanNow(L:270): scanNow startDiscovery
04-09 09:31:07.811 20919 20919 D SOUND_PAIR:BluetoothScanner.startListening(L:108): startListening
04-09 09:31:07.811 20919 20919 D Soundeq-BluetoothDevicePairer: handleMessage: BluetoothScanner
04-09 09:31:07.976 491 568 W libc : Access denied finding property ""
04-09 09:31:07.972 491 491 W binder:491_2: type=1400 audit(0.0:1160887): avc: denied { read } for name="u:object_r:default_prop:s0" dev="tmpfs" ino=182 scontext=u:r:hal_audio_default:s0 tcontext=u:object_r:default_prop:s0 tclass=file permissive=0
04-09 09:31:08.441 19644 24175 E OpenGLRenderer: Unable to match the desired swap behavior.
04-09 09:31:08.848 491 587 I audio_hw_hal_alsamgr: alsa format =0x1 delay frames =768 total frames=1506918400
04-09 09:31:08.962 1070 1070 I ThermalService: CPU temperatures: [42.600002]
04-09 09:31:08.968 689 843 I WifiService: getSupportedFeatures uid=1000 returns 19d81ccfc31941d
04-09 09:31:08.968 689 843 I WifiService: getWifiActivityEnergyInfoAsync uid=1000
04-09 09:31:08.968 689 843 I WifiService: getWifiActivityEnergyInfo uid=1000
04-09 09:31:08.969 527 547 I WifiHAL : call wifi_get_link_stats handler
04-09 09:31:08.969 527 547 I WifiHAL : Creating message to get link statistics; iface = 16
04-09 09:31:08.976 491 568 W libc : Access denied finding property ""
04-09 09:31:08.972 491 491 W binder:491_2: type=1400 audit(0.0:1160888): avc: denied { read } for name="u:object_r:default_prop:s0" dev="tmpfs" ino=182 scontext=u:r:hal_audio_default:s0 tcontext=u:object_r:default_prop:s0 tclass=file permissive=0
04-09 09:31:09.026 1856 2310 D DaemonService: daemonPackageName = com.nes.sound , targetPid = -1
04-09 09:31:09.026 1856 2310 I CommonUtil: startService
04-09 09:31:09.026 1856 2310 W ContextImpl: Calling a method in the system process without a qualified user: android.app.ContextImpl.startService:1927 android.content.ContextWrapper.startService:825 com.nes.sound.daemon.utils.ComponentUtil.startService:68 com.nes.sound.daemon.utils.ComponentUtil.startComponent:46 com.nes.sound.daemon.component.DaemonService.operateDaemon:97
04-09 09:31:09.027 689 15155 W ActivityManager: Unable to start service Intent { pkg=com.nes.sound cmp=com.nes.sound/.component.service.LanService } U=0: not found
04-09 09:31:09.189 1383 1493 E bt_btu_hcif: packages/modules/Bluetooth/system/stack/btu/btu_hcif.cc:182 btu_hcif_log_event_metrics: Unexpectedly received event_code:0x2f that should not be handled here
04-09 09:31:09.189 1383 1493 I bt_btif_dm: packages/modules/Bluetooth/system/btif/src/btif_dm.cc:1601 btif_dm_search_devices_evt: EIR UUIDs for xx:xx:xx:xx:8b:4f:
04-09 09:31:09.189 1383 1493 I bt_btif_dm: packages/modules/Bluetooth/system/btif/src/btif_dm.cc:1604 btif_dm_search_devices_evt: 0000110a-0000-1000-8000-00805f9b34fb
04-09 09:31:09.189 1383 1493 I bt_btif_dm: packages/modules/Bluetooth/system/btif/src/btif_dm.cc:1604 btif_dm_search_devices_evt: 0000110c-0000-1000-8000-00805f9b34fb
04-09 09:31:09.189 1383 1493 I bt_btif_dm: packages/modules/Bluetooth/system/btif/src/btif_dm.cc:1604 btif_dm_search_devices_evt: 00001200-0000-1000-8000-00805f9b34fb
04-09 09:31:09.195 20919 20919 D SOUND_PAIR:BluetoothScanner$Receiver.onReceive(L:364): Device found, address: C4:57:6E:38:8B:4F name: [TV]Samsung Rssi:-64
04-09 09:31:09.221 15384 16238 I TKM : checkAccessTokenAsync
04-09 09:31:09.221 15384 16238 D TKM : RQ TK: https://www.skywayplatform.com/application/skyway-dms-application/application/tokenWithOperator
04-09 09:31:09.223 15384 16238 D NesTokenTool: getSkywayKey
04-09 09:31:09.225 15384 16238 I System.out: PrivateKey: obj:z4.c@c8b316b
04-09 09:31:09.251 15384 16238 D TKM : requestToken: sakoo: {"brand":"Homatics","model":"Box R 4K Plus","nonce":"0f4a23a6219d44a0bcd617882ce70d0c","operator":"Homatics","product":"SEI804HM","signature":"v7W1gO6P44f2dxnBTUGi4zPdtSXv7MqZ0VZNfEC+Wb2MqnuMhUZi2mziLDCuEl2WtX8nIEt8qE7zW7iKy+wKZssJDDba4lUwwSdCEz+0Sq225+QvAbrslB5BHCbPz02Eo71KLm1qV+WPuRrFpuQ3iszUpaGEhCsde9S0mQjpWe360C/8aDpncO0BC+SzrPKQA4GBeKigMCSdRXX2NuoN2PTakM6kpts+N3E6ALTPKv9r3KDzITppzfwgzqZ4tT6jsVbeizIVoNF7ziDp3GweHrIsRtvwMiGYgD8q0UpCObrx4EBv0Z0vJsUK+048uckXVWrM7fjSp9NL7svyyuYLGQ\u003d\u003d","sn":"1254635009390000867","timestamp":1775719869222}
04-09 09:31:09.443 19644 24175 E OpenGLRenderer: Unable to match the desired swap behavior.
04-09 09:31:09.448 15384 16238 D TKM : RQ TK code: 200
04-09 09:31:09.449 15384 16238 W TKM : RQ TK: no permission!
04-09 09:31:09.449 15384 16238 D TKM : RQ TK response: {"code":18038,"message":"Non third-party project or project not bound to customer","timestamp":1775719869340}
04-09 09:31:09.451 15384 16238 I MQM : Reset tenant data
04-09 09:31:09.491 15384 16238 D Sp : privacyVersion is null
04-09 09:31:09.492 15384 16238 D SkywayService: onNoPermission: stopTask
04-09 09:31:09.493 15384 16238 D NWM : onNoPermission: stopTask
04-09 09:31:09.493 15384 16238 I BOM : setOssStatus: 100
04-09 09:31:09.495 15384 16238 I MQM : stopTask
04-09 09:31:09.495 15384 16238 W TKM : token err
04-09 09:31:09.495 15384 16238 W ContextImpl: Calling a method in the system process without a qualified user: android.app.ContextImpl.sendBroadcast:1248 android.content.ContextWrapper.sendBroadcast:504 w0.b.u:30 w0.b.n:59 w0.b.a:1
04-09 09:31:09.497 689 15155 E ActivityManager: Sending non-protected broadcast com.nes.skywayclient.Action.otaCheckError from system 15384:com.nes.skywayclient/1000 pkg com.nes.skywayclient
04-09 09:31:09.497 689 15155 E ActivityManager: java.lang.Throwable
04-09 09:31:09.497 689 15155 E ActivityManager: at com.android.server.am.ActivityManagerService.checkBroadcastFromSystem(ActivityManagerService.java:14334)
04-09 09:31:09.497 689 15155 E ActivityManager: at com.android.server.am.ActivityManagerService.broadcastIntentLockedTraced(ActivityManagerService.java:15159)
04-09 09:31:09.497 689 15155 E ActivityManager: at com.android.server.am.ActivityManagerService.broadcastIntentLocked(ActivityManagerService.java:14398)
04-09 09:31:09.497 689 15155 E ActivityManager: at com.android.server.am.ActivityManagerService.broadcastIntentWithFeature(ActivityManagerService.java:15364)
04-09 09:31:09.497 689 15155 E ActivityManager: at android.app.IActivityManager$Stub.onTransact(IActivityManager.java:2653)
04-09 09:31:09.497 689 15155 E ActivityManager: at com.android.server.am.ActivityManagerService.onTransact(ActivityManagerService.java:2720)
04-09 09:31:09.497 689 15155 E ActivityManager: at android.os.Binder.execTransactInternal(Binder.java:1339)
04-09 09:31:09.497 689 15155 E ActivityManager: at android.os.Binder.execTransact(Binder.java:1275)
04-09 09:31:09.498 15384 16238 W ContextImpl: Calling a method in the system process without a qualified user: android.app.ContextImpl.sendBroadcast:1248 android.content.ContextWrapper.sendBroadcast:504 w0.b.u:44 w0.b.n:59 w0.b.a:1
04-09 09:31:09.499 689 15155 E ActivityManager: Sending non-protected broadcast com.nes.skywayclient.Action.deviceNotOnline from system 15384:com.nes.skywayclient/1000 pkg com.nes.skywayclient
04-09 09:31:09.499 689 15155 E ActivityManager: java.lang.Throwable
04-09 09:31:09.499 689 15155 E ActivityManager: at com.android.server.am.ActivityManagerService.checkBroadcastFromSystem(ActivityManagerService.java:14334)
04-09 09:31:09.499 689 15155 E ActivityManager: at com.android.server.am.ActivityManagerService.broadcastIntentLockedTraced(ActivityManagerService.java:15159)
04-09 09:31:09.499 689 15155 E ActivityManager: at com.android.server.am.ActivityManagerService.broadcastIntentLocked(ActivityManagerService.java:14398)
04-09 09:31:09.499 689 15155 E ActivityManager: at com.android.server.am.ActivityManagerService.broadcastIntentWithFeature(ActivityManagerService.java:15364)
04-09 09:31:09.499 689 15155 E ActivityManager: at android.app.IActivityManager$Stub.onTransact(IActivityManager.java:2653)
04-09 09:31:09.499 689 15155 E ActivityManager: at com.android.server.am.ActivityManagerService.onTransact(ActivityManagerService.java:2720)
04-09 09:31:09.499 689 15155 E ActivityManager: at android.os.Binder.execTransactInternal(Binder.java:1339)
04-09 09:31:09.499 689 15155 E ActivityManager: at android.os.Binder.execTransact(Binder.java:1275)
04-09 09:31:09.501 15384 16238 I TKM : checkAccessTokenAsync period: 1
04-09 09:31:09.671 15384 16237 D e : topActivityPackage: com.dunehd.app, appCollectType: 1 , launcherPackage: com.google.android.tvlauncher, video: false
04-09 09:31:09.671 15384 16237 D e : no register no record
04-09 09:31:09.977 491 568 W libc : Access denied finding property ""
04-09 09:31:09.972 491 491 W binder:491_2: type=1400 audit(0.0:1160889): avc: denied { read } for name="u:object_r:default_prop:s0" dev="tmpfs" ino=182 scontext=u:r:hal_audio_default:s0 tcontext=u:object_r:default_prop:s0 tclass=file permissive=0
04-09 09:31:10.482 491 587 I audio_hw_hal_alsamgr: alsa format =0x9000000 delay frames =2304 total frames=1506816000
04-09 09:31:10.512 527 547 I WifiHAL : call wifi_get_link_stats handler
04-09 09:31:10.512 527 547 I WifiHAL : Creating message to get link statistics; iface = 16
04-09 09:31:10.533 689 973 D WifiClientModeImpl[30070:wlan0]: updateLinkLayerStatsRssiSpeedFrequencyCapabilities rssi=-72 TxLinkspeed=39 freq=2437 RxLinkSpeed=52
04-09 09:31:10.533 689 973 D WifiScoreCard: 1 lastSampleWeight=77/128 filterInKbps=10000 avgKbps=10000 filterOutKbps=6125
04-09 09:31:10.534 689 973 D WifiClientModeImpl[30070:wlan0]: reported txKbps 10000 rxKbps 6125
04-09 09:31:10.534 689 973 D WifiDataStall: tx tput in kbps: 14210
04-09 09:31:10.534 689 973 D WifiDataStall: rx tput in kbps: 26812
04-09 09:31:10.534 689 973 V WifiConfigManager: Updating scan detail cache freq=2437 BSSID=c4:a3:66:f6:9d:a8 RSSI=-71 for "versim"WPA_PSK
04-09 09:31:10.535 689 973 D WifiDataStall: ccaLevel = 80
04-09 09:31:10.535 689 973 D WifiDataStall: L2 txTputKbps: 26812, rxTputKbps: 35750, L3 txTputKbps: 2, rxTputKbps: 1, TxTrafficHigh: true, RxTrafficHigh: true, Throughput Sufficient: true
04-09 09:31:10.535 689 973 D WifiScoreCard: BSSID update SIGNAL_POLL ID: 209318759 SSID: "versim", BSSID: c4:a3:66:f6:9d:a8, MAC: 40:d9:5a:d6:80:04, IP: /192.168.1.17, Security type: 2, Supplicant state: COMPLETED, Wi-Fi standard: 4, RSSI: -72, Link speed: 39Mbps, Tx Link speed: 39Mbps, Max Supported Tx Link speed: 144Mbps, Rx Link speed: 52Mbps, Max Supported Rx Link speed: 144Mbps, Frequency: 2437MHz, Net ID: 0, Metered hint: false, score: 60, isUsable: true, CarrierMerged: false, SubscriptionId: -1, IsPrimary: 1, Trusted: true, Restricted: false, Ephemeral: false, OEM paid: false, OEM private: false, OSU AP: false, FQDN: , Provider friendly name: , Requesting package name: "versim"wpa2-pskMLO Information: , Is TID-To-Link negotiation supported by the AP: false, AP MLD Address: , AP MLO Link Id: , AP MLO Affiliated links:
04-09 09:31:10.535 689 973 D WifiScoreCard: txRate: 164 txSpeed: 39
04-09 09:31:10.537 28679 28679 W JobService: onNetworkChanged() not implemented in com.google.android.finsky.scheduler.process.mainimpl.PhoneskyJobServiceMain. Must override in a subclass.
04-09 09:31:10.538 689 973 D WifiScoreCard: network update SIGNAL_POLL "versim" ID: 2122788863 RSSI -72 txSpeed 39
04-09 09:31:10.538 689 973 D WifiClientModeImpl[30070:wlan0]: ClientModeImpl$L2ConnectedState screen=on 3 0 "versim" c4:a3:66:f6:9d:a8 rssi=-72 f=2437 sc=60 link=39 tx=87.8, 76.1, 0.0 rx=8.3 bcn=0 [on:3025 tx:8 rx:583 period:3027] from screen [on:649175 period:702714] score=60
04-09 09:31:10.545 689 982 W IPCThreadState: Sending oneway calls to frozen process.
04-09 09:31:10.545 689 982 W IPCThreadState: Sending oneway calls to frozen process.
04-09 09:31:10.546 689 982 W IPCThreadState: Sending oneway calls to frozen process.
04-09 09:31:10.549 689 982 W IPCThreadState: Sending oneway calls to frozen process.
04-09 09:31:10.549 689 982 W IPCThreadState: Sending oneway calls to frozen process.
04-09 09:31:10.549 689 2593 I WifiService: getConnectionInfo uid=10051
04-09 09:31:10.549 689 982 W IPCThreadState: Sending oneway calls to frozen process.
04-09 09:31:10.550 689 2593 V WifiService: Clearing REDACT_FOR_LOCAL_MAC_ADDRESS for com.google.android.gms(uid=10051)
04-09 09:31:10.551 689 2593 V WifiPermissionsUtil: checkCallersLocationPermission(com.google.android.gms): ok because uid 10051 has app-op android:fine_location
04-09 09:31:10.552 689 2593 V WifiService: Clearing REDACT_FOR_ACCESS_FINE_LOCATION for com.google.android.gms(uid=10051)
04-09 09:31:10.556 27275 27365 W TrustedTimeHelper: TrustedTime initialization task failed
04-09 09:31:10.556 27275 27365 W TrustedTimeHelper: agwd: 17: API: TrustedTime.API is not available on this device. Connection failed with: ConnectionResult{statusCode=API_UNAVAILABLE, resolution=null, message=null, clientMethodKey=null}
04-09 09:31:10.556 27275 27365 W TrustedTimeHelper: at ahsp.a(:com.google.android.gms@261233118@26.12.33 (180300-892550550):15)
04-09 09:31:10.556 27275 27365 W TrustedTimeHelper: at agxy.a(:com.google.android.gms@261233118@26.12.33 (180300-892550550):1)
04-09 09:31:10.556 27275 27365 W TrustedTimeHelper: at agxv.c(:com.google.android.gms@261233118@26.12.33 (180300-892550550):5)
04-09 09:31:10.556 27275 27365 W TrustedTimeHelper: at ahak.t(:com.google.android.gms@261233118@26.12.33 (180300-892550550):48)
04-09 09:31:10.556 27275 27365 W TrustedTimeHelper: at ahak.f(:com.google.android.gms@261233118@26.12.33 (180300-892550550):10)
04-09 09:31:10.556 27275 27365 W TrustedTimeHelper: at ahak.i(:com.google.android.gms@261233118@26.12.33 (180300-892550550):191)
04-09 09:31:10.556 27275 27365 W TrustedTimeHelper: at ahak.m(:com.google.android.gms@261233118@26.12.33 (180300-892550550):2)
04-09 09:31:10.556 27275 27365 W TrustedTimeHelper: at aham.run(:com.google.android.gms@261233118@26.12.33 (180300-892550550):80)
04-09 09:31:10.556 27275 27365 W TrustedTimeHelper: at android.os.Handler.handleCallback(Handler.java:958)
04-09 09:31:10.556 27275 27365 W TrustedTimeHelper: at android.os.Handler.dispatchMessage(Handler.java:99)
04-09 09:31:10.556 27275 27365 W TrustedTimeHelper: at bcbl.ik(:com.google.android.gms@261233118@26.12.33 (180300-892550550):1)
04-09 09:31:10.556 27275 27365 W TrustedTimeHelper: at bcbl.dispatchMessage(:com.google.android.gms@261233118@26.12.33 (180300-892550550):140)
04-09 09:31:10.556 27275 27365 W TrustedTimeHelper: at android.os.Looper.loopOnce(Looper.java:205)
04-09 09:31:10.556 27275 27365 W TrustedTimeHelper: at android.os.Looper.loop(Looper.java:294)
04-09 09:31:10.556 27275 27365 W TrustedTimeHelper: at android.os.HandlerThread.run(HandlerThread.java:67)
04-09 09:31:10.966 1070 1070 I ThermalService: CPU temperatures: [42.000004]
04-09 09:31:10.977 491 568 W libc : Access denied finding property ""
04-09 09:31:10.972 491 491 W binder:491_2: type=1400 audit(0.0:1160890): avc: denied { read } for name="u:object_r:default_prop:s0" dev="tmpfs" ino=182 scontext=u:r:hal_audio_default:s0 tcontext=u:object_r:default_prop:s0 tclass=file permissive=0
04-09 09:31:11.000 20919 20919 E Soundeq-BluetoothDevicePairer: what = 3
04-09 09:31:11.000 20919 20919 D Soundeq-BluetoothDevicePairer: handleMessage: MSG_SCANNING_TIMEOUT
04-09 09:31:11.000 20919 20919 D Soundeq-BluetoothDevicePairer: stopScanning leScan:false
04-09 09:31:11.001 20919 20919 D SOUND_PAIR:BluetoothScanner.stopListening(L:117): stopListening
04-09 09:31:11.001 20919 20919 D Soundeq-BluetoothDevicePairer: setStatus status:1
04-09 09:31:11.001 20919 20919 D Soundeq-BluetoothDevicePairer: updateListener
04-09 09:31:11.001 20919 20919 D Soundeq-DiscoverService: statusChanged
04-09 09:31:11.655 689 2593 W ActivityManager: Unable to start service Intent { cmp=com.nes.sound.retail/com.nes.sound.component.service.DaemonService } U=0: not found
04-09 09:31:11.656 1052 1052 I HeartBeatUtils: ComponentInfo{com.nes.sound.retail/com.nes.sound.component.service.DaemonService} bind failed !!!Immediate reconnect!!!
04-09 09:31:11.656 1052 1052 I HeartBeatUtils: onHeartBeatStoped com.nes.sound.retail/com.nes.sound.component.service.DaemonService
04-09 09:31:11.656 689 2593 W ActivityManager: Unbind failed: could not find connection for android.os.BinderProxy@f9f1451
04-09 09:31:11.656 1052 1052 W HeartBeatUtils: start rescue com.nes.sound.retail/com.nes.sound.component.service.DaemonService
04-09 09:31:11.659 689 2593 W ActivityManager: Unable to start service Intent { cmp=com.nes.sound/.component.service.DaemonService } U=0: not found
04-09 09:31:11.659 1052 1052 I HeartBeatUtils: ComponentInfo{com.nes.sound/com.nes.sound.component.service.DaemonService} bind failed !!!Immediate reconnect!!!
04-09 09:31:11.659 1052 1052 I HeartBeatUtils: onHeartBeatStoped com.nes.sound/com.nes.sound.component.service.DaemonService
04-09 09:31:11.660 689 2593 W ActivityManager: Unbind failed: could not find connection for android.os.BinderProxy@69284b6
04-09 09:31:11.660 1052 1052 W HeartBeatUtils: start rescue com.nes.sound/com.nes.sound.component.service.DaemonService
04-09 09:31:11.768 1856 1856 W ContextImpl: Calling a method in the system process without a qualified user: android.app.ContextImpl.bindService:2026 android.content.ContextWrapper.bindService:861 com.nes.sound.daemon.utils.heartbeat.HeartBeatConnectionPool.connectServiceByBinderBeans:108 com.nes.sound.daemon.utils.heartbeat.HeartBeatConnectionPool.reBindConnection:122 com.nes.sound.daemon.utils.heartbeat.HeartBeatUtils.reBindConnection:137
04-09 09:31:11.770 689 2593 W ActivityManager: Unable to start service Intent { cmp=com.nes.sound/.component.service.HeartBeatDaemonService } U=0: not found
04-09 09:31:11.770 1856 1856 I HeartBeatUtils: ComponentInfo{com.nes.sound/com.nes.sound.component.service.HeartBeatDaemonService} bind failed !!!Immediate reconnect!!!
04-09 09:31:11.770 1856 1856 I HeartBeatUtils: onHeartBeatStoped com.nes.sound/com.nes.sound.component.service.HeartBeatDaemonService
04-09 09:31:11.770 689 2593 W ActivityManager: Unbind failed: could not find connection for android.os.BinderProxy@b9625b7
04-09 09:31:11.771 1856 1856 W HeartBeatUtils: start rescue com.nes.sound/com.nes.sound.component.service.HeartBeatDaemonService
04-09 09:31:11.978 491 568 W libc : Access denied finding property ""
04-09 09:31:11.972 491 491 W binder:491_2: type=1400 audit(0.0:1160891): avc: denied { read } for name="u:object_r:default_prop:s0" dev="tmpfs" ino=182 scontext=u:r:hal_audio_default:s0 tcontext=u:object_r:default_prop:s0 tclass=file permissive=0
04-09 09:31:12.445 19644 24175 E OpenGLRenderer: Unable to match the desired swap behavior.
04-09 09:31:12.646 20919 20919 E Soundeq-BluetoothDevicePairer: what = 2
04-09 09:31:12.646 20919 20919 I Soundeq-BluetoothDevicePairer: start
04-09 09:31:12.646 20919 20919 D Soundeq-BluetoothDevicePairer: setStatus status:1
04-09 09:31:12.646 20919 20919 D Soundeq-BluetoothDevicePairer: updateListener
04-09 09:31:12.646 20919 20919 D Soundeq-DiscoverService: statusChanged
04-09 09:31:12.649 20919 20919 D BluetoothAdapter: [SEIBluetoothlogfordebug]cancelDiscovery
04-09 09:31:12.651 1383 1398 D BluetoothAdapterService: cancelDiscovery
04-09 09:31:12.651 1383 1493 I bt_btif_dm: packages/modules/Bluetooth/system/btif/src/btif_dm.cc:2526 btif_dm_cancel_discovery: Cancel search
04-09 09:31:12.651 1383 1493 I bluetooth: packages/modules/Bluetooth/system/bta/dm/bta_dm_main.cc:96 bta_dm_search_sm_execute: state:BTA_DM_SEARCH_ACTIVE, event:BTA_DM_API_SEARCH_CANCEL_EVT[0x201]
04-09 09:31:12.651 20919 20919 D BluetoothAdapter: isLeEnabled(): ON
04-09 09:31:12.651 1383 1493 E bluetooth: packages/modules/Bluetooth/system/stack/btm/btm_inq.cc:1539 btm_process_inq_complete: Received inquiry complete when no inquiry was active
04-09 09:31:12.651 1383 1493 I bt_bta_dm: packages/modules/Bluetooth/system/bta/dm/bta_dm_act.cc:1460 bta_dm_search_cmpl: No BLE connection, processing classic results
04-09 09:31:12.654 1383 1493 E bluetooth: packages/modules/Bluetooth/system/stack/btm/btm_inq.cc:1539 btm_process_inq_complete: Received inquiry complete when no inquiry was active
04-09 09:31:12.662 1383 1398 I bt_stack: [INFO:le_scanning_manager.cc(155)] RegisterScanner in shim layer
04-09 09:31:12.668 20919 29775 D BluetoothLeScanner: onScannerRegistered() - status=0 scannerId=2 mScannerId=0
04-09 09:31:12.675 1383 1398 D ActivityAttributionService: notifyActivityAttributionInfo UID=1002 packageName=com.android.bluetooth deviceAddress=no_active_device_address
04-09 09:31:12.675 1383 1398 I bt_btif : packages/modules/Bluetooth/system/btif/src/bluetooth.cc:845 get_profile_interface: get_profile_interface: id = activity_attribution
04-09 09:31:12.675 1383 1830 I bt_stack: [INFO:le_scanning_manager.cc(268)] ScanFilterEnable in shim layer
04-09 09:31:12.677 1383 1830 I bt_stack: [INFO:le_scanning_manager.cc(204)] ScanFilterParamSetup in shim layer
04-09 09:31:12.678 1383 1830 I bt_stack: [INFO:le_scanning_manager.cc(168)] Scan in shim layer started
04-09 09:31:12.678 1383 1501 I bluetooth: packages/modules/Bluetooth/system/gd/hci/le_scanning_manager.cc:593 stop_scan: Scanning already stopped, return!
04-09 09:31:12.678 1383 1501 I bluetooth: packages/modules/Bluetooth/system/gd/hci/le_address_manager.cc:178 register_client: Client registered
04-09 09:31:12.678 1383 1830 I bt_stack: [INFO:le_scanning_manager.cc(168)] Scan in shim layer stopped
04-09 09:31:12.678 1383 1830 I bt_stack: [INFO:le_scanning_manager.cc(346)] SetScanParameters in shim layer
04-09 09:31:12.678 1383 1830 I bt_stack: [INFO:le_scanning_manager.cc(168)] Scan in shim layer started
04-09 09:31:12.679 1383 1830 D BtGatt.ScanManager: isCtsTestActivity: false
04-09 09:31:12.679 1383 1501 I bluetooth: packages/modules/Bluetooth/system/gd/hci/le_address_manager.cc:193 unregister_client: Client unregistered
04-09 09:31:12.679 1383 1501 I bluetooth: packages/modules/Bluetooth/system/gd/hci/le_scanning_manager.cc:593 stop_scan: Scanning already stopped, return!
04-09 09:31:12.679 20919 20919 D Soundeq-BluetoothDevicePairer: Device onScanningStarted:
04-09 09:31:12.680 1383 1501 I bluetooth: packages/modules/Bluetooth/system/gd/hci/le_address_manager.cc:178 register_client: Client registered
04-09 09:31:12.681 20919 20919 D Soundeq-BluetoothDevicePairer: handleMessage: LeScanner
04-09 09:31:12.682 20919 20919 E Soundeq-BluetoothDevicePairer: what = 2
04-09 09:31:12.682 20919 20919 I Soundeq-BluetoothDevicePairer: start
04-09 09:31:12.682 20919 20919 D Soundeq-BluetoothDevicePairer: setStatus status:1
04-09 09:31:12.682 20919 20919 D Soundeq-BluetoothDevicePairer: updateListener
04-09 09:31:12.683 20919 20919 D Soundeq-DiscoverService: statusChanged
04-09 09:31:12.690 20919 20919 I Soundeq-BluetoothDevicePairer: BtScanner, name = [TV]Samsung , rssi = -62
04-09 09:31:12.699 20919 20919 I SOUND_PAIR:BluetoothScanner$Receiver.scanNow(L:265): scanNow isDiscovering = false
04-09 09:31:12.699 20919 20919 D Soundeq-BluetoothDevicePairer: Device onScanningStarted:
04-09 09:31:12.699 20919 20919 D Soundeq-BluetoothDevicePairer: Device onScanningStarted:
04-09 09:31:12.699 20919 20919 D BluetoothAdapter: [SEIBluetoothlogfordebug]startDiscovery
04-09 09:31:12.701 1383 1398 D BluetoothAdapterService: startDiscovery
04-09 09:31:12.703 1383 1493 I bluetooth: packages/modules/Bluetooth/system/bta/dm/bta_dm_main.cc:96 bta_dm_search_sm_execute: state:BTA_DM_SEARCH_IDLE, event:BTA_DM_API_SEARCH_EVT[0x200]
04-09 09:31:12.703 1383 1493 W bluetooth: packages/modules/Bluetooth/system/stack/btm/btm_inq.cc:1083 btm_clr_inq_result_flt: Memory being reset multiple times
04-09 09:31:12.704 20919 20919 I SOUND_PAIR:BluetoothScanner$Receiver.scanNow(L:270): scanNow startDiscovery
04-09 09:31:12.705 20919 20919 D SOUND_PAIR:BluetoothScanner.startListening(L:108): startListening
04-09 09:31:12.705 20919 20919 D Soundeq-BluetoothDevicePairer: handleMessage: BluetoothScanner
04-09 09:31:12.967 1070 1070 I ThermalService: CPU temperatures: [42.4]
04-09 09:31:12.978 491 568 W libc : Access denied finding property ""
04-09 09:31:12.976 491 491 W binder:491_2: type=1400 audit(0.0:1160892): avc: denied { read } for name="u:object_r:default_prop:s0" dev="tmpfs" ino=182 scontext=u:r:hal_audio_default:s0 tcontext=u:object_r:default_prop:s0 tclass=file permissive=0
04-09 09:31:13.542 527 547 I WifiHAL : call wifi_get_link_stats handler
04-09 09:31:13.542 527 547 I WifiHAL : Creating message to get link statistics; iface = 16
04-09 09:31:13.563 689 973 D WifiClientModeImpl[30070:wlan0]: updateLinkLayerStatsRssiSpeedFrequencyCapabilities rssi=-71 TxLinkspeed=39 freq=2437 RxLinkSpeed=52
04-09 09:31:13.563 689 973 D WifiScoreCard: 1 lastSampleWeight=47/128 filterInKbps=10000 avgKbps=10000 filterOutKbps=8577
04-09 09:31:13.564 689 973 D WifiClientModeImpl[30070:wlan0]: reported txKbps 10000 rxKbps 8577
04-09 09:31:13.564 689 973 D WifiDataStall: tx tput in kbps: 26812
04-09 09:31:13.564 689 973 D WifiDataStall: rx tput in kbps: 35750
04-09 09:31:13.564 689 973 V WifiConfigManager: Updating scan detail cache freq=2437 BSSID=c4:a3:66:f6:9d:a8 RSSI=-71 for "versim"WPA_PSK
04-09 09:31:13.565 689 973 D WifiDataStall: ccaLevel = 80
04-09 09:31:13.565 689 973 D WifiDataStall: L2 txTputKbps: 25471, rxTputKbps: 35750, L3 txTputKbps: 0, rxTputKbps: 0, TxTrafficHigh: false, RxTrafficHigh: false, Throughput Sufficient: true
04-09 09:31:13.565 689 973 D WifiScoreCard: BSSID update SIGNAL_POLL ID: 209318759 SSID: "versim", BSSID: c4:a3:66:f6:9d:a8, MAC: 40:d9:5a:d6:80:04, IP: /192.168.1.17, Security type: 2, Supplicant state: COMPLETED, Wi-Fi standard: 4, RSSI: -71, Link speed: 39Mbps, Tx Link speed: 39Mbps, Max Supported Tx Link speed: 144Mbps, Rx Link speed: 52Mbps, Max Supported Rx Link speed: 144Mbps, Frequency: 2437MHz, Net ID: 0, Metered hint: false, score: 60, isUsable: true, CarrierMerged: false, SubscriptionId: -1, IsPrimary: 1, Trusted: true, Restricted: false, Ephemeral: false, OEM paid: false, OEM private: false, OSU AP: false, FQDN: , Provider friendly name: , Requesting package name: "versim"wpa2-pskMLO Information: , Is TID-To-Link negotiation supported by the AP: false, AP MLD Address: , AP MLO Link Id: , AP MLO Affiliated links:
04-09 09:31:13.565 689 973 D WifiScoreCard: txRate: 61 txSpeed: 39
04-09 09:31:13.566 689 973 D WifiScoreCard: network update SIGNAL_POLL "versim" ID: 2122788863 RSSI -71 txSpeed 39
04-09 09:31:13.567 689 973 D WifiClientModeImpl[30070:wlan0]: ClientModeImpl$L2ConnectedState screen=on 3 0 "versim" c4:a3:66:f6:9d:a8 rssi=-71 f=2437 sc=60 link=39 tx=32.8, 28.1, 0.0 rx=3.8 bcn=0 [on:3030 tx:3 rx:715 period:3028] from screen [on:652205 period:705743] score=60
04-09 09:31:13.567 28679 28679 W JobService: onNetworkChanged() not implemented in com.google.android.finsky.scheduler.process.mainimpl.PhoneskyJobServiceMain. Must override in a subclass.
04-09 09:31:13.575 689 982 W IPCThreadState: Sending oneway calls to frozen process.
04-09 09:31:13.576 689 982 W IPCThreadState: Sending oneway calls to frozen process.
04-09 09:31:13.576 689 982 W IPCThreadState: Sending oneway calls to frozen process.
04-09 09:31:13.579 689 982 W IPCThreadState: Sending oneway calls to frozen process.
04-09 09:31:13.579 689 982 W IPCThreadState: Sending oneway calls to frozen process.
04-09 09:31:13.579 689 982 W IPCThreadState: Sending oneway calls to frozen process.
04-09 09:31:13.580 689 2593 I WifiService: getConnectionInfo uid=10051
04-09 09:31:13.580 689 2593 V WifiService: Clearing REDACT_FOR_LOCAL_MAC_ADDRESS for com.google.android.gms(uid=10051)
04-09 09:31:13.582 689 2593 V WifiPermissionsUtil: checkCallersLocationPermission(com.google.android.gms): ok because uid 10051 has app-op android:fine_location
04-09 09:31:13.583 689 2593 V WifiService: Clearing REDACT_FOR_ACCESS_FINE_LOCATION for com.google.android.gms(uid=10051)
04-09 09:31:13.586 27275 27365 W TrustedTimeHelper: TrustedTime initialization task failed
04-09 09:31:13.586 27275 27365 W TrustedTimeHelper: agwd: 17: API: TrustedTime.API is not available on this device. Connection failed with: ConnectionResult{statusCode=API_UNAVAILABLE, resolution=null, message=null, clientMethodKey=null}
04-09 09:31:13.586 27275 27365 W TrustedTimeHelper: at ahsp.a(:com.google.android.gms@261233118@26.12.33 (180300-892550550):15)
04-09 09:31:13.586 27275 27365 W TrustedTimeHelper: at agxy.a(:com.google.android.gms@261233118@26.12.33 (180300-892550550):1)
04-09 09:31:13.586 27275 27365 W TrustedTimeHelper: at agxv.c(:com.google.android.gms@261233118@26.12.33 (180300-892550550):5)
04-09 09:31:13.586 27275 27365 W TrustedTimeHelper: at ahak.t(:com.google.android.gms@261233118@26.12.33 (180300-892550550):48)
04-09 09:31:13.586 27275 27365 W TrustedTimeHelper: at ahak.f(:com.google.android.gms@261233118@26.12.33 (180300-892550550):10)
04-09 09:31:13.586 27275 27365 W TrustedTimeHelper: at ahak.i(:com.google.android.gms@261233118@26.12.33 (180300-892550550):191)
04-09 09:31:13.586 27275 27365 W TrustedTimeHelper: at ahak.m(:com.google.android.gms@261233118@26.12.33 (180300-892550550):2)
04-09 09:31:13.586 27275 27365 W TrustedTimeHelper: at aham.run(:com.google.android.gms@261233118@26.12.33 (180300-892550550):80)
04-09 09:31:13.586 27275 27365 W TrustedTimeHelper: at android.os.Handler.handleCallback(Handler.java:958)
04-09 09:31:13.586 27275 27365 W TrustedTimeHelper: at android.os.Handler.dispatchMessage(Handler.java:99)
04-09 09:31:13.586 27275 27365 W TrustedTimeHelper: at bcbl.ik(:com.google.android.gms@261233118@26.12.33 (180300-892550550):1)
04-09 09:31:13.586 27275 27365 W TrustedTimeHelper: at bcbl.dispatchMessage(:com.google.android.gms@261233118@26.12.33 (180300-892550550):140)
04-09 09:31:13.586 27275 27365 W TrustedTimeHelper: at android.os.Looper.loopOnce(Looper.java:205)
04-09 09:31:13.586 27275 27365 W TrustedTimeHelper: at android.os.Looper.loop(Looper.java:294)
04-09 09:31:13.586 27275 27365 W TrustedTimeHelper: at android.os.HandlerThread.run(HandlerThread.java:67)
04-09 09:31:13.921 689 941 D WindowManager: interceptKeyTq mSeiHdmiCecManager begin !
04-09 09:31:13.921 689 941 D SeiHdmiCecManager: Projector cec fun is disable!
04-09 09:31:13.922 689 940 D WindowManager: interceptKeyTi keyCode=172 action=0 repeatCount=0 keyguardOn=false canceled=false
04-09 09:31:13.922 689 940 D WindowManager: isInterceptKeyWhenSound enableSoundEq = true
04-09 09:31:13.922 689 940 D WindowManager: isInterceptKeyWhenSound getKeyCode = 172
04-09 09:31:13.926 15361 15361 I GlobalKeyReceiver: Get keyevent 172 action is 0 beganFromNonInteractive is false
04-09 09:31:13.928 15361 15361 I ActionHandler: handler key, keyCode=172 action is DOWN
04-09 09:31:13.979 491 568 W libc : Access denied finding property ""
04-09 09:31:13.976 491 491 W binder:491_2: type=1400 audit(0.0:1160893): avc: denied { read } for name="u:object_r:default_prop:s0" dev="tmpfs" ino=182 scontext=u:r:hal_audio_default:s0 tcontext=u:object_r:default_prop:s0 tclass=file permissive=0
04-09 09:31:14.157 689 941 D WindowManager: interceptKeyTq mSeiHdmiCecManager begin !
04-09 09:31:14.157 689 941 D SeiHdmiCecManager: Projector cec fun is disable!
04-09 09:31:14.158 689 940 D WindowManager: interceptKeyTi keyCode=172 action=1 repeatCount=0 keyguardOn=false canceled=false
04-09 09:31:14.158 689 940 D WindowManager: isInterceptKeyWhenSound enableSoundEq = true
04-09 09:31:14.158 689 940 D WindowManager: isInterceptKeyWhenSound getKeyCode = 172
04-09 09:31:14.162 15361 15361 I GlobalKeyReceiver: Get keyevent 172 action is 1 beganFromNonInteractive is false
04-09 09:31:14.163 15361 15361 I ActionHandler: handler key, keyCode=172 action is UP
04-09 09:31:14.165 15361 15361 E InterceptorForSEI800YYJ: intercept: guide|!oem + seilivetv = seilivetv
04-09 09:31:14.168 15361 15361 W ContextImpl: Calling a method in the system process without a qualified user: android.app.ContextImpl.startActivity:1115 android.content.ContextWrapper.startActivity:436 com.nes.tvglobalkeyhandler.intercept.d0.a:210 com.nes.tvglobalkeyhandler.e.m:55 com.nes.tvglobalkeyhandler.GlobalKeyReceiver.onReceive:146
04-09 09:31:14.168 15361 15361 W ContextImpl: Calling a method in the system process without a qualified user: android.app.ContextImpl.startActivity:1142 android.app.ContextImpl.startActivity:1116 android.content.ContextWrapper.startActivity:436 com.nes.tvglobalkeyhandler.intercept.d0.a:210 com.nes.tvglobalkeyhandler.e.m:55
04-09 09:31:14.185 689 15155 E CellBroadcastUtils: getDefaultCellBroadcastReceiverPackageName: no package found
04-09 09:31:14.193 689 15155 E Transition: Trying to add a ready-group twice: Display{#0 state=ON size=1920x1080 ROTATION_0}
04-09 09:31:14.195 689 15155 D CompatibilityChangeReporter: Compat change id reported: 194833441; UID 1000; state: ENABLED
04-09 09:31:14.195 689 15155 I ActivityTaskManager: START u0 {act=android.intent.action.MAIN cat=[android.intent.category.LEANBACK_LAUNCHER] flg=0x10000000 pkg=com.nes.seilivetv cmp=com.nes.seilivetv/.ui.activity.MainActivity} with LAUNCH_SINGLE_TASK from uid 1000 (BAL_ALLOW_ALLOWLISTED_UID) result code=0
04-09 09:31:14.195 1052 1170 V WindowManagerShell: Transition requested: android.os.BinderProxy@e8cf1ef TransitionRequestInfo { type = OPEN, triggerTask = TaskInfo{userId=0 taskId=431 displayId=0 isRunning=true baseIntent=Intent { act=android.intent.action.MAIN cat=[android.intent.category.LEANBACK_LAUNCHER] flg=0x10000000 pkg=com.nes.seilivetv cmp=com.nes.seilivetv/.ui.activity.MainActivity } baseActivity=ComponentInfo{com.nes.seilivetv/com.nes.seilivetv.ui.activity.TvActivity} topActivity=ComponentInfo{com.nes.seilivetv/com.nes.seilivetv.ui.activity.MainActivity} origActivity=null realActivity=ComponentInfo{com.nes.seilivetv/com.nes.seilivetv.ui.activity.MainActivity} numActivities=2 lastActiveTime=653246892 supportsMultiWindow=false resizeMode=1 isResizeable=true minWidth=-1 minHeight=-1 defaultMinSize=220 token=WCT{android.window.IWindowContainerToken$Stub$Proxy@19404fc} topActivityType=1 pictureInPictureParams=null shouldDockBigOverlays=true launchIntoPipHostTaskId=-1 lastParentTaskIdBeforePip=-1 displayCutoutSafeInsets=null topActivityInfo=ActivityInfo{c731785 com.nes.seilivetv.ui.activity.MainActivity} launchCookies=[] positionInParent=Point(0, 0) parentTaskId=-1 isFocused=false isVisible=false isVisibleRequested=false isSleeping=false topActivityInSizeCompat=false topActivityEligibleForLetterboxEducation= false topActivityLetterboxed= false isFromDoubleTap= false topActivityLetterboxVerticalPosition= -1 topActivityLetterboxHorizontalPosition= -1 topActivityLetterboxWidth=-1 topActivityLetterboxHeight=-1 locusId=null displayAreaFeatureId=1 cameraCompatControlState=hidden}, remoteTransition = null, displayChange = null }
04-09 09:31:14.196 16489 16489 V threaded_app: Pause: 0xe2c6c6f0
04-09 09:31:14.197 16489 29519 V threaded_app: activityState=13
04-09 09:31:14.199 16489 16489 I MainActivity: onPause
04-09 09:31:14.199 16489 16489 D MainActivity: externalAndroidPlayerOnPause(): flagFileExists = false
04-09 09:31:14.200 16489 16489 I AndroidJavaUtils: getMyMemoryState(): lastTrimLevel=0, importance=100, lru=0, importanceReasonCode=0
04-09 09:31:14.201 16489 16489 I AndroidJavaUtils: getMemoryInfo(): availMem=1622716416, lowMemory=false, threshold=150994944, totalMem=3581399040
04-09 09:31:14.219 689 841 W libprocessgroup: SetCgroup::ExecuteForProcess: failed to open /dev/stune/top-app/cgroup.procs: No such file or directory
04-09 09:31:14.220 1070 29226 D NetflixService: onForegroundActivitiesChanged pid:24960,uid:1000,fg:true
04-09 09:31:14.221 1070 1089 D DroidLogicBenchService: onForegroundActivitiesChanged pid:24960,uid:1000,fg:true
04-09 09:31:14.225 252 252 I BpBinder: onLastStrongRef automatically unlinking death recipients:
04-09 09:31:14.247 24960 24960 E m.nes.seilivetv: Invalid resource ID 0x00000000.
04-09 09:31:14.247 16489 16489 I MainActivity: onWindowFocusChanged(): 0, top: 435/com.dunehd.app
04-09 09:31:14.247 16489 16489 V threaded_app: WindowFocusChanged: 0xe2c6c6f0 -- 0
04-09 09:31:14.254 24960 24960 D TAG : : onCreate: null
04-09 09:31:14.263 689 15155 E CellBroadcastUtils: getDefaultCellBroadcastReceiverPackageName: no package found
04-09 09:31:14.269 689 15155 I ActivityTaskManager: START u0 {cmp=com.nes.seilivetv/.ui.activity.TvActivity (has extras)} with LAUNCH_SINGLE_TASK from uid 1000 (BAL_ALLOW_ALLOWLISTED_UID) result code=3
04-09 09:31:14.272 689 15155 W ActivityTaskManager: Duplicate finish request for r=ActivityRecord{3f14ccb u0 com.nes.seilivetv/.ui.activity.MainActivity t431 f}}
04-09 09:31:14.285 24960 24960 D EpgMenuFragment: (EpgMenuFragment.java:1048)mGroupListView's onFocusChange: false
04-09 09:31:14.285 24960 24960 D OkListFragmentNew: onGlobalFocusChanged: oldFocus id = 2131362450
04-09 09:31:14.285 24960 24960 D OkListFragmentNew: onGlobalFocusChanged: 0
04-09 09:31:14.285 24960 24960 D OkListFragmentNew: onGlobalFocusChanged: 5
04-09 09:31:14.285 24960 24960 D OkListFragmentNew: onGlobalFocusChanged: oldFocus id = 2131362450
04-09 09:31:14.285 24960 24960 D OkListFragmentNew: onGlobalFocusChanged: 0
04-09 09:31:14.285 24960 24960 D OkListFragmentNew: onGlobalFocusChanged: 5
04-09 09:31:14.287 24960 24960 I BaseRxManger: BaseRxMangerclear0
04-09 09:31:14.293 24960 24960 D OkListFragmentNew: onDetach
04-09 09:31:14.294 24960 24960 I BaseRxManger: BaseRxMangerclear0
04-09 09:31:14.295 24960 24960 D TvActivity: (TvActivity.java:1872)onDestroy: ...com.nes.seilivetv.ui.activity.TvActivity@4d1ecca
04-09 09:31:14.296 24960 24960 D TimeShiftManager: (TimeShiftManager.java:680)onAvailabilityChanged(available=false)
04-09 09:31:14.296 24960 24960 D TimeShiftManager: (TimeShiftManager.java:791)onAvailabilityChanged mAvailable=false,mRecordStartTimeMs=Thu Jan 01 00:59:59 GMT+01:00 1970,mRecordEndTimeMs=Thu Jan 01 00:59:59 GMT+01:00 1970
04-09 09:31:14.296 24960 24960 D TimeShiftManager: (TimeShiftManager.java:1486)CurrentPositionMediator initialize mSeekRequestTimeMs = Thu Jan 01 00:59:59 GMT+01:00 1970, mCurrentPositionMs = Thu Jan 01 00:59:59 GMT+01:00 1970
04-09 09:31:14.296 24960 24960 D TimeShiftManager: (TimeShiftManager.java:795)onAvailabilityChanged: ..........................
04-09 09:31:14.296 24960 24960 D LiveTvView: updateBlockScreenAndMuting: -1, 6
04-09 09:31:14.296 24960 24960 D LiveTvView: updateBlockScreen: blockReason = -1
04-09 09:31:14.297 24960 24960 D LiveTvView: (NesTvView.kt:462)text ->
04-09 09:31:14.297 24960 24960 D LiveTvView: updateBlockScreen: 2
04-09 09:31:14.297 24960 24960 D HBBTVManager: stop
04-09 09:31:14.299 1233 4960 D DtvkitSettingService: unregisterCallback: ....
04-09 09:31:14.302 24960 24960 E ActivityThread: Failed to find provider info for com.nes.dtv.input.dtvprovider
04-09 09:31:14.305 689 15155 W InputManager-JNI: Input channel object '6591bb1 com.nes.seilivetv/com.nes.seilivetv.ui.activity.TvActivity (client)' was disposed without first being removed with the input manager!
04-09 09:31:14.333 24960 24960 D TvView : Build local AttributeSet
04-09 09:31:14.373 24960 24960 D ViewUtil: closeViewGroupFocus viewGroup : androidx.recyclerview.widget.RecyclerView{6f3d37e VFED..... ......I. 0,0-0,0 #7f0a0120 app:id/debug_recycler}
04-09 09:31:14.381 1070 29226 I NetflixService: onTaskStackChanged
04-09 09:31:14.381 1052 1170 D WindowManagerShell: TvPipController: onTaskStackChanged()
04-09 09:31:14.446 19644 24175 E OpenGLRenderer: Unable to match the desired swap behavior.
04-09 09:31:14.457 24960 24960 D TAG : : onCreate: null
04-09 09:31:14.463 24960 24960 D ConfigUtils: loadStyleData: {"menu_items":[{"name":"channel_list","position":0,"type":0},{"name":"guide","position":1,"type":1},{"name":"recording_schedule","position":2,"type":2},{"name":"edit_channel","position":3,"type":3},{"name":"scan","position":4,"type":4}],"options":[{"name":"audio_tack","position":0,"type":0},{"name":"subtitle_track","position":1,"type":1},{"name":"audio_mode","position":2,"type":2},{"name":"aspect_mode","position":3,"type":3},{"name":"all_setting","position":4,"type":4}]}
04-09 09:31:14.463 24960 24960 D ConfigUtils: init: {"menu_items":[{"name":"channel_list","position":0,"type":0},{"name":"guide","position":1,"type":1},{"name":"recording_schedule","position":2,"type":2},{"name":"edit_channel","position":3,"type":3},{"name":"scan","position":4,"type":4}],"options":[{"name":"audio_tack","position":0,"type":0},{"name":"subtitle_track","position":1,"type":1},{"name":"audio_mode","position":2,"type":2},{"name":"aspect_mode","position":3,"type":3},{"name":"all_setting","position":4,"type":4}]}
