04-09 09:28:11.508 1856 1856 I HeartBeatUtils: ComponentInfo{com.nes.sound/com.nes.sound.component.service.HeartBeatDaemonService} bind failed !!!Immediate reconnect!!!
04-09 09:28:11.508 1856 1856 I HeartBeatUtils: onHeartBeatStoped com.nes.sound/com.nes.sound.component.service.HeartBeatDaemonService
04-09 09:28:11.509 689 7272 W ActivityManager: Unbind failed: could not find connection for android.os.BinderProxy@6022752
04-09 09:28:11.509 1856 1856 W HeartBeatUtils: start rescue com.nes.sound/com.nes.sound.component.service.HeartBeatDaemonService
04-09 09:28:16.441 689 7272 W ActivityManager: Unable to start service Intent { cmp=com.nes.sound.retail/com.nes.sound.component.service.DaemonService } U=0: not found
04-09 09:28:16.442 1052 1052 I HeartBeatUtils: ComponentInfo{com.nes.sound.retail/com.nes.sound.component.service.DaemonService} bind failed !!!Immediate reconnect!!!
04-09 09:28:16.442 1052 1052 I HeartBeatUtils: onHeartBeatStoped com.nes.sound.retail/com.nes.sound.component.service.DaemonService
04-09 09:28:16.442 689 7272 W ActivityManager: Unbind failed: could not find connection for android.os.BinderProxy@1d87a9b
04-09 09:28:16.443 1052 1052 W HeartBeatUtils: start rescue com.nes.sound.retail/com.nes.sound.component.service.DaemonService
04-09 09:28:16.445 689 7272 W ActivityManager: Unable to start service Intent { cmp=com.nes.sound/.component.service.DaemonService } U=0: not found
04-09 09:28:16.447 1052 1052 I HeartBeatUtils: ComponentInfo{com.nes.sound/com.nes.sound.component.service.DaemonService} bind failed !!!Immediate reconnect!!!
04-09 09:28:16.447 1052 1052 I HeartBeatUtils: onHeartBeatStoped com.nes.sound/com.nes.sound.component.service.DaemonService
04-09 09:28:16.447 689 2599 W ActivityManager: Unbind failed: could not find connection for android.os.BinderProxy@d699e38
04-09 09:28:16.448 1052 1052 W HeartBeatUtils: start rescue com.nes.sound/com.nes.sound.component.service.DaemonService
04-09 09:28:16.514 1856 1856 W ContextImpl: Calling a method in the system process without a qualified user: android.app.ContextImpl.bindService:2026 android.content.ContextWrapper.bindService:861 com.nes.sound.daemon.utils.heartbeat.HeartBeatConnectionPool.connectServiceByBinderBeans:108 com.nes.sound.daemon.utils.heartbeat.HeartBeatConnectionPool.reBindConnection:122 com.nes.sound.daemon.utils.heartbeat.HeartBeatUtils.reBindConnection:137
04-09 09:28:16.516 689 2599 W ActivityManager: Unable to start service Intent { cmp=com.nes.sound/.component.service.HeartBeatDaemonService } U=0: not found
04-09 09:28:16.516 1856 1856 I HeartBeatUtils: ComponentInfo{com.nes.sound/com.nes.sound.component.service.HeartBeatDaemonService} bind failed !!!Immediate reconnect!!!
04-09 09:28:16.516 1856 1856 I HeartBeatUtils: onHeartBeatStoped com.nes.sound/com.nes.sound.component.service.HeartBeatDaemonService
04-09 09:28:16.517 689 2599 W ActivityManager: Unbind failed: could not find connection for android.os.BinderProxy@b7d9e11
04-09 09:28:16.517 1856 1856 W HeartBeatUtils: start rescue com.nes.sound/com.nes.sound.component.service.HeartBeatDaemonService
04-09 09:28:21.445 689 2599 W ActivityManager: Unable to start service Intent { cmp=com.nes.sound.retail/com.nes.sound.component.service.DaemonService } U=0: not found
04-09 09:28:21.445 1052 1052 I HeartBeatUtils: ComponentInfo{com.nes.sound.retail/com.nes.sound.component.service.DaemonService} bind failed !!!Immediate reconnect!!!
04-09 09:28:21.445 1052 1052 I HeartBeatUtils: onHeartBeatStoped com.nes.sound.retail/com.nes.sound.component.service.DaemonService
04-09 09:28:21.446 689 2599 W ActivityManager: Unbind failed: could not find connection for android.os.BinderProxy@fbe3605
04-09 09:28:21.446 1052 1052 W HeartBeatUtils: start rescue com.nes.sound.retail/com.nes.sound.component.service.DaemonService
04-09 09:28:21.449 689 2599 W ActivityManager: Unable to start service Intent { cmp=com.nes.sound/.component.service.DaemonService } U=0: not found
04-09 09:28:21.449 1052 1052 I HeartBeatUtils: ComponentInfo{com.nes.sound/com.nes.sound.component.service.DaemonService} bind failed !!!Immediate reconnect!!!
04-09 09:28:21.449 1052 1052 I HeartBeatUtils: onHeartBeatStoped com.nes.sound/com.nes.sound.component.service.DaemonService
04-09 09:28:21.450 689 2599 W ActivityManager: Unbind failed: could not find connection for android.os.BinderProxy@550b65a
04-09 09:28:21.450 1052 1052 W HeartBeatUtils: start rescue com.nes.sound/com.nes.sound.component.service.DaemonService
04-09 09:28:21.522 1856 1856 W ContextImpl: Calling a method in the system process without a qualified user: android.app.ContextImpl.bindService:2026 android.content.ContextWrapper.bindService:861 com.nes.sound.daemon.utils.heartbeat.HeartBeatConnectionPool.connectServiceByBinderBeans:108 com.nes.sound.daemon.utils.heartbeat.HeartBeatConnectionPool.reBindConnection:122 com.nes.sound.daemon.utils.heartbeat.HeartBeatUtils.reBindConnection:137
04-09 09:28:21.524 689 2599 W ActivityManager: Unable to start service Intent { cmp=com.nes.sound/.component.service.HeartBeatDaemonService } U=0: not found
04-09 09:28:21.524 1856 1856 I HeartBeatUtils: ComponentInfo{com.nes.sound/com.nes.sound.component.service.HeartBeatDaemonService} bind failed !!!Immediate reconnect!!!
04-09 09:28:21.524 1856 1856 I HeartBeatUtils: onHeartBeatStoped com.nes.sound/com.nes.sound.component.service.HeartBeatDaemonService
04-09 09:28:21.524 689 2599 W ActivityManager: Unbind failed: could not find connection for android.os.BinderProxy@e89408b
04-09 09:28:21.525 1856 1856 W HeartBeatUtils: start rescue com.nes.sound/com.nes.sound.component.service.HeartBeatDaemonService
04-09 09:28:21.648 689 29586 D AdbDebuggingManager: Received public key: QAAAACemyGVpln/uXD4pA6LCxPKosiLT/KAFcLrWumHONatQMHb3lftJVOPlzI5OyF5ZkrD5+58grA7Hvj8HKw9J7f5zBnOZZ/fExMHuyVBcDDCVgbSrEkMpQgeBQMRXpktsBMyiBz7eYFMDi5B8+kE5ktaLbUGK1kbSqFO4zzsIK6zzk7tGiUS+FFKiHtqbTI9eaKZxt27aWsqc/5vpZOCs7aGtRrQ6bmuhDln5HgSQ+wN3Gv8a6w178LhzKcP6C4AOr8Fm9ppG0lpMVTNFKbC9iMEIbrvuvWFndQj9LbL168/HvpABga/vInyBZPRbFF4abZXGe/dfv/zzw/U60fcZFNAsyB+srWQERJ8UTEOHNlKKQDvzlKlSEh5F0WtihYxIG67CUz9Y+EIfm9DPbnzvTF3WepT+08ukVA8PGtJ9uV9Rlxj662fWUV6tBNKjZ6GEq2RrIg2x/qqJemlGjdT1dloBmgtLz05AWihj60vtHBESrB/XNtN5EwupgU5eszwGz79odRMZeHYYe+BVjRoedQjZGyn2xyFPghfueCHDWcLf3zHbLg3Ioc4JnI23CXG+zkTKE6ygJ4cL+4R+sHNkUHzFhsxEfi/2h5Sx/9G7yR5o8OFVga01zzsiA7AUQJg5MUeJXxRg2RGjACP2BHpKrNo5DklL5N0lpDheP6eNJK7pgG/YOwEAAQA= root@hopkins.elte.hu
04-09 09:28:21.649 689 826 D AdbDebuggingManager: Logging key QAAAACemyGVpln/uXD4pA6LCxPKosiLT/KAFcLrWumHONatQMHb3lftJVOPlzI5OyF5ZkrD5+58grA7Hvj8HKw9J7f5zBnOZZ/fExMHuyVBcDDCVgbSrEkMpQgeBQMRXpktsBMyiBz7eYFMDi5B8+kE5ktaLbUGK1kbSqFO4zzsIK6zzk7tGiUS+FFKiHtqbTI9eaKZxt27aWsqc/5vpZOCs7aGtRrQ6bmuhDln5HgSQ+wN3Gv8a6w178LhzKcP6C4AOr8Fm9ppG0lpMVTNFKbC9iMEIbrvuvWFndQj9LbL168/HvpABga/vInyBZPRbFF4abZXGe/dfv/zzw/U60fcZFNAsyB+srWQERJ8UTEOHNlKKQDvzlKlSEh5F0WtihYxIG67CUz9Y+EIfm9DPbnzvTF3WepT+08ukVA8PGtJ9uV9Rlxj662fWUV6tBNKjZ6GEq2RrIg2x/qqJemlGjdT1dloBmgtLz05AWihj60vtHBESrB/XNtN5EwupgU5eszwGz79odRMZeHYYe+BVjRoedQjZGyn2xyFPghfueCHDWcLf3zHbLg3Ioc4JnI23CXG+zkTKE6ygJ4cL+4R+sHNkUHzFhsxEfi/2h5Sx/9G7yR5o8OFVga01zzsiA7AUQJg5MUeJXxRg2RGjACP2BHpKrNo5DklL5N0lpDheP6eNJK7pgG/YOwEAAQA= root@hopkins.elte.hu, state = 1, alwaysAllow = false, lastConnectionTime = 0, authWindow = 604800000
04-09 09:28:21.666 689 826 I ActivityTaskManager: START u0 {flg=0x10000000 cmp=com.android.systemui/.usb.UsbDebuggingActivity (has extras)} with LAUNCH_MULTIPLE from uid 1000 (BAL_ALLOW_ALLOWLISTED_UID) result code=0
04-09 09:28:21.670 1052 1170 V WindowManagerShell: Transition requested: android.os.BinderProxy@c565f4c TransitionRequestInfo { type = OPEN, triggerTask = TaskInfo{userId=0 taskId=441 displayId=0 isRunning=true baseIntent=Intent { flg=0x10800000 cmp=com.android.systemui/.usb.UsbDebuggingActivity } baseActivity=ComponentInfo{com.android.systemui/com.android.systemui.usb.UsbDebuggingActivity} topActivity=ComponentInfo{com.android.systemui/com.android.systemui.usb.UsbDebuggingActivity} origActivity=null realActivity=ComponentInfo{com.android.systemui/com.android.systemui.usb.UsbDebuggingActivity} numActivities=1 lastActiveTime=653753994 supportsMultiWindow=false resizeMode=1 isResizeable=true minWidth=-1 minHeight=-1 defaultMinSize=220 token=WCT{android.window.IWindowContainerToken$Stub$Proxy@297eb95} topActivityType=1 pictureInPictureParams=null shouldDockBigOverlays=true launchIntoPipHostTaskId=-1 lastParentTaskIdBeforePip=-1 displayCutoutSafeInsets=null topActivityInfo=ActivityInfo{eb4e4aa com.android.systemui.usb.UsbDebuggingActivity} launchCookies=[] positionInParent=Point(0, 0) parentTaskId=-1 isFocused=false isVisible=false isVisibleRequested=false isSleeping=false topActivityInSizeCompat=false topActivityEligibleForLetterboxEducation= false topActivityLetterboxed= false isFromDoubleTap= false topActivityLetterboxVerticalPosition= -1 topActivityLetterboxHorizontalPosition= -1 topActivityLetterboxWidth=-1 topActivityLetterboxHeight=-1 locusId=null displayAreaFeatureId=1 cameraCompatControlState=hidden}, remoteTransition = null, displayChange = null }
04-09 09:28:21.693 689 826 D AdbDebuggingManager: Logging key QAAAACemyGVpln/uXD4pA6LCxPKosiLT/KAFcLrWumHONatQMHb3lftJVOPlzI5OyF5ZkrD5+58grA7Hvj8HKw9J7f5zBnOZZ/fExMHuyVBcDDCVgbSrEkMpQgeBQMRXpktsBMyiBz7eYFMDi5B8+kE5ktaLbUGK1kbSqFO4zzsIK6zzk7tGiUS+FFKiHtqbTI9eaKZxt27aWsqc/5vpZOCs7aGtRrQ6bmuhDln5HgSQ+wN3Gv8a6w178LhzKcP6C4AOr8Fm9ppG0lpMVTNFKbC9iMEIbrvuvWFndQj9LbL168/HvpABga/vInyBZPRbFF4abZXGe/dfv/zzw/U60fcZFNAsyB+srWQERJ8UTEOHNlKKQDvzlKlSEh5F0WtihYxIG67CUz9Y+EIfm9DPbnzvTF3WepT+08ukVA8PGtJ9uV9Rlxj662fWUV6tBNKjZ6GEq2RrIg2x/qqJemlGjdT1dloBmgtLz05AWihj60vtHBESrB/XNtN5EwupgU5eszwGz79odRMZeHYYe+BVjRoedQjZGyn2xyFPghfueCHDWcLf3zHbLg3Ioc4JnI23CXG+zkTKE6ygJ4cL+4R+sHNkUHzFhsxEfi/2h5Sx/9G7yR5o8OFVga01zzsiA7AUQJg5MUeJXxRg2RGjACP2BHpKrNo5DklL5N0lpDheP6eNJK7pgG/YOwEAAQA= root@hopkins.elte.hu, state = 2, alwaysAllow = true, lastConnectionTime = 1775719701691, authWindow = 604800000
04-09 09:28:21.748 1052 1170 V WindowManagerShell: onTransitionReady android.os.BinderProxy@c565f4c: {id=79 t=OPEN f=0x0 trk=0 r=[0@Point(0, 0)] c=[{WCT{android.window.IWindowContainerToken$Stub$Proxy@2a8a6ae} m=CHANGE f=TRANSLUCENT|MOVE_TO_TOP leash=Surface(name=Task=439)/@0xf9228b0 sb=Rect(0, 0 - 1920, 1080) eb=Rect(0, 0 - 1920, 1080) d=0}]}
04-09 09:28:21.748 1052 1170 V WindowManagerShell: Playing animation for (#79)android.os.BinderProxy@c565f4c@0
04-09 09:28:21.749 1052 1170 V WindowManagerShell: try handler com.android.wm.shell.keyguard.KeyguardTransitionHandler@1afc691
04-09 09:28:21.749 1052 1170 V WindowManagerShell: try handler com.android.wm.shell.activityembedding.ActivityEmbeddingController@b7de9f6
04-09 09:28:21.749 1052 1170 V WindowManagerShell: try handler com.android.wm.shell.pip.tv.TvPipTransition@c29c1f7
04-09 09:28:21.749 1052 1170 V WindowManagerShell: try handler com.android.wm.shell.transition.RemoteTransitionHandler@2eb0864
04-09 09:28:21.749 1052 1170 V WindowManagerShell: Transition doesn't have explicit remote, search filters for match for {id=79 t=OPEN f=0x0 trk=0 r=[0@Point(0, 0)] c=[{WCT{android.window.IWindowContainerToken$Stub$Proxy@2a8a6ae} m=CHANGE f=TRANSLUCENT|MOVE_TO_TOP leash=Surface(name=Task=439)/@0xf9228b0 sb=Rect(0, 0 - 1920, 1080) eb=Rect(0, 0 - 1920, 1080) d=0}]}
04-09 09:28:21.749 1052 1170 V WindowManagerShell: Delegate animation for #79 to null
04-09 09:28:21.749 1052 1170 V WindowManagerShell: try handler com.android.wm.shell.transition.DefaultTransitionHandler@bf93acd
04-09 09:28:21.749 1052 1170 V WindowManagerShell: start default transition animation, info = {id=79 t=OPEN f=0x0 trk=0 r=[0@Point(0, 0)] c=[{WCT{android.window.IWindowContainerToken$Stub$Proxy@2a8a6ae} m=CHANGE f=TRANSLUCENT|MOVE_TO_TOP leash=Surface(name=Task=439)/@0xf9228b0 sb=Rect(0, 0 - 1920, 1080) eb=Rect(0, 0 - 1920, 1080) d=0}]}
04-09 09:28:21.750 689 826 V WindowManager: Sent Transition #79 createdAt=04-09 09:28:21.654 via request=TransitionRequestInfo { type = OPEN, triggerTask = TaskInfo{userId=0 taskId=441 displayId=0 isRunning=true baseIntent=Intent { flg=0x10800000 cmp=com.android.systemui/.usb.UsbDebuggingActivity } baseActivity=ComponentInfo{com.android.systemui/com.android.systemui.usb.UsbDebuggingActivity} topActivity=ComponentInfo{com.android.systemui/com.android.systemui.usb.UsbDebuggingActivity} origActivity=null realActivity=ComponentInfo{com.android.systemui/com.android.systemui.usb.UsbDebuggingActivity} numActivities=1 lastActiveTime=653753994 supportsMultiWindow=false resizeMode=1 isResizeable=true minWidth=-1 minHeight=-1 defaultMinSize=220 token=WCT{RemoteToken{1f36a0a Task{d53de26 #441 type=standard A=10070:com.android.systemui}}} topActivityType=1 pictureInPictureParams=null shouldDockBigOverlays=true launchIntoPipHostTaskId=-1 lastParentTaskIdBeforePip=-1 displayCutoutSafeInsets=null topActivityInfo=ActivityInfo{caf627b com.android.systemui.usb.UsbDebuggingActivity} launchCookies=[] positionInParent=Point(0, 0) parentTaskId=-1 isFocused=false isVisible=false isVisibleRequested=false isSleeping=false topActivityInSizeCompat=false topActivityEligibleForLetterboxEducation= false topActivityLetterboxed= false isFromDoubleTap= false topActivityLetterboxVerticalPosition= -1 topActivityLetterboxHorizontalPosition= -1 topActivityLetterboxWidth=-1 topActivityLetterboxHeight=-1 locusId=null displayAreaFeatureId=1 cameraCompatControlState=hidden}, remoteTransition = null, displayChange = null }
04-09 09:28:21.750 689 826 V WindowManager: startWCT=WindowContainerTransaction { changes = {} hops = [] errorCallbackToken=null taskFragmentOrganizer=null }
04-09 09:28:21.750 689 826 V WindowManager: info={id=79 t=OPEN f=0x0 trk=0 r=[0@Point(0, 0)] c=[{WCT{RemoteToken{7539ede Task{e779185 #439 type=standard A=1000:com.android.tv.settings}}} m=CHANGE f=TRANSLUCENT|MOVE_TO_TOP leash=Surface(name=Task=439)/@0x567cd1d sb=Rect(0, 0 - 1920, 1080) eb=Rect(0, 0 - 1920, 1080) d=0}]}
04-09 09:28:21.751 1052 1170 V WindowManagerShell: Transition animation finished (aborted=false), notifying core (#79)android.os.BinderProxy@c565f4c@0
04-09 09:28:21.753 689 826 V WindowManager: Finish Transition #79: created at
04-09 09:28:21.654 collect-started=0.111ms request-sent=10.718ms started=17.16ms ready=79.468ms sent=86.438ms finished=97.697ms
04-09 09:28:21.754 689 2599 W AdbDebuggingManager: Ignoring tag 'keyStore'. Not recognized.
04-09 09:28:21.755 1052 1170 V WindowManagerShell: Track 0 became idle
04-09 09:28:21.756 1052 1170 V WindowManagerShell: All active transition animations finished
04-09 09:28:21.756 1052 1170 V WindowManagerShell: animated by com.android.wm.shell.transition.DefaultTransitionHandler@bf93acd
04-09 09:28:21.756 1052 1170 V WindowManagerShell: Track 0 became idle
04-09 09:28:21.756 1052 1170 V WindowManagerShell: All active transition animations finished
04-09 09:28:21.766 689 826 W AdbDebuggingManager: Denying adb confirmation
04-09 09:28:21.766 689 826 D AdbDebuggingManager: Logging key null, state = 3, alwaysAllow = false, lastConnectionTime = 0, authWindow = 604800000
04-09 09:28:21.815 689 911 W PackageConfigPersister: App-specific configuration not found for packageName: com.android.tv.settings and userId: 0
04-09 09:28:21.836 1052 1170 D WindowManagerShell: TvPipController: onTaskStackChanged()
04-09 09:28:26.452 689 2599 W ActivityManager: Unable to start service Intent { cmp=com.nes.sound.retail/com.nes.sound.component.service.DaemonService } U=0: not found
04-09 09:28:26.452 1052 1052 I HeartBeatUtils: ComponentInfo{com.nes.sound.retail/com.nes.sound.component.service.DaemonService} bind failed !!!Immediate reconnect!!!
04-09 09:28:26.452 1052 1052 I HeartBeatUtils: onHeartBeatStoped com.nes.sound.retail/com.nes.sound.component.service.DaemonService
04-09 09:28:26.452 689 2599 W ActivityManager: Unbind failed: could not find connection for android.os.BinderProxy@d587612
04-09 09:28:26.453 1052 1052 W HeartBeatUtils: start rescue com.nes.sound.retail/com.nes.sound.component.service.DaemonService
04-09 09:28:26.455 689 2599 W ActivityManager: Unable to start service Intent { cmp=com.nes.sound/.component.service.DaemonService } U=0: not found
04-09 09:28:26.455 1052 1052 I HeartBeatUtils: ComponentInfo{com.nes.sound/com.nes.sound.component.service.DaemonService} bind failed !!!Immediate reconnect!!!
04-09 09:28:26.455 1052 1052 I HeartBeatUtils: onHeartBeatStoped com.nes.sound/com.nes.sound.component.service.DaemonService
04-09 09:28:26.455 689 2599 W ActivityManager: Unbind failed: could not find connection for android.os.BinderProxy@68ff1e3
04-09 09:28:26.456 1052 1052 W HeartBeatUtils: start rescue com.nes.sound/com.nes.sound.component.service.DaemonService
04-09 09:28:26.526 1856 1856 W ContextImpl: Calling a method in the system process without a qualified user: android.app.ContextImpl.bindService:2026 android.content.ContextWrapper.bindService:861 com.nes.sound.daemon.utils.heartbeat.HeartBeatConnectionPool.connectServiceByBinderBeans:108 com.nes.sound.daemon.utils.heartbeat.HeartBeatConnectionPool.reBindConnection:122 com.nes.sound.daemon.utils.heartbeat.HeartBeatUtils.reBindConnection:137
04-09 09:28:26.528 689 2599 W ActivityManager: Unable to start service Intent { cmp=com.nes.sound/.component.service.HeartBeatDaemonService } U=0: not found
04-09 09:28:26.528 1856 1856 I HeartBeatUtils: ComponentInfo{com.nes.sound/com.nes.sound.component.service.HeartBeatDaemonService} bind failed !!!Immediate reconnect!!!
04-09 09:28:26.528 1856 1856 I HeartBeatUtils: onHeartBeatStoped com.nes.sound/com.nes.sound.component.service.HeartBeatDaemonService
04-09 09:28:26.528 689 2599 W ActivityManager: Unbind failed: could not find connection for android.os.BinderProxy@f8f57e0
04-09 09:28:26.529 1856 1856 W HeartBeatUtils: start rescue com.nes.sound/com.nes.sound.component.service.HeartBeatDaemonService
04-09 09:28:31.462 689 1944 W ActivityManager: Unable to start service Intent { cmp=com.nes.sound.retail/com.nes.sound.component.service.DaemonService } U=0: not found
04-09 09:28:31.463 1052 1052 I HeartBeatUtils: ComponentInfo{com.nes.sound.retail/com.nes.sound.component.service.DaemonService} bind failed !!!Immediate reconnect!!!
04-09 09:28:31.463 1052 1052 I HeartBeatUtils: onHeartBeatStoped com.nes.sound.retail/com.nes.sound.component.service.DaemonService
04-09 09:28:31.463 689 2599 W ActivityManager: Unbind failed: could not find connection for android.os.BinderProxy@b595e0e
04-09 09:28:31.464 1052 1052 W HeartBeatUtils: start rescue com.nes.sound.retail/com.nes.sound.component.service.DaemonService
04-09 09:28:31.465 689 2599 W ActivityManager: Unable to start service Intent { cmp=com.nes.sound/.component.service.DaemonService } U=0: not found
04-09 09:28:31.466 1052 1052 I HeartBeatUtils: ComponentInfo{com.nes.sound/com.nes.sound.component.service.DaemonService} bind failed !!!Immediate reconnect!!!
04-09 09:28:31.466 1052 1052 I HeartBeatUtils: onHeartBeatStoped com.nes.sound/com.nes.sound.component.service.DaemonService
04-09 09:28:31.466 689 2599 W ActivityManager: Unbind failed: could not find connection for android.os.BinderProxy@c89802f
04-09 09:28:31.467 1052 1052 W HeartBeatUtils: start rescue com.nes.sound/com.nes.sound.component.service.DaemonService
04-09 09:28:31.532 1856 1856 W ContextImpl: Calling a method in the system process without a qualified user: android.app.ContextImpl.bindService:2026 android.content.ContextWrapper.bindService:861 com.nes.sound.daemon.utils.heartbeat.HeartBeatConnectionPool.connectServiceByBinderBeans:108 com.nes.sound.daemon.utils.heartbeat.HeartBeatConnectionPool.reBindConnection:122 com.nes.sound.daemon.utils.heartbeat.HeartBeatUtils.reBindConnection:137
04-09 09:28:31.533 689 2599 W ActivityManager: Unable to start service Intent { cmp=com.nes.sound/.component.service.HeartBeatDaemonService } U=0: not found
04-09 09:28:31.534 1856 1856 I HeartBeatUtils: ComponentInfo{com.nes.sound/com.nes.sound.component.service.HeartBeatDaemonService} bind failed !!!Immediate reconnect!!!
04-09 09:28:31.534 1856 1856 I HeartBeatUtils: onHeartBeatStoped com.nes.sound/com.nes.sound.component.service.HeartBeatDaemonService
04-09 09:28:31.534 689 2599 W ActivityManager: Unbind failed: could not find connection for android.os.BinderProxy@ef4163c
04-09 09:28:31.534 1856 1856 W HeartBeatUtils: start rescue com.nes.sound/com.nes.sound.component.service.HeartBeatDaemonService
04-09 09:28:31.861 689 927 D ActivityManager: freezing 24438 com.google.process.gservices
04-09 09:28:36.470 689 2599 W ActivityManager: Unable to start service Intent { cmp=com.nes.sound.retail/com.nes.sound.component.service.DaemonService } U=0: not found
04-09 09:28:36.470 1052 1052 I HeartBeatUtils: ComponentInfo{com.nes.sound.retail/com.nes.sound.component.service.DaemonService} bind failed !!!Immediate reconnect!!!
04-09 09:28:36.471 1052 1052 I HeartBeatUtils: onHeartBeatStoped com.nes.sound.retail/com.nes.sound.component.service.DaemonService
04-09 09:28:36.471 689 2599 W ActivityManager: Unbind failed: could not find connection for android.os.BinderProxy@9a5527d
04-09 09:28:36.471 1052 1052 W HeartBeatUtils: start rescue com.nes.sound.retail/com.nes.sound.component.service.DaemonService
04-09 09:28:36.473 689 2599 W ActivityManager: Unable to start service Intent { cmp=com.nes.sound/.component.service.DaemonService } U=0: not found
04-09 09:28:36.473 1052 1052 I HeartBeatUtils: ComponentInfo{com.nes.sound/com.nes.sound.component.service.DaemonService} bind failed !!!Immediate reconnect!!!
04-09 09:28:36.473 1052 1052 I HeartBeatUtils: onHeartBeatStoped com.nes.sound/com.nes.sound.component.service.DaemonService
04-09 09:28:36.473 689 2599 W ActivityManager: Unbind failed: could not find connection for android.os.BinderProxy@4346572
04-09 09:28:36.474 1052 1052 W HeartBeatUtils: start rescue com.nes.sound/com.nes.sound.component.service.DaemonService
04-09 09:28:36.537 1856 1856 W ContextImpl: Calling a method in the system process without a qualified user: android.app.ContextImpl.bindService:2026 android.content.ContextWrapper.bindService:861 com.nes.sound.daemon.utils.heartbeat.HeartBeatConnectionPool.connectServiceByBinderBeans:108 com.nes.sound.daemon.utils.heartbeat.HeartBeatConnectionPool.reBindConnection:122 com.nes.sound.daemon.utils.heartbeat.HeartBeatUtils.reBindConnection:137
04-09 09:28:36.539 689 2599 W ActivityManager: Unable to start service Intent { cmp=com.nes.sound/.component.service.HeartBeatDaemonService } U=0: not found
04-09 09:28:36.539 1856 1856 I HeartBeatUtils: ComponentInfo{com.nes.sound/com.nes.sound.component.service.HeartBeatDaemonService} bind failed !!!Immediate reconnect!!!
04-09 09:28:36.539 1856 1856 I HeartBeatUtils: onHeartBeatStoped com.nes.sound/com.nes.sound.component.service.HeartBeatDaemonService
04-09 09:28:36.540 689 2599 W ActivityManager: Unbind failed: could not find connection for android.os.BinderProxy@9641dc3
04-09 09:28:36.540 1856 1856 W HeartBeatUtils: start rescue com.nes.sound/com.nes.sound.component.service.HeartBeatDaemonService
04-09 09:28:37.149 689 689 V HotPlugDetectionAction: Poll all devices.
04-09 09:28:40.547 689 689 D HdmiCecController: [P]:AllocatedAddress=[0]
04-09 09:28:40.548 689 689 V HotPlugDetectionAction: Finish poll all devices.
04-09 09:28:41.478 689 1944 W ActivityManager: Unable to start service Intent { cmp=com.nes.sound.retail/com.nes.sound.component.service.DaemonService } U=0: not found
04-09 09:28:41.479 1052 1052 I HeartBeatUtils: ComponentInfo{com.nes.sound.retail/com.nes.sound.component.service.DaemonService} bind failed !!!Immediate reconnect!!!
04-09 09:28:41.479 1052 1052 I HeartBeatUtils: onHeartBeatStoped com.nes.sound.retail/com.nes.sound.component.service.DaemonService
04-09 09:28:41.479 689 1944 W ActivityManager: Unbind failed: could not find connection for android.os.BinderProxy@f55bf70
04-09 09:28:41.479 1052 1052 W HeartBeatUtils: start rescue com.nes.sound.retail/com.nes.sound.component.service.DaemonService
04-09 09:28:41.481 689 1944 W ActivityManager: Unable to start service Intent { cmp=com.nes.sound/.component.service.DaemonService } U=0: not found
04-09 09:28:41.481 1052 1052 I HeartBeatUtils: ComponentInfo{com.nes.sound/com.nes.sound.component.service.DaemonService} bind failed !!!Immediate reconnect!!!
04-09 09:28:41.481 1052 1052 I HeartBeatUtils: onHeartBeatStoped com.nes.sound/com.nes.sound.component.service.DaemonService
04-09 09:28:41.482 689 1944 W ActivityManager: Unbind failed: could not find connection for android.os.BinderProxy@876d2e9
04-09 09:28:41.482 1052 1052 W HeartBeatUtils: start rescue com.nes.sound/com.nes.sound.component.service.DaemonService
04-09 09:28:41.545 1856 1856 W ContextImpl: Calling a method in the system process without a qualified user: android.app.ContextImpl.bindService:2026 android.content.ContextWrapper.bindService:861 com.nes.sound.daemon.utils.heartbeat.HeartBeatConnectionPool.connectServiceByBinderBeans:108 com.nes.sound.daemon.utils.heartbeat.HeartBeatConnectionPool.reBindConnection:122 com.nes.sound.daemon.utils.heartbeat.HeartBeatUtils.reBindConnection:137
04-09 09:28:41.546 689 1944 W ActivityManager: Unable to start service Intent { cmp=com.nes.sound/.component.service.HeartBeatDaemonService } U=0: not found
04-09 09:28:41.547 1856 1856 I HeartBeatUtils: ComponentInfo{com.nes.sound/com.nes.sound.component.service.HeartBeatDaemonService} bind failed !!!Immediate reconnect!!!
04-09 09:28:41.547 1856 1856 I HeartBeatUtils: onHeartBeatStoped com.nes.sound/com.nes.sound.component.service.HeartBeatDaemonService
04-09 09:28:41.547 689 1944 W ActivityManager: Unbind failed: could not find connection for android.os.BinderProxy@810fb6e
04-09 09:28:41.547 1856 1856 W HeartBeatUtils: start rescue com.nes.sound/com.nes.sound.component.service.HeartBeatDaemonService
04-09 09:28:46.483 689 2599 W ActivityManager: Unable to start service Intent { cmp=com.nes.sound.retail/com.nes.sound.component.service.DaemonService } U=0: not found
04-09 09:28:46.484 1052 1052 I HeartBeatUtils: ComponentInfo{com.nes.sound.retail/com.nes.sound.component.service.DaemonService} bind failed !!!Immediate reconnect!!!
04-09 09:28:46.484 1052 1052 I HeartBeatUtils: onHeartBeatStoped com.nes.sound.retail/com.nes.sound.component.service.DaemonService
04-09 09:28:46.484 689 2599 W ActivityManager: Unbind failed: could not find connection for android.os.BinderProxy@7064cff
04-09 09:28:46.484 1052 1052 W HeartBeatUtils: start rescue com.nes.sound.retail/com.nes.sound.component.service.DaemonService
04-09 09:28:46.486 689 2599 W ActivityManager: Unable to start service Intent { cmp=com.nes.sound/.component.service.DaemonService } U=0: not found
04-09 09:28:46.486 1052 1052 I HeartBeatUtils: ComponentInfo{com.nes.sound/com.nes.sound.component.service.DaemonService} bind failed !!!Immediate reconnect!!!
04-09 09:28:46.486 1052 1052 I HeartBeatUtils: onHeartBeatStoped com.nes.sound/com.nes.sound.component.service.DaemonService
04-09 09:28:46.487 689 2599 W ActivityManager: Unbind failed: could not find connection for android.os.BinderProxy@55eaacc
04-09 09:28:46.487 1052 1052 W HeartBeatUtils: start rescue com.nes.sound/com.nes.sound.component.service.DaemonService
04-09 09:28:46.552 1856 1856 W ContextImpl: Calling a method in the system process without a qualified user: android.app.ContextImpl.bindService:2026 android.content.ContextWrapper.bindService:861 com.nes.sound.daemon.utils.heartbeat.HeartBeatConnectionPool.connectServiceByBinderBeans:108 com.nes.sound.daemon.utils.heartbeat.HeartBeatConnectionPool.reBindConnection:122 com.nes.sound.daemon.utils.heartbeat.HeartBeatUtils.reBindConnection:137
04-09 09:28:46.553 689 2599 W ActivityManager: Unable to start service Intent { cmp=com.nes.sound/.component.service.HeartBeatDaemonService } U=0: not found
04-09 09:28:46.553 1856 1856 I HeartBeatUtils: ComponentInfo{com.nes.sound/com.nes.sound.component.service.HeartBeatDaemonService} bind failed !!!Immediate reconnect!!!
04-09 09:28:46.554 1856 1856 I HeartBeatUtils: onHeartBeatStoped com.nes.sound/com.nes.sound.component.service.HeartBeatDaemonService
04-09 09:28:46.554 689 2599 W ActivityManager: Unbind failed: could not find connection for android.os.BinderProxy@7211115
04-09 09:28:46.554 1856 1856 W HeartBeatUtils: start rescue com.nes.sound/com.nes.sound.component.service.HeartBeatDaemonService
04-09 09:28:51.490 689 2599 W ActivityManager: Unable to start service Intent { cmp=com.nes.sound.retail/com.nes.sound.component.service.DaemonService } U=0: not found
04-09 09:28:51.490 1052 1052 I HeartBeatUtils: ComponentInfo{com.nes.sound.retail/com.nes.sound.component.service.DaemonService} bind failed !!!Immediate reconnect!!!
04-09 09:28:51.490 1052 1052 I HeartBeatUtils: onHeartBeatStoped com.nes.sound.retail/com.nes.sound.component.service.DaemonService
04-09 09:28:51.491 689 2599 W ActivityManager: Unbind failed: could not find connection for android.os.BinderProxy@b22dcf7
04-09 09:28:51.491 1052 1052 W HeartBeatUtils: start rescue com.nes.sound.retail/com.nes.sound.component.service.DaemonService
04-09 09:28:51.492 689 2599 W ActivityManager: Unable to start service Intent { cmp=com.nes.sound/.component.service.DaemonService } U=0: not found
04-09 09:28:51.492 1052 1052 I HeartBeatUtils: ComponentInfo{com.nes.sound/com.nes.sound.component.service.DaemonService} bind failed !!!Immediate reconnect!!!
04-09 09:28:51.493 1052 1052 I HeartBeatUtils: onHeartBeatStoped com.nes.sound/com.nes.sound.component.service.DaemonService
04-09 09:28:51.493 689 2599 W ActivityManager: Unbind failed: could not find connection for android.os.BinderProxy@b358764
04-09 09:28:51.493 1052 1052 W HeartBeatUtils: start rescue com.nes.sound/com.nes.sound.component.service.DaemonService
04-09 09:28:51.560 1856 1856 W ContextImpl: Calling a method in the system process without a qualified user: android.app.ContextImpl.bindService:2026 android.content.ContextWrapper.bindService:861 com.nes.sound.daemon.utils.heartbeat.HeartBeatConnectionPool.connectServiceByBinderBeans:108 com.nes.sound.daemon.utils.heartbeat.HeartBeatConnectionPool.reBindConnection:122 com.nes.sound.daemon.utils.heartbeat.HeartBeatUtils.reBindConnection:137
04-09 09:28:51.561 689 2599 W ActivityManager: Unable to start service Intent { cmp=com.nes.sound/.component.service.HeartBeatDaemonService } U=0: not found
04-09 09:28:51.562 1856 1856 I HeartBeatUtils: ComponentInfo{com.nes.sound/com.nes.sound.component.service.HeartBeatDaemonService} bind failed !!!Immediate reconnect!!!
04-09 09:28:51.562 1856 1856 I HeartBeatUtils: onHeartBeatStoped com.nes.sound/com.nes.sound.component.service.HeartBeatDaemonService
04-09 09:28:51.562 689 2599 W ActivityManager: Unbind failed: could not find connection for android.os.BinderProxy@634dcd
04-09 09:28:51.562 1856 1856 W HeartBeatUtils: start rescue com.nes.sound/com.nes.sound.component.service.HeartBeatDaemonService
04-09 09:28:56.498 689 2599 W ActivityManager: Unable to start service Intent { cmp=com.nes.sound.retail/com.nes.sound.component.service.DaemonService } U=0: not found
04-09 09:28:56.498 1052 1052 I HeartBeatUtils: ComponentInfo{com.nes.sound.retail/com.nes.sound.component.service.DaemonService} bind failed !!!Immediate reconnect!!!
04-09 09:28:56.498 1052 1052 I HeartBeatUtils: onHeartBeatStoped com.nes.sound.retail/com.nes.sound.component.service.DaemonService
04-09 09:28:56.498 689 2599 W ActivityManager: Unbind failed: could not find connection for android.os.BinderProxy@705d432
04-09 09:28:56.499 1052 1052 W HeartBeatUtils: start rescue com.nes.sound.retail/com.nes.sound.component.service.DaemonService
04-09 09:28:56.500 689 2599 W ActivityManager: Unable to start service Intent { cmp=com.nes.sound/.component.service.DaemonService } U=0: not found
04-09 09:28:56.501 1052 1052 I HeartBeatUtils: ComponentInfo{com.nes.sound/com.nes.sound.component.service.DaemonService} bind failed !!!Immediate reconnect!!!
04-09 09:28:56.501 1052 1052 I HeartBeatUtils: onHeartBeatStoped com.nes.sound/com.nes.sound.component.service.DaemonService
04-09 09:28:56.501 689 2599 W ActivityManager: Unbind failed: could not find connection for android.os.BinderProxy@4cec583
04-09 09:28:56.501 1052 1052 W HeartBeatUtils: start rescue com.nes.sound/com.nes.sound.component.service.DaemonService
04-09 09:28:56.568 1856 1856 W ContextImpl: Calling a method in the system process without a qualified user: android.app.ContextImpl.bindService:2026 android.content.ContextWrapper.bindService:861 com.nes.sound.daemon.utils.heartbeat.HeartBeatConnectionPool.connectServiceByBinderBeans:108 com.nes.sound.daemon.utils.heartbeat.HeartBeatConnectionPool.reBindConnection:122 com.nes.sound.daemon.utils.heartbeat.HeartBeatUtils.reBindConnection:137
04-09 09:28:56.569 689 2599 W ActivityManager: Unable to start service Intent { cmp=com.nes.sound/.component.service.HeartBeatDaemonService } U=0: not found
04-09 09:28:56.570 1856 1856 I HeartBeatUtils: ComponentInfo{com.nes.sound/com.nes.sound.component.service.HeartBeatDaemonService} bind failed !!!Immediate reconnect!!!
04-09 09:28:56.570 1856 1856 I HeartBeatUtils: onHeartBeatStoped com.nes.sound/com.nes.sound.component.service.HeartBeatDaemonService
04-09 09:28:56.570 689 2599 W ActivityManager: Unbind failed: could not find connection for android.os.BinderProxy@261e739
04-09 09:28:56.570 1856 1856 W HeartBeatUtils: start rescue com.nes.sound/com.nes.sound.component.service.HeartBeatDaemonService
04-09 09:29:01.502 689 2599 W ActivityManager: Unable to start service Intent { cmp=com.nes.sound.retail/com.nes.sound.component.service.DaemonService } U=0: not found
04-09 09:29:01.502 1052 1052 I HeartBeatUtils: ComponentInfo{com.nes.sound.retail/com.nes.sound.component.service.DaemonService} bind failed !!!Immediate reconnect!!!
04-09 09:29:01.502 1052 1052 I HeartBeatUtils: onHeartBeatStoped com.nes.sound.retail/com.nes.sound.component.service.DaemonService
04-09 09:29:01.503 689 2599 W ActivityManager: Unbind failed: could not find connection for android.os.BinderProxy@21fb6ad
04-09 09:29:01.503 1052 1052 W HeartBeatUtils: start rescue com.nes.sound.retail/com.nes.sound.component.service.DaemonService
04-09 09:29:01.504 689 2599 W ActivityManager: Unable to start service Intent { cmp=com.nes.sound/.component.service.DaemonService } U=0: not found
04-09 09:29:01.505 1052 1052 I HeartBeatUtils: ComponentInfo{com.nes.sound/com.nes.sound.component.service.DaemonService} bind failed !!!Immediate reconnect!!!
04-09 09:29:01.505 1052 1052 I HeartBeatUtils: onHeartBeatStoped com.nes.sound/com.nes.sound.component.service.DaemonService
04-09 09:29:01.508 689 2599 W ActivityManager: Unbind failed: could not find connection for android.os.BinderProxy@7f7ade2
04-09 09:29:01.509 1052 1052 W HeartBeatUtils: start rescue com.nes.sound/com.nes.sound.component.service.DaemonService
04-09 09:29:01.575 1856 1856 W ContextImpl: Calling a method in the system process without a qualified user: android.app.ContextImpl.bindService:2026 android.content.ContextWrapper.bindService:861 com.nes.sound.daemon.utils.heartbeat.HeartBeatConnectionPool.connectServiceByBinderBeans:108 com.nes.sound.daemon.utils.heartbeat.HeartBeatConnectionPool.reBindConnection:122 com.nes.sound.daemon.utils.heartbeat.HeartBeatUtils.reBindConnection:137
04-09 09:29:01.576 689 2599 W ActivityManager: Unable to start service Intent { cmp=com.nes.sound/.component.service.HeartBeatDaemonService } U=0: not found
04-09 09:29:01.576 1856 1856 I HeartBeatUtils: ComponentInfo{com.nes.sound/com.nes.sound.component.service.HeartBeatDaemonService} bind failed !!!Immediate reconnect!!!
04-09 09:29:01.576 1856 1856 I HeartBeatUtils: onHeartBeatStoped com.nes.sound/com.nes.sound.component.service.HeartBeatDaemonService
04-09 09:29:01.577 689 2599 W ActivityManager: Unbind failed: could not find connection for android.os.BinderProxy@4105c30
04-09 09:29:01.577 1856 1856 W HeartBeatUtils: start rescue com.nes.sound/com.nes.sound.component.service.HeartBeatDaemonService
04-09 09:29:06.508 689 1944 W ActivityManager: Unable to start service Intent { cmp=com.nes.sound.retail/com.nes.sound.component.service.DaemonService } U=0: not found
04-09 09:29:06.508 1052 1052 I HeartBeatUtils: ComponentInfo{com.nes.sound.retail/com.nes.sound.component.service.DaemonService} bind failed !!!Immediate reconnect!!!
04-09 09:29:06.508 1052 1052 I HeartBeatUtils: onHeartBeatStoped com.nes.sound.retail/com.nes.sound.component.service.DaemonService
04-09 09:29:06.508 689 1944 W ActivityManager: Unbind failed: could not find connection for android.os.BinderProxy@4b56d06
04-09 09:29:06.509 1052 1052 W HeartBeatUtils: start rescue com.nes.sound.retail/com.nes.sound.component.service.DaemonService
04-09 09:29:06.511 689 1944 W ActivityManager: Unable to start service Intent { cmp=com.nes.sound/.component.service.DaemonService } U=0: not found
04-09 09:29:06.511 1052 1052 I HeartBeatUtils: ComponentInfo{com.nes.sound/com.nes.sound.component.service.DaemonService} bind failed !!!Immediate reconnect!!!
04-09 09:29:06.511 1052 1052 I HeartBeatUtils: onHeartBeatStoped com.nes.sound/com.nes.sound.component.service.DaemonService
04-09 09:29:06.511 689 1944 W ActivityManager: Unbind failed: could not find connection for android.os.BinderProxy@11b6fc7
04-09 09:29:06.511 1052 1052 W HeartBeatUtils: start rescue com.nes.sound/com.nes.sound.component.service.DaemonService
04-09 09:29:06.583 1856 1856 W ContextImpl: Calling a method in the system process without a qualified user: android.app.ContextImpl.bindService:2026 android.content.ContextWrapper.bindService:861 com.nes.sound.daemon.utils.heartbeat.HeartBeatConnectionPool.connectServiceByBinderBeans:108 com.nes.sound.daemon.utils.heartbeat.HeartBeatConnectionPool.reBindConnection:122 com.nes.sound.daemon.utils.heartbeat.HeartBeatUtils.reBindConnection:137
04-09 09:29:06.584 689 1944 W ActivityManager: Unable to start service Intent { cmp=com.nes.sound/.component.service.HeartBeatDaemonService } U=0: not found
04-09 09:29:06.584 1856 1856 I HeartBeatUtils: ComponentInfo{com.nes.sound/com.nes.sound.component.service.HeartBeatDaemonService} bind failed !!!Immediate reconnect!!!
04-09 09:29:06.584 1856 1856 I HeartBeatUtils: onHeartBeatStoped com.nes.sound/com.nes.sound.component.service.HeartBeatDaemonService
04-09 09:29:06.585 689 1944 W ActivityManager: Unbind failed: could not find connection for android.os.BinderProxy@fa769f4
04-09 09:29:06.585 1856 1856 W HeartBeatUtils: start rescue com.nes.sound/com.nes.sound.component.service.HeartBeatDaemonService
04-09 09:29:08.979 15384 16234 W ContextImpl: Calling a method in the system process without a qualified user: android.app.ContextImpl.sendBroadcast:1248 android.content.ContextWrapper.sendBroadcast:504 w0.b.u:30 w0.b.n:59 w0.b.a:1
04-09 09:29:08.981 15384 16234 W ContextImpl: Calling a method in the system process without a qualified user: android.app.ContextImpl.sendBroadcast:1248 android.content.ContextWrapper.sendBroadcast:504 w0.b.u:44 w0.b.n:59 w0.b.a:1
04-09 09:29:09.018 1856 2310 W ContextImpl: Calling a method in the system process without a qualified user: android.app.ContextImpl.startService:1927 android.content.ContextWrapper.startService:825 com.nes.sound.daemon.utils.ComponentUtil.startService:68 com.nes.sound.daemon.utils.ComponentUtil.startComponent:46 com.nes.sound.daemon.component.DaemonService.operateDaemon:97
04-09 09:29:09.018 689 1944 W ActivityManager: Unable to start service Intent { pkg=com.nes.sound cmp=com.nes.sound/.component.service.LanService } U=0: not found
04-09 09:29:11.516 689 1944 W ActivityManager: Unable to start service Intent { cmp=com.nes.sound.retail/com.nes.sound.component.service.DaemonService } U=0: not found
04-09 09:29:11.517 1052 1052 I HeartBeatUtils: ComponentInfo{com.nes.sound.retail/com.nes.sound.component.service.DaemonService} bind failed !!!Immediate reconnect!!!
04-09 09:29:11.517 1052 1052 I HeartBeatUtils: onHeartBeatStoped com.nes.sound.retail/com.nes.sound.component.service.DaemonService
04-09 09:29:11.517 689 1944 W ActivityManager: Unbind failed: could not find connection for android.os.BinderProxy@62bc542
04-09 09:29:11.517 1052 1052 W HeartBeatUtils: start rescue com.nes.sound.retail/com.nes.sound.component.service.DaemonService
04-09 09:29:11.519 689 1944 W ActivityManager: Unable to start service Intent { cmp=com.nes.sound/.component.service.DaemonService } U=0: not found
04-09 09:29:11.519 1052 1052 I HeartBeatUtils: ComponentInfo{com.nes.sound/com.nes.sound.component.service.DaemonService} bind failed !!!Immediate reconnect!!!
04-09 09:29:11.519 1052 1052 I HeartBeatUtils: onHeartBeatStoped com.nes.sound/com.nes.sound.component.service.DaemonService
04-09 09:29:11.519 689 1944 W ActivityManager: Unbind failed: could not find connection for android.os.BinderProxy@9c94953
04-09 09:29:11.520 1052 1052 W HeartBeatUtils: start rescue com.nes.sound/com.nes.sound.component.service.DaemonService
04-09 09:29:11.591 1856 1856 W ContextImpl: Calling a method in the system process without a qualified user: android.app.ContextImpl.bindService:2026 android.content.ContextWrapper.bindService:861 com.nes.sound.daemon.utils.heartbeat.HeartBeatConnectionPool.connectServiceByBinderBeans:108 com.nes.sound.daemon.utils.heartbeat.HeartBeatConnectionPool.reBindConnection:122 com.nes.sound.daemon.utils.heartbeat.HeartBeatUtils.reBindConnection:137
04-09 09:29:11.592 689 1944 W ActivityManager: Unable to start service Intent { cmp=com.nes.sound/.component.service.HeartBeatDaemonService } U=0: not found
04-09 09:29:11.592 1856 1856 I HeartBeatUtils: ComponentInfo{com.nes.sound/com.nes.sound.component.service.HeartBeatDaemonService} bind failed !!!Immediate reconnect!!!
04-09 09:29:11.592 1856 1856 I HeartBeatUtils: onHeartBeatStoped com.nes.sound/com.nes.sound.component.service.HeartBeatDaemonService
04-09 09:29:11.593 689 1944 W ActivityManager: Unbind failed: could not find connection for android.os.BinderProxy@83db290
04-09 09:29:11.593 1856 1856 W HeartBeatUtils: start rescue com.nes.sound/com.nes.sound.component.service.HeartBeatDaemonService
04-09 09:29:13.796 689 2599 W PackageConfigPersister: App-specific configuration not found for packageName: com.android.tv.settings and userId: 0
04-09 09:29:15.180 689 2599 W PackageConfigPersister: App-specific configuration not found for packageName: com.android.tv.settings and userId: 0
04-09 09:29:16.521 689 2599 W ActivityManager: Unable to start service Intent { cmp=com.nes.sound.retail/com.nes.sound.component.service.DaemonService } U=0: not found
04-09 09:29:16.522 1052 1052 I HeartBeatUtils: ComponentInfo{com.nes.sound.retail/com.nes.sound.component.service.DaemonService} bind failed !!!Immediate reconnect!!!
04-09 09:29:16.522 1052 1052 I HeartBeatUtils: onHeartBeatStoped com.nes.sound.retail/com.nes.sound.component.service.DaemonService
04-09 09:29:16.522 689 2599 W ActivityManager: Unbind failed: could not find connection for android.os.BinderProxy@1ed43a8
04-09 09:29:16.522 1052 1052 W HeartBeatUtils: start rescue com.nes.sound.retail/com.nes.sound.component.service.DaemonService
04-09 09:29:16.524 689 2599 W ActivityManager: Unable to start service Intent { cmp=com.nes.sound/.component.service.DaemonService } U=0: not found
04-09 09:29:16.524 1052 1052 I HeartBeatUtils: ComponentInfo{com.nes.sound/com.nes.sound.component.service.DaemonService} bind failed !!!Immediate reconnect!!!
04-09 09:29:16.524 1052 1052 I HeartBeatUtils: onHeartBeatStoped com.nes.sound/com.nes.sound.component.service.DaemonService
04-09 09:29:16.525 689 2599 W ActivityManager: Unbind failed: could not find connection for android.os.BinderProxy@8932ec1
04-09 09:29:16.525 1052 1052 W HeartBeatUtils: start rescue com.nes.sound/com.nes.sound.component.service.DaemonService
04-09 09:29:16.597 1856 1856 W ContextImpl: Calling a method in the system process without a qualified user: android.app.ContextImpl.bindService:2026 android.content.ContextWrapper.bindService:861 com.nes.sound.daemon.utils.heartbeat.HeartBeatConnectionPool.connectServiceByBinderBeans:108 com.nes.sound.daemon.utils.heartbeat.HeartBeatConnectionPool.reBindConnection:122 com.nes.sound.daemon.utils.heartbeat.HeartBeatUtils.reBindConnection:137
04-09 09:29:16.599 689 2599 W ActivityManager: Unable to start service Intent { cmp=com.nes.sound/.component.service.HeartBeatDaemonService } U=0: not found
04-09 09:29:16.599 1856 1856 I HeartBeatUtils: ComponentInfo{com.nes.sound/com.nes.sound.component.service.HeartBeatDaemonService} bind failed !!!Immediate reconnect!!!
04-09 09:29:16.599 1856 1856 I HeartBeatUtils: onHeartBeatStoped com.nes.sound/com.nes.sound.component.service.HeartBeatDaemonService
04-09 09:29:16.600 689 2599 W ActivityManager: Unbind failed: could not find connection for android.os.BinderProxy@92fe666
04-09 09:29:16.600 1856 1856 W HeartBeatUtils: start rescue com.nes.sound/com.nes.sound.component.service.HeartBeatDaemonService
04-09 09:29:17.984 689 911 W PackageConfigPersister: App-specific configuration not found for packageName: com.android.tv.settings and userId: 0
04-09 09:29:20.241 689 2599 W AdbDebuggingManager: Ignoring tag 'keyStore'. Not recognized.
04-09 09:29:21.528 689 1944 W ActivityManager: Unable to start service Intent { cmp=com.nes.sound.retail/com.nes.sound.component.service.DaemonService } U=0: not found
04-09 09:29:21.528 1052 1052 I HeartBeatUtils: ComponentInfo{com.nes.sound.retail/com.nes.sound.component.service.DaemonService} bind failed !!!Immediate reconnect!!!
04-09 09:29:21.528 1052 1052 I HeartBeatUtils: onHeartBeatStoped com.nes.sound.retail/com.nes.sound.component.service.DaemonService
04-09 09:29:21.528 689 1944 W ActivityManager: Unbind failed: could not find connection for android.os.BinderProxy@a3ded33
04-09 09:29:21.529 1052 1052 W HeartBeatUtils: start rescue com.nes.sound.retail/com.nes.sound.component.service.DaemonService
04-09 09:29:21.530 689 1944 W ActivityManager: Unable to start service Intent { cmp=com.nes.sound/.component.service.DaemonService } U=0: not found
04-09 09:29:21.530 1052 1052 I HeartBeatUtils: ComponentInfo{com.nes.sound/com.nes.sound.component.service.DaemonService} bind failed !!!Immediate reconnect!!!
04-09 09:29:21.531 1052 1052 I HeartBeatUtils: onHeartBeatStoped com.nes.sound/com.nes.sound.component.service.DaemonService
04-09 09:29:21.531 689 1944 W ActivityManager: Unbind failed: could not find connection for android.os.BinderProxy@315b8f0
04-09 09:29:21.531 1052 1052 W HeartBeatUtils: start rescue com.nes.sound/com.nes.sound.component.service.DaemonService
04-09 09:29:21.603 1856 1856 W ContextImpl: Calling a method in the system process without a qualified user: android.app.ContextImpl.bindService:2026 android.content.ContextWrapper.bindService:861 com.nes.sound.daemon.utils.heartbeat.HeartBeatConnectionPool.connectServiceByBinderBeans:108 com.nes.sound.daemon.utils.heartbeat.HeartBeatConnectionPool.reBindConnection:122 com.nes.sound.daemon.utils.heartbeat.HeartBeatUtils.reBindConnection:137
04-09 09:29:21.604 689 1944 W ActivityManager: Unable to start service Intent { cmp=com.nes.sound/.component.service.HeartBeatDaemonService } U=0: not found
04-09 09:29:21.605 1856 1856 I HeartBeatUtils: ComponentInfo{com.nes.sound/com.nes.sound.component.service.HeartBeatDaemonService} bind failed !!!Immediate reconnect!!!
04-09 09:29:21.605 1856 1856 I HeartBeatUtils: onHeartBeatStoped com.nes.sound/com.nes.sound.component.service.HeartBeatDaemonService
04-09 09:29:21.605 689 1944 W ActivityManager: Unbind failed: could not find connection for android.os.BinderProxy@8390e69
04-09 09:29:21.605 1856 1856 W HeartBeatUtils: start rescue com.nes.sound/com.nes.sound.component.service.HeartBeatDaemonService
04-09 09:29:26.534 689 2599 W ActivityManager: Unable to start service Intent { cmp=com.nes.sound.retail/com.nes.sound.component.service.DaemonService } U=0: not found
04-09 09:29:26.535 1052 1052 I HeartBeatUtils: ComponentInfo{com.nes.sound.retail/com.nes.sound.component.service.DaemonService} bind failed !!!Immediate reconnect!!!
04-09 09:29:26.535 1052 1052 I HeartBeatUtils: onHeartBeatStoped com.nes.sound.retail/com.nes.sound.component.service.DaemonService
04-09 09:29:26.535 689 2599 W ActivityManager: Unbind failed: could not find connection for android.os.BinderProxy@95c8923
04-09 09:29:26.535 1052 1052 W HeartBeatUtils: start rescue com.nes.sound.retail/com.nes.sound.component.service.DaemonService
04-09 09:29:26.537 689 2599 W ActivityManager: Unable to start service Intent { cmp=com.nes.sound/.component.service.DaemonService } U=0: not found
04-09 09:29:26.537 1052 1052 I HeartBeatUtils: ComponentInfo{com.nes.sound/com.nes.sound.component.service.DaemonService} bind failed !!!Immediate reconnect!!!
04-09 09:29:26.537 1052 1052 I HeartBeatUtils: onHeartBeatStoped com.nes.sound/com.nes.sound.component.service.DaemonService
04-09 09:29:26.537 689 2599 W ActivityManager: Unbind failed: could not find connection for android.os.BinderProxy@2413e20
04-09 09:29:26.538 1052 1052 W HeartBeatUtils: start rescue com.nes.sound/com.nes.sound.component.service.DaemonService
04-09 09:29:26.609 1856 1856 W ContextImpl: Calling a method in the system process without a qualified user: android.app.ContextImpl.bindService:2026 android.content.ContextWrapper.bindService:861 com.nes.sound.daemon.utils.heartbeat.HeartBeatConnectionPool.connectServiceByBinderBeans:108 com.nes.sound.daemon.utils.heartbeat.HeartBeatConnectionPool.reBindConnection:122 com.nes.sound.daemon.utils.heartbeat.HeartBeatUtils.reBindConnection:137
04-09 09:29:26.610 689 2599 W ActivityManager: Unable to start service Intent { cmp=com.nes.sound/.component.service.HeartBeatDaemonService } U=0: not found
04-09 09:29:26.611 1856 1856 I HeartBeatUtils: ComponentInfo{com.nes.sound/com.nes.sound.component.service.HeartBeatDaemonService} bind failed !!!Immediate reconnect!!!
