04-09 09:23:41.131 1856 1856 W ContextImpl: Calling a method in the system process without a qualified user: android.app.ContextImpl.bindService:2026 android.content.ContextWrapper.bindService:861 com.nes.sound.daemon.utils.heartbeat.HeartBeatConnectionPool.connectServiceByBinderBeans:108 com.nes.sound.daemon.utils.heartbeat.HeartBeatConnectionPool.reBindConnection:122 com.nes.sound.daemon.utils.heartbeat.HeartBeatUtils.reBindConnection:137
04-09 09:23:41.132 689 2593 W ActivityManager: Unable to start service Intent { cmp=com.nes.sound/.component.service.HeartBeatDaemonService } U=0: not found
04-09 09:23:41.132 1856 1856 I HeartBeatUtils: ComponentInfo{com.nes.sound/com.nes.sound.component.service.HeartBeatDaemonService} bind failed !!!Immediate reconnect!!!
04-09 09:23:41.132 1856 1856 I HeartBeatUtils: onHeartBeatStoped com.nes.sound/com.nes.sound.component.service.HeartBeatDaemonService
04-09 09:23:41.133 689 2593 W ActivityManager: Unbind failed: could not find connection for android.os.BinderProxy@40cc7eb
04-09 09:23:41.133 1856 1856 W HeartBeatUtils: start rescue com.nes.sound/com.nes.sound.component.service.HeartBeatDaemonService
04-09 09:23:41.508 689 811 E Transition: Trying to add a ready-group twice: Display{#0 state=ON size=1920x1080 ROTATION_0}
04-09 09:23:41.512 1052 1170 V WindowManagerShell: Transition requested: android.os.BinderProxy@59fc308 TransitionRequestInfo { type = OPEN, triggerTask = TaskInfo{userId=0 taskId=439 displayId=0 isRunning=true baseIntent=Intent { flg=0x10800000 cmp=com.android.tv.settings/.MainSettings } baseActivity=ComponentInfo{com.android.tv.settings/com.android.tv.settings.MainSettings} topActivity=ComponentInfo{com.android.tv.settings/com.android.tv.settings.system.development.AppPicker} origActivity=null realActivity=ComponentInfo{com.android.tv.settings/com.android.tv.settings.MainSettings} numActivities=2 lastActiveTime=653473836 supportsMultiWindow=false resizeMode=1 isResizeable=true minWidth=-1 minHeight=-1 defaultMinSize=220 token=WCT{android.window.IWindowContainerToken$Stub$Proxy@2a2aaa1} topActivityType=1 pictureInPictureParams=null shouldDockBigOverlays=true launchIntoPipHostTaskId=-1 lastParentTaskIdBeforePip=-1 displayCutoutSafeInsets=null topActivityInfo=ActivityInfo{8c5e4c6 com.android.tv.settings.system.development.AppPicker} launchCookies=[] positionInParent=Point(0, 0) parentTaskId=-1 isFocused=true isVisible=true isVisibleRequested=true isSleeping=false topActivityInSizeCompat=false topActivityEligibleForLetterboxEducation= false topActivityLetterboxed= false isFromDoubleTap= false topActivityLetterboxVerticalPosition= -1 topActivityLetterboxHorizontalPosition= -1 topActivityLetterboxWidth=-1 topActivityLetterboxHeight=-1 locusId=null displayAreaFeatureId=1 cameraCompatControlState=hidden}, remoteTransition = null, displayChange = null }
04-09 09:23:41.512 689 811 I ActivityTaskManager: START u0 {cmp=com.android.tv.settings/.system.development.AppPicker (has extras)} with LAUNCH_MULTIPLE from uid 1000 (BAL_ALLOW_ALLOWLISTED_UID) result code=0
04-09 09:23:41.638 1052 1170 D WindowManagerShell: TvPipController: onTaskStackChanged()
04-09 09:23:41.653 689 811 I KatnissWindowBlocker: Setup wizard mode set to: false
04-09 09:23:41.667 689 811 D CoreBackPreview: Window{813478 u0 com.android.tv.settings/com.android.tv.settings.system.development.AppPicker}: Setting back callback OnBackInvokedCallbackInfo{mCallback=android.window.IOnBackInvokedCallback$Stub$Proxy@65acbb6, mPriority=0, mIsAnimationCallback=false}
04-09 09:23:41.765 689 826 V WindowManager: Sent Transition #73 createdAt=04-09 09:23:41.497 via request=TransitionRequestInfo { type = OPEN, triggerTask = TaskInfo{userId=0 taskId=439 displayId=0 isRunning=true baseIntent=Intent { flg=0x10800000 cmp=com.android.tv.settings/.MainSettings } baseActivity=ComponentInfo{com.android.tv.settings/com.android.tv.settings.MainSettings} topActivity=ComponentInfo{com.android.tv.settings/com.android.tv.settings.system.development.AppPicker} origActivity=null realActivity=ComponentInfo{com.android.tv.settings/com.android.tv.settings.MainSettings} numActivities=2 lastActiveTime=653473836 supportsMultiWindow=false resizeMode=1 isResizeable=true minWidth=-1 minHeight=-1 defaultMinSize=220 token=WCT{RemoteToken{7539ede Task{e779185 #439 type=standard A=1000:com.android.tv.settings}}} topActivityType=1 pictureInPictureParams=null shouldDockBigOverlays=true launchIntoPipHostTaskId=-1 lastParentTaskIdBeforePip=-1 displayCutoutSafeInsets=null topActivityInfo=ActivityInfo{a0e5153 com.android.tv.settings.system.development.AppPicker} launchCookies=[] positionInParent=Point(0, 0) parentTaskId=-1 isFocused=true isVisible=true isVisibleRequested=true isSleeping=false topActivityInSizeCompat=false topActivityEligibleForLetterboxEducation= false topActivityLetterboxed= false isFromDoubleTap= false topActivityLetterboxVerticalPosition= -1 topActivityLetterboxHorizontalPosition= -1 topActivityLetterboxWidth=-1 topActivityLetterboxHeight=-1 locusId=null displayAreaFeatureId=1 cameraCompatControlState=hidden}, remoteTransition = null, displayChange = null }
04-09 09:23:41.765 689 826 V WindowManager: startWCT=WindowContainerTransaction { changes = {} hops = [] errorCallbackToken=null taskFragmentOrganizer=null }
04-09 09:23:41.765 689 826 V WindowManager: info={id=73 t=OPEN f=0x0 trk=0 r=[0@Point(0, 0)] c=[{null m=OPEN f=FILLS_TASK leash=Surface(name=ActivityRecord{bb51f4 u0 com.android.tv.settings/.system.development.AppPicker)/@0xaadd78d sb=Rect(0, 0 - 0, 0) eb=Rect(0, 0 - 1920, 1080) d=-1->0 r=-1->0:-1},{null m=TO_BACK f=TRANSLUCENT|FILLS_TASK leash=Surface(name=ActivityRecord{35626fc u0 com.android.tv.settings/.MainSettings)/@0x2d12024 sb=Rect(0, 0 - 1920, 1080) eb=Rect(0, 0 - 1920, 1080) d=0},{WCT{RemoteToken{d32a4c0 Task{92665fa #1 type=home}}} m=TO_BACK f=NONE leash=Surface(name=Task=1)/@0x147f7f9 sb=Rect(0, 0 - 1920, 1080) eb=Rect(0, 0 - 1920, 1080) d=0}]}
04-09 09:23:41.766 1052 1170 V WindowManagerShell: onTransitionReady android.os.BinderProxy@59fc308: {id=73 t=OPEN f=0x0 trk=0 r=[0@Point(0, 0)] c=[{null m=OPEN f=FILLS_TASK leash=Surface(name=ActivityRecord{bb51f4 u0 com.android.tv.settings/.system.development.AppPicker)/@0xf1aec87 sb=Rect(0, 0 - 0, 0) eb=Rect(0, 0 - 1920, 1080) d=-1->0 r=-1->0:-1},{null m=TO_BACK f=TRANSLUCENT|FILLS_TASK leash=Surface(name=ActivityRecord{35626fc u0 com.android.tv.settings/.MainSettings)/@0x9f207b4 sb=Rect(0, 0 - 1920, 1080) eb=Rect(0, 0 - 1920, 1080) d=0},{WCT{android.window.IWindowContainerToken$Stub$Proxy@fafca23} m=TO_BACK f=NONE leash=Surface(name=Task=1)/@0x39e4fdd sb=Rect(0, 0 - 1920, 1080) eb=Rect(0, 0 - 1920, 1080) d=0}]}
04-09 09:23:41.766 1052 1170 V WindowManagerShell: Playing animation for (#73)android.os.BinderProxy@59fc308@0
04-09 09:23:41.766 1052 1170 V WindowManagerShell: try handler com.android.wm.shell.keyguard.KeyguardTransitionHandler@1afc691
04-09 09:23:41.767 1052 1170 V WindowManagerShell: try handler com.android.wm.shell.activityembedding.ActivityEmbeddingController@b7de9f6
04-09 09:23:41.767 1052 1170 V WindowManagerShell: try handler com.android.wm.shell.pip.tv.TvPipTransition@c29c1f7
04-09 09:23:41.767 1052 1170 V WindowManagerShell: try handler com.android.wm.shell.transition.RemoteTransitionHandler@2eb0864
04-09 09:23:41.767 1052 1170 V WindowManagerShell: Transition doesn't have explicit remote, search filters for match for {id=73 t=OPEN f=0x0 trk=0 r=[0@Point(0, 0)] c=[{null m=OPEN f=FILLS_TASK leash=Surface(name=ActivityRecord{bb51f4 u0 com.android.tv.settings/.system.development.AppPicker)/@0xf1aec87 sb=Rect(0, 0 - 0, 0) eb=Rect(0, 0 - 1920, 1080) d=-1->0 r=-1->0:-1},{null m=TO_BACK f=TRANSLUCENT|FILLS_TASK leash=Surface(name=ActivityRecord{35626fc u0 com.android.tv.settings/.MainSettings)/@0x9f207b4 sb=Rect(0, 0 - 1920, 1080) eb=Rect(0, 0 - 1920, 1080) d=0},{WCT{android.window.IWindowContainerToken$Stub$Proxy@fafca23} m=TO_BACK f=NONE leash=Surface(name=Task=1)/@0x39e4fdd sb=Rect(0, 0 - 1920, 1080) eb=Rect(0, 0 - 1920, 1080) d=0}]}
04-09 09:23:41.767 1052 1170 V WindowManagerShell: Delegate animation for #73 to null
04-09 09:23:41.767 1052 1170 V WindowManagerShell: try handler com.android.wm.shell.transition.DefaultTransitionHandler@bf93acd
04-09 09:23:41.767 1052 1170 V WindowManagerShell: start default transition animation, info = {id=73 t=OPEN f=0x0 trk=0 r=[0@Point(0, 0)] c=[{null m=OPEN f=FILLS_TASK leash=Surface(name=ActivityRecord{bb51f4 u0 com.android.tv.settings/.system.development.AppPicker)/@0xf1aec87 sb=Rect(0, 0 - 0, 0) eb=Rect(0, 0 - 1920, 1080) d=-1->0 r=-1->0:-1},{null m=TO_BACK f=TRANSLUCENT|FILLS_TASK leash=Surface(name=ActivityRecord{35626fc u0 com.android.tv.settings/.MainSettings)/@0x9f207b4 sb=Rect(0, 0 - 1920, 1080) eb=Rect(0, 0 - 1920, 1080) d=0},{WCT{android.window.IWindowContainerToken$Stub$Proxy@fafca23} m=TO_BACK f=NONE leash=Surface(name=Task=1)/@0x39e4fdd sb=Rect(0, 0 - 1920, 1080) eb=Rect(0, 0 - 1920, 1080) d=0}]}
04-09 09:23:41.768 1052 1170 V WindowManagerShell: loadAnimation: anim=android.view.animation.AlphaAnimation@2b50cd9 animAttr=0x9 type=OPEN isEntrance=false
04-09 09:23:41.770 1052 1170 V WindowManagerShell: loadAnimation: anim=null animAttr=0x5 type=OPEN isEntrance=false
04-09 09:23:41.770 1052 1170 V WindowManagerShell: loadAnimation: anim=android.view.animation.AlphaAnimation@d2ae57f animAttr=0x4 type=OPEN isEntrance=true
04-09 09:23:41.775 1052 1170 V WindowManagerShell: animated by com.android.wm.shell.transition.DefaultTransitionHandler@bf93acd
04-09 09:23:41.847 689 911 W PackageConfigPersister: App-specific configuration not found for packageName: com.android.tv.settings and userId: 0
04-09 09:23:42.190 1052 1170 V WindowManagerShell: Transition animation finished (aborted=false), notifying core (#73)android.os.BinderProxy@59fc308@0
04-09 09:23:42.192 689 826 V WindowManager: Finish Transition #73: created at
04-09 09:23:41.497 collect-started=0.119ms request-sent=11.585ms started=25.798ms ready=39.973ms sent=263.562ms finished=694.0ms
04-09 09:23:42.196 1052 1170 V WindowManagerShell: Track 0 became idle
04-09 09:23:42.196 1052 1170 V WindowManagerShell: All active transition animations finished
04-09 09:23:42.203 689 835 I ProcessStatsService: Pruning old procstats: /data/system/procstats/state-v2-2026-03-30-15-51-29.bin
04-09 09:23:44.444 27387 28228 W PackageParser: Unknown element under : queries at /data/user_de/0/com.google.android.gms/app_chimera/m/0000000a/dl-Games.optional_261233180000.apk Binary XML file line #15
04-09 09:23:44.636 1052 1170 V WindowManagerShell: Transition requested: android.os.BinderProxy@b4dfe38 TransitionRequestInfo { type = CLOSE, triggerTask = null, remoteTransition = null, displayChange = null }
04-09 09:23:44.751 1052 1170 D WindowManagerShell: TvPipController: onTaskStackChanged()
04-09 09:23:44.772 689 826 V WindowManager: Sent Transition #74 createdAt=04-09 09:23:44.635 via request=TransitionRequestInfo { type = CLOSE, triggerTask = null, remoteTransition = null, displayChange = null }
04-09 09:23:44.772 689 826 V WindowManager: startWCT=WindowContainerTransaction { changes = {} hops = [] errorCallbackToken=null taskFragmentOrganizer=null }
04-09 09:23:44.773 689 826 V WindowManager: info={id=74 t=CLOSE f=0x0 trk=0 r=[0@Point(0, 0)] c=[{null m=CLOSE f=FILLS_TASK leash=Surface(name=ActivityRecord{bb51f4 u0 com.android.tv.settings/.system.development.AppPicker)/@0xaadd78d sb=Rect(0, 0 - 1920, 1080) eb=Rect(0, 0 - 1920, 1080) d=0},{null m=TO_FRONT f=TRANSLUCENT|FILLS_TASK leash=Surface(name=ActivityRecord{35626fc u0 com.android.tv.settings/.MainSettings)/@0x2d12024 sb=Rect(0, 0 - 1920, 1080) eb=Rect(0, 0 - 1920, 1080) d=0},{WCT{RemoteToken{d32a4c0 Task{92665fa #1 type=home}}} m=TO_FRONT f=NONE leash=Surface(name=Task=1)/@0x147f7f9 sb=Rect(0, 0 - 1920, 1080) eb=Rect(0, 0 - 1920, 1080) d=0}]}
04-09 09:23:44.782 1052 1170 V WindowManagerShell: onTransitionReady android.os.BinderProxy@b4dfe38: {id=74 t=CLOSE f=0x0 trk=0 r=[0@Point(0, 0)] c=[{null m=CLOSE f=FILLS_TASK leash=Surface(name=ActivityRecord{bb51f4 u0 com.android.tv.settings/.system.development.AppPicker)/@0xafa7e11 sb=Rect(0, 0 - 1920, 1080) eb=Rect(0, 0 - 1920, 1080) d=0},{null m=TO_FRONT f=TRANSLUCENT|FILLS_TASK leash=Surface(name=ActivityRecord{35626fc u0 com.android.tv.settings/.MainSettings)/@0x1370b76 sb=Rect(0, 0 - 1920, 1080) eb=Rect(0, 0 - 1920, 1080) d=0},{WCT{android.window.IWindowContainerToken$Stub$Proxy@7f7ea4d} m=TO_FRONT f=NONE leash=Surface(name=Task=1)/@0xd320577 sb=Rect(0, 0 - 1920, 1080) eb=Rect(0, 0 - 1920, 1080) d=0}]}
04-09 09:23:44.782 1052 1170 V WindowManagerShell: Playing animation for (#74)android.os.BinderProxy@b4dfe38@0
04-09 09:23:44.782 1052 1170 V WindowManagerShell: try handler com.android.wm.shell.keyguard.KeyguardTransitionHandler@1afc691
04-09 09:23:44.783 1052 1170 V WindowManagerShell: try handler com.android.wm.shell.activityembedding.ActivityEmbeddingController@b7de9f6
04-09 09:23:44.783 1052 1170 V WindowManagerShell: try handler com.android.wm.shell.pip.tv.TvPipTransition@c29c1f7
04-09 09:23:44.783 1052 1170 V WindowManagerShell: try handler com.android.wm.shell.transition.RemoteTransitionHandler@2eb0864
04-09 09:23:44.783 1052 1170 V WindowManagerShell: Transition doesn't have explicit remote, search filters for match for {id=74 t=CLOSE f=0x0 trk=0 r=[0@Point(0, 0)] c=[{null m=CLOSE f=FILLS_TASK leash=Surface(name=ActivityRecord{bb51f4 u0 com.android.tv.settings/.system.development.AppPicker)/@0xafa7e11 sb=Rect(0, 0 - 1920, 1080) eb=Rect(0, 0 - 1920, 1080) d=0},{null m=TO_FRONT f=TRANSLUCENT|FILLS_TASK leash=Surface(name=ActivityRecord{35626fc u0 com.android.tv.settings/.MainSettings)/@0x1370b76 sb=Rect(0, 0 - 1920, 1080) eb=Rect(0, 0 - 1920, 1080) d=0},{WCT{android.window.IWindowContainerToken$Stub$Proxy@7f7ea4d} m=TO_FRONT f=NONE leash=Surface(name=Task=1)/@0xd320577 sb=Rect(0, 0 - 1920, 1080) eb=Rect(0, 0 - 1920, 1080) d=0}]}
04-09 09:23:44.783 1052 1170 V WindowManagerShell: Delegate animation for #74 to null
04-09 09:23:44.783 1052 1170 V WindowManagerShell: try handler com.android.wm.shell.transition.DefaultTransitionHandler@bf93acd
04-09 09:23:44.783 1052 1170 V WindowManagerShell: start default transition animation, info = {id=74 t=CLOSE f=0x0 trk=0 r=[0@Point(0, 0)] c=[{null m=CLOSE f=FILLS_TASK leash=Surface(name=ActivityRecord{bb51f4 u0 com.android.tv.settings/.system.development.AppPicker)/@0xafa7e11 sb=Rect(0, 0 - 1920, 1080) eb=Rect(0, 0 - 1920, 1080) d=0},{null m=TO_FRONT f=TRANSLUCENT|FILLS_TASK leash=Surface(name=ActivityRecord{35626fc u0 com.android.tv.settings/.MainSettings)/@0x1370b76 sb=Rect(0, 0 - 1920, 1080) eb=Rect(0, 0 - 1920, 1080) d=0},{WCT{android.window.IWindowContainerToken$Stub$Proxy@7f7ea4d} m=TO_FRONT f=NONE leash=Surface(name=Task=1)/@0xd320577 sb=Rect(0, 0 - 1920, 1080) eb=Rect(0, 0 - 1920, 1080) d=0}]}
04-09 09:23:44.784 1052 1170 V WindowManagerShell: loadAnimation: anim=android.view.animation.AlphaAnimation@f65c50 animAttr=0xa type=CLOSE isEntrance=true
04-09 09:23:44.785 1052 1170 V WindowManagerShell: loadAnimation: anim=android.view.animation.AlphaAnimation@ee5de49 animAttr=0x6 type=CLOSE isEntrance=true
04-09 09:23:44.785 1052 1170 V WindowManagerShell: loadAnimation: anim=android.view.animation.AlphaAnimation@40e2c6f animAttr=0x7 type=CLOSE isEntrance=false
04-09 09:23:44.789 1052 1170 V WindowManagerShell: animated by com.android.wm.shell.transition.DefaultTransitionHandler@bf93acd
04-09 09:23:44.806 689 7272 W PackageConfigPersister: App-specific configuration not found for packageName: com.android.tv.settings and userId: 0
04-09 09:23:45.195 1052 1170 V WindowManagerShell: Transition animation finished (aborted=false), notifying core (#74)android.os.BinderProxy@b4dfe38@0
04-09 09:23:45.197 689 826 V WindowManager: Finish Transition #74: created at
04-09 09:23:44.635 collect-started=0.117ms request-sent=0.224ms started=6.694ms ready=15.024ms sent=135.463ms finished=561.393ms
04-09 09:23:45.200 1052 1170 V WindowManagerShell: Track 0 became idle
04-09 09:23:45.200 1052 1170 V WindowManagerShell: All active transition animations finished
04-09 09:23:45.233 689 2593 D CoreBackPreview: Window{813478 u0 com.android.tv.settings/com.android.tv.settings.system.development.AppPicker}: Setting back callback null
04-09 09:23:46.123 689 2593 W ActivityManager: Unable to start service Intent { cmp=com.nes.sound.retail/com.nes.sound.component.service.DaemonService } U=0: not found
04-09 09:23:46.124 1052 1052 I HeartBeatUtils: ComponentInfo{com.nes.sound.retail/com.nes.sound.component.service.DaemonService} bind failed !!!Immediate reconnect!!!
04-09 09:23:46.124 1052 1052 I HeartBeatUtils: onHeartBeatStoped com.nes.sound.retail/com.nes.sound.component.service.DaemonService
04-09 09:23:46.124 689 2593 W ActivityManager: Unbind failed: could not find connection for android.os.BinderProxy@a3590e4
04-09 09:23:46.125 1052 1052 W HeartBeatUtils: start rescue com.nes.sound.retail/com.nes.sound.component.service.DaemonService
04-09 09:23:46.126 689 2593 W ActivityManager: Unable to start service Intent { cmp=com.nes.sound/.component.service.DaemonService } U=0: not found
04-09 09:23:46.126 1052 1052 I HeartBeatUtils: ComponentInfo{com.nes.sound/com.nes.sound.component.service.DaemonService} bind failed !!!Immediate reconnect!!!
04-09 09:23:46.127 1052 1052 I HeartBeatUtils: onHeartBeatStoped com.nes.sound/com.nes.sound.component.service.DaemonService
04-09 09:23:46.127 689 2593 W ActivityManager: Unbind failed: could not find connection for android.os.BinderProxy@f4c594d
04-09 09:23:46.127 1052 1052 W HeartBeatUtils: start rescue com.nes.sound/com.nes.sound.component.service.DaemonService
04-09 09:23:46.138 1856 1856 W ContextImpl: Calling a method in the system process without a qualified user: android.app.ContextImpl.bindService:2026 android.content.ContextWrapper.bindService:861 com.nes.sound.daemon.utils.heartbeat.HeartBeatConnectionPool.connectServiceByBinderBeans:108 com.nes.sound.daemon.utils.heartbeat.HeartBeatConnectionPool.reBindConnection:122 com.nes.sound.daemon.utils.heartbeat.HeartBeatUtils.reBindConnection:137
04-09 09:23:46.139 689 2593 W ActivityManager: Unable to start service Intent { cmp=com.nes.sound/.component.service.HeartBeatDaemonService } U=0: not found
04-09 09:23:46.139 1856 1856 I HeartBeatUtils: ComponentInfo{com.nes.sound/com.nes.sound.component.service.HeartBeatDaemonService} bind failed !!!Immediate reconnect!!!
04-09 09:23:46.140 1856 1856 I HeartBeatUtils: onHeartBeatStoped com.nes.sound/com.nes.sound.component.service.HeartBeatDaemonService
04-09 09:23:46.140 689 2593 W ActivityManager: Unbind failed: could not find connection for android.os.BinderProxy@545ac02
04-09 09:23:46.140 1856 1856 W HeartBeatUtils: start rescue com.nes.sound/com.nes.sound.component.service.HeartBeatDaemonService
04-09 09:23:46.285 689 2593 W PackageConfigPersister: App-specific configuration not found for packageName: com.android.tv.settings and userId: 0
04-09 09:23:51.129 689 2593 W ActivityManager: Unable to start service Intent { cmp=com.nes.sound.retail/com.nes.sound.component.service.DaemonService } U=0: not found
04-09 09:23:51.129 1052 1052 I HeartBeatUtils: ComponentInfo{com.nes.sound.retail/com.nes.sound.component.service.DaemonService} bind failed !!!Immediate reconnect!!!
04-09 09:23:51.130 1052 1052 I HeartBeatUtils: onHeartBeatStoped com.nes.sound.retail/com.nes.sound.component.service.DaemonService
04-09 09:23:51.130 689 2593 W ActivityManager: Unbind failed: could not find connection for android.os.BinderProxy@466864e
04-09 09:23:51.130 1052 1052 W HeartBeatUtils: start rescue com.nes.sound.retail/com.nes.sound.component.service.DaemonService
04-09 09:23:51.132 689 2593 W ActivityManager: Unable to start service Intent { cmp=com.nes.sound/.component.service.DaemonService } U=0: not found
04-09 09:23:51.132 1052 1052 I HeartBeatUtils: ComponentInfo{com.nes.sound/com.nes.sound.component.service.DaemonService} bind failed !!!Immediate reconnect!!!
04-09 09:23:51.132 1052 1052 I HeartBeatUtils: onHeartBeatStoped com.nes.sound/com.nes.sound.component.service.DaemonService
04-09 09:23:51.132 689 2593 W ActivityManager: Unbind failed: could not find connection for android.os.BinderProxy@ae7236f
04-09 09:23:51.133 1052 1052 W HeartBeatUtils: start rescue com.nes.sound/com.nes.sound.component.service.DaemonService
04-09 09:23:51.145 1856 1856 W ContextImpl: Calling a method in the system process without a qualified user: android.app.ContextImpl.bindService:2026 android.content.ContextWrapper.bindService:861 com.nes.sound.daemon.utils.heartbeat.HeartBeatConnectionPool.connectServiceByBinderBeans:108 com.nes.sound.daemon.utils.heartbeat.HeartBeatConnectionPool.reBindConnection:122 com.nes.sound.daemon.utils.heartbeat.HeartBeatUtils.reBindConnection:137
04-09 09:23:51.146 689 2593 W ActivityManager: Unable to start service Intent { cmp=com.nes.sound/.component.service.HeartBeatDaemonService } U=0: not found
04-09 09:23:51.147 1856 1856 I HeartBeatUtils: ComponentInfo{com.nes.sound/com.nes.sound.component.service.HeartBeatDaemonService} bind failed !!!Immediate reconnect!!!
04-09 09:23:51.147 1856 1856 I HeartBeatUtils: onHeartBeatStoped com.nes.sound/com.nes.sound.component.service.HeartBeatDaemonService
04-09 09:23:51.147 689 2593 W ActivityManager: Unbind failed: could not find connection for android.os.BinderProxy@810187c
04-09 09:23:51.147 1856 1856 W HeartBeatUtils: start rescue com.nes.sound/com.nes.sound.component.service.HeartBeatDaemonService
04-09 09:23:51.598 689 927 D ActivityManager: freezing 25576 com.android.providers.tv
04-09 09:23:56.135 689 811 W ActivityManager: Unable to start service Intent { cmp=com.nes.sound.retail/com.nes.sound.component.service.DaemonService } U=0: not found
04-09 09:23:56.136 1052 1052 I HeartBeatUtils: ComponentInfo{com.nes.sound.retail/com.nes.sound.component.service.DaemonService} bind failed !!!Immediate reconnect!!!
04-09 09:23:56.136 1052 1052 I HeartBeatUtils: onHeartBeatStoped com.nes.sound.retail/com.nes.sound.component.service.DaemonService
04-09 09:23:56.136 689 811 W ActivityManager: Unbind failed: could not find connection for android.os.BinderProxy@6b32fbd
04-09 09:23:56.136 1052 1052 W HeartBeatUtils: start rescue com.nes.sound.retail/com.nes.sound.component.service.DaemonService
04-09 09:23:56.138 689 811 W ActivityManager: Unable to start service Intent { cmp=com.nes.sound/.component.service.DaemonService } U=0: not found
04-09 09:23:56.138 1052 1052 I HeartBeatUtils: ComponentInfo{com.nes.sound/com.nes.sound.component.service.DaemonService} bind failed !!!Immediate reconnect!!!
04-09 09:23:56.138 1052 1052 I HeartBeatUtils: onHeartBeatStoped com.nes.sound/com.nes.sound.component.service.DaemonService
04-09 09:23:56.138 689 811 W ActivityManager: Unbind failed: could not find connection for android.os.BinderProxy@c0519b2
04-09 09:23:56.139 1052 1052 W HeartBeatUtils: start rescue com.nes.sound/com.nes.sound.component.service.DaemonService
04-09 09:23:56.153 1856 1856 W ContextImpl: Calling a method in the system process without a qualified user: android.app.ContextImpl.bindService:2026 android.content.ContextWrapper.bindService:861 com.nes.sound.daemon.utils.heartbeat.HeartBeatConnectionPool.connectServiceByBinderBeans:108 com.nes.sound.daemon.utils.heartbeat.HeartBeatConnectionPool.reBindConnection:122 com.nes.sound.daemon.utils.heartbeat.HeartBeatUtils.reBindConnection:137
04-09 09:23:56.155 689 811 W ActivityManager: Unable to start service Intent { cmp=com.nes.sound/.component.service.HeartBeatDaemonService } U=0: not found
04-09 09:23:56.155 1856 1856 I HeartBeatUtils: ComponentInfo{com.nes.sound/com.nes.sound.component.service.HeartBeatDaemonService} bind failed !!!Immediate reconnect!!!
04-09 09:23:56.155 1856 1856 I HeartBeatUtils: onHeartBeatStoped com.nes.sound/com.nes.sound.component.service.HeartBeatDaemonService
04-09 09:23:56.156 689 811 W ActivityManager: Unbind failed: could not find connection for android.os.BinderProxy@dac5d03
04-09 09:23:56.156 1856 1856 W HeartBeatUtils: start rescue com.nes.sound/com.nes.sound.component.service.HeartBeatDaemonService
04-09 09:24:00.202 19644 19644 W ContextImpl: Calling a method in the system process without a qualified user: android.app.ContextImpl.startService:1927 android.content.ContextWrapper.startService:825 android.content.ContextWrapper.startService:825 com.android.tv.settings.system.development.DevelopmentFragment.writeTrafficDetailsOptions:1721 com.android.tv.settings.system.development.DevelopmentFragment.onPreferenceTreeClick:2124
04-09 09:24:00.240 689 2593 I KatnissWindowBlocker: Setup wizard mode set to: false
04-09 09:24:00.267 689 2593 D CoreBackPreview: Window{9ee0fd6 u0 com.android.tv.settings}: Setting back callback OnBackInvokedCallbackInfo{mCallback=android.window.IOnBackInvokedCallback$Stub$Proxy@d735144, mPriority=0, mIsAnimationCallback=false}
04-09 09:24:01.138 689 2593 W ActivityManager: Unable to start service Intent { cmp=com.nes.sound.retail/com.nes.sound.component.service.DaemonService } U=0: not found
04-09 09:24:01.139 1052 1052 I HeartBeatUtils: ComponentInfo{com.nes.sound.retail/com.nes.sound.component.service.DaemonService} bind failed !!!Immediate reconnect!!!
04-09 09:24:01.139 1052 1052 I HeartBeatUtils: onHeartBeatStoped com.nes.sound.retail/com.nes.sound.component.service.DaemonService
04-09 09:24:01.139 689 2593 W ActivityManager: Unbind failed: could not find connection for android.os.BinderProxy@9eca76b
04-09 09:24:01.139 1052 1052 W HeartBeatUtils: start rescue com.nes.sound.retail/com.nes.sound.component.service.DaemonService
04-09 09:24:01.141 689 2593 W ActivityManager: Unable to start service Intent { cmp=com.nes.sound/.component.service.DaemonService } U=0: not found
04-09 09:24:01.141 1052 1052 I HeartBeatUtils: ComponentInfo{com.nes.sound/com.nes.sound.component.service.DaemonService} bind failed !!!Immediate reconnect!!!
04-09 09:24:01.141 1052 1052 I HeartBeatUtils: onHeartBeatStoped com.nes.sound/com.nes.sound.component.service.DaemonService
04-09 09:24:01.142 689 2593 W ActivityManager: Unbind failed: could not find connection for android.os.BinderProxy@c8812c8
04-09 09:24:01.142 1052 1052 W HeartBeatUtils: start rescue com.nes.sound/com.nes.sound.component.service.DaemonService
04-09 09:24:01.158 1856 1856 W ContextImpl: Calling a method in the system process without a qualified user: android.app.ContextImpl.bindService:2026 android.content.ContextWrapper.bindService:861 com.nes.sound.daemon.utils.heartbeat.HeartBeatConnectionPool.connectServiceByBinderBeans:108 com.nes.sound.daemon.utils.heartbeat.HeartBeatConnectionPool.reBindConnection:122 com.nes.sound.daemon.utils.heartbeat.HeartBeatUtils.reBindConnection:137
04-09 09:24:01.160 689 2593 W ActivityManager: Unable to start service Intent { cmp=com.nes.sound/.component.service.HeartBeatDaemonService } U=0: not found
04-09 09:24:01.160 1856 1856 I HeartBeatUtils: ComponentInfo{com.nes.sound/com.nes.sound.component.service.HeartBeatDaemonService} bind failed !!!Immediate reconnect!!!
04-09 09:24:01.161 1856 1856 I HeartBeatUtils: onHeartBeatStoped com.nes.sound/com.nes.sound.component.service.HeartBeatDaemonService
04-09 09:24:01.161 689 2593 W ActivityManager: Unbind failed: could not find connection for android.os.BinderProxy@a591f61
04-09 09:24:01.161 1856 1856 W HeartBeatUtils: start rescue com.nes.sound/com.nes.sound.component.service.HeartBeatDaemonService
04-09 09:24:06.144 689 2593 W ActivityManager: Unable to start service Intent { cmp=com.nes.sound.retail/com.nes.sound.component.service.DaemonService } U=0: not found
04-09 09:24:06.144 1052 1052 I HeartBeatUtils: ComponentInfo{com.nes.sound.retail/com.nes.sound.component.service.DaemonService} bind failed !!!Immediate reconnect!!!
04-09 09:24:06.144 1052 1052 I HeartBeatUtils: onHeartBeatStoped com.nes.sound.retail/com.nes.sound.component.service.DaemonService
04-09 09:24:06.145 689 2593 W ActivityManager: Unbind failed: could not find connection for android.os.BinderProxy@1ade03f
04-09 09:24:06.145 1052 1052 W HeartBeatUtils: start rescue com.nes.sound.retail/com.nes.sound.component.service.DaemonService
04-09 09:24:06.146 689 2593 W ActivityManager: Unable to start service Intent { cmp=com.nes.sound/.component.service.DaemonService } U=0: not found
04-09 09:24:06.147 1052 1052 I HeartBeatUtils: ComponentInfo{com.nes.sound/com.nes.sound.component.service.DaemonService} bind failed !!!Immediate reconnect!!!
04-09 09:24:06.147 1052 1052 I HeartBeatUtils: onHeartBeatStoped com.nes.sound/com.nes.sound.component.service.DaemonService
04-09 09:24:06.147 689 2593 W ActivityManager: Unbind failed: could not find connection for android.os.BinderProxy@115dd0c
04-09 09:24:06.148 1052 1052 W HeartBeatUtils: start rescue com.nes.sound/com.nes.sound.component.service.DaemonService
04-09 09:24:06.164 1856 1856 W ContextImpl: Calling a method in the system process without a qualified user: android.app.ContextImpl.bindService:2026 android.content.ContextWrapper.bindService:861 com.nes.sound.daemon.utils.heartbeat.HeartBeatConnectionPool.connectServiceByBinderBeans:108 com.nes.sound.daemon.utils.heartbeat.HeartBeatConnectionPool.reBindConnection:122 com.nes.sound.daemon.utils.heartbeat.HeartBeatUtils.reBindConnection:137
04-09 09:24:06.165 689 2593 W ActivityManager: Unable to start service Intent { cmp=com.nes.sound/.component.service.HeartBeatDaemonService } U=0: not found
04-09 09:24:06.166 1856 1856 I HeartBeatUtils: ComponentInfo{com.nes.sound/com.nes.sound.component.service.HeartBeatDaemonService} bind failed !!!Immediate reconnect!!!
04-09 09:24:06.166 1856 1856 I HeartBeatUtils: onHeartBeatStoped com.nes.sound/com.nes.sound.component.service.HeartBeatDaemonService
04-09 09:24:06.166 689 2593 W ActivityManager: Unbind failed: could not find connection for android.os.BinderProxy@2f0f655
04-09 09:24:06.167 1856 1856 W HeartBeatUtils: start rescue com.nes.sound/com.nes.sound.component.service.HeartBeatDaemonService
04-09 09:24:07.455 689 811 D ActivityManager: sync unfroze 25576 com.android.providers.tv for 7
04-09 09:24:08.986 1856 2310 W ContextImpl: Calling a method in the system process without a qualified user: android.app.ContextImpl.startService:1927 android.content.ContextWrapper.startService:825 com.nes.sound.daemon.utils.ComponentUtil.startService:68 com.nes.sound.daemon.utils.ComponentUtil.startComponent:46 com.nes.sound.daemon.component.DaemonService.operateDaemon:97
04-09 09:24:08.987 689 811 W ActivityManager: Unable to start service Intent { pkg=com.nes.sound cmp=com.nes.sound/.component.service.LanService } U=0: not found
04-09 09:24:11.151 689 811 W ActivityManager: Unable to start service Intent { cmp=com.nes.sound.retail/com.nes.sound.component.service.DaemonService } U=0: not found
04-09 09:24:11.152 1052 1052 I HeartBeatUtils: ComponentInfo{com.nes.sound.retail/com.nes.sound.component.service.DaemonService} bind failed !!!Immediate reconnect!!!
04-09 09:24:11.152 1052 1052 I HeartBeatUtils: onHeartBeatStoped com.nes.sound.retail/com.nes.sound.component.service.DaemonService
04-09 09:24:11.152 689 811 W ActivityManager: Unbind failed: could not find connection for android.os.BinderProxy@e082ac2
04-09 09:24:11.153 1052 1052 W HeartBeatUtils: start rescue com.nes.sound.retail/com.nes.sound.component.service.DaemonService
04-09 09:24:11.155 689 811 W ActivityManager: Unable to start service Intent { cmp=com.nes.sound/.component.service.DaemonService } U=0: not found
04-09 09:24:11.155 1052 1052 I HeartBeatUtils: ComponentInfo{com.nes.sound/com.nes.sound.component.service.DaemonService} bind failed !!!Immediate reconnect!!!
04-09 09:24:11.155 1052 1052 I HeartBeatUtils: onHeartBeatStoped com.nes.sound/com.nes.sound.component.service.DaemonService
04-09 09:24:11.155 689 811 W ActivityManager: Unbind failed: could not find connection for android.os.BinderProxy@a8d80d3
04-09 09:24:11.156 1052 1052 W HeartBeatUtils: start rescue com.nes.sound/com.nes.sound.component.service.DaemonService
04-09 09:24:11.171 1856 1856 W ContextImpl: Calling a method in the system process without a qualified user: android.app.ContextImpl.bindService:2026 android.content.ContextWrapper.bindService:861 com.nes.sound.daemon.utils.heartbeat.HeartBeatConnectionPool.connectServiceByBinderBeans:108 com.nes.sound.daemon.utils.heartbeat.HeartBeatConnectionPool.reBindConnection:122 com.nes.sound.daemon.utils.heartbeat.HeartBeatUtils.reBindConnection:137
04-09 09:24:11.172 689 811 W ActivityManager: Unable to start service Intent { cmp=com.nes.sound/.component.service.HeartBeatDaemonService } U=0: not found
04-09 09:24:11.173 1856 1856 I HeartBeatUtils: ComponentInfo{com.nes.sound/com.nes.sound.component.service.HeartBeatDaemonService} bind failed !!!Immediate reconnect!!!
04-09 09:24:11.173 1856 1856 I HeartBeatUtils: onHeartBeatStoped com.nes.sound/com.nes.sound.component.service.HeartBeatDaemonService
04-09 09:24:11.173 689 811 W ActivityManager: Unbind failed: could not find connection for android.os.BinderProxy@1b25410
04-09 09:24:11.173 1856 1856 W HeartBeatUtils: start rescue com.nes.sound/com.nes.sound.component.service.HeartBeatDaemonService
04-09 09:24:16.157 689 2593 W ActivityManager: Unable to start service Intent { cmp=com.nes.sound.retail/com.nes.sound.component.service.DaemonService } U=0: not found
04-09 09:24:16.157 1052 1052 I HeartBeatUtils: ComponentInfo{com.nes.sound.retail/com.nes.sound.component.service.DaemonService} bind failed !!!Immediate reconnect!!!
04-09 09:24:16.157 1052 1052 I HeartBeatUtils: onHeartBeatStoped com.nes.sound.retail/com.nes.sound.component.service.DaemonService
04-09 09:24:16.158 689 2593 W ActivityManager: Unbind failed: could not find connection for android.os.BinderProxy@bc1dbd4
04-09 09:24:16.158 1052 1052 W HeartBeatUtils: start rescue com.nes.sound.retail/com.nes.sound.component.service.DaemonService
04-09 09:24:16.160 689 2593 W ActivityManager: Unable to start service Intent { cmp=com.nes.sound/.component.service.DaemonService } U=0: not found
04-09 09:24:16.160 1052 1052 I HeartBeatUtils: ComponentInfo{com.nes.sound/com.nes.sound.component.service.DaemonService} bind failed !!!Immediate reconnect!!!
04-09 09:24:16.160 1052 1052 I HeartBeatUtils: onHeartBeatStoped com.nes.sound/com.nes.sound.component.service.DaemonService
04-09 09:24:16.160 689 2593 W ActivityManager: Unbind failed: could not find connection for android.os.BinderProxy@c7d617d
04-09 09:24:16.161 1052 1052 W HeartBeatUtils: start rescue com.nes.sound/com.nes.sound.component.service.DaemonService
04-09 09:24:16.176 1856 1856 W ContextImpl: Calling a method in the system process without a qualified user: android.app.ContextImpl.bindService:2026 android.content.ContextWrapper.bindService:861 com.nes.sound.daemon.utils.heartbeat.HeartBeatConnectionPool.connectServiceByBinderBeans:108 com.nes.sound.daemon.utils.heartbeat.HeartBeatConnectionPool.reBindConnection:122 com.nes.sound.daemon.utils.heartbeat.HeartBeatUtils.reBindConnection:137
04-09 09:24:16.177 689 2593 W ActivityManager: Unable to start service Intent { cmp=com.nes.sound/.component.service.HeartBeatDaemonService } U=0: not found
04-09 09:24:16.178 1856 1856 I HeartBeatUtils: ComponentInfo{com.nes.sound/com.nes.sound.component.service.HeartBeatDaemonService} bind failed !!!Immediate reconnect!!!
04-09 09:24:16.178 1856 1856 I HeartBeatUtils: onHeartBeatStoped com.nes.sound/com.nes.sound.component.service.HeartBeatDaemonService
04-09 09:24:16.178 689 2593 W ActivityManager: Unbind failed: could not find connection for android.os.BinderProxy@8c4c872
04-09 09:24:16.179 1856 1856 W HeartBeatUtils: start rescue com.nes.sound/com.nes.sound.component.service.HeartBeatDaemonService
04-09 09:24:21.164 689 811 W ActivityManager: Unable to start service Intent { cmp=com.nes.sound.retail/com.nes.sound.component.service.DaemonService } U=0: not found
04-09 09:24:21.164 1052 1052 I HeartBeatUtils: ComponentInfo{com.nes.sound.retail/com.nes.sound.component.service.DaemonService} bind failed !!!Immediate reconnect!!!
04-09 09:24:21.164 1052 1052 I HeartBeatUtils: onHeartBeatStoped com.nes.sound.retail/com.nes.sound.component.service.DaemonService
04-09 09:24:21.165 689 811 W ActivityManager: Unbind failed: could not find connection for android.os.BinderProxy@c0ea3ed
04-09 09:24:21.165 1052 1052 W HeartBeatUtils: start rescue com.nes.sound.retail/com.nes.sound.component.service.DaemonService
04-09 09:24:21.169 689 811 W ActivityManager: Unable to start service Intent { cmp=com.nes.sound/.component.service.DaemonService } U=0: not found
04-09 09:24:21.169 1052 1052 I HeartBeatUtils: ComponentInfo{com.nes.sound/com.nes.sound.component.service.DaemonService} bind failed !!!Immediate reconnect!!!
04-09 09:24:21.170 1052 1052 I HeartBeatUtils: onHeartBeatStoped com.nes.sound/com.nes.sound.component.service.DaemonService
04-09 09:24:21.170 689 811 W ActivityManager: Unbind failed: could not find connection for android.os.BinderProxy@e7c3222
04-09 09:24:21.171 1052 1052 W HeartBeatUtils: start rescue com.nes.sound/com.nes.sound.component.service.DaemonService
04-09 09:24:21.185 1856 1856 W ContextImpl: Calling a method in the system process without a qualified user: android.app.ContextImpl.bindService:2026 android.content.ContextWrapper.bindService:861 com.nes.sound.daemon.utils.heartbeat.HeartBeatConnectionPool.connectServiceByBinderBeans:108 com.nes.sound.daemon.utils.heartbeat.HeartBeatConnectionPool.reBindConnection:122 com.nes.sound.daemon.utils.heartbeat.HeartBeatUtils.reBindConnection:137
04-09 09:24:21.186 689 811 W ActivityManager: Unable to start service Intent { cmp=com.nes.sound/.component.service.HeartBeatDaemonService } U=0: not found
04-09 09:24:21.187 1856 1856 I HeartBeatUtils: ComponentInfo{com.nes.sound/com.nes.sound.component.service.HeartBeatDaemonService} bind failed !!!Immediate reconnect!!!
04-09 09:24:21.187 1856 1856 I HeartBeatUtils: onHeartBeatStoped com.nes.sound/com.nes.sound.component.service.HeartBeatDaemonService
04-09 09:24:21.187 689 811 W ActivityManager: Unbind failed: could not find connection for android.os.BinderProxy@a73e4b3
04-09 09:24:21.188 1856 1856 W HeartBeatUtils: start rescue com.nes.sound/com.nes.sound.component.service.HeartBeatDaemonService
04-09 09:24:21.359 689 826 I AdbDebuggingManager: Not connected to any wireless network. Not enabling adbwifi.
04-09 09:24:23.670 689 811 W PackageConfigPersister: App-specific configuration not found for packageName: com.android.tv.settings and userId: 0
04-09 09:24:26.170 689 811 W ActivityManager: Unable to start service Intent { cmp=com.nes.sound.retail/com.nes.sound.component.service.DaemonService } U=0: not found
04-09 09:24:26.170 1052 1052 I HeartBeatUtils: ComponentInfo{com.nes.sound.retail/com.nes.sound.component.service.DaemonService} bind failed !!!Immediate reconnect!!!
04-09 09:24:26.170 1052 1052 I HeartBeatUtils: onHeartBeatStoped com.nes.sound.retail/com.nes.sound.component.service.DaemonService
04-09 09:24:26.171 689 811 W ActivityManager: Unbind failed: could not find connection for android.os.BinderProxy@ce5d3f7
04-09 09:24:26.171 1052 1052 W HeartBeatUtils: start rescue com.nes.sound.retail/com.nes.sound.component.service.DaemonService
04-09 09:24:26.172 689 811 W ActivityManager: Unable to start service Intent { cmp=com.nes.sound/.component.service.DaemonService } U=0: not found
04-09 09:24:26.173 1052 1052 I HeartBeatUtils: ComponentInfo{com.nes.sound/com.nes.sound.component.service.DaemonService} bind failed !!!Immediate reconnect!!!
04-09 09:24:26.173 1052 1052 I HeartBeatUtils: onHeartBeatStoped com.nes.sound/com.nes.sound.component.service.DaemonService
04-09 09:24:26.173 689 811 W ActivityManager: Unbind failed: could not find connection for android.os.BinderProxy@c7ab264
04-09 09:24:26.173 1052 1052 W HeartBeatUtils: start rescue com.nes.sound/com.nes.sound.component.service.DaemonService
04-09 09:24:26.191 1856 1856 W ContextImpl: Calling a method in the system process without a qualified user: android.app.ContextImpl.bindService:2026 android.content.ContextWrapper.bindService:861 com.nes.sound.daemon.utils.heartbeat.HeartBeatConnectionPool.connectServiceByBinderBeans:108 com.nes.sound.daemon.utils.heartbeat.HeartBeatConnectionPool.reBindConnection:122 com.nes.sound.daemon.utils.heartbeat.HeartBeatUtils.reBindConnection:137
04-09 09:24:26.192 689 811 W ActivityManager: Unable to start service Intent { cmp=com.nes.sound/.component.service.HeartBeatDaemonService } U=0: not found
04-09 09:24:26.192 1856 1856 I HeartBeatUtils: ComponentInfo{com.nes.sound/com.nes.sound.component.service.HeartBeatDaemonService} bind failed !!!Immediate reconnect!!!
04-09 09:24:26.192 1856 1856 I HeartBeatUtils: onHeartBeatStoped com.nes.sound/com.nes.sound.component.service.HeartBeatDaemonService
04-09 09:24:26.193 689 811 W ActivityManager: Unbind failed: could not find connection for android.os.BinderProxy@ff09ccd
04-09 09:24:26.193 1856 1856 W HeartBeatUtils: start rescue com.nes.sound/com.nes.sound.component.service.HeartBeatDaemonService
04-09 09:24:28.194 689 2593 W PackageConfigPersister: App-specific configuration not found for packageName: com.android.tv.settings and userId: 0
04-09 09:24:31.176 689 2593 W ActivityManager: Unable to start service Intent { cmp=com.nes.sound.retail/com.nes.sound.component.service.DaemonService } U=0: not found
04-09 09:24:31.177 1052 1052 I HeartBeatUtils: ComponentInfo{com.nes.sound.retail/com.nes.sound.component.service.DaemonService} bind failed !!!Immediate reconnect!!!
04-09 09:24:31.177 1052 1052 I HeartBeatUtils: onHeartBeatStoped com.nes.sound.retail/com.nes.sound.component.service.DaemonService
04-09 09:24:31.177 689 2593 W ActivityManager: Unbind failed: could not find connection for android.os.BinderProxy@af533d
04-09 09:24:31.177 1052 1052 W HeartBeatUtils: start rescue com.nes.sound.retail/com.nes.sound.component.service.DaemonService
04-09 09:24:31.179 689 2593 W ActivityManager: Unable to start service Intent { cmp=com.nes.sound/.component.service.DaemonService } U=0: not found
04-09 09:24:31.179 1052 1052 I HeartBeatUtils: ComponentInfo{com.nes.sound/com.nes.sound.component.service.DaemonService} bind failed !!!Immediate reconnect!!!
04-09 09:24:31.179 1052 1052 I HeartBeatUtils: onHeartBeatStoped com.nes.sound/com.nes.sound.component.service.DaemonService
04-09 09:24:31.180 689 2593 W ActivityManager: Unbind failed: could not find connection for android.os.BinderProxy@4313732
04-09 09:24:31.180 1052 1052 W HeartBeatUtils: start rescue com.nes.sound/com.nes.sound.component.service.DaemonService
04-09 09:24:31.198 1856 1856 W ContextImpl: Calling a method in the system process without a qualified user: android.app.ContextImpl.bindService:2026 android.content.ContextWrapper.bindService:861 com.nes.sound.daemon.utils.heartbeat.HeartBeatConnectionPool.connectServiceByBinderBeans:108 com.nes.sound.daemon.utils.heartbeat.HeartBeatConnectionPool.reBindConnection:122 com.nes.sound.daemon.utils.heartbeat.HeartBeatUtils.reBindConnection:137
04-09 09:24:31.200 689 2593 W ActivityManager: Unable to start service Intent { cmp=com.nes.sound/.component.service.HeartBeatDaemonService } U=0: not found
04-09 09:24:31.200 1856 1856 I HeartBeatUtils: ComponentInfo{com.nes.sound/com.nes.sound.component.service.HeartBeatDaemonService} bind failed !!!Immediate reconnect!!!
04-09 09:24:31.200 1856 1856 I HeartBeatUtils: onHeartBeatStoped com.nes.sound/com.nes.sound.component.service.HeartBeatDaemonService
04-09 09:24:31.201 689 2593 W ActivityManager: Unbind failed: could not find connection for android.os.BinderProxy@a71ec83
04-09 09:24:31.201 1856 1856 W HeartBeatUtils: start rescue com.nes.sound/com.nes.sound.component.service.HeartBeatDaemonService
04-09 09:24:31.792 689 811 D CoreBackPreview: Window{2cb3e3c u0 com.dunehd.app/com.dunehd.shell.MainActivity}: Setting back callback null
04-09 09:24:31.830 689 15157 D CoreBackPreview: Window{6132080 u0 com.google.android.tvlauncher/com.google.android.tvlauncher.MainActivity}: Setting back callback null
04-09 09:24:31.847 689 15157 D CompatibilityChangeReporter: Compat change id reported: 261072174; UID 1000; state: DISABLED
04-09 09:24:31.856 24960 24960 E ActivityThread: Failed to find provider info for com.nes.dtv.input.dtvprovider
04-09 09:24:31.861 689 911 D CoreBackPreview: Window{b6ea398 u0 com.android.tv.settings/com.android.tv.settings.MainSettings}: Setting back callback null
04-09 09:24:31.884 689 15157 D ActivityManager: sync unfroze 24438 com.google.process.gservices for 7
04-09 09:24:31.908 689 811 D CoreBackPreview: Window{6591bb1 u0 com.nes.seilivetv/com.nes.seilivetv.ui.activity.TvActivity}: Setting back callback null
04-09 09:24:32.098 689 2593 W ProcessStats: Tracking association SourceState{62e3bfc com.google.android.katniss:interactor/10049 BTop #26817} whose proc state 2 is better than process ProcessState{bf257d com.google.android.tv.remote.service/10050 pkg=com.google.android.tv.remote.service} proc state 3 (0 skipped)
04-09 09:24:32.181 689 15157 W PackageConfigPersister: App-specific configuration not found for packageName: com.android.tv.settings and userId: 0
04-09 09:24:32.251 689 2593 I WindowManager: finishDrawing of relaunch: Window{b6ea398 u0 com.android.tv.settings/com.android.tv.settings.MainSettings} 440ms
04-09 09:24:32.274 24960 24960 W ContextImpl: Calling a method in the system process without a qualified user: android.app.ContextImpl.bindService:2026 android.content.ContextWrapper.bindService:861 android.content.ContextWrapper.bindService:861 com.nes.seilivetv.receiver.DtvKitController.bindService:42 com.nes.seilivetv.ui.activity.TvActivity.initData:410
04-09 09:24:32.360 24960 24960 E ActivityThread: Failed to find provider info for com.nes.dtv.input.dtvprovider
04-09 09:24:32.543 689 811 I ActivityTaskManager: Activity reported stop, but no longer stopping: ActivityRecord{51d3814 u0 com.dunehd.app/com.dunehd.shell.MainActivity t435} STOPPED
04-09 09:24:32.801 24960 29541 W ContextImpl: Calling a method in the system process without a qualified user: android.app.ContextImpl.bindService:2026 android.content.ContextWrapper.bindService:861 m7.im.g:11 m7.im.d:110 m7.hb.a:211
04-09 09:24:32.900 689 2593 I ActivityTaskManager: Activity reported stop, but no longer stopping: ActivityRecord{bb7152 u0 com.nes.seilivetv/.ui.activity.TvActivity t431} STOPPED
04-09 09:24:33.768 689 2593 W PackageConfigPersister: App-specific configuration not found for packageName: com.android.tv.settings and userId: 0
04-09 09:24:36.183 689 2593 W ActivityManager: Unable to start service Intent { cmp=com.nes.sound.retail/com.nes.sound.component.service.DaemonService } U=0: not found
04-09 09:24:36.183 1052 1052 I HeartBeatUtils: ComponentInfo{com.nes.sound.retail/com.nes.sound.component.service.DaemonService} bind failed !!!Immediate reconnect!!!
04-09 09:24:36.183 1052 1052 I HeartBeatUtils: onHeartBeatStoped com.nes.sound.retail/com.nes.sound.component.service.DaemonService
04-09 09:24:36.184 689 2593 W ActivityManager: Unbind failed: could not find connection for android.os.BinderProxy@833e45f
04-09 09:24:36.184 1052 1052 W HeartBeatUtils: start rescue com.nes.sound.retail/com.nes.sound.component.service.DaemonService
04-09 09:24:36.186 689 2593 W ActivityManager: Unable to start service Intent { cmp=com.nes.sound/.component.service.DaemonService } U=0: not found
04-09 09:24:36.186 1052 1052 I HeartBeatUtils: ComponentInfo{com.nes.sound/com.nes.sound.component.service.DaemonService} bind failed !!!Immediate reconnect!!!
04-09 09:24:36.186 1052 1052 I HeartBeatUtils: onHeartBeatStoped com.nes.sound/com.nes.sound.component.service.DaemonService
04-09 09:24:36.186 689 2593 W ActivityManager: Unbind failed: could not find connection for android.os.BinderProxy@e275eac
04-09 09:24:36.186 1052 1052 W HeartBeatUtils: start rescue com.nes.sound/com.nes.sound.component.service.DaemonService
04-09 09:24:36.211 1856 1856 W ContextImpl: Calling a method in the system process without a qualified user: android.app.ContextImpl.bindService:2026 android.content.ContextWrapper.bindService:861 com.nes.sound.daemon.utils.heartbeat.HeartBeatConnectionPool.connectServiceByBinderBeans:108 com.nes.sound.daemon.utils.heartbeat.HeartBeatConnectionPool.reBindConnection:122 com.nes.sound.daemon.utils.heartbeat.HeartBeatUtils.reBindConnection:137
04-09 09:24:36.213 689 2593 W ActivityManager: Unable to start service Intent { cmp=com.nes.sound/.component.service.HeartBeatDaemonService } U=0: not found
04-09 09:24:36.213 1856 1856 I HeartBeatUtils: ComponentInfo{com.nes.sound/com.nes.sound.component.service.HeartBeatDaemonService} bind failed !!!Immediate reconnect!!!
04-09 09:24:36.213 1856 1856 I HeartBeatUtils: onHeartBeatStoped com.nes.sound/com.nes.sound.component.service.HeartBeatDaemonService
04-09 09:24:36.214 689 2593 W ActivityManager: Unbind failed: could not find connection for android.os.BinderProxy@aa3e775
04-09 09:24:36.214 1856 1856 W HeartBeatUtils: start rescue com.nes.sound/com.nes.sound.component.service.HeartBeatDaemonService
04-09 09:24:37.141 689 689 V HotPlugDetectionAction: Poll all devices.
04-09 09:24:40.548 689 689 D HdmiCecController: [P]:AllocatedAddress=[0]
04-09 09:24:40.548 689 689 V HotPlugDetectionAction: Finish poll all devices.
04-09 09:24:41.189 689 2593 W ActivityManager: Unable to start service Intent { cmp=com.nes.sound.retail/com.nes.sound.component.service.DaemonService } U=0: not found
04-09 09:24:41.190 1052 1052 I HeartBeatUtils: ComponentInfo{com.nes.sound.retail/com.nes.sound.component.service.DaemonService} bind failed !!!Immediate reconnect!!!
04-09 09:24:41.190 1052 1052 I HeartBeatUtils: onHeartBeatStoped com.nes.sound.retail/com.nes.sound.component.service.DaemonService
04-09 09:24:41.190 689 2593 W ActivityManager: Unbind failed: could not find connection for android.os.BinderProxy@31eebdf
