04-09 09:30:53.179 689 826 V WindowManager: startWCT=WindowContainerTransaction { changes = {} hops = [] errorCallbackToken=null taskFragmentOrganizer=null }
04-09 09:30:53.180 689 826 V WindowManager: info={id=82 t=OPEN f=0x0 trk=0 r=[0@Point(0, 0)] c=[{WCT{RemoteToken{9554b41 Task{7ff28bd #435 type=standard A=10117:com.dunehd.app:154026695}}} m=TO_FRONT f=MOVE_TO_TOP leash=Surface(name=Task=435)/@0x5b7384b sb=Rect(0, 0 - 1920, 1080) eb=Rect(0, 0 - 1920, 1080) d=0},{WCT{RemoteToken{d32a4c0 Task{92665fa #1 type=home}}} m=TO_BACK f=NONE leash=Surface(name=Task=1)/@0x147f7f9 sb=Rect(0, 0 - 1920, 1080) eb=Rect(0, 0 - 1920, 1080) d=0}]}
04-09 09:30:53.178 1052 1170 V WindowManagerShell: animated by com.android.wm.shell.transition.DefaultTransitionHandler@bf93acd
04-09 09:30:53.195 16489 16489 I MainActivity: onWindowFocusChanged(): 1, top: 435/com.dunehd.app
04-09 09:30:53.195 16489 16489 V threaded_app: WindowFocusChanged: 0xe2c6c6f0 -- 1
04-09 09:30:53.197 689 15155 I ImeTracker: com.dunehd.app:3556b909: onRequestHide at ORIGIN_SERVER_HIDE_INPUT reason HIDE_UNSPECIFIED_WINDOW
04-09 09:30:53.197 689 15155 I ImeTracker: com.dunehd.app:3556b909: onCancelled at PHASE_SERVER_SHOULD_HIDE
04-09 09:30:53.197 28679 28679 I Finsky : [2] BulkDetails response obtained.
04-09 09:30:53.198 28679 28679 I Finsky : [2] 1 apps have language splits to download.
04-09 09:30:53.199 28679 28679 I Finsky : [2] Triggering split install for 1 apps: [com.google.android.tvlauncher].
04-09 09:30:53.202 15631 15631 I GoogleInputMethodService: GoogleInputMethodService.onFinishInput():2084
04-09 09:30:53.203 15631 15631 I Module : DeviceLockedStatusModuleProvider$Module.updateDeviceLockedStatus():101 repeatCheckTimes = 0, locked = false
04-09 09:30:53.204 15631 15631 I GoogleInputMethodService: GoogleInputMethodService.onStartInput():1345 onStartInput(EditorInfo{EditorInfo{packageName=com.dunehd.app, inputType=0, inputTypeString=NULL, enableLearning=false, autoCorrection=false, autoComplete=false, imeOptions=0, privateImeOptions=null, actionName=UNSPECIFIED, actionLabel=null, initialSelStart=-1, initialSelEnd=-1, initialCapsMode=0, label=null, fieldId=0, fieldName=null, extras=null, hintText=null, hintLocales=[]}}, false)
04-09 09:30:53.206 15631 15631 I Module : DeviceLockedStatusModuleProvider$Module.updateDeviceLockedStatus():101 repeatCheckTimes = 1, locked = false
04-09 09:30:53.207 1052 1170 D WindowManagerShell: TvPipController: onTaskStackChanged()
04-09 09:30:53.208 1070 29226 I NetflixService: onTaskStackChanged
04-09 09:30:53.208 689 2593 W PackageConfigPersister: App-specific configuration not found for packageName: com.dunehd.app and userId: 0
04-09 09:30:53.246 16547 16577 I Finsky:background: [56] IQ: Attempting to validate incoming request. [Package:com.google.android.tvlauncher, isid:iHFfzhPBQkqqbhctChFEfA]
04-09 09:30:53.246 16547 16577 I Finsky:background: [56] IQ::SLP: Process requests [Package:com.google.android.tvlauncher, isid:iHFfzhPBQkqqbhctChFEfA].
04-09 09:30:53.249 1070 29907 D DroidLogicBenchService: not bench app, ignore it
04-09 09:30:53.251 16489 16524 D NetworkState: getNetworkInfo(): eth 0, wifi 1 (, 0, 1)
04-09 09:30:53.254 16547 16576 I Finsky:background: [55] IQ::PromiseIconPreprocessor: Do not display promise icons for a non-fresh install
04-09 09:30:53.255 16547 16576 I Finsky:background: [55] IQ: Scheduling install request package_name=com.google.android.tvlauncher, pm_package_name=com.google.android.tvlauncher, version=1010940617, priority=3, reason=user_language_change_deferred, account_name=[J4ggBwgJfldXbUGBJpR-zPz4eI_oZugFVKwVEiPVN6U], type=0, isid=iHFfzhPBQkqqbhctChFEfA, constraints=((NETWORK=ANY, PROVISIONING_STATE=PROVISIONED, BACKUP_MANAGER_STATE=BACKUP_READY),), install_primary_identifier=UNKNOWN_ACTION_SURFACE
04-09 09:30:53.264 16547 29926 I Finsky:background: [289] IQ: Notifying installation update. [Package:com.google.android.tvlauncher, isid:iHFfzhPBQkqqbhctChFEfA] state:SCHEDULED, status=SCHEDULED, status_code=0, reason=user_language_change_deferred, tsc=PT0.063S, attempt=0
04-09 09:30:53.277 16547 16547 I Finsky:background: [2] PIM: Ignore install package event for: com.google.android.tvlauncher, isid: iHFfzhPBQkqqbhctChFEfA
04-09 09:30:53.293 16547 29926 I Finsky:background: [289] IQ: Creating job 46, for (NETWORK=ANY, PROVISIONING_STATE=PROVISIONED, BACKUP_MANAGER_STATE=BACKUP_READY)
04-09 09:30:53.293 16547 29926 I Finsky:background: [289] IQ: Bulk scheduling created jobs
04-09 09:30:53.293 16547 29926 I Finsky:background: [289] SCH: Received scheduling request: Id: 3-46, Constraints: [{ L: 0, D: 86400000, C: CHARGING_NONE, I: IDLE_NONE, N: NET_ANY, B: BATTERY_ANY }]
04-09 09:30:53.302 16547 29924 D TrafficStats: tagSocket(121) with statsTag=0xffffffff, statsUid=-1
04-09 09:30:53.314 16489 16524 I glesrender: egl_process_init_window_event+: 0xafe464d8
04-09 09:30:53.314 16489 16524 I glesrender: hd_gapi_android_send_term_window_event-
04-09 09:30:53.316 28679 28679 I Finsky : [2] AIM: AppInfoManager-Perf > getApps > called for 1 apps
04-09 09:30:53.318 28679 28722 I Finsky : [76] AIM: AppInfoManager-Perf > OnDeviceAppInfo > cacheHitCount=0, cacheMissCount=1. Missed in cache (limit 10) : [com.google.android.tvlauncher]
04-09 09:30:53.327 16489 16524 I glesrender: egl_process_term_window_event-
04-09 09:30:53.327 28679 28719 I Finsky : [73] AIM: Got app ownership map. App counts: 1. Unique apps: 1
04-09 09:30:53.331 689 5066 D IntervalStats: Unable to parse usage stats packages: [2, 11, 17, 33, 39, 40, 43, 49, 51, 52, 55, 60, 61, 69, 70, 76]
04-09 09:30:53.331 28679 28717 E Finsky : [71] [Counters] attempted to use a non-positive increment for: 4753
04-09 09:30:53.347 16489 16524 I dune_shell: [shell] init_window
04-09 09:30:53.351 16489 16489 I DisplayManager: Screen Saver: ON
04-09 09:30:53.352 16489 16524 I glesrender: egl_process_init_window_event-: 0xafe464d8
04-09 09:30:53.363 28679 28717 I Finsky : [71] AIM: AppInfoManager-Perf > ItemModel > CacheSize=27, cacheHitCount=0, cacheMissCount=1, total appsWithNoServerDataCount=1. Missed in cache (limit 10) : [com.google.android.tvlauncher]
04-09 09:30:53.365 28679 28717 I Finsky : [71] AIM: AppInfoManager-Perf > ItemModel > ItemStore Called 1 apps cacheOptions = REFRESH_LOCAL_CACHE
04-09 09:30:53.368 28679 28717 I Finsky : [71] AIM: ItemModel fetch - unauth(0), auth([J4ggBwgJfldXbUGBJpR-zPz4eI_oZugFVKwVEiPVN6U]->1)
04-09 09:30:53.377 28679 28717 E Finsky : [71] [Counters] attempted to use a non-positive increment for: 4751
04-09 09:30:53.383 28679 28717 I Finsky : [71] AIM: AppInfoManager-Perf > getApps > data collection finished
04-09 09:30:53.394 19644 24175 E OpenGLRenderer: Unable to match the desired swap behavior.
04-09 09:30:53.409 16547 16572 I Finsky:background: [51] WM::SCH: Logging work initialize for 3-46
04-09 09:30:53.419 16547 16578 I Finsky:background: [57] SCH: Scheduling phonesky job Id: 3-46, CT: 1775719853294, Constraints: [{ L: 0, D: 86400000, C: CHARGING_NONE, I: IDLE_NONE, N: NET_ANY, B: BATTERY_ANY }, { L: 0, D: 0, C: CHARGING_NONE, I: IDLE_NONE, N: NET_NONE, B: BATTERY_ANY }]
04-09 09:30:53.425 16547 16583 I Finsky:background: [62] SCH: Scheduling 2 system job(s)
04-09 09:30:53.427 16547 16583 I Finsky:background: [62] SCH: Scheduling system job Id: 10381, L: 0, D: 86399868, C: false, I: false, N: 1
04-09 09:30:53.436 16547 16583 I Finsky:background: [62] SCH: Scheduling expedited system job 10382
04-09 09:30:53.441 16547 16547 I Finsky:background: [2] SCH: job service start with id 10381.
04-09 09:30:53.448 16547 16547 I Finsky:background: [2] SCH: job service start with id 10382.
04-09 09:30:53.452 1070 1070 I NetflixService: fg: false mIsNetflixFg: false
04-09 09:30:53.457 16547 29928 I Finsky:background: [291] SCH: Satisfied jobs for 10381 are: 3-46
04-09 09:30:53.462 16547 16578 I Finsky:background: [57] IQ: start evaluating install requests.
04-09 09:30:53.462 16547 16578 I Finsky:background: [57] IQ: no jobs active. Skipping
04-09 09:30:53.462 16547 29935 I Finsky:background: [293] SCH: Job 3-46 starting
04-09 09:30:53.464 16547 16547 I Finsky:background: [2] WM::SCH: Logging work start for 3-46
04-09 09:30:53.465 16547 16547 I Finsky:background: [2] XPF:Binding for 71297120
04-09 09:30:53.467 16547 16578 I Finsky:background: [57] IQ: 0 scheduled install statuses found to proceed.
04-09 09:30:53.469 16547 16547 I Finsky:background: [2] XPF:Binding for 71297120
04-09 09:30:53.470 28679 28832 I Finsky : [125] XPF:Registering listener 180873892 for user u0.
04-09 09:30:53.474 16547 29928 I Finsky:background: [291] SCH: Satisfied jobs for 10382 are: 3-46
04-09 09:30:53.475 28679 28691 I Finsky : [51] XPF:User 0 finished enterprise setup, removing profile.
04-09 09:30:53.476 28679 28691 I Finsky : [51] XPF:0 profiles are currently in enterprise setup: []
04-09 09:30:53.477 28679 28691 I Finsky : [51] XPF: Initializing profiles from value store.
04-09 09:30:53.478 28679 28691 I Finsky : [51] IQ::HLD: Get the following profiles from PauseUpdatesProfilesValueStore [].
04-09 09:30:53.479 28679 28691 I Finsky : [51] XPF: 0 profiles are paused for app updates: []
04-09 09:30:53.479 16547 16547 I Finsky:background: [2] IQ::IQPJ: Start job 46
04-09 09:30:53.480 16547 16578 I Finsky:background: [57] IQ: start evaluating install requests.
04-09 09:30:53.490 16547 16578 I Finsky:background: [57] IQ: There are 1 installs pending for job 46: [com.google.android.tvlauncher]
04-09 09:30:53.494 16547 16578 I Finsky:background: [57] IQ: 1 scheduled install statuses found to proceed.
04-09 09:30:53.498 16547 16583 I Finsky:background: [62] IQ: proceed install request for [Package:com.google.android.tvlauncher, isid:iHFfzhPBQkqqbhctChFEfA].
04-09 09:30:53.499 16547 16583 I Finsky:background: [62] IQ: Notifying installation update. [Package:com.google.android.tvlauncher, isid:iHFfzhPBQkqqbhctChFEfA] state:DOWNLOAD_PENDING, status=DOWNLOAD_PENDING, status_code=0, reason=user_language_change_deferred, tsc=PT0.298S, attempt=0
04-09 09:30:53.513 16547 16578 I Finsky:background: [57] DLIF: createIncrementalConfig with useIncrementalSessionWithReason: INCREMENTAL_NOT_SUPPORTED , streamingVerdictWithReason: STREAMING_DISABLE_BY_UNKNOWN_REASON
04-09 09:30:53.516 16547 16547 I Finsky:background: [2] PIM: Ignore install package event for: com.google.android.tvlauncher, isid: iHFfzhPBQkqqbhctChFEfA
04-09 09:30:53.517 16547 16578 I Finsky:background: [57] IQ: Requesting install request=package_name=com.google.android.tvlauncher, pm_package_name=com.google.android.tvlauncher, version=1010940617, priority=3, reason=user_language_change_deferred, account_name=[J4ggBwgJfldXbUGBJpR-zPz4eI_oZugFVKwVEiPVN6U], type=0, isid=iHFfzhPBQkqqbhctChFEfA, constraints=((NETWORK=ANY, PROVISIONING_STATE=PROVISIONED, BACKUP_MANAGER_STATE=BACKUP_READY),), install_primary_identifier=UNKNOWN_ACTION_SURFACE using installer.
04-09 09:30:53.524 28679 28679 I Finsky : [2] IQ::HLD: if pauseAppUpdates is called now, it must wait for these ongoing installs: [[Package:com.google.android.tvlauncher, isid:iHFfzhPBQkqqbhctChFEfA] state:DOWNLOAD_PENDING]
04-09 09:30:53.524 28679 28679 I Finsky : [2] IQ::HLD: previousAllInstallsDone is Optional[true], allInstallationsDone is Optional[false]
04-09 09:30:53.524 28679 28679 I Finsky : [2] IQ::HLD: Updating installations status true cross profiles
04-09 09:30:53.524 28679 28679 I Finsky : [2] XPF:Binding for 43375671
04-09 09:30:53.526 28679 28679 I Finsky : [2] XPF:User 0 is in installation, adding profile.
04-09 09:30:53.529 16547 29936 I Finsky:background: [294] IV2::EIU: Existing install found for update [Package:com.google.android.tvlauncher, isid:iHFfzhPBQkqqbhctChFEfA].
04-09 09:30:53.530 16547 29936 I Finsky:background: [294] IV2::FGCV: Foreground check passed for com.google.android.tvlauncher
04-09 09:30:53.531 16547 16576 I Finsky:background: [55] IV2::DRV: install for [Package:com.google.android.tvlauncher, isid:iHFfzhPBQkqqbhctChFEfA] not tracked by installer.
04-09 09:30:53.538 1052 1170 V WindowManagerShell: Transition animation finished (aborted=false), notifying core (#82)android.os.BinderProxy@b485ad2@0
04-09 09:30:53.541 689 826 V WindowManager: Finish Transition #82: created at
04-09 09:30:52.697 collect-started=0.12ms request-sent=13.167ms started=18.657ms ready=408.786ms sent=467.439ms finished=842.7ms
04-09 09:30:53.546 1052 1170 V WindowManagerShell: Track 0 became idle
04-09 09:30:53.546 1052 1170 V WindowManagerShell: All active transition animations finished
04-09 09:30:53.547 1070 1070 I NetflixService: fg: false mIsNetflixFg: false
04-09 09:30:53.551 16489 16489 I SplashActivity: D onStop()
04-09 09:30:53.551 16489 16489 I SplashActivity: [+] onDestroy
04-09 09:30:53.552 16489 16489 I SplashActivity: [-] onDestroy
04-09 09:30:53.552 16489 16489 W WindowOnBackDispatcher: sendCancelIfRunning: isInProgress=falsecallback=android.view.ViewRootImpl$$ExternalSyntheticLambda11@4327ca9
04-09 09:30:53.553 689 2593 D CoreBackPreview: Window{768277d u0 com.dunehd.app/com.dunehd.shell.apk.SplashActivity}: Setting back callback null
04-09 09:30:53.559 28946 28946 W A2B : Data Refresh stop
04-09 09:30:53.568 689 15155 W InputManager-JNI: Input channel object '768277d com.dunehd.app/com.dunehd.shell.apk.SplashActivity (client)' was disposed without first being removed with the input manager!
04-09 09:30:53.593 16547 29926 I Finsky:background: [289] IQ: Notifying installation update. [Package:com.google.android.tvlauncher, isid:iHFfzhPBQkqqbhctChFEfA] state:INSTALLED, status=INSTALLED, status_code=1144, reason=user_language_change_deferred, tsc=PT0.391S, attempt=0
04-09 09:30:53.611 1070 29226 D NetflixService: onForegroundActivitiesChanged pid:28946,uid:10056,fg:false
04-09 09:30:53.611 16547 16547 I Finsky:background: [2] PIM: Ignore install package event for: com.google.android.tvlauncher, isid: iHFfzhPBQkqqbhctChFEfA
04-09 09:30:53.612 1070 1096 D DroidLogicBenchService: onForegroundActivitiesChanged pid:28946,uid:10056,fg:false
04-09 09:30:53.618 16547 16576 I Finsky:background: [55] IQ: start evaluating install requests.
04-09 09:30:53.627 16547 16574 I Finsky:background: [53] IQ: Finishing job 46
04-09 09:30:53.627 16547 16574 I Finsky:background: [53] SCH: jobFinished: 3-46. TimeElapsed: 164ms.
04-09 09:30:53.628 16547 16574 I Finsky:background: [53] WM::SCH: Logging work end for 3-46
04-09 09:30:53.630 16547 16576 I Finsky:background: [55] IQ: There are 0 installs pending for job 46: []
04-09 09:30:53.630 16547 16576 I Finsky:background: [55] IQ: No matching installs to run for jobs: [46]
04-09 09:30:53.656 16547 16576 I Finsky:background: [55] IQ: 0 scheduled install statuses found to proceed.
04-09 09:30:53.666 28679 28679 I Finsky : [2] IQ::HLD: previousAllInstallsDone is Optional[false], allInstallationsDone is Optional[true]
04-09 09:30:53.666 28679 28679 I Finsky : [2] IQ::HLD: Updating installations status false cross profiles
04-09 09:30:53.667 28679 28679 I Finsky : [2] XPF:Binding for 43375671
04-09 09:30:53.668 28679 28679 I Finsky : [2] XPF:User 0 is not in installation anymore, removing profile.
04-09 09:30:53.669 28679 28679 I Finsky : [2] XPF:Notifying user u0 that all installs are finished
04-09 09:30:53.668 16547 16576 I Finsky:background: [55] SCH: no pending jobs to schedule.
04-09 09:30:53.673 16547 29935 I Finsky:background: [293] SCH: job service finished with id 10381.
04-09 09:30:53.677 16547 16578 I Finsky:background: [57] SCH: no pending jobs to schedule.
04-09 09:30:53.678 16547 29935 I Finsky:background: [293] SCH: job service finished with id 10382.
04-09 09:30:53.870 16489 16524 I DisplayManager: setAutoFramerate(1)
04-09 09:30:53.870 16489 16524 I DisplayManager: setAutoFramerateFpsPolicy(0)
04-09 09:30:53.871 16489 16524 I DisplayManager: setAutoResolution(1)
04-09 09:30:53.871 16489 16524 I dune_shell: android_java_utils_setprop: persist.dunehd.set.ui.wide
04-09 09:30:53.871 16489 16524 W libc : Unable to set property "persist.dunehd.set.ui.wide" to "": connection failed; errno=13 (Permission denied)
04-09 09:30:53.868 16489 16489 W Thread-5: type=1400 audit(0.0:1160718): avc: denied { write } for name="property_service" dev="tmpfs" ino=414 scontext=u:r:untrusted_app_30:s0:c117,c256,c512,c768 tcontext=u:object_r:property_socket:s0 tclass=sock_file permissive=0 app=com.dunehd.app
04-09 09:30:53.872 16489 16524 I AndroidJavaUtils: Cannot setProp: java.lang.reflect.InvocationTargetException
04-09 09:30:53.913 1070 1070 I NetflixService: fg: false mIsNetflixFg: false
04-09 09:30:53.969 491 568 W libc : Access denied finding property ""
04-09 09:30:53.964 491 491 W binder:491_2: type=1400 audit(0.0:1160719): avc: denied { read } for name="u:object_r:default_prop:s0" dev="tmpfs" ino=182 scontext=u:r:hal_audio_default:s0 tcontext=u:object_r:default_prop:s0 tclass=file permissive=0
04-09 09:30:54.115 1070 29940 D DroidLogicBenchService: not bench app, ignore it
04-09 09:30:54.188 689 838 I ActivityManager: Process PhantomProcessRecord {3b3e2cd 16737:16489:php_server/u0a117} died
04-09 09:30:54.274 689 838 I ActivityManager: Process PhantomProcessRecord {a403782 16691:16489:php_server/u0a117} died
04-09 09:30:54.316 1070 1070 I NetflixService: fg: false mIsNetflixFg: false
04-09 09:30:54.394 19644 24175 E OpenGLRenderer: Unable to match the desired swap behavior.
04-09 09:30:54.792 29945 29945 W php_server: type=1400 audit(0.0:1160720): avc: denied { search } for name="tests" dev="mmcblk0p23" ino=1444324 scontext=u:r:untrusted_app_30:s0:c117,c256,c512,c768 tcontext=u:object_r:shell_test_data_file:s0 tclass=dir permissive=0 app=com.dunehd.app
04-09 09:30:54.792 29945 29945 W php_server: type=1400 audit(0.0:1160721): avc: denied { search } for name="tests" dev="mmcblk0p23" ino=1444324 scontext=u:r:untrusted_app_30:s0:c117,c256,c512,c768 tcontext=u:object_r:shell_test_data_file:s0 tclass=dir permissive=0 app=com.dunehd.app
04-09 09:30:54.792 29945 29945 W php_server: type=1400 audit(0.0:1160722): avc: denied { search } for name="tests" dev="mmcblk0p23" ino=1444324 scontext=u:r:untrusted_app_30:s0:c117,c256,c512,c768 tcontext=u:object_r:shell_test_data_file:s0 tclass=dir permissive=0 app=com.dunehd.app
04-09 09:30:54.792 29945 29945 W php_server: type=1400 audit(0.0:1160723): avc: denied { search } for name="tests" dev="mmcblk0p23" ino=1444324 scontext=u:r:untrusted_app_30:s0:c117,c256,c512,c768 tcontext=u:object_r:shell_test_data_file:s0 tclass=dir permissive=0 app=com.dunehd.app
04-09 09:30:54.824 29946 29946 W php_server: type=1400 audit(0.0:1160724): avc: denied { search } for name="tests" dev="mmcblk0p23" ino=1444324 scontext=u:r:untrusted_app_30:s0:c117,c256,c512,c768 tcontext=u:object_r:shell_test_data_file:s0 tclass=dir permissive=0 app=com.dunehd.app
04-09 09:30:54.824 29946 29946 W php_server: type=1400 audit(0.0:1160725): avc: denied { search } for name="tests" dev="mmcblk0p23" ino=1444324 scontext=u:r:untrusted_app_30:s0:c117,c256,c512,c768 tcontext=u:object_r:shell_test_data_file:s0 tclass=dir permissive=0 app=com.dunehd.app
04-09 09:30:54.943 1070 1070 I ThermalService: CPU temperatures: [45.2]
04-09 09:30:54.969 491 568 W libc : Access denied finding property ""
04-09 09:30:55.393 19644 24175 E OpenGLRenderer: Unable to match the desired swap behavior.
04-09 09:30:55.394 527 547 I WifiHAL : call wifi_get_link_stats handler
04-09 09:30:55.394 527 547 I WifiHAL : Creating message to get link statistics; iface = 16
04-09 09:30:55.417 689 973 D WifiClientModeImpl[30070:wlan0]: updateLinkLayerStatsRssiSpeedFrequencyCapabilities rssi=-70 TxLinkspeed=78 freq=2437 RxLinkSpeed=52
04-09 09:30:55.417 689 973 D WifiDataStall: tx tput in kbps: 46117
04-09 09:30:55.417 689 973 D WifiDataStall: rx tput in kbps: 53625
04-09 09:30:55.418 689 973 V WifiConfigManager: Updating scan detail cache freq=2437 BSSID=c4:a3:66:f6:9d:a8 RSSI=-70 for "versim"WPA_PSK
04-09 09:30:55.418 689 973 D WifiDataStall: ccaLevel = 80
04-09 09:30:55.418 689 973 D WifiDataStall: L2 txTputKbps: 35392, rxTputKbps: 35750, L3 txTputKbps: 39, rxTputKbps: 111, TxTrafficHigh: true, RxTrafficHigh: true, Throughput Sufficient: true
04-09 09:30:55.419 689 973 D WifiScoreCard: BSSID update SIGNAL_POLL ID: 209318759 SSID: "versim", BSSID: c4:a3:66:f6:9d:a8, MAC: 40:d9:5a:d6:80:04, IP: /192.168.1.17, Security type: 2, Supplicant state: COMPLETED, Wi-Fi standard: 4, RSSI: -70, Link speed: 78Mbps, Tx Link speed: 78Mbps, Max Supported Tx Link speed: 144Mbps, Rx Link speed: 52Mbps, Max Supported Rx Link speed: 144Mbps, Frequency: 2437MHz, Net ID: 0, Metered hint: false, score: 60, isUsable: true, CarrierMerged: false, SubscriptionId: -1, IsPrimary: 1, Trusted: true, Restricted: false, Ephemeral: false, OEM paid: false, OEM private: false, OSU AP: false, FQDN: , Provider friendly name: , Requesting package name: "versim"wpa2-pskMLO Information: , Is TID-To-Link negotiation supported by the AP: false, AP MLD Address: , AP MLO Link Id: , AP MLO Affiliated links:
04-09 09:30:55.419 689 973 D WifiScoreCard: txRate: 17 txSpeed: 78
04-09 09:30:55.419 689 973 D WifiScoreCard: network update SIGNAL_POLL "versim" ID: 2122788863 RSSI -70 txSpeed 78
04-09 09:30:55.419 689 973 D WifiClientModeImpl[30070:wlan0]: ClientModeImpl$L2ConnectedState screen=on 3 0 "versim" c4:a3:66:f6:9d:a8 rssi=-70 f=2437 sc=60 link=78 tx=11.1, 5.6, 0.0 rx=8.0 bcn=0 [on:3023 tx:19 rx:819 period:3025] from screen [on:634055 period:687595] score=60
04-09 09:30:55.892 29952 29952 W date : type=1400 audit(0.0:1160729): avc: denied { search } for name="tests" dev="mmcblk0p23" ino=1444324 scontext=u:r:untrusted_app_30:s0:c117,c256,c512,c768 tcontext=u:object_r:shell_test_data_file:s0 tclass=dir permissive=0 app=com.dunehd.app
04-09 09:30:55.892 29952 29952 W date : type=1400 audit(0.0:1160730): avc: denied { search } for name="tests" dev="mmcblk0p23" ino=1444324 scontext=u:r:untrusted_app_30:s0:c117,c256,c512,c768 tcontext=u:object_r:shell_test_data_file:s0 tclass=dir permissive=0 app=com.dunehd.app
04-09 09:30:55.892 29952 29952 W date : type=1400 audit(0.0:1160731): avc: denied { search } for name="tests" dev="mmcblk0p23" ino=1444324 scontext=u:r:untrusted_app_30:s0:c117,c256,c512,c768 tcontext=u:object_r:shell_test_data_file:s0 tclass=dir permissive=0 app=com.dunehd.app
04-09 09:30:55.892 29952 29952 W date : type=1400 audit(0.0:1160732): avc: denied { search } for name="tests" dev="mmcblk0p23" ino=1444324 scontext=u:r:untrusted_app_30:s0:c117,c256,c512,c768 tcontext=u:object_r:shell_test_data_file:s0 tclass=dir permissive=0 app=com.dunehd.app
04-09 09:30:55.928 29954 29954 W date : type=1400 audit(0.0:1160733): avc: denied { search } for name="tests" dev="mmcblk0p23" ino=1444324 scontext=u:r:untrusted_app_30:s0:c117,c256,c512,c768 tcontext=u:object_r:shell_test_data_file:s0 tclass=dir permissive=0 app=com.dunehd.app
04-09 09:30:55.967 20919 20919 D Soundeq-BluetoothDevicePairer: startScanning type:1
04-09 09:30:55.970 491 568 W libc : Access denied finding property ""
04-09 09:30:56.096 15680 15680 I cast_shell: [0409/093056.095936:INFO:service_base.h(78)] Size of the map for type AuthTokenResponse is 0
04-09 09:30:56.096 15680 15680 I cast_shell: [0409/093056.096284:INFO:service_base.h(246)] Container sizes for type CloudSetting are (session_info_map: 0), (topic_info_map: 21), (pending_events: 0).
04-09 09:30:56.096 15680 15680 I cast_shell: [0409/093056.096398:INFO:metrics_stat_logger.cc(38)] Metrics stat for the past 60 secs : total=2
04-09 09:30:56.096 15680 15680 I cast_shell: [metrics_stat_logger] Cast.Discovery.Mdns.Query.Cast.Count=1
04-09 09:30:56.096 15680 15680 I cast_shell: [metrics_stat_logger] Cast.Platform.TrimMemory=1
04-09 09:30:56.397 19644 24175 E OpenGLRenderer: Unable to match the desired swap behavior.
04-09 09:30:56.644 689 15155 W ActivityManager: Unable to start service Intent { cmp=com.nes.sound.retail/com.nes.sound.component.service.DaemonService } U=0: not found
04-09 09:30:56.644 1052 1052 I HeartBeatUtils: ComponentInfo{com.nes.sound.retail/com.nes.sound.component.service.DaemonService} bind failed !!!Immediate reconnect!!!
04-09 09:30:56.644 1052 1052 I HeartBeatUtils: onHeartBeatStoped com.nes.sound.retail/com.nes.sound.component.service.DaemonService
04-09 09:30:56.645 689 15155 W ActivityManager: Unbind failed: could not find connection for android.os.BinderProxy@1d1e7e8
04-09 09:30:56.645 1052 1052 W HeartBeatUtils: start rescue com.nes.sound.retail/com.nes.sound.component.service.DaemonService
04-09 09:30:56.647 689 15155 W ActivityManager: Unable to start service Intent { cmp=com.nes.sound/.component.service.DaemonService } U=0: not found
04-09 09:30:56.649 1052 1052 I HeartBeatUtils: ComponentInfo{com.nes.sound/com.nes.sound.component.service.DaemonService} bind failed !!!Immediate reconnect!!!
04-09 09:30:56.649 1052 1052 I HeartBeatUtils: onHeartBeatStoped com.nes.sound/com.nes.sound.component.service.DaemonService
04-09 09:30:56.649 689 15155 W ActivityManager: Unbind failed: could not find connection for android.os.BinderProxy@789e01
04-09 09:30:56.649 1052 1052 W HeartBeatUtils: start rescue com.nes.sound/com.nes.sound.component.service.DaemonService
04-09 09:30:56.747 1856 1856 W ContextImpl: Calling a method in the system process without a qualified user: android.app.ContextImpl.bindService:2026 android.content.ContextWrapper.bindService:861 com.nes.sound.daemon.utils.heartbeat.HeartBeatConnectionPool.connectServiceByBinderBeans:108 com.nes.sound.daemon.utils.heartbeat.HeartBeatConnectionPool.reBindConnection:122 com.nes.sound.daemon.utils.heartbeat.HeartBeatUtils.reBindConnection:137
04-09 09:30:56.748 689 15155 W ActivityManager: Unable to start service Intent { cmp=com.nes.sound/.component.service.HeartBeatDaemonService } U=0: not found
04-09 09:30:56.749 1856 1856 I HeartBeatUtils: ComponentInfo{com.nes.sound/com.nes.sound.component.service.HeartBeatDaemonService} bind failed !!!Immediate reconnect!!!
04-09 09:30:56.749 1856 1856 I HeartBeatUtils: onHeartBeatStoped com.nes.sound/com.nes.sound.component.service.HeartBeatDaemonService
04-09 09:30:56.749 689 15155 W ActivityManager: Unbind failed: could not find connection for android.os.BinderProxy@3037ee7
04-09 09:30:56.749 1856 1856 W HeartBeatUtils: start rescue com.nes.sound/com.nes.sound.component.service.HeartBeatDaemonService
04-09 09:30:56.946 1070 1070 I ThermalService: CPU temperatures: [44.600002]
04-09 09:30:56.970 491 568 W libc : Access denied finding property ""
04-09 09:30:56.968 491 491 W binder:491_2: type=1400 audit(0.0:1160802): avc: denied { read } for name="u:object_r:default_prop:s0" dev="tmpfs" ino=182 scontext=u:r:hal_audio_default:s0 tcontext=u:object_r:default_prop:s0 tclass=file permissive=0
04-09 09:30:57.257 689 1831 E TaskPersister: File error accessing recents directory (directory doesn't exist?).
04-09 09:30:57.790 20919 20919 E Soundeq-BluetoothDevicePairer: what = 3
04-09 09:30:57.790 20919 20919 D Soundeq-BluetoothDevicePairer: handleMessage: MSG_SCANNING_TIMEOUT
04-09 09:30:57.791 20919 20919 D Soundeq-BluetoothDevicePairer: stopScanning leScan:false
04-09 09:30:57.791 20919 20919 D SOUND_PAIR:BluetoothScanner.stopListening(L:117): stopListening
04-09 09:30:57.791 20919 20919 D Soundeq-BluetoothDevicePairer: setStatus status:1
04-09 09:30:57.791 20919 20919 D Soundeq-BluetoothDevicePairer: updateListener
04-09 09:30:57.791 20919 20919 D Soundeq-DiscoverService: statusChanged
04-09 09:30:57.840 16489 16489 W Thread-5: type=1400 audit(0.0:1160803): avc: denied { search } for name="/" dev="configfs" ino=7910 scontext=u:r:untrusted_app_30:s0:c117,c256,c512,c768 tcontext=u:object_r:configfs:s0 tclass=dir permissive=0 app=com.dunehd.app
04-09 09:30:57.971 491 568 W libc : Access denied finding property ""
04-09 09:30:57.968 491 491 W binder:491_2: type=1400 audit(0.0:1160804): avc: denied { read } for name="u:object_r:default_prop:s0" dev="tmpfs" ino=182 scontext=u:r:hal_audio_default:s0 tcontext=u:object_r:default_prop:s0 tclass=file permissive=0
04-09 09:30:58.423 527 547 I WifiHAL : call wifi_get_link_stats handler
04-09 09:30:58.423 527 547 I WifiHAL : Creating message to get link statistics; iface = 16
04-09 09:30:58.441 689 973 D WifiClientModeImpl[30070:wlan0]: updateLinkLayerStatsRssiSpeedFrequencyCapabilities rssi=-68 TxLinkspeed=52 freq=2437 RxLinkSpeed=6
04-09 09:30:58.441 689 973 D WifiDataStall: tx tput in kbps: 35392
04-09 09:30:58.441 689 973 D WifiDataStall: rx tput in kbps: 35750
04-09 09:30:58.441 689 973 V WifiConfigManager: Updating scan detail cache freq=2437 BSSID=c4:a3:66:f6:9d:a8 RSSI=-68 for "versim"WPA_PSK
04-09 09:30:58.441 689 973 D WifiDataStall: ccaLevel = 80
04-09 09:30:58.441 689 973 D WifiDataStall: L2 txTputKbps: 19662, rxTputKbps: 4125, L3 txTputKbps: 99, rxTputKbps: 1653, TxTrafficHigh: true, RxTrafficHigh: true, Throughput Sufficient: true
04-09 09:30:58.442 689 973 D WifiScoreCard: BSSID update SIGNAL_POLL ID: 209318759 SSID: "versim", BSSID: c4:a3:66:f6:9d:a8, MAC: 40:d9:5a:d6:80:04, IP: /192.168.1.17, Security type: 2, Supplicant state: COMPLETED, Wi-Fi standard: 4, RSSI: -68, Link speed: 52Mbps, Tx Link speed: 52Mbps, Max Supported Tx Link speed: 144Mbps, Rx Link speed: 6Mbps, Max Supported Rx Link speed: 144Mbps, Frequency: 2437MHz, Net ID: 0, Metered hint: false, score: 60, isUsable: true, CarrierMerged: false, SubscriptionId: -1, IsPrimary: 1, Trusted: true, Restricted: false, Ephemeral: false, OEM paid: false, OEM private: false, OSU AP: false, FQDN: , Provider friendly name: , Requesting package name: "versim"wpa2-pskMLO Information: , Is TID-To-Link negotiation supported by the AP: false, AP MLD Address: , AP MLO Link Id: , AP MLO Affiliated links:
04-09 09:30:58.442 689 973 D WifiScoreCard: txRate: 208 txSpeed: 52
04-09 09:30:58.442 689 973 D WifiScoreCard: network update SIGNAL_POLL "versim" ID: 2122788863 RSSI -68 txSpeed 52
04-09 09:30:58.443 689 973 D WifiClientModeImpl[30070:wlan0]: ClientModeImpl$L2ConnectedState screen=on 3 0 "versim" c4:a3:66:f6:9d:a8 rssi=-68 f=2437 sc=60 link=52 tx=113.8, 93.9, 0.0 rx=44.4 bcn=0 [on:3025 tx:121 rx:1503 period:3024] from screen [on:637080 period:690619] score=60
04-09 09:30:58.948 1070 1070 I ThermalService: CPU temperatures: [42.300003]
04-09 09:30:58.968 491 491 W binder:491_2: type=1400 audit(0.0:1160805): avc: denied { read } for name="u:object_r:default_prop:s0" dev="tmpfs" ino=182 scontext=u:r:hal_audio_default:s0 tcontext=u:object_r:default_prop:s0 tclass=file permissive=0
04-09 09:30:58.971 491 568 W libc : Access denied finding property ""
04-09 09:30:59.667 15384 16234 D e : topActivityPackage: com.dunehd.app, appCollectType: 1 , launcherPackage: com.google.android.tvlauncher, video: false
04-09 09:30:59.667 15384 16234 D e : no register no record
04-09 09:30:59.959 689 927 D ActivityManager: freezing 24438 com.google.process.gservices
04-09 09:30:59.972 491 568 W libc : Access denied finding property ""
04-09 09:30:59.968 491 491 W binder:491_2: type=1400 audit(0.0:1160806): avc: denied { read } for name="u:object_r:default_prop:s0" dev="tmpfs" ino=182 scontext=u:r:hal_audio_default:s0 tcontext=u:object_r:default_prop:s0 tclass=file permissive=0
04-09 09:31:00.952 1070 1070 I ThermalService: CPU temperatures: [42.100002]
04-09 09:31:00.970 20919 20919 E Soundeq-BluetoothDevicePairer: what = 2
04-09 09:31:00.970 20919 20919 I Soundeq-BluetoothDevicePairer: start
04-09 09:31:00.970 20919 20919 D Soundeq-BluetoothDevicePairer: setStatus status:1
04-09 09:31:00.971 20919 20919 D Soundeq-BluetoothDevicePairer: updateListener
04-09 09:31:00.971 20919 20919 D Soundeq-DiscoverService: statusChanged
04-09 09:31:00.972 491 568 W libc : Access denied finding property ""
04-09 09:31:00.968 491 491 W binder:491_2: type=1400 audit(0.0:1160807): avc: denied { read } for name="u:object_r:default_prop:s0" dev="tmpfs" ino=182 scontext=u:r:hal_audio_default:s0 tcontext=u:object_r:default_prop:s0 tclass=file permissive=0
04-09 09:31:00.977 20919 20919 I Soundeq-BluetoothDevicePairer: BtScanner, name = [TV]Samsung , rssi = -62
04-09 09:31:00.982 20919 20919 D BluetoothAdapter: [SEIBluetoothlogfordebug]cancelDiscovery
04-09 09:31:00.984 1383 1398 D BluetoothAdapterService: cancelDiscovery
04-09 09:31:00.984 1383 1493 I bt_btif_dm: packages/modules/Bluetooth/system/btif/src/btif_dm.cc:2526 btif_dm_cancel_discovery: Cancel search
04-09 09:31:00.985 1383 1493 I bluetooth: packages/modules/Bluetooth/system/bta/dm/bta_dm_main.cc:96 bta_dm_search_sm_execute: state:BTA_DM_SEARCH_ACTIVE, event:BTA_DM_API_SEARCH_CANCEL_EVT[0x201]
04-09 09:31:00.985 1383 1493 E bluetooth: packages/modules/Bluetooth/system/stack/btm/btm_inq.cc:1539 btm_process_inq_complete: Received inquiry complete when no inquiry was active
04-09 09:31:00.985 1383 1493 I bt_bta_dm: packages/modules/Bluetooth/system/bta/dm/bta_dm_act.cc:1460 bta_dm_search_cmpl: No BLE connection, processing classic results
04-09 09:31:00.988 1383 1493 E bluetooth: packages/modules/Bluetooth/system/stack/btm/btm_inq.cc:1539 btm_process_inq_complete: Received inquiry complete when no inquiry was active
04-09 09:31:00.989 20919 20919 I SOUND_PAIR:BluetoothScanner$Receiver.scanNow(L:265): scanNow isDiscovering = false
04-09 09:31:00.990 20919 20919 D Soundeq-BluetoothDevicePairer: Device onScanningStarted:
04-09 09:31:00.990 20919 20919 D Soundeq-BluetoothDevicePairer: Device onScanningStarted:
04-09 09:31:00.991 20919 20919 D BluetoothAdapter: [SEIBluetoothlogfordebug]startDiscovery
04-09 09:31:00.995 1383 1398 D BluetoothAdapterService: startDiscovery
04-09 09:31:00.995 1383 1493 I bluetooth: packages/modules/Bluetooth/system/bta/dm/bta_dm_main.cc:96 bta_dm_search_sm_execute: state:BTA_DM_SEARCH_IDLE, event:BTA_DM_API_SEARCH_EVT[0x200]
04-09 09:31:00.996 1383 1493 W bluetooth: packages/modules/Bluetooth/system/stack/btm/btm_inq.cc:1083 btm_clr_inq_result_flt: Memory being reset multiple times
04-09 09:31:00.997 20919 20919 I SOUND_PAIR:BluetoothScanner$Receiver.scanNow(L:270): scanNow startDiscovery
04-09 09:31:00.997 20919 20919 D SOUND_PAIR:BluetoothScanner.startListening(L:108): startListening
04-09 09:31:00.997 20919 20919 D Soundeq-BluetoothDevicePairer: handleMessage: BluetoothScanner
04-09 09:31:01.281 1383 1493 E bt_btu_hcif: packages/modules/Bluetooth/system/stack/btu/btu_hcif.cc:182 btu_hcif_log_event_metrics: Unexpectedly received event_code:0x2f that should not be handled here
04-09 09:31:01.282 1383 1493 I bt_btif_dm: packages/modules/Bluetooth/system/btif/src/btif_dm.cc:1601 btif_dm_search_devices_evt: EIR UUIDs for xx:xx:xx:xx:8b:4f:
04-09 09:31:01.282 1383 1493 I bt_btif_dm: packages/modules/Bluetooth/system/btif/src/btif_dm.cc:1604 btif_dm_search_devices_evt: 0000110a-0000-1000-8000-00805f9b34fb
04-09 09:31:01.282 1383 1493 I bt_btif_dm: packages/modules/Bluetooth/system/btif/src/btif_dm.cc:1604 btif_dm_search_devices_evt: 0000110c-0000-1000-8000-00805f9b34fb
04-09 09:31:01.282 1383 1493 I bt_btif_dm: packages/modules/Bluetooth/system/btif/src/btif_dm.cc:1604 btif_dm_search_devices_evt: 00001200-0000-1000-8000-00805f9b34fb
04-09 09:31:01.288 20919 20919 D SOUND_PAIR:BluetoothScanner$Receiver.onReceive(L:364): Device found, address: C4:57:6E:38:8B:4F name: [TV]Samsung Rssi:-59
04-09 09:31:01.446 527 547 I WifiHAL : call wifi_get_link_stats handler
04-09 09:31:01.446 527 547 I WifiHAL : Creating message to get link statistics; iface = 16
04-09 09:31:01.462 689 973 D WifiClientModeImpl[30070:wlan0]: updateLinkLayerStatsRssiSpeedFrequencyCapabilities rssi=-70 TxLinkspeed=52 freq=2437 RxLinkSpeed=6
04-09 09:31:01.462 689 973 D WifiDataStall: tx tput in kbps: 19662
04-09 09:31:01.462 689 973 D WifiDataStall: rx tput in kbps: 4125
04-09 09:31:01.462 689 973 V WifiConfigManager: Updating scan detail cache freq=2437 BSSID=c4:a3:66:f6:9d:a8 RSSI=-69 for "versim"WPA_PSK
04-09 09:31:01.462 689 973 D WifiDataStall: ccaLevel = 80
04-09 09:31:01.463 689 973 D WifiDataStall: L2 txTputKbps: 25025, rxTputKbps: 4125, L3 txTputKbps: 76, rxTputKbps: 1422, TxTrafficHigh: true, RxTrafficHigh: true, Throughput Sufficient: true
04-09 09:31:01.463 689 973 D WifiScoreCard: BSSID update SIGNAL_POLL ID: 209318759 SSID: "versim", BSSID: c4:a3:66:f6:9d:a8, MAC: 40:d9:5a:d6:80:04, IP: /192.168.1.17, Security type: 2, Supplicant state: COMPLETED, Wi-Fi standard: 4, RSSI: -70, Link speed: 52Mbps, Tx Link speed: 52Mbps, Max Supported Tx Link speed: 144Mbps, Rx Link speed: 6Mbps, Max Supported Rx Link speed: 144Mbps, Frequency: 2437MHz, Net ID: 0, Metered hint: false, score: 60, isUsable: true, CarrierMerged: false, SubscriptionId: -1, IsPrimary: 1, Trusted: true, Restricted: false, Ephemeral: false, OEM paid: false, OEM private: false, OSU AP: false, FQDN: , Provider friendly name: , Requesting package name: "versim"wpa2-pskMLO Information: , Is TID-To-Link negotiation supported by the AP: false, AP MLD Address: , AP MLO Link Id: , AP MLO Affiliated links:
04-09 09:31:01.463 689 973 D WifiScoreCard: txRate: 200 txSpeed: 52
04-09 09:31:01.463 689 973 D WifiScoreCard: network update SIGNAL_POLL "versim" ID: 2122788863 RSSI -70 txSpeed 52
04-09 09:31:01.464 689 973 D WifiClientModeImpl[30070:wlan0]: ClientModeImpl$L2ConnectedState screen=on 3 0 "versim" c4:a3:66:f6:9d:a8 rssi=-70 f=2437 sc=60 link=52 tx=127.9, 71.5, 0.0 rx=52.8 bcn=0 [on:3023 tx:134 rx:1556 period:3021] from screen [on:640103 period:693640] score=60
04-09 09:31:01.647 689 15155 W ActivityManager: Unable to start service Intent { cmp=com.nes.sound.retail/com.nes.sound.component.service.DaemonService } U=0: not found
04-09 09:31:01.648 1052 1052 I HeartBeatUtils: ComponentInfo{com.nes.sound.retail/com.nes.sound.component.service.DaemonService} bind failed !!!Immediate reconnect!!!
04-09 09:31:01.648 1052 1052 I HeartBeatUtils: onHeartBeatStoped com.nes.sound.retail/com.nes.sound.component.service.DaemonService
04-09 09:31:01.648 689 15155 W ActivityManager: Unbind failed: could not find connection for android.os.BinderProxy@1f8888a
04-09 09:31:01.649 1052 1052 W HeartBeatUtils: start rescue com.nes.sound.retail/com.nes.sound.component.service.DaemonService
04-09 09:31:01.651 689 15155 W ActivityManager: Unable to start service Intent { cmp=com.nes.sound/.component.service.DaemonService } U=0: not found
04-09 09:31:01.651 1052 1052 I HeartBeatUtils: ComponentInfo{com.nes.sound/com.nes.sound.component.service.DaemonService} bind failed !!!Immediate reconnect!!!
04-09 09:31:01.651 1052 1052 I HeartBeatUtils: onHeartBeatStoped com.nes.sound/com.nes.sound.component.service.DaemonService
04-09 09:31:01.652 689 15155 W ActivityManager: Unbind failed: could not find connection for android.os.BinderProxy@5285efb
04-09 09:31:01.652 1052 1052 W HeartBeatUtils: start rescue com.nes.sound/com.nes.sound.component.service.DaemonService
04-09 09:31:01.754 1856 1856 W ContextImpl: Calling a method in the system process without a qualified user: android.app.ContextImpl.bindService:2026 android.content.ContextWrapper.bindService:861 com.nes.sound.daemon.utils.heartbeat.HeartBeatConnectionPool.connectServiceByBinderBeans:108 com.nes.sound.daemon.utils.heartbeat.HeartBeatConnectionPool.reBindConnection:122 com.nes.sound.daemon.utils.heartbeat.HeartBeatUtils.reBindConnection:137
04-09 09:31:01.755 689 15155 W ActivityManager: Unable to start service Intent { cmp=com.nes.sound/.component.service.HeartBeatDaemonService } U=0: not found
04-09 09:31:01.756 1856 1856 I HeartBeatUtils: ComponentInfo{com.nes.sound/com.nes.sound.component.service.HeartBeatDaemonService} bind failed !!!Immediate reconnect!!!
04-09 09:31:01.756 1856 1856 I HeartBeatUtils: onHeartBeatStoped com.nes.sound/com.nes.sound.component.service.HeartBeatDaemonService
04-09 09:31:01.756 689 15155 W ActivityManager: Unbind failed: could not find connection for android.os.BinderProxy@431b18
04-09 09:31:01.757 1856 1856 W HeartBeatUtils: start rescue com.nes.sound/com.nes.sound.component.service.HeartBeatDaemonService
04-09 09:31:01.973 491 568 W libc : Access denied finding property ""
04-09 09:31:01.968 491 491 W binder:491_2: type=1400 audit(0.0:1160808): avc: denied { read } for name="u:object_r:default_prop:s0" dev="tmpfs" ino=182 scontext=u:r:hal_audio_default:s0 tcontext=u:object_r:default_prop:s0 tclass=file permissive=0
04-09 09:31:02.419 19644 24175 E OpenGLRenderer: Unable to match the desired swap behavior.
04-09 09:31:02.618 20919 20919 E Soundeq-BluetoothDevicePairer: what = 3
04-09 09:31:02.618 20919 20919 D Soundeq-BluetoothDevicePairer: handleMessage: MSG_SCANNING_TIMEOUT
04-09 09:31:02.619 20919 20919 D Soundeq-BluetoothDevicePairer: stopScanning leScan:true
04-09 09:31:02.619 20919 20919 D SOUND_PAIR:LeScanner.stopListening(L:102): stopListening sRemoteScanCallback=com.nes.sound.blesupport.LeScanner$RemoteScanCallback@8d6329a
04-09 09:31:02.619 20919 20919 D SOUND_PAIR:LeScanner$RemoteScanCallback.stopNow(L:258): mStopTask.run()
04-09 09:31:02.619 20919 20919 D BluetoothAdapter: [SEIBluetoothlogfordebug]cancelDiscovery
04-09 09:31:02.622 1383 1398 D BluetoothAdapterService: cancelDiscovery
04-09 09:31:02.623 1383 1493 I bt_btif_dm: packages/modules/Bluetooth/system/btif/src/btif_dm.cc:2526 btif_dm_cancel_discovery: Cancel search
04-09 09:31:02.623 1383 1493 I bluetooth: packages/modules/Bluetooth/system/bta/dm/bta_dm_main.cc:96 bta_dm_search_sm_execute: state:BTA_DM_SEARCH_ACTIVE, event:BTA_DM_API_SEARCH_CANCEL_EVT[0x201]
04-09 09:31:02.623 1383 1493 E bluetooth: packages/modules/Bluetooth/system/stack/btm/btm_inq.cc:1539 btm_process_inq_complete: Received inquiry complete when no inquiry was active
04-09 09:31:02.623 1383 1493 I bt_bta_dm: packages/modules/Bluetooth/system/bta/dm/bta_dm_act.cc:1460 bta_dm_search_cmpl: No BLE connection, processing classic results
04-09 09:31:02.624 20919 20919 D BluetoothAdapter: isLeEnabled(): ON
04-09 09:31:02.625 1383 1493 E bluetooth: packages/modules/Bluetooth/system/stack/btm/btm_inq.cc:1539 btm_process_inq_complete: Received inquiry complete when no inquiry was active
04-09 09:31:02.632 1383 1398 D ActivityAttributionService: notifyActivityAttributionInfo UID=1002 packageName=com.android.bluetooth deviceAddress=no_active_device_address
04-09 09:31:02.632 1383 1398 I bt_btif : packages/modules/Bluetooth/system/btif/src/bluetooth.cc:845 get_profile_interface: get_profile_interface: id = activity_attribution
04-09 09:31:02.634 1383 1830 I bt_stack: [INFO:le_scanning_manager.cc(168)] Scan in shim layer stopped
04-09 09:31:02.634 1383 1501 I bluetooth: packages/modules/Bluetooth/system/gd/hci/le_address_manager.cc:193 unregister_client: Client unregistered
04-09 09:31:02.635 1383 1830 I bt_stack: [INFO:le_scanning_manager.cc(204)] ScanFilterParamSetup in shim layer
04-09 09:31:02.638 1383 1398 I bt_stack: [INFO:le_scanning_manager.cc(162)] Unregister in shim layer, scanner_id:2
04-09 09:31:02.638 20919 20919 D Soundeq-BluetoothDevicePairer: setStatus status:1
04-09 09:31:02.639 20919 20919 D Soundeq-BluetoothDevicePairer: updateListener
04-09 09:31:02.639 20919 20919 D Soundeq-DiscoverService: statusChanged
04-09 09:31:02.640 20919 20919 E Soundeq-BluetoothDevicePairer: what = 3
04-09 09:31:02.640 20919 20919 D Soundeq-BluetoothDevicePairer: handleMessage: MSG_SCANNING_TIMEOUT
04-09 09:31:02.641 20919 20919 D Soundeq-BluetoothDevicePairer: stopScanning leScan:false
04-09 09:31:02.641 20919 20919 D SOUND_PAIR:BluetoothScanner.stopListening(L:117): stopListening
04-09 09:31:02.641 20919 20919 D Soundeq-BluetoothDevicePairer: setStatus status:1
04-09 09:31:02.641 20919 20919 D Soundeq-BluetoothDevicePairer: updateListener
04-09 09:31:02.641 20919 20919 D Soundeq-DiscoverService: statusChanged
04-09 09:31:02.792 20919 20919 D Soundeq-BluetoothDevicePairer: startScanning type:1
04-09 09:31:02.954 1070 1070 I ThermalService: CPU temperatures: [42.300003]
04-09 09:31:02.973 491 568 W libc : Access denied finding property ""
04-09 09:31:02.968 491 491 W binder:491_2: type=1400 audit(0.0:1160809): avc: denied { read } for name="u:object_r:default_prop:s0" dev="tmpfs" ino=182 scontext=u:r:hal_audio_default:s0 tcontext=u:object_r:default_prop:s0 tclass=file permissive=0
04-09 09:31:03.420 19644 24175 E OpenGLRenderer: Unable to match the desired swap behavior.
04-09 09:31:03.968 491 491 W binder:491_2: type=1400 audit(0.0:1160810): avc: denied { read } for name="u:object_r:default_prop:s0" dev="tmpfs" ino=182 scontext=u:r:hal_audio_default:s0 tcontext=u:object_r:default_prop:s0 tclass=file permissive=0
04-09 09:31:04.096 30029 30029 W date : type=1400 audit(0.0:1160811): avc: denied { search } for name="tests" dev="mmcblk0p23" ino=1444324 scontext=u:r:untrusted_app_30:s0:c117,c256,c512,c768 tcontext=u:object_r:shell_test_data_file:s0 tclass=dir permissive=0 app=com.dunehd.app
04-09 09:31:04.096 30029 30029 W date : type=1400 audit(0.0:1160812): avc: denied { search } for name="tests" dev="mmcblk0p23" ino=1444324 scontext=u:r:untrusted_app_30:s0:c117,c256,c512,c768 tcontext=u:object_r:shell_test_data_file:s0 tclass=dir permissive=0 app=com.dunehd.app
04-09 09:31:04.096 30029 30029 W date : type=1400 audit(0.0:1160813): avc: denied { search } for name="tests" dev="mmcblk0p23" ino=1444324 scontext=u:r:untrusted_app_30:s0:c117,c256,c512,c768 tcontext=u:object_r:shell_test_data_file:s0 tclass=dir permissive=0 app=com.dunehd.app
04-09 09:31:04.096 30029 30029 W date : type=1400 audit(0.0:1160814): avc: denied { search } for name="tests" dev="mmcblk0p23" ino=1444324 scontext=u:r:untrusted_app_30:s0:c117,c256,c512,c768 tcontext=u:object_r:shell_test_data_file:s0 tclass=dir permissive=0 app=com.dunehd.app
04-09 09:31:04.132 30031 30031 W date : type=1400 audit(0.0:1160815): avc: denied { search } for name="tests" dev="mmcblk0p23" ino=1444324 scontext=u:r:untrusted_app_30:s0:c117,c256,c512,c768 tcontext=u:object_r:shell_test_data_file:s0 tclass=dir permissive=0 app=com.dunehd.app
04-09 09:31:04.132 30031 30031 W date : type=1400 audit(0.0:1160816): avc: denied { search } for name="tests" dev="mmcblk0p23" ino=1444324 scontext=u:r:untrusted_app_30:s0:c117,c256,c512,c768 tcontext=u:object_r:shell_test_data_file:s0 tclass=dir permissive=0 app=com.dunehd.app
04-09 09:31:04.421 19644 24175 E OpenGLRenderer: Unable to match the desired swap behavior.
04-09 09:31:04.467 527 547 I WifiHAL : call wifi_get_link_stats handler
04-09 09:31:04.467 527 547 I WifiHAL : Creating message to get link statistics; iface = 16
04-09 09:31:04.483 689 973 D WifiClientModeImpl[30070:wlan0]: updateLinkLayerStatsRssiSpeedFrequencyCapabilities rssi=-70 TxLinkspeed=52 freq=2437 RxLinkSpeed=26
04-09 09:31:04.484 689 973 D WifiDataStall: tx tput in kbps: 25025
04-09 09:31:04.484 689 973 D WifiDataStall: rx tput in kbps: 4125
04-09 09:31:04.484 689 973 V WifiConfigManager: Updating scan detail cache freq=2437 BSSID=c4:a3:66:f6:9d:a8 RSSI=-69 for "versim"WPA_PSK
04-09 09:31:04.484 689 973 D WifiDataStall: ccaLevel = 80
04-09 09:31:04.484 689 973 D WifiDataStall: L2 txTputKbps: 25382, rxTputKbps: 17875, L3 txTputKbps: 5, rxTputKbps: 186, TxTrafficHigh: true, RxTrafficHigh: true, Throughput Sufficient: true
04-09 09:31:04.485 689 973 D WifiScoreCard: BSSID update SIGNAL_POLL ID: 209318759 SSID: "versim", BSSID: c4:a3:66:f6:9d:a8, MAC: 40:d9:5a:d6:80:04, IP: /192.168.1.17, Security type: 2, Supplicant state: COMPLETED, Wi-Fi standard: 4, RSSI: -70, Link speed: 52Mbps, Tx Link speed: 52Mbps, Max Supported Tx Link speed: 144Mbps, Rx Link speed: 26Mbps, Max Supported Rx Link speed: 144Mbps, Frequency: 2437MHz, Net ID: 0, Metered hint: false, score: 60, isUsable: true, CarrierMerged: false, SubscriptionId: -1, IsPrimary: 1, Trusted: true, Restricted: false, Ephemeral: false, OEM paid: false, OEM private: false, OSU AP: false, FQDN: , Provider friendly name: , Requesting package name: "versim"wpa2-pskMLO Information: , Is TID-To-Link negotiation supported by the AP: false, AP MLD Address: , AP MLO Link Id: , AP MLO Affiliated links:
04-09 09:31:04.485 689 973 D WifiScoreCard: txRate: 85 txSpeed: 52
04-09 09:31:04.485 689 973 D WifiScoreCard: network update SIGNAL_POLL "versim" ID: 2122788863 RSSI -70 txSpeed 52
04-09 09:31:04.485 689 973 D WifiClientModeImpl[30070:wlan0]: ClientModeImpl$L2ConnectedState screen=on 3 0 "versim" c4:a3:66:f6:9d:a8 rssi=-70 f=2437 sc=60 link=52 tx=54.7, 29.4, 0.0 rx=28.9 bcn=0 [on:3022 tx:30 rx:825 period:3021] from screen [on:643125 period:696661] score=60
04-09 09:31:04.957 1070 1070 I ThermalService: CPU temperatures: [43.100002]
04-09 09:31:04.974 491 568 W libc : Access denied finding property ""
04-09 09:31:05.144 16489 16489 W Thread-5: type=1400 audit(0.0:1160884): avc: denied { search } for name="/" dev="configfs" ino=7910 scontext=u:r:untrusted_app_30:s0:c117,c256,c512,c768 tcontext=u:object_r:configfs:s0 tclass=dir permissive=0 app=com.dunehd.app
04-09 09:31:05.975 491 568 W libc : Access denied finding property ""
04-09 09:31:05.972 491 491 W binder:491_2: type=1400 audit(0.0:1160885): avc: denied { read } for name="u:object_r:default_prop:s0" dev="tmpfs" ino=182 scontext=u:r:hal_audio_default:s0 tcontext=u:object_r:default_prop:s0 tclass=file permissive=0
04-09 09:31:06.423 19644 24175 E OpenGLRenderer: Unable to match the desired swap behavior.
04-09 09:31:06.652 689 15155 W ActivityManager: Unable to start service Intent { cmp=com.nes.sound.retail/com.nes.sound.component.service.DaemonService } U=0: not found
04-09 09:31:06.653 1052 1052 I HeartBeatUtils: ComponentInfo{com.nes.sound.retail/com.nes.sound.component.service.DaemonService} bind failed !!!Immediate reconnect!!!
04-09 09:31:06.653 1052 1052 I HeartBeatUtils: onHeartBeatStoped com.nes.sound.retail/com.nes.sound.component.service.DaemonService
04-09 09:31:06.653 689 15155 W ActivityManager: Unbind failed: could not find connection for android.os.BinderProxy@34afceb
04-09 09:31:06.654 1052 1052 W HeartBeatUtils: start rescue com.nes.sound.retail/com.nes.sound.component.service.DaemonService
04-09 09:31:06.656 689 2593 W ActivityManager: Unable to start service Intent { cmp=com.nes.sound/.component.service.DaemonService } U=0: not found
