04-09 09:21:07.477 1052 1170 V WindowManagerShell: Transition requested: android.os.BinderProxy@1924344 TransitionRequestInfo { type = OPEN, triggerTask = TaskInfo{userId=0 taskId=439 displayId=0 isRunning=true baseIntent=Intent { flg=0x10800000 cmp=com.android.tv.settings/.MainSettings } baseActivity=ComponentInfo{com.android.tv.settings/com.android.tv.settings.MainSettings} topActivity=ComponentInfo{com.android.tv.settings/com.android.tv.settings.MainSettings} origActivity=null realActivity=ComponentInfo{com.android.tv.settings/com.android.tv.settings.MainSettings} numActivities=1 lastActiveTime=653311365 supportsMultiWindow=false resizeMode=1 isResizeable=true minWidth=-1 minHeight=-1 defaultMinSize=220 token=WCT{android.window.IWindowContainerToken$Stub$Proxy@65d8c2d} topActivityType=1 pictureInPictureParams=null shouldDockBigOverlays=true launchIntoPipHostTaskId=-1 lastParentTaskIdBeforePip=-1 displayCutoutSafeInsets=null topActivityInfo=ActivityInfo{e589562 com.android.tv.settings.MainSettings} launchCookies=[] positionInParent=Point(0, 0) parentTaskId=-1 isFocused=false isVisible=false isVisibleRequested=false isSleeping=false topActivityInSizeCompat=false topActivityEligibleForLetterboxEducation= false topActivityLetterboxed= false isFromDoubleTap= false topActivityLetterboxVerticalPosition= -1 topActivityLetterboxHorizontalPosition= -1 topActivityLetterboxWidth=-1 topActivityLetterboxHeight=-1 locusId=null displayAreaFeatureId=1 cameraCompatControlState=hidden}, remoteTransition = null, displayChange = null }
04-09 09:21:07.498 689 7272 E Transition: Trying to add a ready-group twice: Display{#0 state=ON size=1920x1080 ROTATION_0}
04-09 09:21:07.515 689 7272 W ActivityManager: Receiver with filter android.content.IntentFilter@7d6bc10 already registered for pid 19644, callerPackage is com.android.tv.settings
04-09 09:21:07.516 19644 19644 W ContextImpl: Calling a method in the system process without a qualified user: android.app.ContextImpl.sendBroadcast:1248 android.content.ContextWrapper.sendBroadcast:504 com.android.tv.settings.about.AboutFragment.onResume:565 androidx.fragment.app.Fragment.performResume:3191 androidx.fragment.app.FragmentStateManager.resume:643
04-09 09:21:07.614 1052 1170 V WindowManagerShell: onTransitionReady android.os.BinderProxy@1924344: {id=72 t=OPEN f=0x0 trk=0 r=[0@Point(0, 0)] c=[{WCT{android.window.IWindowContainerToken$Stub$Proxy@a33be29} m=TO_FRONT f=TRANSLUCENT|MOVE_TO_TOP leash=Surface(name=Task=439)/@0x507a6f3 sb=Rect(0, 0 - 1920, 1080) eb=Rect(0, 0 - 1920, 1080) d=0}]}
04-09 09:21:07.614 1052 1170 V WindowManagerShell: Playing animation for (#72)android.os.BinderProxy@1924344@0
04-09 09:21:07.615 1052 1170 V WindowManagerShell: try handler com.android.wm.shell.keyguard.KeyguardTransitionHandler@1afc691
04-09 09:21:07.615 1052 1170 V WindowManagerShell: try handler com.android.wm.shell.activityembedding.ActivityEmbeddingController@b7de9f6
04-09 09:21:07.615 1052 1170 V WindowManagerShell: try handler com.android.wm.shell.pip.tv.TvPipTransition@c29c1f7
04-09 09:21:07.615 1052 1170 V WindowManagerShell: try handler com.android.wm.shell.transition.RemoteTransitionHandler@2eb0864
04-09 09:21:07.615 1052 1170 V WindowManagerShell: Transition doesn't have explicit remote, search filters for match for {id=72 t=OPEN f=0x0 trk=0 r=[0@Point(0, 0)] c=[{WCT{android.window.IWindowContainerToken$Stub$Proxy@a33be29} m=TO_FRONT f=TRANSLUCENT|MOVE_TO_TOP leash=Surface(name=Task=439)/@0x507a6f3 sb=Rect(0, 0 - 1920, 1080) eb=Rect(0, 0 - 1920, 1080) d=0}]}
04-09 09:21:07.615 1052 1170 V WindowManagerShell: Delegate animation for #72 to null
04-09 09:21:07.615 1052 1170 V WindowManagerShell: try handler com.android.wm.shell.transition.DefaultTransitionHandler@bf93acd
04-09 09:21:07.615 1052 1170 V WindowManagerShell: start default transition animation, info = {id=72 t=OPEN f=0x0 trk=0 r=[0@Point(0, 0)] c=[{WCT{android.window.IWindowContainerToken$Stub$Proxy@a33be29} m=TO_FRONT f=TRANSLUCENT|MOVE_TO_TOP leash=Surface(name=Task=439)/@0x507a6f3 sb=Rect(0, 0 - 1920, 1080) eb=Rect(0, 0 - 1920, 1080) d=0}]}
04-09 09:21:07.616 1052 1170 V WindowManagerShell: loadAnimation: anim=android.view.animation.AlphaAnimation@744b6dc animAttr=0x4 type=OPEN isEntrance=true
04-09 09:21:07.618 1052 1170 V WindowManagerShell: animated by com.android.wm.shell.transition.DefaultTransitionHandler@bf93acd
04-09 09:21:07.622 689 826 V WindowManager: Sent Transition #72 createdAt=04-09 09:21:07.469 via request=TransitionRequestInfo { type = OPEN, triggerTask = TaskInfo{userId=0 taskId=439 displayId=0 isRunning=true baseIntent=Intent { flg=0x10800000 cmp=com.android.tv.settings/.MainSettings } baseActivity=ComponentInfo{com.android.tv.settings/com.android.tv.settings.MainSettings} topActivity=ComponentInfo{com.android.tv.settings/com.android.tv.settings.MainSettings} origActivity=null realActivity=ComponentInfo{com.android.tv.settings/com.android.tv.settings.MainSettings} numActivities=1 lastActiveTime=653311365 supportsMultiWindow=false resizeMode=1 isResizeable=true minWidth=-1 minHeight=-1 defaultMinSize=220 token=WCT{RemoteToken{7539ede Task{e779185 #439 type=standard A=1000:com.android.tv.settings}}} topActivityType=1 pictureInPictureParams=null shouldDockBigOverlays=true launchIntoPipHostTaskId=-1 lastParentTaskIdBeforePip=-1 displayCutoutSafeInsets=null topActivityInfo=ActivityInfo{6b678bf com.android.tv.settings.MainSettings} launchCookies=[] positionInParent=Point(0, 0) parentTaskId=-1 isFocused=false isVisible=false isVisibleRequested=false isSleeping=false topActivityInSizeCompat=false topActivityEligibleForLetterboxEducation= false topActivityLetterboxed= false isFromDoubleTap= false topActivityLetterboxVerticalPosition= -1 topActivityLetterboxHorizontalPosition= -1 topActivityLetterboxWidth=-1 topActivityLetterboxHeight=-1 locusId=null displayAreaFeatureId=1 cameraCompatControlState=hidden}, remoteTransition = null, displayChange = null }
04-09 09:21:07.622 689 826 V WindowManager: startWCT=WindowContainerTransaction { changes = {} hops = [] errorCallbackToken=null taskFragmentOrganizer=null }
04-09 09:21:07.622 689 826 V WindowManager: info={id=72 t=OPEN f=0x0 trk=0 r=[0@Point(0, 0)] c=[{WCT{RemoteToken{7539ede Task{e779185 #439 type=standard A=1000:com.android.tv.settings}}} m=TO_FRONT f=TRANSLUCENT|MOVE_TO_TOP leash=Surface(name=Task=439)/@0x567cd1d sb=Rect(0, 0 - 1920, 1080) eb=Rect(0, 0 - 1920, 1080) d=0}]}
04-09 09:21:07.628 1052 1170 D WindowManagerShell: TvPipController: onTaskStackChanged()
04-09 09:21:07.646 689 811 D IntervalStats: Unable to parse usage stats packages: [2, 11, 17, 33, 39, 40, 43, 49, 51, 52, 55, 60, 61, 69, 70, 76]
04-09 09:21:07.702 689 8310 D CompatibilityChangeReporter: Compat change id reported: 214016041; UID 1000; state: ENABLED
04-09 09:21:07.716 689 8310 D CompatibilityChangeReporter: Compat change id reported: 214016041; UID 1000; state: DISABLED
04-09 09:21:07.743 689 836 D CompatibilityChangeReporter: Compat change id reported: 135634846; UID 10097; state: DISABLED
04-09 09:21:07.745 689 837 D CompatibilityChangeReporter: Compat change id reported: 143937733; UID 10097; state: ENABLED
04-09 09:21:07.750 689 1958 W PackageConfigPersister: App-specific configuration not found for packageName: com.android.tv.settings and userId: 0
04-09 09:21:07.795 689 837 W ActivityManager: Slow operation: 52ms so far, now at startProcess: returned from zygote!
04-09 09:21:07.800 689 837 W ActivityManager: Slow operation: 58ms so far, now at startProcess: done updating battery stats
04-09 09:21:07.801 689 837 W ActivityManager: Slow operation: 58ms so far, now at startProcess: building log message
04-09 09:21:07.801 689 837 I ActivityManager: Start proc 29327:com.droidlogic.android.tv/u0a97 for broadcast {com.droidlogic.android.tv/com.android.tv.receiver.PackageIntentsReceiver}
04-09 09:21:07.801 689 837 W ActivityManager: Slow operation: 58ms so far, now at startProcess: starting to update pids map
04-09 09:21:07.801 689 837 W ActivityManager: Slow operation: 59ms so far, now at startProcess: done updating pids map
04-09 09:21:07.824 689 689 W Looper : Slow dispatch took 100ms main h=com.android.server.accessibility.AccessibilityManagerService$MainHandler c= m=0
04-09 09:21:07.826 689 835 W TextServicesManagerService: no available spell checker services found
04-09 09:21:07.961 689 1958 D CompatibilityChangeReporter: Compat change id reported: 168419799; UID 10097; state: DISABLED
04-09 09:21:07.961 689 1958 D CompatibilityChangeReporter: Compat change id reported: 273564678; UID 10097; state: DISABLED
04-09 09:21:07.987 689 918 D CompatibilityChangeReporter: Compat change id reported: 265195908; UID 10097; state: ENABLED
04-09 09:21:08.001 689 811 D CompatibilityChangeReporter: Compat change id reported: 170503758; UID 10097; state: ENABLED
04-09 09:21:08.035 1052 1170 V WindowManagerShell: Transition animation finished (aborted=false), notifying core (#72)android.os.BinderProxy@1924344@0
04-09 09:21:08.040 689 826 V WindowManager: Finish Transition #72: created at
04-09 09:21:07.469 collect-started=0.096ms request-sent=6.134ms started=8.122ms ready=37.152ms sent=142.423ms finished=569.251ms
04-09 09:21:08.041 1052 1170 V WindowManagerShell: Track 0 became idle
04-09 09:21:08.041 1052 1170 V WindowManagerShell: All active transition animations finished
04-09 09:21:08.220 689 5066 D CompatibilityChangeReporter: Compat change id reported: 135634846; UID 10097; state: DISABLED
04-09 09:21:08.220 689 837 D CompatibilityChangeReporter: Compat change id reported: 143937733; UID 10097; state: ENABLED
04-09 09:21:08.231 689 5066 D CompatibilityChangeReporter: Compat change id reported: 161145287; UID 10097; state: DISABLED
04-09 09:21:08.237 689 837 I ActivityManager: Start proc 29350:com.android.tv.common/u0a97 for content provider {com.droidlogic.android.tv/com.android.tv.common.CommonPreferenceProvider}
04-09 09:21:08.357 689 15155 I ActivityManager: Flag disabled. Ignoring finishAttachApplication from uid: 10097. pid: 29327
04-09 09:21:08.517 689 15155 I ActivityManager: Flag disabled. Ignoring finishAttachApplication from uid: 10097. pid: 29350
04-09 09:21:08.679 689 835 I ActivityManager: Killing 27115:com.google.android.syncadapters.calendar/u0a67 (adj 945): empty #17
04-09 09:21:08.719 689 811 I ActivityManager: Killing 26721:com.android.providers.calendar/u0a24 (adj 975): empty #17
04-09 09:21:08.745 689 827 D DisplayManagerService: Drop pending events for gone uid 10067
04-09 09:21:08.763 689 827 D DisplayManagerService: Drop pending events for gone uid 10024
04-09 09:21:08.972 1856 2310 W ContextImpl: Calling a method in the system process without a qualified user: android.app.ContextImpl.startService:1927 android.content.ContextWrapper.startService:825 com.nes.sound.daemon.utils.ComponentUtil.startService:68 com.nes.sound.daemon.utils.ComponentUtil.startComponent:46 com.nes.sound.daemon.component.DaemonService.operateDaemon:97
04-09 09:21:08.972 689 1165 W ActivityManager: Unable to start service Intent { pkg=com.nes.sound cmp=com.nes.sound/.component.service.LanService } U=0: not found
04-09 09:21:09.854 689 918 D CompatibilityChangeReporter: Compat change id reported: 265195908; UID 10054; state: ENABLED
04-09 09:21:10.307 689 1958 I ActivityManager: Killing 28186:com.google.android.play.games/u0a68 (adj 945): empty #17
04-09 09:21:10.353 689 827 D DisplayManagerService: Drop pending events for gone uid 10068
04-09 09:21:10.928 1856 1856 W ContextImpl: Calling a method in the system process without a qualified user: android.app.ContextImpl.bindService:2026 android.content.ContextWrapper.bindService:861 com.nes.sound.daemon.utils.heartbeat.HeartBeatConnectionPool.connectServiceByBinderBeans:108 com.nes.sound.daemon.utils.heartbeat.HeartBeatConnectionPool.reBindConnection:122 com.nes.sound.daemon.utils.heartbeat.HeartBeatUtils.reBindConnection:137
04-09 09:21:10.930 689 5066 W ActivityManager: Unable to start service Intent { cmp=com.nes.sound/.component.service.HeartBeatDaemonService } U=0: not found
04-09 09:21:10.930 1856 1856 I HeartBeatUtils: ComponentInfo{com.nes.sound/com.nes.sound.component.service.HeartBeatDaemonService} bind failed !!!Immediate reconnect!!!
04-09 09:21:10.930 1856 1856 I HeartBeatUtils: onHeartBeatStoped com.nes.sound/com.nes.sound.component.service.HeartBeatDaemonService
04-09 09:21:10.931 689 5066 W ActivityManager: Unbind failed: could not find connection for android.os.BinderProxy@7e07f0d
04-09 09:21:10.931 1856 1856 W HeartBeatUtils: start rescue com.nes.sound/com.nes.sound.component.service.HeartBeatDaemonService
04-09 09:21:10.942 689 5066 W ActivityManager: Unable to start service Intent { cmp=com.nes.sound.retail/com.nes.sound.component.service.DaemonService } U=0: not found
04-09 09:21:10.943 1052 1052 I HeartBeatUtils: ComponentInfo{com.nes.sound.retail/com.nes.sound.component.service.DaemonService} bind failed !!!Immediate reconnect!!!
04-09 09:21:10.943 1052 1052 I HeartBeatUtils: onHeartBeatStoped com.nes.sound.retail/com.nes.sound.component.service.DaemonService
04-09 09:21:10.943 689 5066 W ActivityManager: Unbind failed: could not find connection for android.os.BinderProxy@25a3ec2
04-09 09:21:10.943 1052 1052 W HeartBeatUtils: start rescue com.nes.sound.retail/com.nes.sound.component.service.DaemonService
04-09 09:21:10.969 689 5066 W ActivityManager: Unable to start service Intent { cmp=com.nes.sound/.component.service.DaemonService } U=0: not found
04-09 09:21:10.969 1052 1052 I HeartBeatUtils: ComponentInfo{com.nes.sound/com.nes.sound.component.service.DaemonService} bind failed !!!Immediate reconnect!!!
04-09 09:21:10.969 1052 1052 I HeartBeatUtils: onHeartBeatStoped com.nes.sound/com.nes.sound.component.service.DaemonService
04-09 09:21:10.970 689 5066 W ActivityManager: Unbind failed: could not find connection for android.os.BinderProxy@b9804d3
04-09 09:21:10.970 1052 1052 W HeartBeatUtils: start rescue com.nes.sound/com.nes.sound.component.service.DaemonService
04-09 09:21:11.378 689 927 D ActivityManager: freezing 28947 com.google.android.youtube.tv
04-09 09:21:12.365 689 5066 W PackageConfigPersister: App-specific configuration not found for packageName: com.android.tv.settings and userId: 0
04-09 09:21:12.663 689 835 W ProcessStats: Tracking association SourceState{1694928 com.google.android.gms.persistent/10051 BFgs #26622} whose proc state 4 is better than process ProcessState{41ff76c com.google.process.gservices/10051 pkg=com.google.android.gsf} proc state 13 (2522 skipped)
04-09 09:21:15.934 1856 1856 W ContextImpl: Calling a method in the system process without a qualified user: android.app.ContextImpl.bindService:2026 android.content.ContextWrapper.bindService:861 com.nes.sound.daemon.utils.heartbeat.HeartBeatConnectionPool.connectServiceByBinderBeans:108 com.nes.sound.daemon.utils.heartbeat.HeartBeatConnectionPool.reBindConnection:122 com.nes.sound.daemon.utils.heartbeat.HeartBeatUtils.reBindConnection:137
04-09 09:21:15.935 689 5066 W ActivityManager: Unable to start service Intent { cmp=com.nes.sound/.component.service.HeartBeatDaemonService } U=0: not found
04-09 09:21:15.936 1856 1856 I HeartBeatUtils: ComponentInfo{com.nes.sound/com.nes.sound.component.service.HeartBeatDaemonService} bind failed !!!Immediate reconnect!!!
04-09 09:21:15.936 1856 1856 I HeartBeatUtils: onHeartBeatStoped com.nes.sound/com.nes.sound.component.service.HeartBeatDaemonService
04-09 09:21:15.936 689 5066 W ActivityManager: Unbind failed: could not find connection for android.os.BinderProxy@49edd0f
04-09 09:21:15.937 1856 1856 W HeartBeatUtils: start rescue com.nes.sound/com.nes.sound.component.service.HeartBeatDaemonService
04-09 09:21:15.948 689 5066 W ActivityManager: Unable to start service Intent { cmp=com.nes.sound.retail/com.nes.sound.component.service.DaemonService } U=0: not found
04-09 09:21:15.948 1052 1052 I HeartBeatUtils: ComponentInfo{com.nes.sound.retail/com.nes.sound.component.service.DaemonService} bind failed !!!Immediate reconnect!!!
04-09 09:21:15.948 1052 1052 I HeartBeatUtils: onHeartBeatStoped com.nes.sound.retail/com.nes.sound.component.service.DaemonService
04-09 09:21:15.949 689 5066 W ActivityManager: Unbind failed: could not find connection for android.os.BinderProxy@798e19c
04-09 09:21:15.949 1052 1052 W HeartBeatUtils: start rescue com.nes.sound.retail/com.nes.sound.component.service.DaemonService
04-09 09:21:15.971 689 5066 W ActivityManager: Unable to start service Intent { cmp=com.nes.sound/.component.service.DaemonService } U=0: not found
04-09 09:21:15.972 1052 1052 I HeartBeatUtils: ComponentInfo{com.nes.sound/com.nes.sound.component.service.DaemonService} bind failed !!!Immediate reconnect!!!
04-09 09:21:15.972 1052 1052 I HeartBeatUtils: onHeartBeatStoped com.nes.sound/com.nes.sound.component.service.DaemonService
04-09 09:21:15.972 689 5066 W ActivityManager: Unbind failed: could not find connection for android.os.BinderProxy@b7dc7a5
04-09 09:21:15.973 1052 1052 W HeartBeatUtils: start rescue com.nes.sound/com.nes.sound.component.service.DaemonService
04-09 09:21:16.486 293 29282 I keystore2: system/security/keystore2/src/watchdog.rs:319 - Watchdog thread idle -> terminating. Have a great day.
04-09 09:21:16.751 689 927 D ActivityManager: freezing 29293 com.google.android.partnersetup
04-09 09:21:18.401 689 927 D ActivityManager: freezing 29327 com.droidlogic.android.tv
04-09 09:21:18.543 689 927 D ActivityManager: freezing 29350 com.android.tv.common
04-09 09:21:20.938 1856 1856 W ContextImpl: Calling a method in the system process without a qualified user: android.app.ContextImpl.bindService:2026 android.content.ContextWrapper.bindService:861 com.nes.sound.daemon.utils.heartbeat.HeartBeatConnectionPool.connectServiceByBinderBeans:108 com.nes.sound.daemon.utils.heartbeat.HeartBeatConnectionPool.reBindConnection:122 com.nes.sound.daemon.utils.heartbeat.HeartBeatUtils.reBindConnection:137
04-09 09:21:20.940 689 5066 W ActivityManager: Unable to start service Intent { cmp=com.nes.sound/.component.service.HeartBeatDaemonService } U=0: not found
04-09 09:21:20.940 1856 1856 I HeartBeatUtils: ComponentInfo{com.nes.sound/com.nes.sound.component.service.HeartBeatDaemonService} bind failed !!!Immediate reconnect!!!
04-09 09:21:20.940 1856 1856 I HeartBeatUtils: onHeartBeatStoped com.nes.sound/com.nes.sound.component.service.HeartBeatDaemonService
04-09 09:21:20.941 689 5066 W ActivityManager: Unbind failed: could not find connection for android.os.BinderProxy@784e4a3
04-09 09:21:20.941 1856 1856 W HeartBeatUtils: start rescue com.nes.sound/com.nes.sound.component.service.HeartBeatDaemonService
04-09 09:21:20.956 689 5066 W ActivityManager: Unable to start service Intent { cmp=com.nes.sound.retail/com.nes.sound.component.service.DaemonService } U=0: not found
04-09 09:21:20.956 1052 1052 I HeartBeatUtils: ComponentInfo{com.nes.sound.retail/com.nes.sound.component.service.DaemonService} bind failed !!!Immediate reconnect!!!
04-09 09:21:20.956 1052 1052 I HeartBeatUtils: onHeartBeatStoped com.nes.sound.retail/com.nes.sound.component.service.DaemonService
04-09 09:21:20.956 689 5066 W ActivityManager: Unbind failed: could not find connection for android.os.BinderProxy@a5133a0
04-09 09:21:20.957 1052 1052 W HeartBeatUtils: start rescue com.nes.sound.retail/com.nes.sound.component.service.DaemonService
04-09 09:21:20.975 689 5066 W ActivityManager: Unable to start service Intent { cmp=com.nes.sound/.component.service.DaemonService } U=0: not found
04-09 09:21:20.976 1052 1052 I HeartBeatUtils: ComponentInfo{com.nes.sound/com.nes.sound.component.service.DaemonService} bind failed !!!Immediate reconnect!!!
04-09 09:21:20.976 1052 1052 I HeartBeatUtils: onHeartBeatStoped com.nes.sound/com.nes.sound.component.service.DaemonService
04-09 09:21:20.976 689 5066 W ActivityManager: Unbind failed: could not find connection for android.os.BinderProxy@deb59
04-09 09:21:20.976 1052 1052 W HeartBeatUtils: start rescue com.nes.sound/com.nes.sound.component.service.DaemonService
04-09 09:21:25.942 1856 1856 W ContextImpl: Calling a method in the system process without a qualified user: android.app.ContextImpl.bindService:2026 android.content.ContextWrapper.bindService:861 com.nes.sound.daemon.utils.heartbeat.HeartBeatConnectionPool.connectServiceByBinderBeans:108 com.nes.sound.daemon.utils.heartbeat.HeartBeatConnectionPool.reBindConnection:122 com.nes.sound.daemon.utils.heartbeat.HeartBeatUtils.reBindConnection:137
04-09 09:21:25.943 689 5066 W ActivityManager: Unable to start service Intent { cmp=com.nes.sound/.component.service.HeartBeatDaemonService } U=0: not found
04-09 09:21:25.943 1856 1856 I HeartBeatUtils: ComponentInfo{com.nes.sound/com.nes.sound.component.service.HeartBeatDaemonService} bind failed !!!Immediate reconnect!!!
04-09 09:21:25.943 1856 1856 I HeartBeatUtils: onHeartBeatStoped com.nes.sound/com.nes.sound.component.service.HeartBeatDaemonService
04-09 09:21:25.944 689 5066 W ActivityManager: Unbind failed: could not find connection for android.os.BinderProxy@33280cd
04-09 09:21:25.944 1856 1856 W HeartBeatUtils: start rescue com.nes.sound/com.nes.sound.component.service.HeartBeatDaemonService
04-09 09:21:25.962 689 5066 W ActivityManager: Unable to start service Intent { cmp=com.nes.sound.retail/com.nes.sound.component.service.DaemonService } U=0: not found
04-09 09:21:25.962 1052 1052 I HeartBeatUtils: ComponentInfo{com.nes.sound.retail/com.nes.sound.component.service.DaemonService} bind failed !!!Immediate reconnect!!!
04-09 09:21:25.962 1052 1052 I HeartBeatUtils: onHeartBeatStoped com.nes.sound.retail/com.nes.sound.component.service.DaemonService
04-09 09:21:25.963 689 5066 W ActivityManager: Unbind failed: could not find connection for android.os.BinderProxy@b4d7d82
04-09 09:21:25.963 1052 1052 W HeartBeatUtils: start rescue com.nes.sound.retail/com.nes.sound.component.service.DaemonService
04-09 09:21:25.977 689 5066 W ActivityManager: Unable to start service Intent { cmp=com.nes.sound/.component.service.DaemonService } U=0: not found
04-09 09:21:25.978 1052 1052 I HeartBeatUtils: ComponentInfo{com.nes.sound/com.nes.sound.component.service.DaemonService} bind failed !!!Immediate reconnect!!!
04-09 09:21:25.978 1052 1052 I HeartBeatUtils: onHeartBeatStoped com.nes.sound/com.nes.sound.component.service.DaemonService
04-09 09:21:25.978 689 5066 W ActivityManager: Unbind failed: could not find connection for android.os.BinderProxy@c83c93
04-09 09:21:25.978 1052 1052 W HeartBeatUtils: start rescue com.nes.sound/com.nes.sound.component.service.DaemonService
04-09 09:21:30.948 1856 1856 W ContextImpl: Calling a method in the system process without a qualified user: android.app.ContextImpl.bindService:2026 android.content.ContextWrapper.bindService:861 com.nes.sound.daemon.utils.heartbeat.HeartBeatConnectionPool.connectServiceByBinderBeans:108 com.nes.sound.daemon.utils.heartbeat.HeartBeatConnectionPool.reBindConnection:122 com.nes.sound.daemon.utils.heartbeat.HeartBeatUtils.reBindConnection:137
04-09 09:21:30.950 689 5066 W ActivityManager: Unable to start service Intent { cmp=com.nes.sound/.component.service.HeartBeatDaemonService } U=0: not found
04-09 09:21:30.950 1856 1856 I HeartBeatUtils: ComponentInfo{com.nes.sound/com.nes.sound.component.service.HeartBeatDaemonService} bind failed !!!Immediate reconnect!!!
04-09 09:21:30.950 1856 1856 I HeartBeatUtils: onHeartBeatStoped com.nes.sound/com.nes.sound.component.service.HeartBeatDaemonService
04-09 09:21:30.951 689 5066 W ActivityManager: Unbind failed: could not find connection for android.os.BinderProxy@4d9efce
04-09 09:21:30.951 1856 1856 W HeartBeatUtils: start rescue com.nes.sound/com.nes.sound.component.service.HeartBeatDaemonService
04-09 09:21:30.970 689 5066 W ActivityManager: Unable to start service Intent { cmp=com.nes.sound.retail/com.nes.sound.component.service.DaemonService } U=0: not found
04-09 09:21:30.971 1052 1052 I HeartBeatUtils: ComponentInfo{com.nes.sound.retail/com.nes.sound.component.service.DaemonService} bind failed !!!Immediate reconnect!!!
04-09 09:21:30.971 1052 1052 I HeartBeatUtils: onHeartBeatStoped com.nes.sound.retail/com.nes.sound.component.service.DaemonService
04-09 09:21:30.971 689 5066 W ActivityManager: Unbind failed: could not find connection for android.os.BinderProxy@f300eef
04-09 09:21:30.971 1052 1052 W HeartBeatUtils: start rescue com.nes.sound.retail/com.nes.sound.component.service.DaemonService
04-09 09:21:30.980 689 5066 W ActivityManager: Unable to start service Intent { cmp=com.nes.sound/.component.service.DaemonService } U=0: not found
04-09 09:21:30.980 1052 1052 I HeartBeatUtils: ComponentInfo{com.nes.sound/com.nes.sound.component.service.DaemonService} bind failed !!!Immediate reconnect!!!
04-09 09:21:30.980 1052 1052 I HeartBeatUtils: onHeartBeatStoped com.nes.sound/com.nes.sound.component.service.DaemonService
04-09 09:21:30.981 689 5066 W ActivityManager: Unbind failed: could not find connection for android.os.BinderProxy@7dd5dfc
04-09 09:21:30.981 1052 1052 W HeartBeatUtils: start rescue com.nes.sound/com.nes.sound.component.service.DaemonService
04-09 09:21:32.343 689 927 D ActivityManager: freezing 25323 com.google.android.katniss:search
04-09 09:21:33.580 689 927 D ActivityManager: freezing 26861 com.google.android.permissioncontroller
04-09 09:21:35.954 1856 1856 W ContextImpl: Calling a method in the system process without a qualified user: android.app.ContextImpl.bindService:2026 android.content.ContextWrapper.bindService:861 com.nes.sound.daemon.utils.heartbeat.HeartBeatConnectionPool.connectServiceByBinderBeans:108 com.nes.sound.daemon.utils.heartbeat.HeartBeatConnectionPool.reBindConnection:122 com.nes.sound.daemon.utils.heartbeat.HeartBeatUtils.reBindConnection:137
04-09 09:21:35.956 689 1958 W ActivityManager: Unable to start service Intent { cmp=com.nes.sound/.component.service.HeartBeatDaemonService } U=0: not found
04-09 09:21:35.956 1856 1856 I HeartBeatUtils: ComponentInfo{com.nes.sound/com.nes.sound.component.service.HeartBeatDaemonService} bind failed !!!Immediate reconnect!!!
04-09 09:21:35.956 1856 1856 I HeartBeatUtils: onHeartBeatStoped com.nes.sound/com.nes.sound.component.service.HeartBeatDaemonService
04-09 09:21:35.957 689 1958 W ActivityManager: Unbind failed: could not find connection for android.os.BinderProxy@bf02aa6
04-09 09:21:35.957 1856 1856 W HeartBeatUtils: start rescue com.nes.sound/com.nes.sound.component.service.HeartBeatDaemonService
04-09 09:21:35.975 689 1958 W ActivityManager: Unable to start service Intent { cmp=com.nes.sound.retail/com.nes.sound.component.service.DaemonService } U=0: not found
04-09 09:21:35.976 1052 1052 I HeartBeatUtils: ComponentInfo{com.nes.sound.retail/com.nes.sound.component.service.DaemonService} bind failed !!!Immediate reconnect!!!
04-09 09:21:35.976 1052 1052 I HeartBeatUtils: onHeartBeatStoped com.nes.sound.retail/com.nes.sound.component.service.DaemonService
04-09 09:21:35.976 689 1958 W ActivityManager: Unbind failed: could not find connection for android.os.BinderProxy@4a4ece7
04-09 09:21:35.976 1052 1052 W HeartBeatUtils: start rescue com.nes.sound.retail/com.nes.sound.component.service.DaemonService
04-09 09:21:35.983 689 1958 W ActivityManager: Unable to start service Intent { cmp=com.nes.sound/.component.service.DaemonService } U=0: not found
04-09 09:21:35.983 1052 1052 I HeartBeatUtils: ComponentInfo{com.nes.sound/com.nes.sound.component.service.DaemonService} bind failed !!!Immediate reconnect!!!
04-09 09:21:35.983 1052 1052 I HeartBeatUtils: onHeartBeatStoped com.nes.sound/com.nes.sound.component.service.DaemonService
04-09 09:21:35.984 689 1958 W ActivityManager: Unbind failed: could not find connection for android.os.BinderProxy@c117094
04-09 09:21:35.984 1052 1052 W HeartBeatUtils: start rescue com.nes.sound/com.nes.sound.component.service.DaemonService
04-09 09:21:37.137 689 689 V HotPlugDetectionAction: Poll all devices.
04-09 09:21:40.531 689 689 D HdmiCecController: [P]:AllocatedAddress=[0]
04-09 09:21:40.532 689 689 V HotPlugDetectionAction: Finish poll all devices.
04-09 09:21:40.962 1856 1856 W ContextImpl: Calling a method in the system process without a qualified user: android.app.ContextImpl.bindService:2026 android.content.ContextWrapper.bindService:861 com.nes.sound.daemon.utils.heartbeat.HeartBeatConnectionPool.connectServiceByBinderBeans:108 com.nes.sound.daemon.utils.heartbeat.HeartBeatConnectionPool.reBindConnection:122 com.nes.sound.daemon.utils.heartbeat.HeartBeatUtils.reBindConnection:137
04-09 09:21:40.964 689 5066 W ActivityManager: Unable to start service Intent { cmp=com.nes.sound/.component.service.HeartBeatDaemonService } U=0: not found
04-09 09:21:40.964 1856 1856 I HeartBeatUtils: ComponentInfo{com.nes.sound/com.nes.sound.component.service.HeartBeatDaemonService} bind failed !!!Immediate reconnect!!!
04-09 09:21:40.964 1856 1856 I HeartBeatUtils: onHeartBeatStoped com.nes.sound/com.nes.sound.component.service.HeartBeatDaemonService
04-09 09:21:40.965 689 5066 W ActivityManager: Unbind failed: could not find connection for android.os.BinderProxy@787e87e
04-09 09:21:40.965 1856 1856 W HeartBeatUtils: start rescue com.nes.sound/com.nes.sound.component.service.HeartBeatDaemonService
04-09 09:21:40.979 689 5066 W ActivityManager: Unable to start service Intent { cmp=com.nes.sound.retail/com.nes.sound.component.service.DaemonService } U=0: not found
04-09 09:21:40.980 1052 1052 I HeartBeatUtils: ComponentInfo{com.nes.sound.retail/com.nes.sound.component.service.DaemonService} bind failed !!!Immediate reconnect!!!
04-09 09:21:40.980 1052 1052 I HeartBeatUtils: onHeartBeatStoped com.nes.sound.retail/com.nes.sound.component.service.DaemonService
04-09 09:21:40.980 689 5066 W ActivityManager: Unbind failed: could not find connection for android.os.BinderProxy@d2891df
04-09 09:21:40.980 1052 1052 W HeartBeatUtils: start rescue com.nes.sound.retail/com.nes.sound.component.service.DaemonService
04-09 09:21:40.986 689 5066 W ActivityManager: Unable to start service Intent { cmp=com.nes.sound/.component.service.DaemonService } U=0: not found
04-09 09:21:40.986 1052 1052 I HeartBeatUtils: ComponentInfo{com.nes.sound/com.nes.sound.component.service.DaemonService} bind failed !!!Immediate reconnect!!!
04-09 09:21:40.986 1052 1052 I HeartBeatUtils: onHeartBeatStoped com.nes.sound/com.nes.sound.component.service.DaemonService
04-09 09:21:40.987 689 5066 W ActivityManager: Unbind failed: could not find connection for android.os.BinderProxy@8323e2c
04-09 09:21:40.987 1052 1052 W HeartBeatUtils: start rescue com.nes.sound/com.nes.sound.component.service.DaemonService
04-09 09:21:45.971 1856 1856 W ContextImpl: Calling a method in the system process without a qualified user: android.app.ContextImpl.bindService:2026 android.content.ContextWrapper.bindService:861 com.nes.sound.daemon.utils.heartbeat.HeartBeatConnectionPool.connectServiceByBinderBeans:108 com.nes.sound.daemon.utils.heartbeat.HeartBeatConnectionPool.reBindConnection:122 com.nes.sound.daemon.utils.heartbeat.HeartBeatUtils.reBindConnection:137
04-09 09:21:45.972 689 1958 W ActivityManager: Unable to start service Intent { cmp=com.nes.sound/.component.service.HeartBeatDaemonService } U=0: not found
04-09 09:21:45.972 1856 1856 I HeartBeatUtils: ComponentInfo{com.nes.sound/com.nes.sound.component.service.HeartBeatDaemonService} bind failed !!!Immediate reconnect!!!
04-09 09:21:45.972 1856 1856 I HeartBeatUtils: onHeartBeatStoped com.nes.sound/com.nes.sound.component.service.HeartBeatDaemonService
04-09 09:21:45.973 689 1958 W ActivityManager: Unbind failed: could not find connection for android.os.BinderProxy@b9b1118
04-09 09:21:45.973 1856 1856 W HeartBeatUtils: start rescue com.nes.sound/com.nes.sound.component.service.HeartBeatDaemonService
04-09 09:21:45.983 689 1958 W ActivityManager: Unable to start service Intent { cmp=com.nes.sound.retail/com.nes.sound.component.service.DaemonService } U=0: not found
04-09 09:21:45.984 1052 1052 I HeartBeatUtils: ComponentInfo{com.nes.sound.retail/com.nes.sound.component.service.DaemonService} bind failed !!!Immediate reconnect!!!
04-09 09:21:45.984 1052 1052 I HeartBeatUtils: onHeartBeatStoped com.nes.sound.retail/com.nes.sound.component.service.DaemonService
04-09 09:21:45.984 689 1958 W ActivityManager: Unbind failed: could not find connection for android.os.BinderProxy@cbc771
04-09 09:21:45.984 1052 1052 W HeartBeatUtils: start rescue com.nes.sound.retail/com.nes.sound.component.service.DaemonService
04-09 09:21:45.989 689 1958 W ActivityManager: Unable to start service Intent { cmp=com.nes.sound/.component.service.DaemonService } U=0: not found
04-09 09:21:45.989 1052 1052 I HeartBeatUtils: ComponentInfo{com.nes.sound/com.nes.sound.component.service.DaemonService} bind failed !!!Immediate reconnect!!!
04-09 09:21:45.989 1052 1052 I HeartBeatUtils: onHeartBeatStoped com.nes.sound/com.nes.sound.component.service.DaemonService
04-09 09:21:45.989 689 1958 W ActivityManager: Unbind failed: could not find connection for android.os.BinderProxy@fee8956
04-09 09:21:45.990 1052 1052 W HeartBeatUtils: start rescue com.nes.sound/com.nes.sound.component.service.DaemonService
04-09 09:21:50.979 1856 1856 W ContextImpl: Calling a method in the system process without a qualified user: android.app.ContextImpl.bindService:2026 android.content.ContextWrapper.bindService:861 com.nes.sound.daemon.utils.heartbeat.HeartBeatConnectionPool.connectServiceByBinderBeans:108 com.nes.sound.daemon.utils.heartbeat.HeartBeatConnectionPool.reBindConnection:122 com.nes.sound.daemon.utils.heartbeat.HeartBeatUtils.reBindConnection:137
04-09 09:21:50.980 689 1958 W ActivityManager: Unable to start service Intent { cmp=com.nes.sound/.component.service.HeartBeatDaemonService } U=0: not found
04-09 09:21:50.980 1856 1856 I HeartBeatUtils: ComponentInfo{com.nes.sound/com.nes.sound.component.service.HeartBeatDaemonService} bind failed !!!Immediate reconnect!!!
04-09 09:21:50.980 1856 1856 I HeartBeatUtils: onHeartBeatStoped com.nes.sound/com.nes.sound.component.service.HeartBeatDaemonService
04-09 09:21:50.981 689 1958 W ActivityManager: Unbind failed: could not find connection for android.os.BinderProxy@f914a92
04-09 09:21:50.981 1856 1856 W HeartBeatUtils: start rescue com.nes.sound/com.nes.sound.component.service.HeartBeatDaemonService
04-09 09:21:50.991 689 1958 W ActivityManager: Unable to start service Intent { cmp=com.nes.sound.retail/com.nes.sound.component.service.DaemonService } U=0: not found
04-09 09:21:50.992 1052 1052 I HeartBeatUtils: ComponentInfo{com.nes.sound.retail/com.nes.sound.component.service.DaemonService} bind failed !!!Immediate reconnect!!!
04-09 09:21:50.992 1052 1052 I HeartBeatUtils: onHeartBeatStoped com.nes.sound.retail/com.nes.sound.component.service.DaemonService
04-09 09:21:50.992 689 1958 W ActivityManager: Unbind failed: could not find connection for android.os.BinderProxy@4816c63
04-09 09:21:50.992 1052 1052 W HeartBeatUtils: start rescue com.nes.sound.retail/com.nes.sound.component.service.DaemonService
04-09 09:21:50.994 689 1958 W ActivityManager: Unable to start service Intent { cmp=com.nes.sound/.component.service.DaemonService } U=0: not found
04-09 09:21:50.994 1052 1052 I HeartBeatUtils: ComponentInfo{com.nes.sound/com.nes.sound.component.service.DaemonService} bind failed !!!Immediate reconnect!!!
04-09 09:21:50.994 1052 1052 I HeartBeatUtils: onHeartBeatStoped com.nes.sound/com.nes.sound.component.service.DaemonService
04-09 09:21:50.994 689 1958 W ActivityManager: Unbind failed: could not find connection for android.os.BinderProxy@1b38060
04-09 09:21:50.995 1052 1052 W HeartBeatUtils: start rescue com.nes.sound/com.nes.sound.component.service.DaemonService
04-09 09:21:55.987 1856 1856 W ContextImpl: Calling a method in the system process without a qualified user: android.app.ContextImpl.bindService:2026 android.content.ContextWrapper.bindService:861 com.nes.sound.daemon.utils.heartbeat.HeartBeatConnectionPool.connectServiceByBinderBeans:108 com.nes.sound.daemon.utils.heartbeat.HeartBeatConnectionPool.reBindConnection:122 com.nes.sound.daemon.utils.heartbeat.HeartBeatUtils.reBindConnection:137
04-09 09:21:55.988 689 1958 W ActivityManager: Unable to start service Intent { cmp=com.nes.sound/.component.service.HeartBeatDaemonService } U=0: not found
04-09 09:21:55.989 1856 1856 I HeartBeatUtils: ComponentInfo{com.nes.sound/com.nes.sound.component.service.HeartBeatDaemonService} bind failed !!!Immediate reconnect!!!
04-09 09:21:55.989 1856 1856 I HeartBeatUtils: onHeartBeatStoped com.nes.sound/com.nes.sound.component.service.HeartBeatDaemonService
04-09 09:21:55.989 689 1958 W ActivityManager: Unbind failed: could not find connection for android.os.BinderProxy@cd799ea
04-09 09:21:55.989 1856 1856 W HeartBeatUtils: start rescue com.nes.sound/com.nes.sound.component.service.HeartBeatDaemonService
04-09 09:21:55.995 689 1958 W ActivityManager: Unable to start service Intent { cmp=com.nes.sound.retail/com.nes.sound.component.service.DaemonService } U=0: not found
04-09 09:21:55.996 1052 1052 I HeartBeatUtils: ComponentInfo{com.nes.sound.retail/com.nes.sound.component.service.DaemonService} bind failed !!!Immediate reconnect!!!
04-09 09:21:55.996 1052 1052 I HeartBeatUtils: onHeartBeatStoped com.nes.sound.retail/com.nes.sound.component.service.DaemonService
04-09 09:21:55.996 689 1958 W ActivityManager: Unbind failed: could not find connection for android.os.BinderProxy@dae04db
04-09 09:21:55.997 1052 1052 W HeartBeatUtils: start rescue com.nes.sound.retail/com.nes.sound.component.service.DaemonService
04-09 09:21:55.998 689 1958 W ActivityManager: Unable to start service Intent { cmp=com.nes.sound/.component.service.DaemonService } U=0: not found
04-09 09:21:55.998 1052 1052 I HeartBeatUtils: ComponentInfo{com.nes.sound/com.nes.sound.component.service.DaemonService} bind failed !!!Immediate reconnect!!!
04-09 09:21:55.999 1052 1052 I HeartBeatUtils: onHeartBeatStoped com.nes.sound/com.nes.sound.component.service.DaemonService
04-09 09:21:55.999 689 1958 W ActivityManager: Unbind failed: could not find connection for android.os.BinderProxy@4f4fb78
04-09 09:21:55.999 1052 1052 W HeartBeatUtils: start rescue com.nes.sound/com.nes.sound.component.service.DaemonService
04-09 09:21:58.777 689 5066 I ActivityManager: Killing 26949:com.amazon.amazonvideo.livingroom/u0a36 (adj 965): empty #17
04-09 09:21:58.778 689 5066 I ActivityManager: Killing 28387:com.brave.browser/u0a119 (adj 965): empty #18
04-09 09:21:58.780 689 5066 I ActivityManager: Killing 27989:com.google.android.tungsten.setupwraith/u0a52 (adj 935): empty #19
04-09 09:21:58.780 689 5066 I ActivityManager: Killing 27970:com.android.settings.intelligence/u0a48 (adj 975): empty #20
04-09 09:21:58.844 689 827 D DisplayManagerService: Drop pending events for gone uid 10052
04-09 09:21:58.847 689 1944 I ActivityManager: Killing 27590:com.android.vending:instant_app_installer/u0a54 (adj 985): empty #17
04-09 09:21:58.847 689 1944 I ActivityManager: Killing 28947:com.google.android.youtube.tv/u0a66 (adj 995): empty #18
04-09 09:21:58.848 689 1944 I ActivityManager: Killing 28359:com.google.android.tts/u0a62 (adj 995): empty #19
04-09 09:21:58.864 689 827 D DisplayManagerService: Drop pending events for gone uid 10048
04-09 09:21:58.897 689 827 D DisplayManagerService: Drop pending events for gone uid 10119
04-09 09:21:58.911 689 827 D DisplayManagerService: Drop pending events for gone uid 10066
04-09 09:21:58.938 689 827 D DisplayManagerService: Drop pending events for gone uid 10036
04-09 09:21:58.945 689 827 D DisplayManagerService: Drop pending events for gone uid 10062
04-09 09:22:00.995 1856 1856 W ContextImpl: Calling a method in the system process without a qualified user: android.app.ContextImpl.bindService:2026 android.content.ContextWrapper.bindService:861 com.nes.sound.daemon.utils.heartbeat.HeartBeatConnectionPool.connectServiceByBinderBeans:108 com.nes.sound.daemon.utils.heartbeat.HeartBeatConnectionPool.reBindConnection:122 com.nes.sound.daemon.utils.heartbeat.HeartBeatUtils.reBindConnection:137
04-09 09:22:00.996 689 15157 W ActivityManager: Unable to start service Intent { cmp=com.nes.sound/.component.service.HeartBeatDaemonService } U=0: not found
04-09 09:22:00.996 1856 1856 I HeartBeatUtils: ComponentInfo{com.nes.sound/com.nes.sound.component.service.HeartBeatDaemonService} bind failed !!!Immediate reconnect!!!
04-09 09:22:00.996 1856 1856 I HeartBeatUtils: onHeartBeatStoped com.nes.sound/com.nes.sound.component.service.HeartBeatDaemonService
04-09 09:22:00.997 689 15157 W ActivityManager: Unbind failed: could not find connection for android.os.BinderProxy@ed395d8
04-09 09:22:00.997 1856 1856 W HeartBeatUtils: start rescue com.nes.sound/com.nes.sound.component.service.HeartBeatDaemonService
04-09 09:22:00.999 689 15157 W ActivityManager: Unable to start service Intent { cmp=com.nes.sound.retail/com.nes.sound.component.service.DaemonService } U=0: not found
04-09 09:22:00.999 1052 1052 I HeartBeatUtils: ComponentInfo{com.nes.sound.retail/com.nes.sound.component.service.DaemonService} bind failed !!!Immediate reconnect!!!
04-09 09:22:01.000 1052 1052 I HeartBeatUtils: onHeartBeatStoped com.nes.sound.retail/com.nes.sound.component.service.DaemonService
04-09 09:22:01.000 689 15157 W ActivityManager: Unbind failed: could not find connection for android.os.BinderProxy@4cecd31
04-09 09:22:01.000 1052 1052 W HeartBeatUtils: start rescue com.nes.sound.retail/com.nes.sound.component.service.DaemonService
04-09 09:22:01.001 689 15157 W ActivityManager: Unable to start service Intent { cmp=com.nes.sound/.component.service.DaemonService } U=0: not found
04-09 09:22:01.002 1052 1052 I HeartBeatUtils: ComponentInfo{com.nes.sound/com.nes.sound.component.service.DaemonService} bind failed !!!Immediate reconnect!!!
04-09 09:22:01.002 1052 1052 I HeartBeatUtils: onHeartBeatStoped com.nes.sound/com.nes.sound.component.service.DaemonService
04-09 09:22:01.002 689 15157 W ActivityManager: Unbind failed: could not find connection for android.os.BinderProxy@3787c16
04-09 09:22:01.002 1052 1052 W HeartBeatUtils: start rescue com.nes.sound/com.nes.sound.component.service.DaemonService
04-09 09:22:06.003 1856 1856 W ContextImpl: Calling a method in the system process without a qualified user: android.app.ContextImpl.bindService:2026 android.content.ContextWrapper.bindService:861 com.nes.sound.daemon.utils.heartbeat.HeartBeatConnectionPool.connectServiceByBinderBeans:108 com.nes.sound.daemon.utils.heartbeat.HeartBeatConnectionPool.reBindConnection:122 com.nes.sound.daemon.utils.heartbeat.HeartBeatUtils.reBindConnection:137
04-09 09:22:06.004 689 2593 W ActivityManager: Unable to start service Intent { cmp=com.nes.sound/.component.service.HeartBeatDaemonService } U=0: not found
04-09 09:22:06.004 689 911 W ActivityManager: Unable to start service Intent { cmp=com.nes.sound.retail/com.nes.sound.component.service.DaemonService } U=0: not found
04-09 09:22:06.004 1856 1856 I HeartBeatUtils: ComponentInfo{com.nes.sound/com.nes.sound.component.service.HeartBeatDaemonService} bind failed !!!Immediate reconnect!!!
04-09 09:22:06.004 1856 1856 I HeartBeatUtils: onHeartBeatStoped com.nes.sound/com.nes.sound.component.service.HeartBeatDaemonService
04-09 09:22:06.005 1052 1052 I HeartBeatUtils: ComponentInfo{com.nes.sound.retail/com.nes.sound.component.service.DaemonService} bind failed !!!Immediate reconnect!!!
04-09 09:22:06.005 1052 1052 I HeartBeatUtils: onHeartBeatStoped com.nes.sound.retail/com.nes.sound.component.service.DaemonService
04-09 09:22:06.005 689 911 W ActivityManager: Unbind failed: could not find connection for android.os.BinderProxy@b1a64b0
04-09 09:22:06.005 689 2593 W ActivityManager: Unbind failed: could not find connection for android.os.BinderProxy@50aaf29
04-09 09:22:06.005 1856 1856 W HeartBeatUtils: start rescue com.nes.sound/com.nes.sound.component.service.HeartBeatDaemonService
04-09 09:22:06.005 1052 1052 W HeartBeatUtils: start rescue com.nes.sound.retail/com.nes.sound.component.service.DaemonService
04-09 09:22:06.007 689 2593 W ActivityManager: Unable to start service Intent { cmp=com.nes.sound/.component.service.DaemonService } U=0: not found
04-09 09:22:06.007 1052 1052 I HeartBeatUtils: ComponentInfo{com.nes.sound/com.nes.sound.component.service.DaemonService} bind failed !!!Immediate reconnect!!!
04-09 09:22:06.007 1052 1052 I HeartBeatUtils: onHeartBeatStoped com.nes.sound/com.nes.sound.component.service.DaemonService
04-09 09:22:06.007 689 2593 W ActivityManager: Unbind failed: could not find connection for android.os.BinderProxy@9a142ae
04-09 09:22:06.008 1052 1052 W HeartBeatUtils: start rescue com.nes.sound/com.nes.sound.component.service.DaemonService
04-09 09:22:08.894 689 927 D ActivityManager: freezing 25576 com.android.providers.tv
04-09 09:22:08.895 689 927 D ActivityManager: freezing 28272 android.process.acore
04-09 09:22:08.976 1856 2310 W ContextImpl: Calling a method in the system process without a qualified user: android.app.ContextImpl.startService:1927 android.content.ContextWrapper.startService:825 com.nes.sound.daemon.utils.ComponentUtil.startService:68 com.nes.sound.daemon.utils.ComponentUtil.startComponent:46 com.nes.sound.daemon.component.DaemonService.operateDaemon:97
04-09 09:22:08.977 689 911 W ActivityManager: Unable to start service Intent { pkg=com.nes.sound cmp=com.nes.sound/.component.service.LanService } U=0: not found
04-09 09:22:11.009 689 911 W ActivityManager: Unable to start service Intent { cmp=com.nes.sound.retail/com.nes.sound.component.service.DaemonService } U=0: not found
04-09 09:22:11.010 1856 1856 W ContextImpl: Calling a method in the system process without a qualified user: android.app.ContextImpl.bindService:2026 android.content.ContextWrapper.bindService:861 com.nes.sound.daemon.utils.heartbeat.HeartBeatConnectionPool.connectServiceByBinderBeans:108 com.nes.sound.daemon.utils.heartbeat.HeartBeatConnectionPool.reBindConnection:122 com.nes.sound.daemon.utils.heartbeat.HeartBeatUtils.reBindConnection:137
04-09 09:22:11.010 1052 1052 I HeartBeatUtils: ComponentInfo{com.nes.sound.retail/com.nes.sound.component.service.DaemonService} bind failed !!!Immediate reconnect!!!
04-09 09:22:11.010 1052 1052 I HeartBeatUtils: onHeartBeatStoped com.nes.sound.retail/com.nes.sound.component.service.DaemonService
04-09 09:22:11.010 689 911 W ActivityManager: Unbind failed: could not find connection for android.os.BinderProxy@f781a61
04-09 09:22:11.010 1052 1052 W HeartBeatUtils: start rescue com.nes.sound.retail/com.nes.sound.component.service.DaemonService
04-09 09:22:11.011 689 2593 W ActivityManager: Unable to start service Intent { cmp=com.nes.sound/.component.service.HeartBeatDaemonService } U=0: not found
04-09 09:22:11.011 1856 1856 I HeartBeatUtils: ComponentInfo{com.nes.sound/com.nes.sound.component.service.HeartBeatDaemonService} bind failed !!!Immediate reconnect!!!
04-09 09:22:11.011 1856 1856 I HeartBeatUtils: onHeartBeatStoped com.nes.sound/com.nes.sound.component.service.HeartBeatDaemonService
04-09 09:22:11.012 689 911 W ActivityManager: Unbind failed: could not find connection for android.os.BinderProxy@632f986
04-09 09:22:11.012 689 2593 W ActivityManager: Unable to start service Intent { cmp=com.nes.sound/.component.service.DaemonService } U=0: not found
04-09 09:22:11.012 1856 1856 W HeartBeatUtils: start rescue com.nes.sound/com.nes.sound.component.service.HeartBeatDaemonService
04-09 09:22:11.012 1052 1052 I HeartBeatUtils: ComponentInfo{com.nes.sound/com.nes.sound.component.service.DaemonService} bind failed !!!Immediate reconnect!!!
04-09 09:22:11.012 1052 1052 I HeartBeatUtils: onHeartBeatStoped com.nes.sound/com.nes.sound.component.service.DaemonService
04-09 09:22:11.012 689 2593 W ActivityManager: Unbind failed: could not find connection for android.os.BinderProxy@f5f4247
04-09 09:22:11.013 1052 1052 W HeartBeatUtils: start rescue com.nes.sound/com.nes.sound.component.service.DaemonService
04-09 09:22:12.971 689 835 D ActivityManager: sync unfroze 25576 com.android.providers.tv for 8
04-09 09:22:16.016 1856 1856 W ContextImpl: Calling a method in the system process without a qualified user: android.app.ContextImpl.bindService:2026 android.content.ContextWrapper.bindService:861 com.nes.sound.daemon.utils.heartbeat.HeartBeatConnectionPool.connectServiceByBinderBeans:108 com.nes.sound.daemon.utils.heartbeat.HeartBeatConnectionPool.reBindConnection:122 com.nes.sound.daemon.utils.heartbeat.HeartBeatUtils.reBindConnection:137
04-09 09:22:16.017 689 2593 W ActivityManager: Unable to start service Intent { cmp=com.nes.sound.retail/com.nes.sound.component.service.DaemonService } U=0: not found
04-09 09:22:16.017 689 911 W ActivityManager: Unable to start service Intent { cmp=com.nes.sound/.component.service.HeartBeatDaemonService } U=0: not found
04-09 09:22:16.018 1052 1052 I HeartBeatUtils: ComponentInfo{com.nes.sound.retail/com.nes.sound.component.service.DaemonService} bind failed !!!Immediate reconnect!!!
04-09 09:22:16.018 1052 1052 I HeartBeatUtils: onHeartBeatStoped com.nes.sound.retail/com.nes.sound.component.service.DaemonService
04-09 09:22:16.018 1856 1856 I HeartBeatUtils: ComponentInfo{com.nes.sound/com.nes.sound.component.service.HeartBeatDaemonService} bind failed !!!Immediate reconnect!!!
04-09 09:22:16.018 1856 1856 I HeartBeatUtils: onHeartBeatStoped com.nes.sound/com.nes.sound.component.service.HeartBeatDaemonService
04-09 09:22:16.018 689 2593 W ActivityManager: Unbind failed: could not find connection for android.os.BinderProxy@f50b499
04-09 09:22:16.018 689 911 W ActivityManager: Unbind failed: could not find connection for android.os.BinderProxy@3b9b35e
04-09 09:22:16.019 1856 1856 W HeartBeatUtils: start rescue com.nes.sound/com.nes.sound.component.service.HeartBeatDaemonService
