--------- beginning of crash
04-04 20:47:44.305 3176 4686 F libc : Fatal signal 11 (SIGSEGV), code 1 (SEGV_MAPERR), fault addr 0x8 in tid 4686 (Thread-6), pid 3176 (com.dunehd.app)
04-04 20:47:47.703 15341 15341 F DEBUG : *** *** *** *** *** *** *** *** *** *** *** *** *** *** *** ***
04-04 20:47:47.703 15341 15341 F DEBUG : Build fingerprint: 'Homatics/SEI804HM/YYJ:14/UKG3.250803.001/7475:user/release-keys'
04-04 20:47:47.703 15341 15341 F DEBUG : Revision: '0'
04-04 20:47:47.703 15341 15341 F DEBUG : ABI: 'arm'
04-04 20:47:47.703 15341 15341 F DEBUG : Timestamp: 2026-04-04 20:47:45.535294244+0200
04-04 20:47:47.703 15341 15341 F DEBUG : Process uptime: 262464s
04-04 20:47:47.703 15341 15341 F DEBUG : Cmdline: com.dunehd.app
04-04 20:47:47.703 15341 15341 F DEBUG : pid: 3176, tid: 4686, name: Thread-6 >>> com.dunehd.app <<<
04-04 20:47:47.703 15341 15341 F DEBUG : uid: 10117
04-04 20:47:47.703 15341 15341 F DEBUG : signal 11 (SIGSEGV), code 1 (SEGV_MAPERR), fault addr 0x00000008
04-04 20:47:47.704 15341 15341 F DEBUG : Cause: null pointer dereference
04-04 20:47:47.704 15341 15341 F DEBUG : r0 00000000 r1 00000001 r2 efaf88f5 r3 69d15cd0
04-04 20:47:47.704 15341 15341 F DEBUG : r4 00000000 r5 b8209588 r6 00000009 r7 00000000
04-04 20:47:47.704 15341 15341 F DEBUG : r8 0005c997 r9 00000000 r10 00000000 r11 00000000
04-04 20:47:47.704 15341 15341 F DEBUG : ip b1282878 sp b1282d68 lr e4f2d9b3 pc b75c8f58
04-04 20:47:47.704 15341 15341 F DEBUG : 9 total frames
04-04 20:47:47.704 15341 15341 F DEBUG : backtrace:
04-04 20:47:47.704 15341 15341 F DEBUG : #00 pc 00185f58 /data/app/~~rik5xjbxE9LTX9goL7BHmg==/com.dunehd.app-ouHmQaBgUj36hybCoCKmfw==/lib/arm/libduneshell.so
04-04 20:47:47.704 15341 15341 F DEBUG : #01 pc 001d7378 /data/app/~~rik5xjbxE9LTX9goL7BHmg==/com.dunehd.app-ouHmQaBgUj36hybCoCKmfw==/lib/arm/libduneshell.so
04-04 20:47:47.704 15341 15341 F DEBUG : #02 pc 001de840 /data/app/~~rik5xjbxE9LTX9goL7BHmg==/com.dunehd.app-ouHmQaBgUj36hybCoCKmfw==/lib/arm/libduneshell.so
04-04 20:47:47.704 15341 15341 F DEBUG : #03 pc 001e23a0 /data/app/~~rik5xjbxE9LTX9goL7BHmg==/com.dunehd.app-ouHmQaBgUj36hybCoCKmfw==/lib/arm/libduneshell.so
04-04 20:47:47.704 15341 15341 F DEBUG : #04 pc 001e8544 /data/app/~~rik5xjbxE9LTX9goL7BHmg==/com.dunehd.app-ouHmQaBgUj36hybCoCKmfw==/lib/arm/libduneshell.so
04-04 20:47:47.704 15341 15341 F DEBUG : #05 pc 001e86bc /data/app/~~rik5xjbxE9LTX9goL7BHmg==/com.dunehd.app-ouHmQaBgUj36hybCoCKmfw==/lib/arm/libduneshell.so
04-04 20:47:47.704 15341 15341 F DEBUG : #06 pc 001d1db0 /data/app/~~rik5xjbxE9LTX9goL7BHmg==/com.dunehd.app-ouHmQaBgUj36hybCoCKmfw==/lib/arm/libduneshell.so
04-04 20:47:47.704 15341 15341 F DEBUG : #07 pc 00085b2f /apex/com.android.runtime/lib/bionic/libc.so (__pthread_start(void*)+40) (BuildId: f64bb76e7958089d1604765e6a7b56c7)
04-04 20:47:47.704 15341 15341 F DEBUG : #08 pc 0003c5f3 /apex/com.android.runtime/lib/bionic/libc.so (__start_thread+30) (BuildId: f64bb76e7958089d1604765e6a7b56c7) --------- beginning of system
04-08 08:59:42.580 1052 1052 I HeartBeatUtils: onHeartBeatStoped com.nes.sound/com.nes.sound.component.service.DaemonService
04-08 08:59:42.581 689 15158 W ActivityManager: Unbind failed: could not find connection for android.os.BinderProxy@193a2d2
04-08 08:59:42.581 1052 1052 W HeartBeatUtils: start rescue com.nes.sound/com.nes.sound.component.service.DaemonService
04-08 08:59:43.322 1856 1856 W ContextImpl: Calling a method in the system process without a qualified user: android.app.ContextImpl.bindService:2026 android.content.ContextWrapper.bindService:861 com.nes.sound.daemon.utils.heartbeat.HeartBeatConnectionPool.connectServiceByBinderBeans:108 com.nes.sound.daemon.utils.heartbeat.HeartBeatConnectionPool.reBindConnection:122 com.nes.sound.daemon.utils.heartbeat.HeartBeatUtils.reBindConnection:137
04-08 08:59:43.323 689 15158 W ActivityManager: Unable to start service Intent { cmp=com.nes.sound/.component.service.HeartBeatDaemonService } U=0: not found
04-08 08:59:43.324 1856 1856 I HeartBeatUtils: ComponentInfo{com.nes.sound/com.nes.sound.component.service.HeartBeatDaemonService} bind failed !!!Immediate reconnect!!!
04-08 08:59:43.324 1856 1856 I HeartBeatUtils: onHeartBeatStoped com.nes.sound/com.nes.sound.component.service.HeartBeatDaemonService
04-08 08:59:43.324 689 15158 W ActivityManager: Unbind failed: could not find connection for android.os.BinderProxy@7e47fa3
04-08 08:59:43.325 1856 1856 W HeartBeatUtils: start rescue com.nes.sound/com.nes.sound.component.service.HeartBeatDaemonService
04-08 08:59:46.153 689 918 D CompatibilityChangeReporter: Compat change id reported: 135634846; UID 10118; state: DISABLED
04-08 08:59:46.154 689 837 D CompatibilityChangeReporter: Compat change id reported: 143937733; UID 10118; state: ENABLED
04-08 08:59:46.161 689 918 D ActivityManager: sync unfroze 25183 com.droidlogic.android.tv for 6
04-08 08:59:46.167 247 261 W vold : There is no valid blk device path for data partition
04-08 08:59:46.167 689 689 W StorageManagerService: Failed to get storage write record
04-08 08:59:46.167 689 689 I SmartStorageMaintIdler: Got smart storage maintenance service completion callback
04-08 08:59:46.169 689 689 D CompatibilityChangeReporter: Compat change id reported: 253665015; UID 1000; state: ENABLED
04-08 08:59:46.169 689 689 D CompatibilityChangeReporter: Compat change id reported: 253665015; UID 1000; state: DISABLED
04-08 08:59:46.171 689 689 D CompatibilityChangeReporter: Compat change id reported: 194532703; UID 1000; state: ENABLED
04-08 08:59:46.172 689 689 D CompatibilityChangeReporter: Compat change id reported: 194532703; UID 1000; state: DISABLED
04-08 08:59:46.175 689 837 I ActivityManager: Start proc 25887:com.uptodown/u0a118 for service {com.uptodown/androidx.work.impl.background.systemjob.SystemJobService}
04-08 08:59:46.182 689 689 W JobScheduler: Job didn't exist in JobStore: 37a3eab #1000/2808 android/com.android.server.SmartStorageMaintIdler
04-08 08:59:46.217 689 812 D CompatibilityChangeReporter: Compat change id reported: 168419799; UID 10118; state: DISABLED
04-08 08:59:46.217 689 812 D CompatibilityChangeReporter: Compat change id reported: 273564678; UID 10118; state: DISABLED
04-08 08:59:46.223 689 918 D CompatibilityChangeReporter: Compat change id reported: 265195908; UID 10118; state: ENABLED
04-08 08:59:46.246 689 812 D CompatibilityChangeReporter: Compat change id reported: 170503758; UID 10118; state: ENABLED
04-08 08:59:46.403 689 15158 D CompatibilityChangeReporter: Compat change id reported: 161145287; UID 10118; state: ENABLED
04-08 08:59:46.486 689 15158 D CompatibilityChangeReporter: Compat change id reported: 253665015; UID 10118; state: ENABLED
04-08 08:59:46.486 689 15158 D CompatibilityChangeReporter: Compat change id reported: 194532703; UID 10118; state: ENABLED
04-08 08:59:46.495 689 812 D CompatibilityChangeReporter: Compat change id reported: 271850009; UID 10118; state: ENABLED
04-08 08:59:46.611 689 812 I ActivityManager: Flag disabled. Ignoring finishAttachApplication from uid: 10118. pid: 25887
04-08 08:59:46.618 689 689 W JobScheduler: Job didn't exist in JobStore: 3d5783e {androidx.work.systemjobscheduler} #u0a118/82 @androidx.work.systemjobscheduler@com.uptodown/androidx.work.impl.background.systemjob.SystemJobService
04-08 08:59:46.807 689 15157 D ActivityManager: sync unfroze 20428 com.google.android.gms for 6
04-08 08:59:47.580 689 15158 W ActivityManager: Unable to start service Intent { cmp=com.nes.sound.retail/com.nes.sound.component.service.DaemonService } U=0: not found
04-08 08:59:47.580 1052 1052 I HeartBeatUtils: ComponentInfo{com.nes.sound.retail/com.nes.sound.component.service.DaemonService} bind failed !!!Immediate reconnect!!!
04-08 08:59:47.580 1052 1052 I HeartBeatUtils: onHeartBeatStoped com.nes.sound.retail/com.nes.sound.component.service.DaemonService
04-08 08:59:47.581 689 15158 W ActivityManager: Unbind failed: could not find connection for android.os.BinderProxy@1329c8e
04-08 08:59:47.581 1052 1052 W HeartBeatUtils: start rescue com.nes.sound.retail/com.nes.sound.component.service.DaemonService
04-08 08:59:47.582 689 15157 W ActivityManager: Unable to start service Intent { cmp=com.nes.sound/.component.service.DaemonService } U=0: not found
04-08 08:59:47.583 1052 1052 I HeartBeatUtils: ComponentInfo{com.nes.sound/com.nes.sound.component.service.DaemonService} bind failed !!!Immediate reconnect!!!
04-08 08:59:47.583 1052 1052 I HeartBeatUtils: onHeartBeatStoped com.nes.sound/com.nes.sound.component.service.DaemonService
04-08 08:59:47.583 689 15158 W ActivityManager: Unbind failed: could not find connection for android.os.BinderProxy@1a7b8bc
04-08 08:59:47.583 1052 1052 W HeartBeatUtils: start rescue com.nes.sound/com.nes.sound.component.service.DaemonService
04-08 08:59:48.330 1856 1856 W ContextImpl: Calling a method in the system process without a qualified user: android.app.ContextImpl.bindService:2026 android.content.ContextWrapper.bindService:861 com.nes.sound.daemon.utils.heartbeat.HeartBeatConnectionPool.connectServiceByBinderBeans:108 com.nes.sound.daemon.utils.heartbeat.HeartBeatConnectionPool.reBindConnection:122 com.nes.sound.daemon.utils.heartbeat.HeartBeatUtils.reBindConnection:137
04-08 08:59:48.332 689 15157 W ActivityManager: Unable to start service Intent { cmp=com.nes.sound/.component.service.HeartBeatDaemonService } U=0: not found
04-08 08:59:48.332 1856 1856 I HeartBeatUtils: ComponentInfo{com.nes.sound/com.nes.sound.component.service.HeartBeatDaemonService} bind failed !!!Immediate reconnect!!!
04-08 08:59:48.332 1856 1856 I HeartBeatUtils: onHeartBeatStoped com.nes.sound/com.nes.sound.component.service.HeartBeatDaemonService
04-08 08:59:48.333 689 15157 W ActivityManager: Unbind failed: could not find connection for android.os.BinderProxy@74b6832
04-08 08:59:48.334 1856 1856 W HeartBeatUtils: start rescue com.nes.sound/com.nes.sound.component.service.HeartBeatDaemonService
04-08 08:59:52.588 689 15157 W ActivityManager: Unable to start service Intent { cmp=com.nes.sound.retail/com.nes.sound.component.service.DaemonService } U=0: not found
04-08 08:59:52.589 1052 1052 I HeartBeatUtils: ComponentInfo{com.nes.sound.retail/com.nes.sound.component.service.DaemonService} bind failed !!!Immediate reconnect!!!
04-08 08:59:52.589 1052 1052 I HeartBeatUtils: onHeartBeatStoped com.nes.sound.retail/com.nes.sound.component.service.DaemonService
04-08 08:59:52.589 689 15157 W ActivityManager: Unbind failed: could not find connection for android.os.BinderProxy@e3043eb
04-08 08:59:52.590 1052 1052 W HeartBeatUtils: start rescue com.nes.sound.retail/com.nes.sound.component.service.DaemonService
04-08 08:59:52.591 689 15157 W ActivityManager: Unable to start service Intent { cmp=com.nes.sound/.component.service.DaemonService } U=0: not found
04-08 08:59:52.591 1052 1052 I HeartBeatUtils: ComponentInfo{com.nes.sound/com.nes.sound.component.service.DaemonService} bind failed !!!Immediate reconnect!!!
04-08 08:59:52.591 1052 1052 I HeartBeatUtils: onHeartBeatStoped com.nes.sound/com.nes.sound.component.service.DaemonService
04-08 08:59:52.592 689 15157 W ActivityManager: Unbind failed: could not find connection for android.os.BinderProxy@200b548
04-08 08:59:52.592 1052 1052 W HeartBeatUtils: start rescue com.nes.sound/com.nes.sound.component.service.DaemonService
04-08 08:59:53.339 1856 1856 W ContextImpl: Calling a method in the system process without a qualified user: android.app.ContextImpl.bindService:2026 android.content.ContextWrapper.bindService:861 com.nes.sound.daemon.utils.heartbeat.HeartBeatConnectionPool.connectServiceByBinderBeans:108 com.nes.sound.daemon.utils.heartbeat.HeartBeatConnectionPool.reBindConnection:122 com.nes.sound.daemon.utils.heartbeat.HeartBeatUtils.reBindConnection:137
04-08 08:59:53.340 689 15157 W ActivityManager: Unable to start service Intent { cmp=com.nes.sound/.component.service.HeartBeatDaemonService } U=0: not found
04-08 08:59:53.340 1856 1856 I HeartBeatUtils: ComponentInfo{com.nes.sound/com.nes.sound.component.service.HeartBeatDaemonService} bind failed !!!Immediate reconnect!!!
04-08 08:59:53.340 1856 1856 I HeartBeatUtils: onHeartBeatStoped com.nes.sound/com.nes.sound.component.service.HeartBeatDaemonService
04-08 08:59:53.341 689 15157 W ActivityManager: Unbind failed: could not find connection for android.os.BinderProxy@f394fe1
04-08 08:59:53.341 1856 1856 W HeartBeatUtils: start rescue com.nes.sound/com.nes.sound.component.service.HeartBeatDaemonService
04-08 08:59:56.222 689 927 D ActivityManager: freezing 25183 com.droidlogic.android.tv
04-08 08:59:56.628 689 927 D ActivityManager: freezing 25887 com.uptodown
04-08 08:59:56.896 689 927 D ActivityManager: freezing 20428 com.google.android.gms
04-08 08:59:57.596 689 15157 W ActivityManager: Unable to start service Intent { cmp=com.nes.sound.retail/com.nes.sound.component.service.DaemonService } U=0: not found
04-08 08:59:57.596 1052 1052 I HeartBeatUtils: ComponentInfo{com.nes.sound.retail/com.nes.sound.component.service.DaemonService} bind failed !!!Immediate reconnect!!!
04-08 08:59:57.597 1052 1052 I HeartBeatUtils: onHeartBeatStoped com.nes.sound.retail/com.nes.sound.component.service.DaemonService
04-08 08:59:57.597 689 15157 W ActivityManager: Unbind failed: could not find connection for android.os.BinderProxy@ac3c106
04-08 08:59:57.597 1052 1052 W HeartBeatUtils: start rescue com.nes.sound.retail/com.nes.sound.component.service.DaemonService
04-08 08:59:57.598 689 15157 W ActivityManager: Unable to start service Intent { cmp=com.nes.sound/.component.service.DaemonService } U=0: not found
04-08 08:59:57.599 1052 1052 I HeartBeatUtils: ComponentInfo{com.nes.sound/com.nes.sound.component.service.DaemonService} bind failed !!!Immediate reconnect!!!
04-08 08:59:57.599 1052 1052 I HeartBeatUtils: onHeartBeatStoped com.nes.sound/com.nes.sound.component.service.DaemonService
04-08 08:59:57.599 689 15157 W ActivityManager: Unbind failed: could not find connection for android.os.BinderProxy@acd33c7
04-08 08:59:57.599 1052 1052 W HeartBeatUtils: start rescue com.nes.sound/com.nes.sound.component.service.DaemonService
04-08 08:59:58.344 1856 1856 W ContextImpl: Calling a method in the system process without a qualified user: android.app.ContextImpl.bindService:2026 android.content.ContextWrapper.bindService:861 com.nes.sound.daemon.utils.heartbeat.HeartBeatConnectionPool.connectServiceByBinderBeans:108 com.nes.sound.daemon.utils.heartbeat.HeartBeatConnectionPool.reBindConnection:122 com.nes.sound.daemon.utils.heartbeat.HeartBeatUtils.reBindConnection:137
04-08 08:59:58.346 689 15157 W ActivityManager: Unable to start service Intent { cmp=com.nes.sound/.component.service.HeartBeatDaemonService } U=0: not found
04-08 08:59:58.346 1856 1856 I HeartBeatUtils: ComponentInfo{com.nes.sound/com.nes.sound.component.service.HeartBeatDaemonService} bind failed !!!Immediate reconnect!!!
04-08 08:59:58.346 1856 1856 I HeartBeatUtils: onHeartBeatStoped com.nes.sound/com.nes.sound.component.service.HeartBeatDaemonService
04-08 08:59:58.346 689 15157 W ActivityManager: Unbind failed: could not find connection for android.os.BinderProxy@20fddf4
04-08 08:59:58.347 1856 1856 W HeartBeatUtils: start rescue com.nes.sound/com.nes.sound.component.service.HeartBeatDaemonService
04-08 09:00:00.002 689 836 D ActivityManager: sync unfroze 15194 com.droidlogic.tv.settings for 3
04-08 09:00:02.601 689 15157 W ActivityManager: Unable to start service Intent { cmp=com.nes.sound.retail/com.nes.sound.component.service.DaemonService } U=0: not found
04-08 09:00:02.602 1052 1052 I HeartBeatUtils: ComponentInfo{com.nes.sound.retail/com.nes.sound.component.service.DaemonService} bind failed !!!Immediate reconnect!!!
04-08 09:00:02.602 1052 1052 I HeartBeatUtils: onHeartBeatStoped com.nes.sound.retail/com.nes.sound.component.service.DaemonService
04-08 09:00:02.602 689 15157 W ActivityManager: Unbind failed: could not find connection for android.os.BinderProxy@35f4563
04-08 09:00:02.602 1052 1052 W HeartBeatUtils: start rescue com.nes.sound.retail/com.nes.sound.component.service.DaemonService
04-08 09:00:02.604 689 15157 W ActivityManager: Unable to start service Intent { cmp=com.nes.sound/.component.service.DaemonService } U=0: not found
04-08 09:00:02.604 1052 1052 I HeartBeatUtils: ComponentInfo{com.nes.sound/com.nes.sound.component.service.DaemonService} bind failed !!!Immediate reconnect!!!
04-08 09:00:02.604 1052 1052 I HeartBeatUtils: onHeartBeatStoped com.nes.sound/com.nes.sound.component.service.DaemonService
04-08 09:00:02.604 689 15157 W ActivityManager: Unbind failed: could not find connection for android.os.BinderProxy@446e560
04-08 09:00:02.604 1052 1052 W HeartBeatUtils: start rescue com.nes.sound/com.nes.sound.component.service.DaemonService
04-08 09:00:03.347 1856 1856 W ContextImpl: Calling a method in the system process without a qualified user: android.app.ContextImpl.bindService:2026 android.content.ContextWrapper.bindService:861 com.nes.sound.daemon.utils.heartbeat.HeartBeatConnectionPool.connectServiceByBinderBeans:108 com.nes.sound.daemon.utils.heartbeat.HeartBeatConnectionPool.reBindConnection:122 com.nes.sound.daemon.utils.heartbeat.HeartBeatUtils.reBindConnection:137
04-08 09:00:03.349 689 15157 W ActivityManager: Unable to start service Intent { cmp=com.nes.sound/.component.service.HeartBeatDaemonService } U=0: not found
04-08 09:00:03.349 1856 1856 I HeartBeatUtils: ComponentInfo{com.nes.sound/com.nes.sound.component.service.HeartBeatDaemonService} bind failed !!!Immediate reconnect!!!
04-08 09:00:03.349 1856 1856 I HeartBeatUtils: onHeartBeatStoped com.nes.sound/com.nes.sound.component.service.HeartBeatDaemonService
04-08 09:00:03.350 689 15157 W ActivityManager: Unbind failed: could not find connection for android.os.BinderProxy@4531a19
04-08 09:00:03.350 1856 1856 W HeartBeatUtils: start rescue com.nes.sound/com.nes.sound.component.service.HeartBeatDaemonService
04-08 09:00:07.609 689 15157 W ActivityManager: Unable to start service Intent { cmp=com.nes.sound.retail/com.nes.sound.component.service.DaemonService } U=0: not found
04-08 09:00:07.609 1052 1052 I HeartBeatUtils: ComponentInfo{com.nes.sound.retail/com.nes.sound.component.service.DaemonService} bind failed !!!Immediate reconnect!!!
04-08 09:00:07.609 1052 1052 I HeartBeatUtils: onHeartBeatStoped com.nes.sound.retail/com.nes.sound.component.service.DaemonService
04-08 09:00:07.610 689 15157 W ActivityManager: Unbind failed: could not find connection for android.os.BinderProxy@1abeade
04-08 09:00:07.610 1052 1052 W HeartBeatUtils: start rescue com.nes.sound.retail/com.nes.sound.component.service.DaemonService
04-08 09:00:07.611 689 15157 W ActivityManager: Unable to start service Intent { cmp=com.nes.sound/.component.service.DaemonService } U=0: not found
04-08 09:00:07.612 1052 1052 I HeartBeatUtils: ComponentInfo{com.nes.sound/com.nes.sound.component.service.DaemonService} bind failed !!!Immediate reconnect!!!
04-08 09:00:07.612 1052 1052 I HeartBeatUtils: onHeartBeatStoped com.nes.sound/com.nes.sound.component.service.DaemonService
04-08 09:00:07.612 689 15157 W ActivityManager: Unbind failed: could not find connection for android.os.BinderProxy@d76d4bf
04-08 09:00:07.612 1052 1052 W HeartBeatUtils: start rescue com.nes.sound/com.nes.sound.component.service.DaemonService
04-08 09:00:08.356 1856 1856 W ContextImpl: Calling a method in the system process without a qualified user: android.app.ContextImpl.bindService:2026 android.content.ContextWrapper.bindService:861 com.nes.sound.daemon.utils.heartbeat.HeartBeatConnectionPool.connectServiceByBinderBeans:108 com.nes.sound.daemon.utils.heartbeat.HeartBeatConnectionPool.reBindConnection:122 com.nes.sound.daemon.utils.heartbeat.HeartBeatUtils.reBindConnection:137
04-08 09:00:08.357 689 15157 W ActivityManager: Unable to start service Intent { cmp=com.nes.sound/.component.service.HeartBeatDaemonService } U=0: not found
04-08 09:00:08.357 1856 1856 I HeartBeatUtils: ComponentInfo{com.nes.sound/com.nes.sound.component.service.HeartBeatDaemonService} bind failed !!!Immediate reconnect!!!
04-08 09:00:08.357 1856 1856 I HeartBeatUtils: onHeartBeatStoped com.nes.sound/com.nes.sound.component.service.HeartBeatDaemonService
04-08 09:00:08.358 689 15157 W ActivityManager: Unbind failed: could not find connection for android.os.BinderProxy@b24f78c
04-08 09:00:08.358 1856 1856 W HeartBeatUtils: start rescue com.nes.sound/com.nes.sound.component.service.HeartBeatDaemonService
04-08 09:00:10.049 689 927 D ActivityManager: freezing 15194 com.droidlogic.tv.settings
04-08 09:00:12.617 689 15157 W ActivityManager: Unable to start service Intent { cmp=com.nes.sound.retail/com.nes.sound.component.service.DaemonService } U=0: not found
04-08 09:00:12.617 1052 1052 I HeartBeatUtils: ComponentInfo{com.nes.sound.retail/com.nes.sound.component.service.DaemonService} bind failed !!!Immediate reconnect!!!
04-08 09:00:12.617 1052 1052 I HeartBeatUtils: onHeartBeatStoped com.nes.sound.retail/com.nes.sound.component.service.DaemonService
04-08 09:00:12.617 689 15157 W ActivityManager: Unbind failed: could not find connection for android.os.BinderProxy@4723ed5
04-08 09:00:12.618 1052 1052 W HeartBeatUtils: start rescue com.nes.sound.retail/com.nes.sound.component.service.DaemonService
04-08 09:00:12.619 689 15157 W ActivityManager: Unable to start service Intent { cmp=com.nes.sound/.component.service.DaemonService } U=0: not found
04-08 09:00:12.619 1052 1052 I HeartBeatUtils: ComponentInfo{com.nes.sound/com.nes.sound.component.service.DaemonService} bind failed !!!Immediate reconnect!!!
04-08 09:00:12.619 1052 1052 I HeartBeatUtils: onHeartBeatStoped com.nes.sound/com.nes.sound.component.service.DaemonService
04-08 09:00:12.620 689 15157 W ActivityManager: Unbind failed: could not find connection for android.os.BinderProxy@187d6ea
04-08 09:00:12.620 1052 1052 W HeartBeatUtils: start rescue com.nes.sound/com.nes.sound.component.service.DaemonService
04-08 09:00:13.363 1856 1856 W ContextImpl: Calling a method in the system process without a qualified user: android.app.ContextImpl.bindService:2026 android.content.ContextWrapper.bindService:861 com.nes.sound.daemon.utils.heartbeat.HeartBeatConnectionPool.connectServiceByBinderBeans:108 com.nes.sound.daemon.utils.heartbeat.HeartBeatConnectionPool.reBindConnection:122 com.nes.sound.daemon.utils.heartbeat.HeartBeatUtils.reBindConnection:137
04-08 09:00:13.364 689 15157 W ActivityManager: Unable to start service Intent { cmp=com.nes.sound/.component.service.HeartBeatDaemonService } U=0: not found
04-08 09:00:13.364 1856 1856 I HeartBeatUtils: ComponentInfo{com.nes.sound/com.nes.sound.component.service.HeartBeatDaemonService} bind failed !!!Immediate reconnect!!!
04-08 09:00:13.364 1856 1856 I HeartBeatUtils: onHeartBeatStoped com.nes.sound/com.nes.sound.component.service.HeartBeatDaemonService
04-08 09:00:13.365 689 15157 W ActivityManager: Unbind failed: could not find connection for android.os.BinderProxy@d4dfddb
04-08 09:00:13.365 1856 1856 W HeartBeatUtils: start rescue com.nes.sound/com.nes.sound.component.service.HeartBeatDaemonService
04-08 09:00:17.624 689 15157 W ActivityManager: Unable to start service Intent { cmp=com.nes.sound.retail/com.nes.sound.component.service.DaemonService } U=0: not found
04-08 09:00:17.625 1052 1052 I HeartBeatUtils: ComponentInfo{com.nes.sound.retail/com.nes.sound.component.service.DaemonService} bind failed !!!Immediate reconnect!!!
04-08 09:00:17.625 1052 1052 I HeartBeatUtils: onHeartBeatStoped com.nes.sound.retail/com.nes.sound.component.service.DaemonService
04-08 09:00:17.625 689 15157 W ActivityManager: Unbind failed: could not find connection for android.os.BinderProxy@98477b6
04-08 09:00:17.625 1052 1052 W HeartBeatUtils: start rescue com.nes.sound.retail/com.nes.sound.component.service.DaemonService
04-08 09:00:17.627 689 15157 W ActivityManager: Unable to start service Intent { cmp=com.nes.sound/.component.service.DaemonService } U=0: not found
04-08 09:00:17.627 1052 1052 I HeartBeatUtils: ComponentInfo{com.nes.sound/com.nes.sound.component.service.DaemonService} bind failed !!!Immediate reconnect!!!
04-08 09:00:17.627 1052 1052 I HeartBeatUtils: onHeartBeatStoped com.nes.sound/com.nes.sound.component.service.DaemonService
04-08 09:00:17.627 689 15157 W ActivityManager: Unbind failed: could not find connection for android.os.BinderProxy@6a49cb7
04-08 09:00:17.628 1052 1052 W HeartBeatUtils: start rescue com.nes.sound/com.nes.sound.component.service.DaemonService
04-08 09:00:18.371 1856 1856 W ContextImpl: Calling a method in the system process without a qualified user: android.app.ContextImpl.bindService:2026 android.content.ContextWrapper.bindService:861 com.nes.sound.daemon.utils.heartbeat.HeartBeatConnectionPool.connectServiceByBinderBeans:108 com.nes.sound.daemon.utils.heartbeat.HeartBeatConnectionPool.reBindConnection:122 com.nes.sound.daemon.utils.heartbeat.HeartBeatUtils.reBindConnection:137
04-08 09:00:18.372 689 15157 W ActivityManager: Unable to start service Intent { cmp=com.nes.sound/.component.service.HeartBeatDaemonService } U=0: not found
04-08 09:00:18.372 1856 1856 I HeartBeatUtils: ComponentInfo{com.nes.sound/com.nes.sound.component.service.HeartBeatDaemonService} bind failed !!!Immediate reconnect!!!
04-08 09:00:18.373 1856 1856 I HeartBeatUtils: onHeartBeatStoped com.nes.sound/com.nes.sound.component.service.HeartBeatDaemonService
04-08 09:00:18.373 689 15157 W ActivityManager: Unbind failed: could not find connection for android.os.BinderProxy@860ac24
04-08 09:00:18.373 1856 1856 W HeartBeatUtils: start rescue com.nes.sound/com.nes.sound.component.service.HeartBeatDaemonService
04-08 09:00:20.116 689 689 V HotPlugDetectionAction: Poll all devices.
04-08 09:00:22.631 689 15157 W ActivityManager: Unable to start service Intent { cmp=com.nes.sound.retail/com.nes.sound.component.service.DaemonService } U=0: not found
04-08 09:00:22.632 1052 1052 I HeartBeatUtils: ComponentInfo{com.nes.sound.retail/com.nes.sound.component.service.DaemonService} bind failed !!!Immediate reconnect!!!
04-08 09:00:22.632 1052 1052 I HeartBeatUtils: onHeartBeatStoped com.nes.sound.retail/com.nes.sound.component.service.DaemonService
04-08 09:00:22.632 689 15157 W ActivityManager: Unbind failed: could not find connection for android.os.BinderProxy@d74738d
04-08 09:00:22.632 1052 1052 W HeartBeatUtils: start rescue com.nes.sound.retail/com.nes.sound.component.service.DaemonService
04-08 09:00:22.634 689 15157 W ActivityManager: Unable to start service Intent { cmp=com.nes.sound/.component.service.DaemonService } U=0: not found
04-08 09:00:22.634 1052 1052 I HeartBeatUtils: ComponentInfo{com.nes.sound/com.nes.sound.component.service.DaemonService} bind failed !!!Immediate reconnect!!!
04-08 09:00:22.634 1052 1052 I HeartBeatUtils: onHeartBeatStoped com.nes.sound/com.nes.sound.component.service.DaemonService
04-08 09:00:22.634 689 15157 W ActivityManager: Unbind failed: could not find connection for android.os.BinderProxy@1d85942
04-08 09:00:22.635 1052 1052 W HeartBeatUtils: start rescue com.nes.sound/com.nes.sound.component.service.DaemonService
04-08 09:00:23.376 1856 1856 W ContextImpl: Calling a method in the system process without a qualified user: android.app.ContextImpl.bindService:2026 android.content.ContextWrapper.bindService:861 com.nes.sound.daemon.utils.heartbeat.HeartBeatConnectionPool.connectServiceByBinderBeans:108 com.nes.sound.daemon.utils.heartbeat.HeartBeatConnectionPool.reBindConnection:122 com.nes.sound.daemon.utils.heartbeat.HeartBeatUtils.reBindConnection:137
04-08 09:00:23.378 689 15157 W ActivityManager: Unable to start service Intent { cmp=com.nes.sound/.component.service.HeartBeatDaemonService } U=0: not found
04-08 09:00:23.378 1856 1856 I HeartBeatUtils: ComponentInfo{com.nes.sound/com.nes.sound.component.service.HeartBeatDaemonService} bind failed !!!Immediate reconnect!!!
04-08 09:00:23.378 1856 1856 I HeartBeatUtils: onHeartBeatStoped com.nes.sound/com.nes.sound.component.service.HeartBeatDaemonService
04-08 09:00:23.379 689 15157 W ActivityManager: Unbind failed: could not find connection for android.os.BinderProxy@f5c4d53
04-08 09:00:23.379 1856 1856 W HeartBeatUtils: start rescue com.nes.sound/com.nes.sound.component.service.HeartBeatDaemonService
04-08 09:00:23.519 689 689 D HdmiCecController: [P]:AllocatedAddress=[0]
04-08 09:00:23.520 689 689 V HotPlugDetectionAction: Finish poll all devices.
04-08 09:00:27.636 689 15157 W ActivityManager: Unable to start service Intent { cmp=com.nes.sound.retail/com.nes.sound.component.service.DaemonService } U=0: not found
04-08 09:00:27.636 1052 1052 I HeartBeatUtils: ComponentInfo{com.nes.sound.retail/com.nes.sound.component.service.DaemonService} bind failed !!!Immediate reconnect!!!
04-08 09:00:27.636 1052 1052 I HeartBeatUtils: onHeartBeatStoped com.nes.sound.retail/com.nes.sound.component.service.DaemonService
04-08 09:00:27.637 689 15157 W ActivityManager: Unbind failed: could not find connection for android.os.BinderProxy@b0e6690
04-08 09:00:27.637 1052 1052 W HeartBeatUtils: start rescue com.nes.sound.retail/com.nes.sound.component.service.DaemonService
04-08 09:00:27.638 689 15157 W ActivityManager: Unable to start service Intent { cmp=com.nes.sound/.component.service.DaemonService } U=0: not found
04-08 09:00:27.638 1052 1052 I HeartBeatUtils: ComponentInfo{com.nes.sound/com.nes.sound.component.service.DaemonService} bind failed !!!Immediate reconnect!!!
04-08 09:00:27.638 1052 1052 I HeartBeatUtils: onHeartBeatStoped com.nes.sound/com.nes.sound.component.service.DaemonService
04-08 09:00:27.639 689 15157 W ActivityManager: Unbind failed: could not find connection for android.os.BinderProxy@bc1bb89
04-08 09:00:27.639 1052 1052 W HeartBeatUtils: start rescue com.nes.sound/com.nes.sound.component.service.DaemonService
04-08 09:00:28.382 1856 1856 W ContextImpl: Calling a method in the system process without a qualified user: android.app.ContextImpl.bindService:2026 android.content.ContextWrapper.bindService:861 com.nes.sound.daemon.utils.heartbeat.HeartBeatConnectionPool.connectServiceByBinderBeans:108 com.nes.sound.daemon.utils.heartbeat.HeartBeatConnectionPool.reBindConnection:122 com.nes.sound.daemon.utils.heartbeat.HeartBeatUtils.reBindConnection:137
04-08 09:00:28.383 689 15157 W ActivityManager: Unable to start service Intent { cmp=com.nes.sound/.component.service.HeartBeatDaemonService } U=0: not found
04-08 09:00:28.384 1856 1856 I HeartBeatUtils: ComponentInfo{com.nes.sound/com.nes.sound.component.service.HeartBeatDaemonService} bind failed !!!Immediate reconnect!!!
04-08 09:00:28.384 1856 1856 I HeartBeatUtils: onHeartBeatStoped com.nes.sound/com.nes.sound.component.service.HeartBeatDaemonService
04-08 09:00:28.384 689 15157 W ActivityManager: Unbind failed: could not find connection for android.os.BinderProxy@d96c78e
04-08 09:00:28.384 1856 1856 W HeartBeatUtils: start rescue com.nes.sound/com.nes.sound.component.service.HeartBeatDaemonService
04-08 09:00:30.653 1070 1070 D HdmiCecActiveness: setState inactive mState:active
04-08 09:00:30.653 689 689 D HDMI : [R]: 0F:36
04-08 09:00:30.654 689 689 I HDMI : Hdmi cec standby
04-08 09:00:30.655 689 689 I PowerGroup: Powering off display group due to hdmi (groupId= 0, uid= 1000, millisSinceLastUserActivity=3089908, lastUserActivityEvent=button)...
04-08 09:00:30.655 689 689 I PowerManagerService: Going to sleep due to hdmi (uid 1000, screenOffTimeout=300000, activityTimeoutWM=-1, maxDimRatio=0.20000005, maxDimDur=7000)...
04-08 09:00:30.658 689 689 D WindowManager: updateCecScreenStatus 1
04-08 09:00:30.658 689 689 D HDMI : setCecSettingIntValue name:cec_screen_state, value:1
04-08 09:00:30.667 689 689 I ActivityManager: Killing 23539:com.google.android.permissioncontroller/u0a76 (adj 999): empty #17
04-08 09:00:30.674 689 689 I HDMI : screen state is changing to 1
04-08 09:00:30.674 689 689 D HDMI : onStandby action:0, current power:0 initiatedByCec:true
04-08 09:00:30.674 689 689 D HDMI : standby acquireWakeLock 0
04-08 09:00:30.674 689 689 D HDMI : standby releaseWakeLock
04-08 09:00:30.684 689 689 V HdmiControlService: On standby-action cleared:4
04-08 09:00:30.684 689 689 V HdmiControlService: onPendingActionsCleared
04-08 09:00:30.684 689 689 D HDMI : setActiveSource logical:0xffffffff physical:0xffff HdmiCecLocalDevicePlayback#onStandby()
04-08 09:00:30.685 689 689 D HDMI : ActiveSourceHistoryRecord active source=(invalid, invalid) isActiveSource=false from=HdmiCecLocalDevicePlayback#onStandby()
04-08 09:00:30.686 689 689 D HDMI : onStandby sendStandbyNoneActive:false, wasActiveSource:true
04-08 09:00:30.686 689 689 D HDMI : onStandby sendStandbyNoneActive:false, wasActiveSource:true
04-08 09:00:30.686 689 689 I HDMI : onStandby finally completed
04-08 09:00:30.686 689 689 D HDMI : enableSystemCecControl: false
04-08 09:00:30.701 689 689 D HdmiControlService: Switching to full volume behavior
04-08 09:00:30.701 689 1018 D HDMI : standby releaseWakeLock
04-08 09:00:30.702 689 689 D HdmiControlService: Switching to full volume behavior
04-08 09:00:30.719 689 827 D DisplayManagerService: Drop pending events for gone uid 10076
04-08 09:00:30.738 15384 16234 W ContextImpl: Calling a method in the system process without a qualified user: android.app.ContextImpl.sendBroadcast:1248 android.content.ContextWrapper.sendBroadcast:504 w0.b.u:30 w0.b.n:59 w0.b.a:1
04-08 09:00:30.740 15384 16234 W ContextImpl: Calling a method in the system process without a qualified user: android.app.ContextImpl.sendBroadcast:1248 android.content.ContextWrapper.sendBroadcast:504 w0.b.u:44 w0.b.n:59 w0.b.a:1
04-08 09:00:31.095 689 853 I DisplayPowerController2[0]: Blocking screen off
04-08 09:00:31.095 689 853 I DisplayPowerController2[0]: Unblocked screen off after 0 ms
04-08 09:00:31.098 689 853 D ActivityTaskManager: Top Process State changed to PROCESS_STATE_TOP_SLEEPING
04-08 09:00:31.101 1052 1170 V WindowManagerShell: Transition requested: android.os.BinderProxy@24a252e TransitionRequestInfo { type = SLEEP, triggerTask = null, remoteTransition = null, displayChange = null }
04-08 09:00:31.103 689 826 V WindowManager: Sent Transition #57 createdAt=04-08 09:00:31.098 via request=TransitionRequestInfo { type = SLEEP, triggerTask = null, remoteTransition = null, displayChange = null }
04-08 09:00:31.104 689 826 V WindowManager: startWCT=null
04-08 09:00:31.104 689 826 V WindowManager: info={id=57 t=SLEEP f=0x0 trk=0 r=[] c=[]}
04-08 09:00:31.108 689 853 I DisplayBrightnessStrategySelector: Changing the DisplayBrightnessStrategy from InvalidBrightnessStrategy toScreenOffBrightnessStrategy for display 0
04-08 09:00:31.108 689 15158 W Transition: Transition already started id=57 state=2
04-08 09:00:31.109 1052 1170 V WindowManagerShell: onTransitionReady android.os.BinderProxy@24a252e: {id=57 t=SLEEP f=0x0 trk=0 r=[] c=[]}
04-08 09:00:31.109 1052 1170 V WindowManagerShell: No transition roots in (#57)android.os.BinderProxy@24a252e@0 so abort
04-08 09:00:31.110 1052 1170 V WindowManagerShell: Transition animation finished (aborted=true), notifying core (#57)android.os.BinderProxy@24a252e@0
04-08 09:00:31.110 689 853 V DisplayPowerController2[0]: Brightness [0.0] reason changing to: 'screen_off', previous reason: 'manual'.
04-08 09:00:31.111 689 853 I DisplayPowerController2[0]: BrightnessEvent: disp=0, physDisp=local:4633127902230889483, brt=0.0, initBrt=0.39763778, rcmdBrt=NaN, preBrt=NaN, lux=0.0, preLux=0.0, hbmMax=1.0, hbmMode=off, rbcStrength=0, thrmMax=1.0, powerFactor=1.0, wasShortTermModelActive=false, flags=, reason=screen_off, autoBrightness=false, strategy=ScreenOffBrightnessStrategy
04-08 09:00:31.113 689 829 I DisplayDeviceRepository: Display device changed: DisplayDeviceInfo{"Beépített képernyő": uniqueId="local:4633127902230889483", 1920 x 1080, modeId 72, renderFrameRate 59.94006, defaultModeId 72, supportedModes [{id=72, width=1920, height=1080, fps=59.94006, alternativeRefreshRates=[], supportedHdrTypes=[]}, {id=112, width=1920, height=1080, fps=60.000004, alternativeRefreshRates=[], supportedHdrTypes=[]}, {id=113, width=1920, height=1080, fps=50.0, alternativeRefreshRates=[], supportedHdrTypes=[]}, {id=114, width=1920, height=1080, fps=29.97003, alternativeRefreshRates=[], supportedHdrTypes=[]}, {id=115, width=1920, height=1080, fps=30.000002, alternativeRefreshRates=[], supportedHdrTypes=[]}, {id=116, width=1920, height=1080, fps=25.0, alternativeRefreshRates=[], supportedHdrTypes=[]}, {id=117, width=1920, height=1080, fps=23.976025, alternativeRefreshRates=[], supportedHdrTypes=[]}, {id=118, width=1920, height=1080, fps=24.000002, alternativeRefreshRates=[], supportedHdrTypes=[]}, {id=119, width=1280, height=720, fps=59.94006, alternativeRefreshRates=[], supportedHdrTypes=[]}, {id=120, width=1280, height=720, fps=60.000004, alternativeRefreshRates=[], supportedHdrTypes=[]}, {id=121, width=1280, height=720, fps=50.0, alternativeRefreshRates=[], supportedHdrTypes=[]}], colorMode 0, supportedColorModes [0], hdrCapabilities HdrCapabilities{mSupportedHdrTypes=[], mMaxLuminance=500.0, mMaxAverageLuminance=500.0, mMinLuminance=0.0}, isForceSdr false, allmSupported false, gameContentTypeSupported false, density 320, 54.795 x 54.864 dpi, appVsyncOff 2000000, presDeadline 13683333, touch INTERNAL, rotation 0, type INTERNAL, address {port=11, model=0x404c2d479b6c44}, deviceProductInfo DeviceProductInfo{name=SAMSUNG, manufacturerPnpId=SAM, productId=2912, modelYear=null, manufactureDate=ManufactureDate{week=48, year=2013}, connectionToSinkType=2}, state OFF, committedState ON, frameRateOverride , brightnessMinimum 0.0, brightnessMaximum 1.0, brightnessDefault 0.39763778, hdrSdrRatio NaN, FLAG_ALLOWED_TO_BE_DEFAULT_DISPLAY, FLAG_ROTATES_WITH_CONTENT, FLAG_SECURE, FLAG_SUPPORTS_PROTECTED_BUFFERS, FLAG_TRUSTED, installOrientation 0, displayShape DisplayShape{ spec=729782573 displayWidth=1920 displayHeight=1080 physicalPixelDisplaySizeRatio=1.0 rotation=0 offsetX=0 offsetY=0 scale=1.0}}
04-08 09:00:31.115 689 829 E DisplayManagerService: handleLogicalDisplayChangedLocked to set mStableDisplaySize
04-08 09:00:31.115 689 829 E DisplayManagerService: current mStableDisplaySize is large screen and return!!!
04-08 09:00:31.117 689 15158 I DisplayDevice: [0] Layerstack set to -1 for local:4633127902230889483
04-08 09:00:31.120 689 826 V WindowManager: Finish Transition #57: created at
04-08 09:00:31.098 collect-started=0.102ms request-sent=0.214ms started=0.487ms ready=0.48ms sent=0.851ms finished=20.414ms
04-08 09:00:31.120 1052 1170 V WindowManagerShell: Track 0 became idle
04-08 09:00:31.120 1052 1170 V WindowManagerShell: All active transition animations finished
04-08 09:00:31.152 24960 25977 W ContextImpl: Calling a method in the system process without a qualified user: android.app.ContextImpl.bindService:2026 android.content.ContextWrapper.bindService:861 m7.im.g:11 m7.im.d:110 m7.hb.a:211
04-08 09:00:31.155 689 15158 D ActivityManager: sync unfroze 20428 com.google.android.gms for 4
04-08 09:00:31.156 689 15158 W ProcessStats: Tracking association SourceState{d343271 com.google.android.gms/10051 Top #21867} whose proc state 1 is better than process ProcessState{81c35ba com.google.android.gms.persistent/10051 pkg=com.google.android.gms} proc state 2 (12 skipped)
04-08 09:00:31.215 1052 1170 D WindowManagerShell: TvPipController: onTaskStackChanged()
04-08 09:00:31.304 689 829 I DisplayDeviceRepository: Display device changed state: "Beépített képernyő", OFF
04-08 09:00:31.307 689 829 E DisplayManagerService: handleLogicalDisplayChangedLocked to set mStableDisplaySize
04-08 09:00:31.307 689 829 E DisplayManagerService: current mStableDisplaySize is large screen and return!!!
04-08 09:00:31.309 689 853 I PowerGroup: Sleeping power group (groupId=0, uid=1000, reason=timeout)...
04-08 09:00:31.309 689 853 I PowerManagerService: Sleeping (uid 1000)...
04-08 09:00:31.315 689 829 D DisplayManagerService: Ignore redundant display event 0/2 to 10054/23383
04-08 09:00:31.315 689 829 D DisplayManagerService: Ignore redundant display event 0/2 to 10052/24254
04-08 09:00:31.326 689 836 D ActivityManager: sync unfroze 15682 com.standard.irtvcontrol for 3
04-08 09:00:31.369 689 938 E DisplayManagerService: handleLogicalDisplayChangedLocked to set mStableDisplaySize
04-08 09:00:31.369 689 938 E DisplayManagerService: current mStableDisplaySize is large screen and return!!!
04-08 09:00:31.373 689 829 D DisplayManagerService: Ignore redundant display event 0/2 to 10054/23383
04-08 09:00:31.373 689 829 D DisplayManagerService: Ignore redundant display event 0/2 to 10052/24254
04-08 09:00:31.375 689 689 D HDMI : receive android.intent.action.SCREEN_OFF
04-08 09:00:31.377 689 689 I PowerManagerService: onFlip(): Face up.
04-08 09:00:31.406 689 829 I DisplayDeviceRepository: Display device changed: DisplayDeviceInfo{"Beépített képernyő": uniqueId="local:4633127902230889483", 1920 x 1080, modeId 72, renderFrameRate 59.94006, defaultModeId 72, supportedModes [{id=72, width=1920, height=1080, fps=59.94006, alternativeRefreshRates=[], supportedHdrTypes=[]}, {id=112, width=1920, height=1080, fps=60.000004, alternativeRefreshRates=[], supportedHdrTypes=[]}, {id=113, width=1920, height=1080, fps=50.0, alternativeRefreshRates=[], supportedHdrTypes=[]}, {id=114, width=1920, height=1080, fps=29.97003, alternativeRefreshRates=[], supportedHdrTypes=[]}, {id=115, width=1920, height=1080, fps=30.000002, alternativeRefreshRates=[], supportedHdrTypes=[]}, {id=116, width=1920, height=1080, fps=25.0, alternativeRefreshRates=[], supportedHdrTypes=[]}, {id=117, width=1920, height=1080, fps=23.976025, alternativeRefreshRates=[], supportedHdrTypes=[]}, {id=118, width=1920, height=1080, fps=24.000002, alternativeRefreshRates=[], supportedHdrTypes=[]}, {id=119, width=1280, height=720, fps=59.94006, alternativeRefreshRates=[], supportedHdrTypes=[]}, {id=120, width=1280, height=720, fps=60.000004, alternativeRefreshRates=[], supportedHdrTypes=[]}, {id=121, width=1280, height=720, fps=50.0, alternativeRefreshRates=[], supportedHdrTypes=[]}], colorMode 0, supportedColorModes [0], hdrCapabilities HdrCapabilities{mSupportedHdrTypes=[], mMaxLuminance=500.0, mMaxAverageLuminance=500.0, mMinLuminance=0.0}, isForceSdr false, allmSupported false, gameContentTypeSupported false, density 320, 54.795 x 54.864 dpi, appVsyncOff 2000000, presDeadline 13683333, touch INTERNAL, rotation 0, type INTERNAL, address {port=11, model=0x404c2d479b6c44}, deviceProductInfo DeviceProductInfo{name=SAMSUNG, manufacturerPnpId=SAM, productId=2912, modelYear=null, manufactureDate=ManufactureDate{week=48, year=2013}, connectionToSinkType=2}, state OFF, committedState OFF, frameRateOverride , brightnessMinimum 0.0, brightnessMaximum 1.0, brightnessDefault 0.39763778, hdrSdrRatio NaN, FLAG_ALLOWED_TO_BE_DEFAULT_DISPLAY, FLAG_ROTATES_WITH_CONTENT, FLAG_SECURE, FLAG_SUPPORTS_PROTECTED_BUFFERS, FLAG_TRUSTED, installOrientation 0, displayShape DisplayShape{ spec=729782573 displayWidth=1920 displayHeight=1080 physicalPixelDisplaySizeRatio=1.0 rotation=0 offsetX=0 offsetY=0 scale=1.0}}
04-08 09:00:31.418 689 836 D ActivityManager: sync unfroze 20919 com.nes.sound.pair for 3
04-08 09:00:31.423 689 829 E DisplayManagerService: handleLogicalDisplayChangedLocked to set mStableDisplaySize
04-08 09:00:31.423 689 829 E DisplayManagerService: current mStableDisplaySize is large screen and return!!!
04-08 09:00:31.425 689 829 D DisplayManagerService: Ignore redundant display event 0/2 to 10054/23383
04-08 09:00:31.425 689 829 D DisplayManagerService: Ignore redundant display event 0/2 to 10052/24254
04-08 09:00:31.434 689 836 D ActivityManager: sync unfroze 15194 com.droidlogic.tv.settings for 3
04-08 09:00:31.472 689 7273 D ActivityManager: sync unfroze 15361 com.nes.tvglobalkeyhandler for 10
04-08 09:00:31.475 689 7273 D ActivityManager: sync unfroze 19644 com.android.tv.settings for 10
04-08 09:00:32.426 689 994 D AudioService: setWiredDeviceConnectionState( type:400 state:DEVICE_STATE_UNAVAILABLE addr: name:) from android
04-08 09:00:32.426 689 994 I AS.AudioDeviceInventory: handleDeviceConnection(false dev:400 address: name:)
04-08 09:00:32.426 689 994 I AS.AudioDeviceInventory: deviceKey:0x400:
04-08 09:00:32.426 689 994 I AS.AudioDeviceInventory: deviceInfo:[DeviceInfo: type:0x400 (hdmi) name: addr: codec: 0 sensorUuid: null disabled modes: {}] is(already)Connected:true
04-08 09:00:32.455 689 994 I AS.AudioDeviceInventory: sendDeviceConnectionIntent(dev:0x400 state:0x0 address: name:);
04-08 09:00:32.596 689 1020 I MR2ServiceImpl: removeProviderRoutes | provider: com.android.server.media/.SystemMediaRoute2Provider, routes: [ROUTE_ID_HDMI | Tévés hangkimenet]
04-08 09:00:32.639 689 15157 W ActivityManager: Unable to start service Intent { cmp=com.nes.sound.retail/com.nes.sound.component.service.DaemonService } U=0: not found
04-08 09:00:32.639 1052 1052 I HeartBeatUtils: ComponentInfo{com.nes.sound.retail/com.nes.sound.component.service.DaemonService} bind failed !!!Immediate reconnect!!!
04-08 09:00:32.639 1052 1052 I HeartBeatUtils: onHeartBeatStoped com.nes.sound.retail/com.nes.sound.component.service.DaemonService
04-08 09:00:32.639 689 15157 W ActivityManager: Unbind failed: could not find connection for android.os.BinderProxy@20a8d23
04-08 09:00:32.640 1052 1052 W HeartBeatUtils: start rescue com.nes.sound.retail/com.nes.sound.component.service.DaemonService
04-08 09:00:32.641 689 15157 W ActivityManager: Unable to start service Intent { cmp=com.nes.sound/.component.service.DaemonService } U=0: not found
04-08 09:00:32.642 1052 1052 I HeartBeatUtils: ComponentInfo{com.nes.sound/com.nes.sound.component.service.DaemonService} bind failed !!!Immediate reconnect!!!
04-08 09:00:32.642 1052 1052 I HeartBeatUtils: onHeartBeatStoped com.nes.sound/com.nes.sound.component.service.DaemonService
04-08 09:00:32.642 689 15157 W ActivityManager: Unbind failed: could not find connection for android.os.BinderProxy@190f220
04-08 09:00:32.642 1052 1052 W HeartBeatUtils: start rescue com.nes.sound/com.nes.sound.component.service.DaemonService
04-08 09:00:33.388 1856 1856 W ContextImpl: Calling a method in the system process without a qualified user: android.app.ContextImpl.bindService:2026 android.content.ContextWrapper.bindService:861 com.nes.sound.daemon.utils.heartbeat.HeartBeatConnectionPool.connectServiceByBinderBeans:108 com.nes.sound.daemon.utils.heartbeat.HeartBeatConnectionPool.reBindConnection:122 com.nes.sound.daemon.utils.heartbeat.HeartBeatUtils.reBindConnection:137
04-08 09:00:33.389 689 15157 W ActivityManager: Unable to start service Intent { cmp=com.nes.sound/.component.service.HeartBeatDaemonService } U=0: not found
04-08 09:00:33.389 1856 1856 I HeartBeatUtils: ComponentInfo{com.nes.sound/com.nes.sound.component.service.HeartBeatDaemonService} bind failed !!!Immediate reconnect!!!
04-08 09:00:33.389 1856 1856 I HeartBeatUtils: onHeartBeatStoped com.nes.sound/com.nes.sound.component.service.HeartBeatDaemonService
04-08 09:00:33.390 689 15157 W ActivityManager: Unbind failed: could not find connection for android.os.BinderProxy@3aa1802
04-08 09:00:33.390 1856 1856 W HeartBeatUtils: start rescue com.nes.sound/com.nes.sound.component.service.HeartBeatDaemonService
04-08 09:00:34.708 1856 2310 W ContextImpl: Calling a method in the system process without a qualified user: android.app.ContextImpl.startService:1927 android.content.ContextWrapper.startService:825 com.nes.sound.daemon.utils.ComponentUtil.startService:68 com.nes.sound.daemon.utils.ComponentUtil.startComponent:46 com.nes.sound.daemon.component.DaemonService.operateDaemon:97
04-08 09:00:34.709 689 15157 W ActivityManager: Unable to start service Intent { pkg=com.nes.sound cmp=com.nes.sound/.component.service.LanService } U=0: not found
04-08 09:00:37.646 689 15157 W ActivityManager: Unable to start service Intent { cmp=com.nes.sound.retail/com.nes.sound.component.service.DaemonService } U=0: not found
04-08 09:00:37.647 1052 1052 I HeartBeatUtils: ComponentInfo{com.nes.sound.retail/com.nes.sound.component.service.DaemonService} bind failed !!!Immediate reconnect!!!
04-08 09:00:37.647 1052 1052 I HeartBeatUtils: onHeartBeatStoped com.nes.sound.retail/com.nes.sound.component.service.DaemonService
04-08 09:00:37.647 689 15157 W ActivityManager: Unbind failed: could not find connection for android.os.BinderProxy@334df6f
04-08 09:00:37.647 1052 1052 W HeartBeatUtils: start rescue com.nes.sound.retail/com.nes.sound.component.service.DaemonService
04-08 09:00:37.649 689 15157 W ActivityManager: Unable to start service Intent { cmp=com.nes.sound/.component.service.DaemonService } U=0: not found
04-08 09:00:37.649 1052 1052 I HeartBeatUtils: ComponentInfo{com.nes.sound/com.nes.sound.component.service.DaemonService} bind failed !!!Immediate reconnect!!!
04-08 09:00:37.649 1052 1052 I HeartBeatUtils: onHeartBeatStoped com.nes.sound/com.nes.sound.component.service.DaemonService
04-08 09:00:37.649 689 15157 W ActivityManager: Unbind failed: could not find connection for android.os.BinderProxy@871247c
04-08 09:00:37.650 1052 1052 W HeartBeatUtils: start rescue com.nes.sound/com.nes.sound.component.service.DaemonService
04-08 09:00:38.393 1856 1856 W ContextImpl: Calling a method in the system process without a qualified user: android.app.ContextImpl.bindService:2026 android.content.ContextWrapper.bindService:861 com.nes.sound.daemon.utils.heartbeat.HeartBeatConnectionPool.connectServiceByBinderBeans:108 com.nes.sound.daemon.utils.heartbeat.HeartBeatConnectionPool.reBindConnection:122 com.nes.sound.daemon.utils.heartbeat.HeartBeatUtils.reBindConnection:137
04-08 09:00:38.395 689 15157 W ActivityManager: Unable to start service Intent { cmp=com.nes.sound/.component.service.HeartBeatDaemonService } U=0: not found
