04-09 09:31:14.876 24960 24960 D UIConfig: "name": "version",
04-09 09:31:14.876 24960 24960 D UIConfig: "type": 1052
04-09 09:31:14.876 24960 24960 D UIConfig: },
04-09 09:31:14.876 24960 24960 D UIConfig: {
04-09 09:31:14.876 24960 24960 D UIConfig: "name": "factory_reset",
04-09 09:31:14.876 24960 24960 D UIConfig: "type": 1053
04-09 09:31:14.876 24960 24960 D UIConfig: },
04-09 09:31:14.876 24960 24960 D UIConfig: {
04-09 09:31:14.876 24960 24960 D UIConfig: "name": "backup_data",
04-09 09:31:14.876 24960 24960 D UIConfig: "type": 1054
04-09 09:31:14.876 24960 24960 D UIConfig: },
04-09 09:31:14.876 24960 24960 D UIConfig: {
04-09 09:31:14.876 24960 24960 D UIConfig: "name": "recover_data",
04-09 09:31:14.876 24960 24960 D UIConfig: "type": 1055
04-09 09:31:14.876 24960 24960 D UIConfig: }
04-09 09:31:14.876 24960 24960 D UIConfig: ]
04-09 09:31:14.876 24960 24960 D UIConfig: }
04-09 09:31:14.876 24960 24960 D UIConfig: ],
04-09 09:31:14.876 24960 24960 D UIConfig: "installation": [
04-09 09:31:14.876 24960 24960 D UIConfig: {
04-09 09:31:14.876 24960 24960 D UIConfig: "name": "channel_search",
04-09 09:31:14.876 24960 24960 D UIConfig: "position": 0,
04-09 09:31:14.876 24960 24960 D UIConfig: "type": 0
04-09 09:31:14.876 24960 24960 D UIConfig: },
04-09 09:31:14.876 24960 24960 D UIConfig: {
04-09 09:31:14.876 24960 24960 D UIConfig: "name": "lcn_switch",
04-09 09:31:14.876 24960 24960 D UIConfig: "position": 1,
04-09 09:31:14.876 24960 24960 D UIConfig: "type": 1
04-09 09:31:14.876 24960 24960 D UIConfig: },
04-09 09:31:14.876 24960 24960 D UIConfig: {
04-09 09:31:14.876 24960 24960 D UIConfig: "name": "tkgs_settings",
04-09 09:31:14.876 24960 24960 D UIConfig: "position": 2,
04-09 09:31:14.876 24960 24960 D UIConfig: "type": 2
04-09 09:31:14.876 24960 24960 D UIConfig: }
04-09 09:31:14.876 24960 24960 D UIConfig: ]
04-09 09:31:14.876 24960 24960 D UIConfig: }
04-09 09:31:14.876 24960 24960 D DeviceUtils: isDisablePVR:
04-09 09:31:14.876 24960 24960 D DeviceUtils: equalsProductName: target -> SEI600NK productName ->SEI804HM
04-09 09:31:14.876 24960 24960 D DeviceUtils: equalsProductName: target -> SEI600NK4 productName ->SEI804HM
04-09 09:31:14.877 24960 24960 D DeviceUtils: equalsProductName: target -> SEI804NK productName ->SEI804HM
04-09 09:31:14.877 24960 24960 D DeviceUtils: equalsProductName: target -> SEI800ZP productName ->SEI804HM
04-09 09:31:14.877 24960 24960 D DeviceUtils: equalsProductName: target -> SEI800QB productName ->SEI804HM
04-09 09:31:14.877 24960 24960 D UIConfig: init: STYLE_A {"menu_items":[{"name":"guide","position":0,"type":0},{"name":"scan","position":1,"type":3},{"name":"options","position":2,"type":1},{"name":"edit_channel","position":3,"type":4},{"name":"pvr","position":4,"type":2},{"name":"timer","position":5,"type":5},{"name":"tv_setting","position":6,"type":6}],"options":[{"name":"audio_tack","position":0,"type":0},{"name":"subtitle_track","position":1,"type":1},{"name":"audio_mode","position":2,"type":2},{"name":"aspect_mode","position":3,"type":3},{"name":"teletext","position":4,"type":4}]}
04-09 09:31:14.877 24960 24960 D UIConfig: buildConfigBean: {"menu_items":[{"name":"guide","position":0,"type":0},{"name":"scan","position":1,"type":3},{"name":"options","position":2,"type":1},{"name":"edit_channel","position":3,"type":4},{"name":"pvr","position":4,"type":2},{"name":"timer","position":5,"type":5},{"name":"tv_setting","position":6,"type":6}],"options":[{"name":"audio_tack","position":0,"type":0},{"name":"subtitle_track","position":1,"type":1},{"name":"audio_mode","position":2,"type":2},{"name":"aspect_mode","position":3,"type":3},{"name":"teletext","position":4,"type":4}]}
04-09 09:31:14.877 24960 24960 D UIConfig: init:STYLE_B {"menu_items":[{"name":"channel_list","position":0,"type":0},{"name":"guide","position":1,"type":1},{"name":"recording_schedule","position":2,"type":2},{"name":"edit_channel","position":3,"type":3},{"name":"scan","position":4,"type":4}],"options":[{"name":"audio_tack","position":0,"type":0},{"name":"subtitle_track","position":1,"type":1},{"name":"audio_mode","position":2,"type":2},{"name":"aspect_mode","position":3,"type":3},{"name":"all_setting","position":4,"type":4}]}
04-09 09:31:14.878 24960 24960 D UIConfig: installationJsonArray: [{"name":"channel_search","position":0,"type":0},{"name":"lcn_switch","position":1,"type":1},{"name":"tkgs_settings","position":2,"type":2}]
04-09 09:31:14.878 24960 24960 D UIConfig: loadData: guide
04-09 09:31:14.878 24960 24960 D UIConfig: loadData: scan
04-09 09:31:14.878 24960 24960 D UIConfig: loadData: options
04-09 09:31:14.878 24960 24960 D UIConfig: loadData: edit_channel
04-09 09:31:14.878 24960 24960 D UIConfig: loadData: pvr
04-09 09:31:14.878 24960 24960 D UIConfig: loadData: timer
04-09 09:31:14.878 24960 24960 D UIConfig: loadData: tv_setting
04-09 09:31:14.878 689 826 I ActivityTaskManager: Displayed com.nes.seilivetv/.ui.activity.TvActivity for user 0: +685ms
04-09 09:31:14.879 24960 24960 D DeviceUtils: equalsProductName: target -> SEI530G productName ->SEI804HM
04-09 09:31:14.879 24960 24960 D DeviceUtils: equalsProductName: target -> SEI630SCV productName ->SEI804HM
04-09 09:31:14.879 24960 24960 D DeviceUtils: equalsProductName: target -> SEI630TRV productName ->SEI804HM
04-09 09:31:14.879 24960 24960 D UIConfig: loadData: 3
04-09 09:31:14.879 24960 24960 D DeviceUtils: equalsProductName: target -> SEI600NK productName ->SEI804HM
04-09 09:31:14.879 689 826 V WindowManager: Sent Transition #83 createdAt=04-09 09:31:14.183 via request=TransitionRequestInfo { type = OPEN, triggerTask = TaskInfo{userId=0 taskId=431 displayId=0 isRunning=true baseIntent=Intent { act=android.intent.action.MAIN cat=[android.intent.category.LEANBACK_LAUNCHER] flg=0x10000000 pkg=com.nes.seilivetv cmp=com.nes.seilivetv/.ui.activity.MainActivity } baseActivity=ComponentInfo{com.nes.seilivetv/com.nes.seilivetv.ui.activity.TvActivity} topActivity=ComponentInfo{com.nes.seilivetv/com.nes.seilivetv.ui.activity.MainActivity} origActivity=null realActivity=ComponentInfo{com.nes.seilivetv/com.nes.seilivetv.ui.activity.MainActivity} numActivities=2 lastActiveTime=653246892 supportsMultiWindow=false resizeMode=1 isResizeable=true minWidth=-1 minHeight=-1 defaultMinSize=220 token=WCT{RemoteToken{c4e989 Task{ef13325 #431 type=standard A=1000:com.nes.seilivetv}}} topActivityType=1 pictureInPictureParams=null shouldDockBigOverlays=true launchIntoPipHostTaskId=-1 lastParentTaskIdBeforePip=-1 displayCutoutSafeInsets=null topActivityInfo=ActivityInfo{217c850 com.nes.seilivetv.ui.activity.MainActivity} launchCookies=[] positionInParent=Point(0, 0) parentTaskId=-1 isFocused=false isVisible=false isVisibleRequested=false isSleeping=false topActivityInSizeCompat=false topActivityEligibleForLetterboxEducation= false topActivityLetterboxed= false isFromDoubleTap= false topActivityLetterboxVerticalPosition= -1 topActivityLetterboxHorizontalPosition= -1 topActivityLetterboxWidth=-1 topActivityLetterboxHeight=-1 locusId=null displayAreaFeatureId=1 cameraCompatControlState=hidden}, remoteTransition = null, displayChange = null }
04-09 09:31:14.879 24960 24960 D DeviceUtils: equalsProductName: target -> SEI600NK4 productName ->SEI804HM
04-09 09:31:14.880 24960 24960 D DeviceUtils: equalsProductName: target -> SEI804NK productName ->SEI804HM
04-09 09:31:14.880 24960 24960 D UIConfig: loadData: 0
04-09 09:31:14.880 689 826 V WindowManager: startWCT=WindowContainerTransaction { changes = {} hops = [] errorCallbackToken=null taskFragmentOrganizer=null }
04-09 09:31:14.880 689 826 V WindowManager: info={id=83 t=OPEN f=0x0 trk=0 r=[0@Point(0, 0)] c=[{WCT{RemoteToken{c4e989 Task{ef13325 #431 type=standard A=1000:com.nes.seilivetv}}} m=TO_FRONT f=MOVE_TO_TOP leash=Surface(name=Task=431)/@0xa598f42 sb=Rect(0, 0 - 1920, 1080) eb=Rect(0, 0 - 1920, 1080) d=0},{WCT{RemoteToken{9554b41 Task{7ff28bd #435 type=standard A=10117:com.dunehd.app:154026695}}} m=TO_BACK f=NONE leash=Surface(name=Task=435)/@0x5b7384b sb=Rect(0, 0 - 1920, 1080) eb=Rect(0, 0 - 1920, 1080) d=0}]}
04-09 09:31:14.884 24960 30082 D ReportManager: onError: CLEARTEXT communication to ip-api.com not permitted by network security policy
04-09 09:31:14.887 24960 24960 D UIConfig: loadData: 1
04-09 09:31:14.887 24960 24960 D DeviceUtils: equalsProductName: target -> SEI600NK productName ->SEI804HM
04-09 09:31:14.887 24960 24960 D DeviceUtils: equalsProductName: target -> SEI600NK4 productName ->SEI804HM
04-09 09:31:14.887 24960 24960 D DeviceUtils: equalsProductName: target -> SEI804NK productName ->SEI804HM
04-09 09:31:14.887 24960 24960 D UIConfig: loadData: 2
04-09 09:31:14.887 24960 24960 D DeviceUtils: equalsProductName: target -> SEI600BT productName ->SEI804HM
04-09 09:31:14.887 24960 24960 D DeviceUtils: equalsProductName: target -> SEI600BT4 productName ->SEI804HM
04-09 09:31:14.887 24960 24960 D DeviceUtils: enableTKGSFunction: true
04-09 09:31:14.887 24960 24960 D UIConfig: init: total time -> 19
04-09 09:31:14.888 1233 4960 D DataProvider: query: com.nes.dtvkit.tvsetting.table.TvSettingsTable@5620478
04-09 09:31:14.888 1233 4960 D DataProvider: <> content://com.nes.dtvkit.tvsetting/tvsettings_table, null, key=?, [lcnSwitch], null
04-09 09:31:14.895 24960 24960 D CompareUtils: compareAllList true
04-09 09:31:14.895 24960 24960 D CompareUtils: sort: 0 0
04-09 09:31:14.895 24960 24960 D CompareUtils: sort: LcnCompare
04-09 09:31:14.896 24960 24960 D TAG : getCurrentGroupType: [0, -1]
04-09 09:31:14.897 1233 4960 D DtvkitSettingService: registerCallback: ....
04-09 09:31:14.898 24960 24960 D AudioManager: dispatching onAudioFocusChange(-2) to android.media.AudioManager@af4493com.nes.seilivetv.data.AudioManagerHelper@e372cd0
04-09 09:31:14.898 24960 24960 D AudioManagerHelper: onAudioFocusChange: Loss audio .... -2
04-09 09:31:14.898 24960 24960 D AudioManagerHelper: setVolumeByAudioFocusStatus: isPlaying : false audioFocusStatus : -2
04-09 09:31:14.913 24960 30076 W drawable: Bad element under : shadowColor
04-09 09:31:14.925 1070 1070 I NetflixService: fg: false mIsNetflixFg: false
04-09 09:31:14.930 24960 24960 D TvActivity: (TvActivity.java:1694)onWindowFocusChanged: ...true mIsActivityFromIntent -> false mActivityVisible false
04-09 09:31:14.930 24960 24960 D TvActivity: findBestPlayChannel: prePlayServiceId = -1 , isFindChannelByServiceId = false
04-09 09:31:14.930 24960 24960 D TvActivity: findBestPlayChannel: Hunyadi TV id = 152 serviceId = 6066
04-09 09:31:14.930 24960 24960 D TvActivity: onWindowFocusChanged: true
04-09 09:31:14.936 689 15155 I ImeTracker: com.nes.seilivetv:7fcbd1b6: onRequestHide at ORIGIN_SERVER_HIDE_INPUT reason HIDE_UNSPECIFIED_WINDOW
04-09 09:31:14.936 689 15155 I ImeTracker: com.nes.seilivetv:7fcbd1b6: onCancelled at PHASE_SERVER_SHOULD_HIDE
04-09 09:31:14.938 15631 15631 I GoogleInputMethodService: GoogleInputMethodService.onFinishInput():2084
04-09 09:31:14.939 15631 15631 I Module : DeviceLockedStatusModuleProvider$Module.updateDeviceLockedStatus():101 repeatCheckTimes = 0, locked = false
04-09 09:31:14.940 15631 15631 I GoogleInputMethodService: GoogleInputMethodService.onStartInput():1345 onStartInput(EditorInfo{EditorInfo{packageName=com.nes.seilivetv, inputType=0, inputTypeString=NULL, enableLearning=false, autoCorrection=false, autoComplete=false, imeOptions=0, privateImeOptions=null, actionName=UNSPECIFIED, actionLabel=null, initialSelStart=-1, initialSelEnd=-1, initialCapsMode=0, label=null, fieldId=0, fieldName=null, extras=null, hintText=null, hintLocales=[]}}, false)
04-09 09:31:14.946 15631 15631 I Module : DeviceLockedStatusModuleProvider$Module.updateDeviceLockedStatus():101 repeatCheckTimes = 1, locked = false
04-09 09:31:14.947 689 2593 W PackageConfigPersister: App-specific configuration not found for packageName: com.nes.seilivetv and userId: 0
04-09 09:31:14.968 1070 1070 I ThermalService: CPU temperatures: [44.7]
04-09 09:31:14.979 491 568 W libc : Access denied finding property ""
04-09 09:31:14.981 24960 24960 D TvActivity: (TvActivity.java:1371)tuneChannel: Hunyadi TV, tuneChannelMode = 0, ignoreSame = false
04-09 09:31:14.981 24960 24960 D TvActivity: (TvActivity.java:1390)tuneChannel: isPlaying : false
04-09 09:31:14.982 24960 24960 D TvActivity: (TvActivity.java:1391)tuneChannel: isPlaying : null
04-09 09:31:14.982 24960 24960 D TvActivity: (TvActivity.java:1398)tuneChannel: org.dtvkit.inputsource/.DtvkitTvInput/HW19
04-09 09:31:14.976 491 491 W binder:491_2: type=1400 audit(0.0:1160894): avc: denied { read } for name="u:object_r:default_prop:s0" dev="tmpfs" ino=182 scontext=u:r:hal_audio_default:s0 tcontext=u:object_r:default_prop:s0 tclass=file permissive=0
04-09 09:31:14.983 24960 24960 D TUNE_CHANNEL_TEST: java -- [LogUtils.java.x#168] tuneChannel start: Hunyadi TV
04-09 09:31:14.983 24960 24960 D LiveTvView: tuneChannel: true
04-09 09:31:14.986 1233 1233 D AbsDtvkitTvInput: (AbsDtvkitTvInput.java:462)init already
04-09 09:31:14.986 24960 24960 D LiveTvView: updateBlockScreenAndMuting: 1, 5
04-09 09:31:14.987 24960 24960 D LiveTvView: updateBlockScreen: blockReason = 1
04-09 09:31:14.987 24960 24960 D TvActivity: (TvActivity.java:1563)tuneStatus: true
04-09 09:31:14.988 689 2593 I MediaFocusControl: requestAudioFocus() from uid/pid 1000/24960 AA=USAGE_MEDIA/CONTENT_TYPE_MUSIC clientId=android.media.AudioManager@a0192cccom.nes.seilivetv.data.AudioManagerHelper@32dd915 callingPack=com.nes.seilivetv req=2 flags=0x3 sdk=33
04-09 09:31:14.988 1233 1233 D DeviceUtils: equalsProductName: target -> SEI730BSVU productName ->SEI804HM
04-09 09:31:14.989 24960 24960 D AudioManagerHelper: setVolumeByAudioFocusStatus: isPlaying : true audioFocusStatus : 1
04-09 09:31:14.989 24960 24960 D LiveTvView: setStreamVolume 1.0
04-09 09:31:14.989 24960 24960 D ChannelDataManager: (ChannelDataManager.kt:243)setCurrentChannel: Hunyadi TV
04-09 09:31:14.991 24960 24960 D TAG : (BaseChannelDataManager.kt:37)setLastWatchChannel: 152
04-09 09:31:14.991 1233 1233 D DeviceUtils: equalsProductName: target -> SEID30BSVU productName ->SEI804HM
04-09 09:31:14.991 24960 24960 D HBBTVManager: setCurrentChannel: channel name = Hunyadi TV
04-09 09:31:14.991 24960 24960 D com.example.hbbtvlib.utils.ChannelUtils: getIdType: idType = 10
04-09 09:31:14.991 1233 1233 I DtvkitTvInputSession: (AbsDtvkitTvInput.java:1935)DtvkitTvInputSession create
04-09 09:31:14.992 857 862 I dtvkitserver: request resource:Recording.getStatus, json:[]
04-09 09:31:14.992 24960 24960 D com.example.hbbtvlib.utils.ChannelUtils: getNetworkId: 20845
04-09 09:31:14.992 857 862 I Glue : request : Recording.getStatus , reply : {
04-09 09:31:14.992 857 862 I Glue : "accepted" : true,
04-09 09:31:14.992 857 862 I Glue : "data" :
04-09 09:31:14.992 857 862 I Glue : {
04-09 09:31:14.992 857 862 I Glue : "active" : false,
04-09 09:31:14.992 857 862 I Glue : "activerecordings" : []
04-09 09:31:14.992 857 862 I Glue : }
04-09 09:31:14.992 857 862 I Glue : }
04-09 09:31:14.992 24960 24960 D com.example.hbbtvlib.utils.ChannelUtils: getDsd:
04-09 09:31:14.993 24960 24960 D TvActivity: (TvActivity.java:1619)updateChannelInfoBar: true
04-09 09:31:14.993 24960 24960 D ChannelInfoBarView: updateView: com.nes.datalibrary.data.channel.Channel@fe86773
04-09 09:31:14.994 1233 1233 D DtvKitPlayer: recordingGetActiveRecordings: []
04-09 09:31:14.994 1233 1233 I DtvkitTvInputSession: (AbsDtvkitTvInput.java:1941)numActiveRecordings: 0
04-09 09:31:14.995 1233 1233 D DtvkitTvInputSession: (AbsDtvkitTvInput.java:4251)initWorkThread
04-09 09:31:14.997 24960 24960 D ProgramsDataManager: queryChannelsProgramFromDatabase: needQueryChannels size = 1
04-09 09:31:14.998 24960 25051 D DEBUG : (QueryChannelsProgramsManager.java:71)doInBackground: startTime = 1775685600000
04-09 09:31:14.998 24960 24960 E DataCollector: updateChannelData: channel is null...
04-09 09:31:14.998 24960 25051 D DEBUG : (QueryChannelsProgramsManager.java:72)doInBackground: endTime = 1775772000000
04-09 09:31:14.998 24960 25051 D QueryChannelsProgramsManager: (QueryChannelsProgramsManager.java:166)queryOneChannelPrograms: start query channel_id = 152 epg from database
04-09 09:31:15.006 1233 1233 D AbsDtvkitTvInput: (AbsDtvkitTvInput.java:859)onCreateSession: org.dtvkit.inputsource.AbsDtvkitTvInput$DtvkitTvInputSession@e65f0fe
04-09 09:31:15.006 1233 1233 I AbsDtvkitTvInput: (AbsDtvkitTvInput.java:868)addTunerSession index = 6
04-09 09:31:15.034 24960 25051 D QueryChannelsProgramsManager: (QueryChannelsProgramsManager.java:81)doInBackground: spend time = 35
04-09 09:31:15.035 262 262 E DMABUFHEAPS: Unable to allocate from DMA-BUF heap: heap-gfx: Out of memory
04-09 09:31:15.035 262 262 E DMABUFHEAPS: No ion heap of name heap-gfx exists
04-09 09:31:15.035 262 262 E DMABUFHEAPS: No ion heap of name heap-gfx exists
04-09 09:31:15.035 262 262 W mali_gralloc: libdmabufheap allocation failed for heap-gfx heap, falling back to system heap
04-09 09:31:15.037 1233 1233 D DtvkitTvInputSession: (AbsDtvkitTvInput.java:1982)onSetMain, isMain: true mCurrentDtvkitTvInputSessionIndex is 6
04-09 09:31:15.037 1233 1233 I PropSettingManager: getBoolean key = vendor.tv.dtv.pipfcc.architecture, result = false
04-09 09:31:15.038 334 1038 E SystemControl: [/SysWrite.cpp, writeSys, 288] write /sys/class/video/video_inuse failed!
04-09 09:31:15.041 1233 1233 I DtvkitTvInputSession: (AbsDtvkitTvInput.java:2290)onSetSurface Surface(name=null)/@0x349305f, mDtvkitTvInputSessionCount = 6, mCurrentDtvkitTvInputSessionIndex = 6
04-09 09:31:15.047 1233 1248 D AbsDtvkitTvInput: onStreamConfigChanged configs : [TvStreamConfig {mStreamId=1;mType=1;mGeneration=1}, TvStreamConfig {mStreamId=2;mType=1;mGeneration=1}]
04-09 09:31:15.048 1233 1248 I AbsDtvkitTvInput: (AbsDtvkitTvInput.java:912)getMainTunerSession index = 6
04-09 09:31:15.048 1233 1248 D AbsDtvkitTvInput: (AbsDtvkitTvInput.java:890)getCurrentValidSession: main org.dtvkit.inputsource.AbsDtvkitTvInput$DtvkitTvInputSession@e65f0fe
04-09 09:31:15.048 1233 1233 I PropSettingManager: getBoolean key = vendor.tv.dtv.pipfcc.architecture, result = false
04-09 09:31:15.048 1233 1248 D DtvkitTvInputSession: (AbsDtvkitTvInput.java:2384)onConfigReady: checking pending surface. mIsPip=false
04-09 09:31:15.048 1233 1233 D DtvkitTvInputSession: (AbsDtvkitTvInput.java:2317)mCurrentDtvkitTvInputSessionIndex TvView no need swich, mSurface is same ?
04-09 09:31:15.054 1233 1233 I AudioConfigManager: refreshAudioCfgBySrc src:[1]SRC_DTV, delayEnable:false
04-09 09:31:15.054 24960 24960 D ProgramsDataManager: onProgramLoadedCallback: channelsProgramMaps size = 1
04-09 09:31:15.054 24960 24960 D EpgMenuFragment: (EpgMenuFragment.java:393)queryFinishCallback call
04-09 09:31:15.055 24960 24960 D EpgMenuFragment: (EpgMenuFragment.java:393)queryFinishCallback call
04-09 09:31:15.055 24960 24960 D EpgMenuFragment: (EpgMenuFragment.java:393)queryFinishCallback call
04-09 09:31:15.055 24960 24960 D ChannelInfoBarView: queryFinishCallback:
04-09 09:31:15.055 24960 24960 E ChannelInfoBarView: (ChannelInfoBarView.java:291)getCurChannelProgram is null
04-09 09:31:15.056 24960 24960 E ChannelInfoBarView: (ChannelInfoBarView.java:291)getCurChannelProgram is null
04-09 09:31:15.057 24960 24960 D EpgMenuFragment: (EpgMenuFragment.java:335)UI_MSG_REDRAW_EGPVIEW
04-09 09:31:15.058 24960 24960 D EpgMenuFragment: (EpgMenuFragment.java:335)UI_MSG_REDRAW_EGPVIEW
04-09 09:31:15.058 24960 24960 D EpgMenuFragment: (EpgMenuFragment.java:335)UI_MSG_REDRAW_EGPVIEW
04-09 09:31:15.059 1233 1233 D DtvkitTvInputSession: (AbsDtvkitTvInput.java:2214)sendSetSurfaceMessage status = true, surface = Surface(name=null)/@0x349305f, config = TvStreamConfig {mStreamId=1;mType=1;mGeneration=1}
04-09 09:31:15.059 1233 1332 I AbsDtvkitTvInput: (AbsDtvkitTvInput.java:883)getTunerSession index = 6 result -> org.dtvkit.inputsource.AbsDtvkitTvInput$DtvkitTvInputSession@e65f0fe
04-09 09:31:15.059 1233 1332 D AbsDtvkitTvInput: handleMessage: MSG_SESSION_SET_SURFACE true
04-09 09:31:15.059 1233 1233 D DtvkitTvInputSession: (AbsDtvkitTvInput.java:2375)onSetSurface: end
04-09 09:31:15.059 1233 1332 I DtvkitTvInputSession: (AbsDtvkitTvInput.java:2165)doSetSurface index = 6
04-09 09:31:15.059 1233 1332 D DtvkitTvInputSession: (AbsDtvkitTvInput.java:2172)doSetSurface surface = Surface(name=null)/@0x349305f, config = TvStreamConfig {mStreamId=1;mType=1;mGeneration=1}
04-09 09:31:15.059 1233 1233 I DtvkitTvInputSession: (AbsDtvkitTvInput.java:2401)onSurfaceChanged 4, 1920, 1080, index = 6
04-09 09:31:15.060 1233 1233 D DtvkitTvInputSession: (AbsDtvkitTvInput.java:2426)onOverlayViewSizeChanged: 1920 : 1080
04-09 09:31:15.060 1233 1233 E kit.inputsource: Invalid resource ID 0x00000000.
04-09 09:31:15.061 1233 1233 I DtvkitOverlayView: onCreateDtvkitOverlayView
04-09 09:31:15.062 1233 1233 W libc : Access denied finding property "persist.vendor.tif.subtitleflg"
04-09 09:31:15.063 1233 1233 I PropSettingManager: getBoolean key = vendor.tv.dtv.pipfcc.architecture, result = false
04-09 09:31:15.063 1233 1233 I DtvkitCiMenu: onCreateCiMenuView
04-09 09:31:15.063 536 536 D tv_input: checkDeviceID supportDevices[3] = 19
04-09 09:31:15.063 1233 1233 I DtvkitCiMenu: set MMI Menu Invisible
04-09 09:31:15.066 536 536 D tv_input: tv_input_get_stream_configurations:Hot plug enabled!
04-09 09:31:15.066 536 536 D tv_input: tv_input_get_stream_configurations source = 19, status = 1
04-09 09:31:15.067 536 536 D android.hardware.tv.input-service: getStreamConfigurations streamId:1 width:1920, height:1080
04-09 09:31:15.067 536 536 D android.hardware.tv.input-service: getStreamConfigurations streamId:2 width:1920, height:1080
04-09 09:31:15.067 536 536 D tv_input: open_stream: device_id = 19, streamid = 1, mStreamGivenId = -1, mDeviceGivenId = -1
04-09 09:31:15.067 536 536 D tv_input: checkDeviceID supportDevices[3] = 19
04-09 09:31:15.067 536 536 D tv_input: fixed_tunnel =-1
04-09 09:31:15.067 536 536 D tv_input: getTvStream stream_id = 1
04-09 09:31:15.067 536 536 D tv_input: new stream tunnel id: 1
04-09 09:31:15.068 536 536 E TvInputIntf: writeSys, open /sys/class/video/tvin_source_type fail.
04-09 09:31:15.068 536 536 D TvInputIntf: isTvPlatform: 0.
04-09 09:31:15.068 536 536 I tv_input: channelControl, device id:19, startTV.
04-09 09:31:15.068 536 536 D TvInputIntf: isTvPlatform: 0.
04-09 09:31:15.069 1233 1233 D DtvkitGlueClient: registerSignalHandler org.dtvkit.inputsource.CiMenuView$1@7ac1f0a
04-09 09:31:15.070 1233 1233 D CCSubtitleView: subtitle view init
04-09 09:31:15.072 491 714 I audio_hw_hal_primary: [aml_audio_output_routing:3867] cur_devices:0x400 unmute_devices:0, mute_devices:0
04-09 09:31:15.072 491 714 I audio_hw_device_patchmgr: [patch_mgr_create_patch:871] Patch 25: DEVICE->DEVICE, num_src:1 num_sink:1 patch_src:INVAL
04-09 09:31:15.072 491 714 I audio_hw_device_patchmgr: [patch_mgr_create_patch:875] sink[0]: OUT_HDMI(id:23)
04-09 09:31:15.072 491 714 I audio_hw_device_patchmgr: [patch_mgr_create_patch:892] Patch 25: dev[IN_TV_TUNER(id:3)] -> dev_0[OUT_HDMI(id:23)], patch_src:ATV
04-09 09:31:15.072 491 714 I audio_hw_device_patchmgr: [patch_mgr_create_patch:893] hal input port:TUNER, all output dev:0x80002
04-09 09:31:15.072 1070 1172 D UEventObserver: change@/devices/platform/auge_sound/sound/card0/controlC0ACTION=changeDEVPATH=/devices/platform/auge_sound/sound/card0/controlC0SUBSYSTEM=soundAUDIO_FORMAT=0MAJOR=116MINOR=15DEVNAME=snd/controlC0SEQNUM=5532
04-09 09:31:15.072 491 714 I audio_hw_hal_primary: [adev_create_audio_patch:8067] dev=0xf1746040 cur_out_device=0x400
04-09 09:31:15.079 491 714 I audio_hw_hal_primary: [adev_set_audio_port_config:8455] id:3, dev:IN_TV_TUNER, role:SOURCE, type:DEVICE, gain:-200
04-09 09:31:15.079 491 714 I audio_hw_hal_resourcemgr: [set_inport_gain:260] port:TUNER gain:0.7943
04-09 09:31:15.079 491 714 I audio_hw_hal_resourcemgr: [get_inport_gain:271] port:TUNER gain:0.7943
04-09 09:31:15.079 491 714 I audio_hw_hal_primary: [adev_set_audio_port_config:8499] set src_gain[TUNER]: 0.794329, cur_out_devices:0x400
04-09 09:31:15.079 491 714 I audio_hw_hal_primary: [adev_set_audio_port_config:8524] set sink_gain[HDMI]: 0.794329, cur_out_devices:0x400
04-09 09:31:15.079 491 714 E audio_hw_hal_primary: set sink_gain is_SBR = 0 , b_dap_8ch_hdmiout = 0
04-09 09:31:15.080 1233 1332 W AudioSystemCmdManager: mAudioSystemCmdService is null, pls check stack:
04-09 09:31:15.082 1233 1332 W AudioSystemCmdManager: java.lang.Throwable
04-09 09:31:15.082 1233 1332 W AudioSystemCmdManager: at com.droidlogic.app.AudioSystemCmdManager.audioCmdServiceIsNull(AudioSystemCmdManager.java:185)
04-09 09:31:15.082 1233 1332 W AudioSystemCmdManager: at com.droidlogic.app.AudioSystemCmdManager.updateAudioPortGain(AudioSystemCmdManager.java:221)
04-09 09:31:15.082 1233 1332 W AudioSystemCmdManager: at org.dtvkit.inputsource.AbsDtvkitTvInput$DtvkitTvInputSession.doSetSurface(AbsDtvkitTvInput.java:2188)
04-09 09:31:15.082 1233 1332 W AudioSystemCmdManager: at org.dtvkit.inputsource.AbsDtvkitTvInput$DtvkitTvInputSession.access$1900(AbsDtvkitTvInput.java:1861)
04-09 09:31:15.082 1233 1332 W AudioSystemCmdManager: at org.dtvkit.inputsource.AbsDtvkitTvInput$5.handleMessage(AbsDtvkitTvInput.java:757)
04-09 09:31:15.082 1233 1332 W AudioSystemCmdManager: at android.os.Handler.dispatchMessage(Handler.java:102)
04-09 09:31:15.082 1233 1332 W AudioSystemCmdManager: at android.os.Looper.loopOnce(Looper.java:205)
04-09 09:31:15.082 1233 1332 W AudioSystemCmdManager: at android.os.Looper.loop(Looper.java:294)
04-09 09:31:15.082 1233 1332 W AudioSystemCmdManager: at android.os.HandlerThread.run(HandlerThread.java:67)
04-09 09:31:15.083 1233 1332 D DtvkitTvInputSession: (AbsDtvkitTvInput.java:2191)updateAudioPortGain 1
04-09 09:31:15.083 857 862 I dtvkitserver: request resource:Player.setSurface, json:[0,1]
04-09 09:31:15.083 857 862 I PlayerInterface: setSurface[0] [0x1]
04-09 09:31:15.083 857 862 I PlayerInterface: Surface[0x1->0x1]
04-09 09:31:15.083 857 862 I Glue : request : Player.setSurface , reply : {
04-09 09:31:15.083 857 862 I Glue : "accepted" : true,
04-09 09:31:15.083 857 862 I Glue : "data" : true
04-09 09:31:15.083 857 862 I Glue : }
04-09 09:31:15.106 1070 1070 I NetflixService: fg: false mIsNetflixFg: false
04-09 09:31:15.137 1233 1233 D DtvkitOverlayView: initRelativeLayout
04-09 09:31:15.139 1233 1233 I PropSettingManager: getBoolean key = vendor.tv.dtv.pipfcc.architecture, result = false
04-09 09:31:15.139 857 862 I dtvkitserver: request resource:Player.setRectangle, json:[0,0,0,1920,1080]
04-09 09:31:15.139 857 862 I Glue : request : Player.setRectangle , reply : {
04-09 09:31:15.139 857 862 I Glue : "accepted" : true,
04-09 09:31:15.139 857 862 I Glue : "data" : true
04-09 09:31:15.139 857 862 I Glue : }
04-09 09:31:15.140 1233 1233 D DeviceUtils: isDisableSendSignalInfo: false
04-09 09:31:15.141 689 2593 E ActivityManager: Sending non-protected broadcast com.nes.action.mail.status from system 1233:org.dtvkit.inputsource/u0a45 pkg org.dtvkit.inputsource
04-09 09:31:15.141 689 2593 E ActivityManager: java.lang.Throwable
04-09 09:31:15.141 689 2593 E ActivityManager: at com.android.server.am.ActivityManagerService.checkBroadcastFromSystem(ActivityManagerService.java:14334)
04-09 09:31:15.141 689 2593 E ActivityManager: at com.android.server.am.ActivityManagerService.broadcastIntentLockedTraced(ActivityManagerService.java:15159)
04-09 09:31:15.141 689 2593 E ActivityManager: at com.android.server.am.ActivityManagerService.broadcastIntentLocked(ActivityManagerService.java:14398)
04-09 09:31:15.141 689 2593 E ActivityManager: at com.android.server.am.ActivityManagerService.broadcastIntentWithFeature(ActivityManagerService.java:15364)
04-09 09:31:15.141 689 2593 E ActivityManager: at android.app.IActivityManager$Stub.onTransact(IActivityManager.java:2653)
04-09 09:31:15.141 689 2593 E ActivityManager: at com.android.server.am.ActivityManagerService.onTransact(ActivityManagerService.java:2720)
04-09 09:31:15.141 689 2593 E ActivityManager: at android.os.Binder.execTransactInternal(Binder.java:1339)
04-09 09:31:15.141 689 2593 E ActivityManager: at android.os.Binder.execTransact(Binder.java:1275)
04-09 09:31:15.143 1233 1233 W TvInputSessionWrapper: Handling message (10) took too long time (duration=83ms)
04-09 09:31:15.146 1233 1233 I DtvkitTvInputSession: (AbsDtvkitTvInput.java:2547)onSetStreamVolume 1.0, mute false index = 6
04-09 09:31:15.146 1233 1233 I PropSettingManager: getBoolean key = vendor.tv.dtv.pipfcc.architecture, result = false
04-09 09:31:15.146 857 862 I dtvkitserver: request resource:Player.setMute, json:[0,false]
04-09 09:31:15.147 857 862 I Glue : request : Player.setMute , reply : {
04-09 09:31:15.147 857 862 I Glue : "accepted" : true,
04-09 09:31:15.147 857 862 I Glue : "data" : true
04-09 09:31:15.147 857 862 I Glue : }
04-09 09:31:15.147 1233 1233 I DtvkitTvInputSession: (AbsDtvkitTvInput.java:2504)onTune content://android.media.tv/channel/152 index = 6
04-09 09:31:15.148 689 2593 E ActivityManager: Sending non-protected broadcast com.nes.dtv.action.ACTION_NOTIFY_DTV_CHANNEL_LOADED from system 1233:org.dtvkit.inputsource/u0a45 pkg org.dtvkit.inputsource
04-09 09:31:15.148 689 2593 E ActivityManager: java.lang.Throwable
04-09 09:31:15.148 689 2593 E ActivityManager: at com.android.server.am.ActivityManagerService.checkBroadcastFromSystem(ActivityManagerService.java:14334)
04-09 09:31:15.148 689 2593 E ActivityManager: at com.android.server.am.ActivityManagerService.broadcastIntentLockedTraced(ActivityManagerService.java:15159)
04-09 09:31:15.148 689 2593 E ActivityManager: at com.android.server.am.ActivityManagerService.broadcastIntentLocked(ActivityManagerService.java:14398)
04-09 09:31:15.148 689 2593 E ActivityManager: at com.android.server.am.ActivityManagerService.broadcastIntentWithFeature(ActivityManagerService.java:15364)
04-09 09:31:15.148 689 2593 E ActivityManager: at android.app.IActivityManager$Stub.onTransact(IActivityManager.java:2653)
04-09 09:31:15.148 689 2593 E ActivityManager: at com.android.server.am.ActivityManagerService.onTransact(ActivityManagerService.java:2720)
04-09 09:31:15.148 689 2593 E ActivityManager: at android.os.Binder.execTransactInternal(Binder.java:1339)
04-09 09:31:15.148 689 2593 E ActivityManager: at android.os.Binder.execTransact(Binder.java:1275)
04-09 09:31:15.150 20919 20919 D Soundeq-PlayerManager: onReceive action:com.nes.dtv.action.ACTION_NOTIFY_DTV_CHANNEL_LOADED
04-09 09:31:15.150 20919 20919 D Soundeq-DiscoverService: onVideoPlay type:0
04-09 09:31:15.151 20919 20919 D Soundeq-DiscoverService: boxIdle true
04-09 09:31:15.151 1233 1233 D DtvkitTvInputSession: (AbsDtvkitTvInput.java:5533)getChannel start: content://android.media.tv/channel/152
04-09 09:31:15.151 1233 1233 D DtvkitTvInputSession: (AbsDtvkitTvInput.java:5536)getChannel channel id: 152
04-09 09:31:15.151 1233 1233 D DtvkitTvInputSession: (AbsDtvkitTvInput.java:5540)getChannel end: content://android.media.tv/channel/152
04-09 09:31:15.151 857 862 I dtvkitserver: request resource:Dvb.saveDefaultChannelId, json:[152]
04-09 09:31:15.152 857 862 I DvbInterface: [saveDefaultChannelId] [channelId: 152]
04-09 09:31:15.152 857 862 I DTVKIT_LOG: [ACTL_PrepareParametersforLockStatus] [path: 0]
04-09 09:31:15.152 857 862 I DTVKIT_LOG: STB_DPSetLockEnable(0): state 0
04-09 09:31:15.152 857 862 I DTVKIT_LOG: STB_DPSetReleaseLockStatus(0): ret_val: 0
04-09 09:31:15.152 857 862 I Glue : request : Dvb.saveDefaultChannelId , reply : {
04-09 09:31:15.152 857 862 I Glue : "accepted" : true,
04-09 09:31:15.152 857 862 I Glue : "data" : true
04-09 09:31:15.152 857 862 I Glue : }
04-09 09:31:15.152 1233 1233 D DtvkitTvInputSession: (AbsDtvkitTvInput.java:2534)sendMessage true
04-09 09:31:15.152 1233 1332 I AbsDtvkitTvInput: (AbsDtvkitTvInput.java:883)getTunerSession index = 6 result -> org.dtvkit.inputsource.AbsDtvkitTvInput$DtvkitTvInputSession@e65f0fe
04-09 09:31:15.152 1233 1332 D AbsDtvkitTvInput: handleMessage: MSG_SESSION_ON_TUNE > true mSurface : Surface(name=null)/@0x349305f
04-09 09:31:15.152 1233 1332 I DtvkitTvInputSession: (AbsDtvkitTvInput.java:4876)onTuneByHandlerThreadHandle content://android.media.tv/channel/152 index = 6, mIsPip = false
04-09 09:31:15.153 1233 1332 D DtvkitTvInputSession: (AbsDtvkitTvInput.java:4897)onTuneByHandlerThreadHandle Acquire mMainSessionSemaphore ok
04-09 09:31:15.153 1233 1332 I PropSettingManager: getBoolean key = vendor.tv.dtv.pipfcc.architecture, result = false
04-09 09:31:15.153 1233 1332 I DtvkitTvInputSession: (AbsDtvkitTvInput.java:5451)calling removeScheduleTimeshiftRecordingTask
04-09 09:31:15.153 1233 1233 I DtvkitTvInputSession: (AbsDtvkitTvInput.java:2538)onTune will be Done in onTuneByHandlerThreadHandle
04-09 09:31:15.153 1233 1233 D DtvkitTvInputSession: (AbsDtvkitTvInput.java:4696)MainHandler [[[:23, sessionIndex = 6
04-09 09:31:15.153 857 862 I dtvkitserver: request resource:Recording.getStatus, json:[]
04-09 09:31:15.154 857 862 I Glue : request : Recording.getStatus , reply : {
04-09 09:31:15.154 857 862 I Glue : "accepted" : true,
04-09 09:31:15.154 857 862 I Glue : "data" :
04-09 09:31:15.154 857 862 I Glue : {
04-09 09:31:15.154 857 862 I Glue : "active" : false,
04-09 09:31:15.154 857 862 I Glue : "activerecordings" : []
04-09 09:31:15.154 857 862 I Glue : }
04-09 09:31:15.154 857 862 I Glue : }
04-09 09:31:15.154 1233 1332 D DtvKitPlayer: recordingGetActiveRecordings: []
04-09 09:31:15.154 1233 1332 I DtvkitTvInputSession: (AbsDtvkitTvInput.java:1963)numActiveRecordings: 0
04-09 09:31:15.154 1233 1332 D AbsDtvkitTvInput: updateTunerNumber start
04-09 09:31:15.154 857 862 I dtvkitserver: request resource:Dvb.getListOfFrontends, json:[]
04-09 09:31:15.155 1233 1233 D DtvkitTvInputSession: (AbsDtvkitTvInput.java:4826)MainHandler 23, sessionIndex = 6done]]]
04-09 09:31:15.155 857 862 I DvbInterface: WriteFrontend strength(0):0 VERSION:202510130
04-09 09:31:15.155 857 862 I DvbInterface: WriteFrontend strength(1):0 VERSION:202510130
04-09 09:31:15.155 857 862 I Glue : request : Dvb.getListOfFrontends , reply : {
04-09 09:31:15.155 857 862 I Glue : "accepted" : true,
04-09 09:31:15.155 857 862 I Glue : "data" :
04-09 09:31:15.155 857 862 I Glue : [
04-09 09:31:15.155 857 862 I Glue : {
04-09 09:31:15.155 857 862 I Glue : "band" : 0,
04-09 09:31:15.155 857 862 I Glue : "frequency" : 0,
04-09 09:31:15.155 857 862 I Glue : "frontendpath" : 0,
04-09 09:31:15.155 857 862 I Glue : "integrity" : 0,
04-09 09:31:15.155 857 862 I Glue : "mode" : 0,
04-09 09:31:15.155 857 862 I Glue : "polarity" : 0,
04-09 09:31:15.155 857 862 I Glue : "strength" : 0,
04-09 09:31:15.155 857 862 I Glue : "symbolRate" : 0,
04-09 09:31:15.155 857 862 I Glue : "tpId" : 0,
04-09 09:31:15.155 857 862 I Glue : "type" : "none",
04-09 09:31:15.155 857 862 I Glue : "usage" : "unknown"
04-09 09:31:15.155 857 862 I Glue : },
04-09 09:31:15.155 857 862 I Glue : {
04-09 09:31:15.155 857 862 I Glue : "band" : 0,
04-09 09:31:15.155 857 862 I Glue : "frequency" : 0,
04-09 09:31:15.155 857 862 I Glue : "frontendpath" : 1,
04-09 09:31:15.155 857 862 I Glue : "integrity" : 0,
04-09 09:31:15.155 857 862 I Glue : "mode" : 0,
04-09 09:31:15.155 857 862 I Glue : "polarity" : 0,
04-09 09:31:15.155 857 862 I Glue : "strength" : 0,
04-09 09:31:15.155 857 862 I Glue : "symbolRate" : 0,
04-09 09:31:15.155 857 862 I Glue : "tpId" : 0,
04-09 09:31:15.155 857 862 I Glue : "type" : "none",
04-09 09:31:15.155 857 862 I Glue : "usage" : "unknown"
04-09 09:31:15.155 857 862 I Glue : }
04-09 09:31:15.155 857 862 I Glue : ]
04-09 09:31:15.155 857 862 I Glue : }
04-09 09:31:15.155 1233 1233 D DtvkitTvInputSession: (AbsDtvkitTvInput.java:2426)onOverlayViewSizeChanged: 1920 : 1080
04-09 09:31:15.155 1233 1233 I PropSettingManager: getBoolean key = vendor.tv.dtv.pipfcc.architecture, result = false
04-09 09:31:15.155 1233 1332 D DtvKitPlayer: getNumTuners args = [{"band":0,"frequency":0,"frontendpath":0,"integrity":0,"mode":0,"polarity":0,"strength":0,"symbolRate":0,"tpId":0,"type":"none","usage":"unknown"},{"band":0,"frequency":0,"frontendpath":1,"integrity":0,"mode":0,"polarity":0,"strength":0,"symbolRate":0,"tpId":0,"type":"none","usage":"unknown"}]
04-09 09:31:15.155 1233 1332 I DtvKitPlayer: numTuners: 2
04-09 09:31:15.156 857 862 I dtvkitserver: request resource:Player.setRectangle, json:[0,0,0,1920,1080]
04-09 09:31:15.156 1233 1332 I PropSettingManager: getBoolean key = vendor.tv.dtv.pipfcc.architecture, result = false
04-09 09:31:15.156 1233 1332 I PropSettingManager: getBoolean key = vendor.tv.dtv.enable.fcc, result = false
04-09 09:31:15.156 1233 1332 D AbsDtvkitTvInput: updateTunerNumber new count 2, supportPip = false, supportFcc = false
04-09 09:31:15.156 857 862 I Glue : request : Player.setRectangle , reply : {
04-09 09:31:15.156 857 862 I Glue : "accepted" : true,
04-09 09:31:15.156 857 862 I Glue : "data" : true
04-09 09:31:15.156 857 862 I Glue : }
04-09 09:31:15.157 1233 1332 D AbsDtvkitTvInput: updateTunerNumber noChange
04-09 09:31:15.157 1233 1332 I PropSettingManager: getInt key = vendor.tv.dtv.tf.mins, result = 60
04-09 09:31:15.157 1233 1332 I PropSettingManager: getInt key = vendor.tv.dtv.tf.mbs, result = 0
04-09 09:31:15.157 1233 1233 D DeviceUtils: isDisableSendSignalInfo: false
04-09 09:31:15.157 857 862 I dtvkitserver: request resource:Player.setTimeshiftBufferSize, json:[60,0]
04-09 09:31:15.158 857 862 I DTVKIT_LOG: APP_NvmSave: nvm_item = 0x2b, new_value=60, write_now=TRUE
04-09 09:31:15.158 857 862 I DTVKIT_LOG: APP_NvmSave: nvm_item = 0x2c, new_value=0, write_now=TRUE
04-09 09:31:15.158 689 15155 E ActivityManager: Sending non-protected broadcast com.nes.action.mail.status from system 1233:org.dtvkit.inputsource/u0a45 pkg org.dtvkit.inputsource
04-09 09:31:15.158 689 15155 E ActivityManager: java.lang.Throwable
04-09 09:31:15.158 689 15155 E ActivityManager: at com.android.server.am.ActivityManagerService.checkBroadcastFromSystem(ActivityManagerService.java:14334)
04-09 09:31:15.158 689 15155 E ActivityManager: at com.android.server.am.ActivityManagerService.broadcastIntentLockedTraced(ActivityManagerService.java:15159)
04-09 09:31:15.158 689 15155 E ActivityManager: at com.android.server.am.ActivityManagerService.broadcastIntentLocked(ActivityManagerService.java:14398)
04-09 09:31:15.158 689 15155 E ActivityManager: at com.android.server.am.ActivityManagerService.broadcastIntentWithFeature(ActivityManagerService.java:15364)
04-09 09:31:15.158 689 15155 E ActivityManager: at android.app.IActivityManager$Stub.onTransact(IActivityManager.java:2653)
04-09 09:31:15.158 689 15155 E ActivityManager: at com.android.server.am.ActivityManagerService.onTransact(ActivityManagerService.java:2720)
04-09 09:31:15.158 689 15155 E ActivityManager: at android.os.Binder.execTransactInternal(Binder.java:1339)
04-09 09:31:15.158 689 15155 E ActivityManager: at android.os.Binder.execTransact(Binder.java:1275)
04-09 09:31:15.158 857 862 I Glue : request : Player.setTimeshiftBufferSize , reply : {
04-09 09:31:15.158 857 862 I Glue : "accepted" : true,
04-09 09:31:15.158 857 862 I Glue : "data" : true
04-09 09:31:15.158 857 862 I Glue : }
04-09 09:31:15.159 1233 1332 D AbsDtvkitTvInput: (AbsDtvkitTvInput.java:6377)getRecordPath:
04-09 09:31:15.160 1233 1332 D DtvkitTvInputSession: (AbsDtvkitTvInput.java:5533)getChannel start: content://android.media.tv/channel/152
04-09 09:31:15.160 1233 1332 D DtvkitTvInputSession: (AbsDtvkitTvInput.java:5536)getChannel channel id: 152
04-09 09:31:15.160 1233 1332 D DtvkitTvInputSession: (AbsDtvkitTvInput.java:5540)getChannel end: content://android.media.tv/channel/152
04-09 09:31:15.162 857 862 I dtvkitserver: request resource:Mheg.stop, json:[]
04-09 09:31:15.162 1233 1233 I DtvkitTvInputSession: (AbsDtvkitTvInput.java:2407)onCreateOverlayView index = 6
04-09 09:31:15.162 857 862 I Glue : request : Mheg.stop , reply : {
04-09 09:31:15.162 857 862 I Glue : "accepted" : false,
04-09 09:31:15.162 857 862 I Glue : "data" : "Bad request"
04-09 09:31:15.162 857 862 I Glue : }
04-09 09:31:15.163 1233 1332 E DtvKitPlayer: mhegStop = Bad request
04-09 09:31:15.163 1233 1332 D DtvKitPlayer: stopHbbtv
04-09 09:31:15.163 1233 1233 D DeviceUtils: isDisableSendSignalInfo: false
04-09 09:31:15.163 857 862 I dtvkitserver: request resource:Hbbtv.stop, json:[]
04-09 09:31:15.163 857 862 I Glue : request : Hbbtv.stop , reply : {
04-09 09:31:15.163 857 862 I Glue : "accepted" : false,
04-09 09:31:15.163 857 862 I Glue : "data" : "Bad request"
04-09 09:31:15.163 857 862 I Glue : }
04-09 09:31:15.163 1233 1332 E DtvKitPlayer: stopHbbtv Bad request
04-09 09:31:15.164 857 862 I dtvkitserver: request resource:Player.stopTeletext, json:[0]
04-09 09:31:15.164 857 862 I Glue : request : Player.stopTeletext , reply : {
04-09 09:31:15.164 857 862 I Glue : "accepted" : true,
04-09 09:31:15.164 857 862 I Glue : "data" : true
04-09 09:31:15.164 857 862 I Glue : }
04-09 09:31:15.164 857 862 I dtvkitserver: request resource:Player.setSubtitlesOn, json:[0,false]
04-09 09:31:15.164 857 862 I Glue : request : Player.setSubtitlesOn , reply : {
04-09 09:31:15.164 857 862 I Glue : "accepted" : true,
04-09 09:31:15.164 857 862 I Glue : "data" : true
04-09 09:31:15.164 857 862 I Glue : }
04-09 09:31:15.164 689 2593 E ActivityManager: Sending non-protected broadcast com.nes.action.mail.status from system 1233:org.dtvkit.inputsource/u0a45 pkg org.dtvkit.inputsource
04-09 09:31:15.164 689 2593 E ActivityManager: java.lang.Throwable
04-09 09:31:15.164 689 2593 E ActivityManager: at com.android.server.am.ActivityManagerService.checkBroadcastFromSystem(ActivityManagerService.java:14334)
04-09 09:31:15.164 689 2593 E ActivityManager: at com.android.server.am.ActivityManagerService.broadcastIntentLockedTraced(ActivityManagerService.java:15159)
04-09 09:31:15.164 689 2593 E ActivityManager: at com.android.server.am.ActivityManagerService.broadcastIntentLocked(ActivityManagerService.java:14398)
04-09 09:31:15.164 689 2593 E ActivityManager: at com.android.server.am.ActivityManagerService.broadcastIntentWithFeature(ActivityManagerService.java:15364)
04-09 09:31:15.164 689 2593 E ActivityManager: at android.app.IActivityManager$Stub.onTransact(IActivityManager.java:2653)
04-09 09:31:15.164 689 2593 E ActivityManager: at com.android.server.am.ActivityManagerService.onTransact(ActivityManagerService.java:2720)
04-09 09:31:15.164 689 2593 E ActivityManager: at android.os.Binder.execTransactInternal(Binder.java:1339)
04-09 09:31:15.164 689 2593 E ActivityManager: at android.os.Binder.execTransact(Binder.java:1275)
04-09 09:31:15.167 20919 20919 I TwsUtil : checkPairState: name = B25 , isConnected = true
04-09 09:31:15.167 20919 20919 D Soundeq-DiscoverService: tryHomaConnectBox hasOwnConnected:false,show:false,tryCancelTimes:0
04-09 09:31:15.167 20919 20919 D Soundeq-DiscoverService: msg.what: 1
04-09 09:31:15.169 1233 1332 I DtvKitPlayer: playerSetSubtitlesOn on = false
04-09 09:31:15.170 857 862 I dtvkitserver: request resource:Player.stopTeletext, json:[0]
04-09 09:31:15.170 857 862 I Glue : request : Player.stopTeletext , reply : {
04-09 09:31:15.170 857 862 I Glue : "accepted" : true,
04-09 09:31:15.170 857 862 I Glue : "data" : true
04-09 09:31:15.170 857 862 I Glue : }
04-09 09:31:15.170 1233 1332 W libc : Access denied finding property "persist.vendor.tif.subtitleflg"
04-09 09:31:15.172 1233 1332 D DeviceUtils: equalsProductName: target -> fbx8am productName ->SEI804HM
04-09 09:31:15.173 1233 1332 D DeviceUtils: equalsProductName: target -> SEI530FB productName ->SEI804HM
04-09 09:31:15.173 1233 1332 D DtvkitTvInput: isStartAdSwitch: normalAdValue -> false
04-09 09:31:15.174 491 714 I audio_hw_hal_primary: [adev_set_parameters:4045] dev:0xf1746040, kv: ad_switch_enable=0
04-09 09:31:15.174 491 714 D audio_hw_hal_hfp: [audio_extn_hfp_set_parameters:739] audio_extn_hfp_set_parameters
04-09 09:31:15.174 491 714 I audio_tvsdx_process: [handle_sei_set_parameters:783]str_parms_get_str value = , ret = -2
04-09 09:31:15.174 491 714 I audio_hw_input_dtv: dtv_patch_handle_event path_id 0 cmd 22
04-09 09:31:15.174 491 714 I audio_hw_input_dtv: associate_audio_mixing_enable set to 0
04-09 09:31:15.174 491 714 I audio_hw_input_dtv: ad_switch_enable set to 0
04-09 09:31:15.174 491 714 D audio_hw_hal_primary: get dtv param(kv: ad_switch_enable=0)
04-09 09:31:15.178 1233 1332 D AudioHelper: (AudioHelper.java:81)setAdSwitchEnable : ad_switch_enable=0
04-09 09:31:15.179 1233 1332 D DtvKitPlayer: registerSignalHandler: org.dtvkit.inputsource.AbsDtvkitTvInput$DtvkitTvInputSession$2@1adb344
04-09 09:31:15.179 1233 1332 D DtvkitGlueClient: registerSignalHandler org.dtvkit.inputsource.AbsDtvkitTvInput$DtvkitTvInputSession$2@1adb344
04-09 09:31:15.179 1233 1332 D DtvKitPlayer: player.play: dvb://0001.000d.17b2.8002.000c
04-09 09:31:15.179 689 15155 I KatnissWindowBlocker: Setup wizard mode set to: false
04-09 09:31:15.180 857 862 I dtvkitserver: request resource:Player.play, json:[0,"dvb:\/\/0001.000d.17b2.8002.000c",false,false,0,"",""]
04-09 09:31:15.180 857 862 I PlayerInterface: TUNE_CHANNEL_TEST play start
04-09 09:31:15.180 857 862 I PlayerInterface: Play, index 0
04-09 09:31:15.180 857 862 D DTVKit : [URI dvb://0001.000d.17b2.8002.000c]
04-09 09:31:15.180 857 862 I DTVKit : getServiceHandle 81 valid uri=dvb://0001.000d.17b2.8002.000c
04-09 09:31:15.180 857 862 I PlayerInterface: Play, live source
04-09 09:31:15.180 857 862 I PlayerInterface: addCached: (0:0) (255:dvb://0001.000d.17b2.8002.000c:0x0)
04-09 09:31:15.180 857 862 D PlayerInterface: combstat add [0:0]:[0]=[.->0]
04-09 09:31:15.180 857 862 I PlayerInterface: Cached: 0:0 path:255 uri:dvb://0001.000d.17b2.8002.000c param:0x0:0x0 av: 255:255
04-09 09:31:15.180 857 862 I PlayerInterface: Cached: 0:1 path:255 uri: param:0x0:0x0 av: 255:255
04-09 09:31:15.180 857 862 I PlayerInterface: Cached: 0:2 path:255 uri: param:0x0:0x0 av: 255:255
04-09 09:31:15.180 857 862 I PlayerInterface: Cached: 0:3 path:255 uri: param:0x0:0x0 av: 255:255
04-09 09:31:15.180 857 862 I PlayerInterface: Cached: 0:4 path:255 uri: param:0x0:0x0 av: 255:255
04-09 09:31:15.180 857 862 I PlayerInterface: Cached: 0:5 path:255 uri: param:0x0:0x0 av: 255:255
04-09 09:31:15.180 857 862 I PlayerInterface: process: (start) (0:0) (255) (dvb://0001.000d.17b2.8002.000c) (0x0->0x0)
04-09 09:31:15.180 857 862 D DTVKit : [URI dvb://0001.000d.17b2.8002.000c]
04-09 09:31:15.180 857 862 I DTVKit : getServiceHandle 81 valid uri=dvb://0001.000d.17b2.8002.000c
04-09 09:31:15.180 857 862 I DTVKIT_LOG: ACTL_TuneToServiceWithParameters(path=255, owner_info=0x0, service=0xeda6d5e0, for_live=1)
04-09 09:31:15.180 857 862 I DTVKIT_LOG: =>AcquireLivePath:9279 AcquireLivePath
04-09 09:31:15.180 857 862 I DTVKIT_LOG: AcquireLivePath: now support more than one path s_ptr 0xeda6d5e0 t_ptr 0x0 owner 0
04-09 09:31:15.180 857 862 I DTVKIT_LOG: STB_DPAcquireTunerPathWithParameters(type=4, serv=0xeda6d5e0, trans=0xf0840eb0, owner=0, priority=0, decoders=1, recording=0, search=0, param1=0x1, param2=0x0)
04-09 09:31:15.180 857 862 I DTVKIT_LOG: STB_RESAcquireTuner: type 4 transport 0xf0840eb0 owner 0
04-09 09:31:15.180 857 862 I DTVKIT_LOG: tunerstatus: owner 0, disable 0, usage_count 0, tuned_tran 0x0
04-09 09:31:15.180 857 862 I DTVKIT_LOG: tunerstatus: owner 0, disable 0, usage_count 0, tuned_tran 0x0
04-09 09:31:15.180 857 862 I DTVKIT_LOG: STB_RESAcquireTuner: num_tuners 2
04-09 09:31:15.180 857 862 I DTVKIT_LOG: STB_RESAcquireTuner: tuner_status[0 0 14]
04-09 09:31:15.180 857 862 I DTVKIT_LOG: STB_TuneUpdateFeUsage:2811 0: fe_useage[Add]: 1
04-09 09:31:15.180 857 862 I DTVKIT_LOG: OpenTuner:3260 FE is already open, frontend_fd:17
04-09 09:31:15.180 857 862 I DTVKIT_LOG: STB_TuneSetSignalType:455 0: current type=0, new type=4 frontend_fd:17
04-09 09:31:15.180 857 862 I DTVKIT_LOG: SetFeProperty:551 FE_SET_PROPERTY, fe_mode:1
04-09 09:31:15.180 857 862 I DTVKIT_LOG: SetSysType:3176 fe_info.type=1
04-09 09:31:15.180 857 862 I DTVKIT_LOG: SetSysType:3198 Tuner configured as DVBC, min_freq=44000000, max_freq=1000000000
04-09 09:31:15.180 857 862 I DTVKIT_LOG: STB_TuneSetSignalType 484 tstatus->signal_type=4
04-09 09:31:15.180 857 862 I DTVKIT_LOG: STB_RESAcquireTuner(4, 0xf0840eb0, 0): Tuner 0 acquired, usage_count=1, high_count=0, owner=0
04-09 09:31:15.180 857 862 I DTVKIT_LOG: AcquireResourcesWithParameters path 0 surface 1
04-09 09:31:15.180 857 862 I DTVKIT_LOG: STB_RESAcquireDemux(255, 1)
04-09 09:31:15.180 857 862 I DTVKIT_LOG: STB_RESAcquireDemux: Acquired 0, usage_count=1
04-09 09:31:15.180 857 862 I DTVKIT_LOG: STB_RESAcquireVideoDecoder: Decoder 0 acquired
04-09 09:31:15.180 857 862 I DTVKIT_LOG: STB_RESAcquireAudioDecoder: Decoder 0 acquired
04-09 09:31:15.180 857 862 I DTVKIT_LOG: STB_AVGetScreenSize:2854 video codec path=0 av_path = 0
04-09 09:31:15.180 857 862 I DTVKIT_LOG: --set video:(0)(NULL full screan)
04-09 09:31:15.180 857 862 I DTVKIT_LOG: STB_VTSetVideoOutput:222 output is NOT specified
04-09 09:31:15.180 857 862 I DTVKIT_LOG: STB_AVSetSurface:1761 set surface 0:[0:-] [0x1]
04-09 09:31:15.180 857 862 I DTVKIT_LOG: STB_AVSetSurface:1788 failed to get player handle, 0:[0:0]
04-09 09:31:15.180 857 862 I DTVKIT_LOG: STB_DPSetDecoderParam(0): param 0x0
04-09 09:31:15.180 857 862 I DTVKIT_LOG: STB_AVSetDecodingMode:3163 [decoding mode]: 0(a:0 v:0) = (0 -> 0)
04-09 09:31:15.181 857 862 I DTVKIT_LOG: STB_DMXSetDemuxSource:1803 Demux source [config:cur_node] = [0:0]
04-09 09:31:15.181 857 862 I DTVKIT_LOG: STB_RESAcquireADDecoder: Decoder 0 acquired
04-09 09:31:15.181 857 862 I DTVKIT_LOG: STB_DPAcquireTunerPath: Acquired path 0, tuner=0, demux=0, video=0, audio=0
04-09 09:31:15.181 857 862 I DTVKIT_LOG: ACTL_TuneToServiceWithParameters,livetv_path:0
04-09 09:31:15.181 857 862 I DTVKIT_LOG: ACTL_TuneToServiceWithParameters, path= 0, service= 0xeda6d5e0, lastservice= 0xeda6d5e0
04-09 09:31:15.181 857 862 I DTVKIT_LOG: STB_AVSetAudioVolume:817 set volume: 0:[-:0] vol[100]
