04-09 09:31:14.463 24960 24960 D ConfigUtils: buildConfigBean: {"menu_items":[{"name":"channel_list","position":0,"type":0},{"name":"guide","position":1,"type":1},{"name":"recording_schedule","position":2,"type":2},{"name":"edit_channel","position":3,"type":3},{"name":"scan","position":4,"type":4}],"options":[{"name":"audio_tack","position":0,"type":0},{"name":"subtitle_track","position":1,"type":1},{"name":"audio_mode","position":2,"type":2},{"name":"aspect_mode","position":3,"type":3},{"name":"all_setting","position":4,"type":4}]}
04-09 09:31:14.493 24960 24960 D MediaControlRowView: onFinishInflate:
04-09 09:31:14.537 24960 24960 D LocationDataManager: LocationDataManager init
04-09 09:31:14.541 24960 24960 D LiveTvView: setTvViewLayoutParams:
04-09 09:31:14.542 24960 24960 D TimeShiftManager: (TimeShiftManager.java:199)init: ...
04-09 09:31:14.543 24960 24960 D DtvKitController: bindService:
04-09 09:31:14.543 24960 24960 W ContextImpl: Calling a method in the system process without a qualified user: android.app.ContextImpl.bindService:2026 android.content.ContextWrapper.bindService:861 android.content.ContextWrapper.bindService:861 com.nes.seilivetv.receiver.DtvKitController.bindService:42 com.nes.seilivetv.ui.activity.TvActivity.initData:410
04-09 09:31:14.551 24960 24960 D DtvkitUserSettingManager: start
04-09 09:31:14.555 24960 24960 D LiveTvView: updateBlockScreenAndMuting: -1, 15
04-09 09:31:14.556 24960 24960 D LiveTvView: updateBlockScreen: blockReason = -1
04-09 09:31:14.556 24960 24960 D LiveTvView: (NesTvView.kt:462)text ->
04-09 09:31:14.556 24960 24960 D LiveTvView: updateBlockScreen: 2
04-09 09:31:14.560 1233 4960 D DataProvider: query: com.nes.dtvkit.tvsetting.table.TvSettingsTable@5620478
04-09 09:31:14.560 1233 4960 D DataProvider: <> content://com.nes.dtvkit.tvsetting/tvsettings_table, null, key=?, [lcnSwitch], null
04-09 09:31:14.564 24960 24960 D CompareUtils: compareAllList true
04-09 09:31:14.564 24960 24960 D CompareUtils: sort: 0 0
04-09 09:31:14.564 24960 24960 D CompareUtils: sort: LcnCompare
04-09 09:31:14.565 24960 24960 D TAG : getCurrentGroupType: [0, -1]
04-09 09:31:14.566 24960 24960 D TvActivity: (TvActivity.java:432)initData: channel_id = 0
04-09 09:31:14.566 24960 24960 D TvActivity: handleIntent: data is null
04-09 09:31:14.566 24960 24960 I OipfVideoBroadcastBase: Resolution: 1920x1080
04-09 09:31:14.569 24960 24960 D HBBTVManager: initializeTvAppView: start
04-09 09:31:14.569 24960 24960 D HBBTVManager: initializeTvAppView: mCurrentTvAppState = 0
04-09 09:31:14.569 24960 24960 D HBBTVManager: initializeTvAppView: need to init tvAppView
04-09 09:31:14.570 24960 24960 E HBBTVManager: HbbTV RTE is not installed in current system.
04-09 09:31:14.571 24960 24960 D DeviceUtils: equalsProductName: target -> SEI600NK productName ->SEI804HM
04-09 09:31:14.571 24960 24960 D DeviceUtils: equalsProductName: target -> SEI600NK4 productName ->SEI804HM
04-09 09:31:14.571 24960 24960 D DeviceUtils: equalsProductName: target -> SEI804NK productName ->SEI804HM
04-09 09:31:14.571 24960 24960 D DeviceUtils: equalsProductName: target -> SEI630SCV productName ->SEI804HM
04-09 09:31:14.571 24960 24960 D DeviceUtils: equalsProductName: target -> SEI630TRV productName ->SEI804HM
04-09 09:31:14.571 24960 24960 D DeviceUtils: equalsProductName: target -> SEI810SLM productName ->SEI804HM
04-09 09:31:14.572 24960 24960 E ActivityThread: Failed to find provider info for com.nes.dtv.input.dtvprovider
04-09 09:31:14.574 24960 24960 D TvActivity: onStart: ........
04-09 09:31:14.602 24960 24960 D MainMenuFragment: autoHideScheduler
04-09 09:31:14.603 24960 24960 D MainMenuFragment: onTextChanged:
04-09 09:31:14.603 24960 24960 D MainMenuFragment: autoHideScheduler
04-09 09:31:14.674 24960 24960 D EpgMenuFragment: (EpgMenuFragment.java:771)loadTimerData: call this func
04-09 09:31:14.675 24960 24960 D EpgMenuFragment: (EpgMenuFragment.java:779)Timer count = 0
04-09 09:31:14.675 24960 24960 D FavoriteManager: getFavoriteGroupList: custom fav size = 17
04-09 09:31:14.675 24960 24960 D FavoriteManager: getFavoriteGroupList genre : 0
04-09 09:31:14.675 24960 24960 D FavoriteManager: getFavoriteGroupList: 17
04-09 09:31:14.675 24960 24960 D DataCollector: mChannelIdMap: id -> 162 , duration -> 1166379
04-09 09:31:14.675 24960 24960 D DataCollector: mChannelIdMap: id -> 67 , duration -> 613254
04-09 09:31:14.675 24960 24960 D DataCollector: mChannelIdMap: id -> 163 , duration -> 10407
04-09 09:31:14.675 24960 24960 D DataCollector: mChannelIdMap: id -> 120 , duration -> 5324
04-09 09:31:14.675 24960 24960 D DataCollector: mChannelIdMap: id -> 152 , duration -> 63761
04-09 09:31:14.675 24960 24960 D DataCollector: mChannelIdMap: id -> 25 , duration -> 88055
04-09 09:31:14.675 24960 24960 D DataCollector: mChannelIdMap: id -> 153 , duration -> 647285
04-09 09:31:14.675 24960 24960 D DataCollector: mChannelIdMap: id -> 31 , duration -> 10412
04-09 09:31:14.675 24960 24960 D DataCollector: entries: id -> 162 , duration -> 1166379
04-09 09:31:14.675 24960 24960 D DataCollector: entries: id -> 153 , duration -> 647285
04-09 09:31:14.675 24960 24960 D DataCollector: entries: id -> 67 , duration -> 613254
04-09 09:31:14.675 24960 24960 D DataCollector: entries: id -> 25 , duration -> 88055
04-09 09:31:14.675 24960 24960 D DataCollector: entries: id -> 152 , duration -> 63761
04-09 09:31:14.675 24960 24960 D DataCollector: entries: id -> 31 , duration -> 10412
04-09 09:31:14.675 24960 24960 D DataCollector: entries: id -> 163 , duration -> 10407
04-09 09:31:14.675 24960 24960 D DataCollector: entries: id -> 120 , duration -> 5324
04-09 09:31:14.675 24960 24960 D DataCollector: getChannelIdList: 8
04-09 09:31:14.676 24960 24960 D ChannelDataManager: filterChannelByIdList: 8
04-09 09:31:14.676 24960 24960 D filterChannelList : it's videoFormat = null
04-09 09:31:14.676 24960 24960 D filterChannelList : it's videoFormat = null
04-09 09:31:14.676 24960 24960 D filterChannelList : it's videoFormat = null
04-09 09:31:14.676 24960 24960 D filterChannelList : it's videoFormat = null
04-09 09:31:14.676 24960 24960 D filterChannelList : it's videoFormat = null
04-09 09:31:14.676 24960 24960 D filterChannelList : it's videoFormat = null
04-09 09:31:14.676 24960 24960 D filterChannelList : it's videoFormat = null
04-09 09:31:14.676 24960 24960 D filterChannelList : it's videoFormat = null
04-09 09:31:14.676 24960 24960 D filterChannelList : it's videoFormat = null
04-09 09:31:14.676 24960 24960 D filterChannelList : it's videoFormat = null
04-09 09:31:14.676 24960 24960 D filterChannelList : it's videoFormat = null
04-09 09:31:14.676 24960 24960 D filterChannelList : it's videoFormat = null
04-09 09:31:14.676 24960 24960 D filterChannelList : it's videoFormat = null
04-09 09:31:14.676 24960 24960 D filterChannelList : it's videoFormat = null
04-09 09:31:14.676 24960 24960 D filterChannelList : it's videoFormat = null
04-09 09:31:14.676 24960 24960 D filterChannelList : it's videoFormat = null
04-09 09:31:14.676 24960 24960 D filterChannelList : it's videoFormat = null
04-09 09:31:14.676 24960 24960 D filterChannelList : it's videoFormat = null
04-09 09:31:14.676 24960 24960 D filterChannelList : it's videoFormat = null
04-09 09:31:14.676 24960 24960 D filterChannelList : it's videoFormat = null
04-09 09:31:14.676 24960 24960 D filterChannelList : it's videoFormat = null
04-09 09:31:14.676 24960 24960 D filterChannelList : it's videoFormat = null
04-09 09:31:14.676 24960 24960 D filterChannelList : it's videoFormat = null
04-09 09:31:14.677 24960 24960 D filterChannelList : it's videoFormat = null
04-09 09:31:14.677 24960 24960 D filterChannelList : it's videoFormat = null
04-09 09:31:14.677 24960 24960 D filterChannelList : it's videoFormat = null
04-09 09:31:14.677 24960 24960 D filterChannelList : it's videoFormat = null
04-09 09:31:14.677 24960 24960 D filterChannelList : it's videoFormat = null
04-09 09:31:14.677 24960 24960 D filterChannelList : it's videoFormat = null
04-09 09:31:14.677 24960 24960 D filterChannelList : it's videoFormat = null
04-09 09:31:14.677 24960 24960 D filterChannelList : it's videoFormat = null
04-09 09:31:14.677 24960 24960 D filterChannelList : it's videoFormat = null
04-09 09:31:14.677 24960 24960 D filterChannelList : it's videoFormat = null
04-09 09:31:14.677 24960 24960 D filterChannelList : it's videoFormat = null
04-09 09:31:14.677 24960 24960 D filterChannelList : it's videoFormat = null
04-09 09:31:14.677 24960 24960 D filterChannelList : it's videoFormat = null
04-09 09:31:14.677 24960 24960 D filterChannelList : it's videoFormat = null
04-09 09:31:14.677 24960 24960 D filterChannelList : it's videoFormat = null
04-09 09:31:14.677 24960 24960 D filterChannelList : it's videoFormat = null
04-09 09:31:14.677 24960 24960 D filterChannelList : it's videoFormat = null
04-09 09:31:14.677 24960 24960 D filterChannelList : it's videoFormat = null
04-09 09:31:14.677 24960 24960 D filterChannelList : it's videoFormat = null
04-09 09:31:14.677 24960 24960 D filterChannelList : it's videoFormat = null
04-09 09:31:14.677 24960 24960 D filterChannelList : it's videoFormat = null
04-09 09:31:14.677 24960 24960 D filterChannelList : it's videoFormat = null
04-09 09:31:14.677 24960 24960 D filterChannelList : it's videoFormat = null
04-09 09:31:14.677 24960 24960 D filterChannelList : it's videoFormat = null
04-09 09:31:14.677 24960 24960 D filterChannelList : it's videoFormat = null
04-09 09:31:14.677 24960 24960 D filterChannelList : it's videoFormat = null
04-09 09:31:14.677 24960 24960 D filterChannelList : it's videoFormat = null
04-09 09:31:14.677 24960 24960 D filterChannelList : it's videoFormat = null
04-09 09:31:14.677 24960 24960 D filterChannelList : it's videoFormat = null
04-09 09:31:14.677 24960 24960 D filterChannelList : it's videoFormat = null
04-09 09:31:14.677 24960 24960 D filterChannelList : it's videoFormat = null
04-09 09:31:14.677 24960 24960 D filterChannelList : it's videoFormat = null
04-09 09:31:14.677 24960 24960 D filterChannelList : it's videoFormat = null
04-09 09:31:14.677 24960 24960 D filterChannelList : it's videoFormat = null
04-09 09:31:14.677 24960 24960 D filterChannelList : it's videoFormat = null
04-09 09:31:14.677 24960 24960 D filterChannelList : it's videoFormat = null
04-09 09:31:14.677 24960 24960 D filterChannelList : it's videoFormat = null
04-09 09:31:14.677 24960 24960 D filterChannelList : it's videoFormat = null
04-09 09:31:14.677 24960 24960 D filterChannelList : it's videoFormat = null
04-09 09:31:14.677 24960 24960 D filterChannelList : it's videoFormat = null
04-09 09:31:14.677 24960 24960 D filterChannelList : it's videoFormat = null
04-09 09:31:14.677 24960 24960 D filterChannelList : it's videoFormat = null
04-09 09:31:14.677 24960 24960 D filterChannelList : it's videoFormat = null
04-09 09:31:14.677 24960 24960 D filterChannelList : it's videoFormat = null
04-09 09:31:14.677 24960 24960 D filterChannelList : it's videoFormat = null
04-09 09:31:14.677 24960 24960 D filterChannelList : it's videoFormat = null
04-09 09:31:14.677 24960 24960 D filterChannelList : it's videoFormat = null
04-09 09:31:14.677 24960 24960 D filterChannelList : it's videoFormat = null
04-09 09:31:14.677 24960 24960 D filterChannelList : it's videoFormat = null
04-09 09:31:14.677 24960 24960 D filterChannelList : it's videoFormat = null
04-09 09:31:14.677 24960 24960 D filterChannelList : it's videoFormat = null
04-09 09:31:14.677 24960 24960 D filterChannelList : it's videoFormat = null
04-09 09:31:14.677 24960 24960 D filterChannelList : it's videoFormat = null
04-09 09:31:14.677 24960 24960 D filterChannelList : it's videoFormat = null
04-09 09:31:14.677 24960 24960 D filterChannelList : it's videoFormat = null
04-09 09:31:14.677 24960 24960 D filterChannelList : it's videoFormat = null
04-09 09:31:14.677 24960 24960 D filterChannelList : it's videoFormat = null
04-09 09:31:14.677 24960 24960 D filterChannelList : it's videoFormat = null
04-09 09:31:14.677 24960 24960 D filterChannelList : it's videoFormat = null
04-09 09:31:14.677 24960 24960 D filterChannelList : it's videoFormat = null
04-09 09:31:14.677 24960 24960 D filterChannelList : it's videoFormat = null
04-09 09:31:14.677 24960 24960 D filterChannelList : it's videoFormat = null
04-09 09:31:14.677 24960 24960 D filterChannelList : it's videoFormat = null
04-09 09:31:14.677 24960 24960 D filterChannelList : it's videoFormat = null
04-09 09:31:14.677 24960 24960 D filterChannelList : it's videoFormat = null
04-09 09:31:14.677 24960 24960 D filterChannelList : it's videoFormat = null
04-09 09:31:14.677 24960 24960 D filterChannelList : it's videoFormat = null
04-09 09:31:14.677 24960 24960 D filterChannelList : it's videoFormat = null
04-09 09:31:14.677 24960 24960 D filterChannelList : it's videoFormat = null
04-09 09:31:14.677 24960 24960 D filterChannelList : it's videoFormat = null
04-09 09:31:14.677 24960 24960 D filterChannelList : it's videoFormat = null
04-09 09:31:14.677 24960 24960 D filterChannelList : it's videoFormat = null
04-09 09:31:14.677 24960 24960 D filterChannelList : it's videoFormat = null
04-09 09:31:14.677 24960 24960 D filterChannelList : it's videoFormat = null
04-09 09:31:14.677 24960 24960 D filterChannelList : it's videoFormat = null
04-09 09:31:14.677 24960 24960 D filterChannelList : it's videoFormat = null
04-09 09:31:14.677 24960 24960 D filterChannelList : it's videoFormat = null
04-09 09:31:14.677 24960 24960 D filterChannelList : it's videoFormat = null
04-09 09:31:14.677 24960 24960 D filterChannelList : it's videoFormat = null
04-09 09:31:14.677 24960 24960 D filterChannelList : it's videoFormat = null
04-09 09:31:14.677 24960 24960 D filterChannelList : it's videoFormat = null
04-09 09:31:14.677 24960 24960 D filterChannelList : it's videoFormat = null
04-09 09:31:14.677 24960 24960 D filterChannelList : it's videoFormat = null
04-09 09:31:14.677 24960 24960 D filterChannelList : it's videoFormat = null
04-09 09:31:14.677 24960 24960 D filterChannelList : it's videoFormat = null
04-09 09:31:14.677 24960 24960 D filterChannelList : it's videoFormat = null
04-09 09:31:14.677 24960 24960 D filterChannelList : it's videoFormat = null
04-09 09:31:14.677 24960 24960 D filterChannelList : it's videoFormat = null
04-09 09:31:14.677 24960 24960 D filterChannelList : it's videoFormat = null
04-09 09:31:14.677 24960 24960 D filterChannelList : it's videoFormat = null
04-09 09:31:14.677 24960 24960 D filterChannelList : it's videoFormat = null
04-09 09:31:14.677 24960 24960 D filterChannelList : it's videoFormat = null
04-09 09:31:14.677 24960 24960 D filterChannelList : it's videoFormat = null
04-09 09:31:14.677 24960 24960 D filterChannelList : it's videoFormat = null
04-09 09:31:14.677 24960 24960 D filterChannelList : it's videoFormat = null
04-09 09:31:14.678 24960 24960 D filterChannelList : it's videoFormat = null
04-09 09:31:14.678 24960 24960 D filterChannelList : it's videoFormat = null
04-09 09:31:14.678 24960 24960 D filterChannelList : it's videoFormat = null
04-09 09:31:14.678 24960 24960 D filterChannelList : it's videoFormat = null
04-09 09:31:14.678 24960 24960 D filterChannelList : it's videoFormat = null
04-09 09:31:14.678 24960 24960 D filterChannelList : it's videoFormat = null
04-09 09:31:14.678 24960 24960 D filterChannelList : it's videoFormat = null
04-09 09:31:14.678 24960 24960 D filterChannelList : it's videoFormat = null
04-09 09:31:14.678 24960 24960 D filterChannelList : it's videoFormat = null
04-09 09:31:14.678 24960 24960 D filterChannelList : it's videoFormat = null
04-09 09:31:14.678 24960 24960 D filterChannelList : it's videoFormat = null
04-09 09:31:14.678 24960 24960 D filterChannelList : it's videoFormat = null
04-09 09:31:14.678 24960 24960 D filterChannelList : it's videoFormat = null
04-09 09:31:14.678 24960 24960 D filterChannelList : it's videoFormat = null
04-09 09:31:14.678 24960 24960 D filterChannelList : it's videoFormat = null
04-09 09:31:14.678 24960 24960 D filterChannelList : it's videoFormat = null
04-09 09:31:14.678 24960 24960 D filterChannelList : it's videoFormat = null
04-09 09:31:14.678 24960 24960 D filterChannelList : it's videoFormat = null
04-09 09:31:14.678 24960 24960 D filterChannelList : it's videoFormat = null
04-09 09:31:14.678 24960 24960 D filterChannelList : it's videoFormat = null
04-09 09:31:14.678 24960 24960 D filterChannelList : it's videoFormat = null
04-09 09:31:14.678 24960 24960 D filterChannelList : it's videoFormat = null
04-09 09:31:14.679 24960 24960 D TAG : getCurrentGroupType: [0, -1]
04-09 09:31:14.680 24960 24960 D DeviceUtils: equalsProductName: target -> SEI804ZB productName ->SEI804HM
04-09 09:31:14.699 16489 16489 I dune_shell: shell_wrapper_activity_long_paused()
04-09 09:31:14.725 1070 30071 D DroidLogicBenchService: not bench app, ignore it
04-09 09:31:14.735 24960 24960 D TAG : getCurrentGroupType: [0, -1]
04-09 09:31:14.735 24960 24960 D TAG : getCurrentGroupType: [0, -1]
04-09 09:31:14.735 24960 24960 D OkListFragmentNew: loadChannelData: 25 : M1 HD
04-09 09:31:14.735 24960 24960 D OkListFragmentNew: loadChannelData: 26 : M2 / Pet‘fi TV HD
04-09 09:31:14.736 24960 24960 D OkListFragmentNew: loadChannelData: 27 : DUNA HD
04-09 09:31:14.736 24960 24960 D OkListFragmentNew: loadChannelData: 28 : M4 Sport HD
04-09 09:31:14.736 24960 24960 D OkListFragmentNew: loadChannelData: 29 : DUNA W/M4 Sport+ HD
04-09 09:31:14.736 24960 24960 D OkListFragmentNew: loadChannelData: 30 : M5 HD
04-09 09:31:14.736 24960 24960 D OkListFragmentNew: loadChannelData: 31 : Prom³ci³ 1
04-09 09:31:14.736 24960 24960 D OkListFragmentNew: loadChannelData: 32 : Prom³ci³ 2
04-09 09:31:14.736 24960 24960 D OkListFragmentNew: loadChannelData: 33 : Prom³ci³ 3
04-09 09:31:14.736 24960 24960 D OkListFragmentNew: loadChannelData: 34 : Infocsatorna I
04-09 09:31:14.736 24960 24960 D OkListFragmentNew: loadChannelData: 35 : Infocsatorna II
04-09 09:31:14.736 24960 24960 D OkListFragmentNew: loadChannelData: 36 : VOD Promo
04-09 09:31:14.736 24960 24960 D OkListFragmentNew: loadChannelData: 37 : Hangulat
04-09 09:31:14.736 24960 24960 D OkListFragmentNew: loadChannelData: 38 : TV4 HD
04-09 09:31:14.736 24960 24960 D OkListFragmentNew: loadChannelData: 39 : Comedy Central HD
04-09 09:31:14.736 24960 24960 D OkListFragmentNew: loadChannelData: 40 : Comedy Central
04-09 09:31:14.736 24960 24960 D OkListFragmentNew: loadChannelData: 41 : Paramount Network HD
04-09 09:31:14.736 24960 24960 D OkListFragmentNew: loadChannelData: 42 : RTL HD
04-09 09:31:14.736 24960 24960 D OkListFragmentNew: loadChannelData: 43 : TV2 HD
04-09 09:31:14.736 24960 24960 D OkListFragmentNew: loadChannelData: 44 : VIASAT3
04-09 09:31:14.736 24960 24960 D OkListFragmentNew: loadChannelData: 45 : VIASAT3 HD
04-09 09:31:14.736 24960 24960 D OkListFragmentNew: loadChannelData: 46 : VIASAT6
04-09 09:31:14.736 24960 24960 D OkListFragmentNew: loadChannelData: 47 : Super TV2 HD
04-09 09:31:14.736 24960 24960 D OkListFragmentNew: loadChannelData: 48 : Moziverzum
04-09 09:31:14.736 24960 24960 D OkListFragmentNew: loadChannelData: 49 : RTL KETT HD
04-09 09:31:14.736 24960 24960 D OkListFragmentNew: loadChannelData: 50 : Film+ HD
04-09 09:31:14.736 24960 24960 D OkListFragmentNew: loadChannelData: 51 : Mozi+ HD
04-09 09:31:14.736 24960 24960 D OkListFragmentNew: loadChannelData: 52 : Mozi Klub
04-09 09:31:14.736 24960 24960 D OkListFragmentNew: loadChannelData: 53 : Cool TV HD
04-09 09:31:14.736 24960 24960 D OkListFragmentNew: loadChannelData: 54 : Sorozat+
04-09 09:31:14.736 24960 24960 D OkListFragmentNew: loadChannelData: 55 : RTL Gold
04-09 09:31:14.736 24960 24960 D OkListFragmentNew: loadChannelData: 56 : AXN HD
04-09 09:31:14.736 24960 24960 D OkListFragmentNew: loadChannelData: 57 : AXN
04-09 09:31:14.736 24960 24960 D OkListFragmentNew: loadChannelData: 58 : VIASAT FILM
04-09 09:31:14.736 24960 24960 D OkListFragmentNew: loadChannelData: 59 : VIASAT2
04-09 09:31:14.736 24960 24960 D OkListFragmentNew: loadChannelData: 60 : Jocky TV
04-09 09:31:14.736 24960 24960 D OkListFragmentNew: loadChannelData: 61 : Izaura TV
04-09 09:31:14.736 24960 24960 D OkListFragmentNew: loadChannelData: 62 : Prime
04-09 09:31:14.736 24960 24960 D OkListFragmentNew: loadChannelData: 63 : Prime HD
04-09 09:31:14.736 24960 24960 D OkListFragmentNew: loadChannelData: 64 : Story4
04-09 09:31:14.736 24960 24960 D OkListFragmentNew: loadChannelData: 65 : Story4 HD
04-09 09:31:14.736 24960 24960 D OkListFragmentNew: loadChannelData: 66 : Film M¡nia HD
04-09 09:31:14.736 24960 24960 D OkListFragmentNew: loadChannelData: 67 : Film Caf© HD
04-09 09:31:14.736 24960 24960 D OkListFragmentNew: loadChannelData: 68 : RTL HROM HD
04-09 09:31:14.736 24960 24960 D OkListFragmentNew: loadChannelData: 69 : AMC HD
04-09 09:31:14.736 24960 24960 D OkListFragmentNew: loadChannelData: 70 : TV2 Comedy
04-09 09:31:14.736 24960 24960 D OkListFragmentNew: loadChannelData: 71 : FilmBox HD
04-09 09:31:14.736 24960 24960 D OkListFragmentNew: loadChannelData: 72 : Magyar Mozi TV
04-09 09:31:14.736 24960 24960 D OkListFragmentNew: loadChannelData: 73 : Sorozat Klub
04-09 09:31:14.736 24960 24960 D OkListFragmentNew: loadChannelData: 74 : MAX4
04-09 09:31:14.736 24960 24960 D OkListFragmentNew: loadChannelData: 75 : Galaxy4
04-09 09:31:14.736 24960 24960 D OkListFragmentNew: loadChannelData: 76 : Galaxy4 HD
04-09 09:31:14.736 24960 24960 D OkListFragmentNew: loadChannelData: 77 : Epic Drama HD
04-09 09:31:14.736 24960 24960 D OkListFragmentNew: loadChannelData: 78 : Film4
04-09 09:31:14.736 24960 24960 D OkListFragmentNew: loadChannelData: 79 : ATV Extra HD
04-09 09:31:14.736 24960 24960 D OkListFragmentNew: loadChannelData: 80 : ATV HD
04-09 09:31:14.736 24960 24960 D OkListFragmentNew: loadChannelData: 81 : H­r TV HD
04-09 09:31:14.736 24960 24960 D OkListFragmentNew: loadChannelData: 82 : Sp­ler1 TV HD
04-09 09:31:14.736 24960 24960 D OkListFragmentNew: loadChannelData: 83 : Sport 1 HD
04-09 09:31:14.736 24960 24960 D OkListFragmentNew: loadChannelData: 84 : Sp­ler2 TV HD
04-09 09:31:14.736 24960 24960 D OkListFragmentNew: loadChannelData: 85 : Sport 2 HD
04-09 09:31:14.736 24960 24960 D OkListFragmentNew: loadChannelData: 86 : Eurosport HD
04-09 09:31:14.736 24960 24960 D OkListFragmentNew: loadChannelData: 87 : Eurosport 2 HD
04-09 09:31:14.736 24960 24960 D OkListFragmentNew: loadChannelData: 88 : The Fishing & Hunting HD
04-09 09:31:14.736 24960 24960 D OkListFragmentNew: loadChannelData: 89 : AR‰NA4 HD
04-09 09:31:14.736 24960 24960 D OkListFragmentNew: loadChannelData: 90 : MATCH4 HD
04-09 09:31:14.736 24960 24960 D OkListFragmentNew: loadChannelData: 91 : Spektrum HD
04-09 09:31:14.736 24960 24960 D OkListFragmentNew: loadChannelData: 92 : BBC earth
04-09 09:31:14.736 24960 24960 D OkListFragmentNew: loadChannelData: 93 : Nat Geo Wild HD
04-09 09:31:14.736 24960 24960 D OkListFragmentNew: loadChannelData: 94 : Nat Geo HD
04-09 09:31:14.737 24960 24960 D OkListFragmentNew: loadChannelData: 95 : Discovery Channel HD
04-09 09:31:14.737 24960 24960 D OkListFragmentNew: loadChannelData: 96 : Discovery Channel
04-09 09:31:14.737 24960 24960 D OkListFragmentNew: loadChannelData: 97 : Animal Planet HD
04-09 09:31:14.737 24960 24960 D OkListFragmentNew: loadChannelData: 98 : HGTV
04-09 09:31:14.737 24960 24960 D OkListFragmentNew: loadChannelData: 99 : RTL Otthon HD
04-09 09:31:14.737 24960 24960 D OkListFragmentNew: loadChannelData: 100 : TLC
04-09 09:31:14.737 24960 24960 D OkListFragmentNew: loadChannelData: 101 : ID HD
04-09 09:31:14.737 24960 24960 D OkListFragmentNew: loadChannelData: 102 : HISTORY HD
04-09 09:31:14.737 24960 24960 D OkListFragmentNew: loadChannelData: 103 : OzoneTV HD
04-09 09:31:14.737 24960 24960 D OkListFragmentNew: loadChannelData: 104 : Viasat Explore
04-09 09:31:14.737 24960 24960 D OkListFragmentNew: loadChannelData: 105 : Viasat History HD
04-09 09:31:14.737 24960 24960 D OkListFragmentNew: loadChannelData: 106 : Viasat Nature HD
04-09 09:31:14.737 24960 24960 D OkListFragmentNew: loadChannelData: 107 : Travel HD
04-09 09:31:14.737 24960 24960 D OkListFragmentNew: loadChannelData: 108 : Life TV HD
04-09 09:31:14.737 24960 24960 D OkListFragmentNew: loadChannelData: 109 : TV Paprika HD
04-09 09:31:14.737 24960 24960 D OkListFragmentNew: loadChannelData: 110 : Spektrum Home HD
04-09 09:31:14.737 24960 24960 D OkListFragmentNew: loadChannelData: 111 : Spektrum Home
04-09 09:31:14.737 24960 24960 D OkListFragmentNew: loadChannelData: 112 : TV2 S©f
04-09 09:31:14.737 24960 24960 D OkListFragmentNew: loadChannelData: 113 : TV2 Klub
04-09 09:31:14.737 24960 24960 D OkListFragmentNew: loadChannelData: 114 : Da Vinci
04-09 09:31:14.737 24960 24960 D OkListFragmentNew: loadChannelData: 115 : Disney Channel
04-09 09:31:14.737 24960 24960 D OkListFragmentNew: loadChannelData: 116 : duck tv
04-09 09:31:14.737 24960 24960 D OkListFragmentNew: loadChannelData: 117 : Nickelodeon
04-09 09:31:14.737 24960 24960 D OkListFragmentNew: loadChannelData: 118 : TeenNick
04-09 09:31:14.737 24960 24960 D OkListFragmentNew: loadChannelData: 119 : Nick Jr.
04-09 09:31:14.737 24960 24960 D OkListFragmentNew: loadChannelData: 120 : Minimax
04-09 09:31:14.737 24960 24960 D OkListFragmentNew: loadChannelData: 121 : Cartoonito
04-09 09:31:14.737 24960 24960 D OkListFragmentNew: loadChannelData: 122 : Cartoon Network
04-09 09:31:14.737 24960 24960 D OkListFragmentNew: loadChannelData: 123 : JimJam
04-09 09:31:14.737 24960 24960 D OkListFragmentNew: loadChannelData: 124 : TV2 Kids
04-09 09:31:14.737 24960 24960 D OkListFragmentNew: loadChannelData: 125 : Nicktoons
04-09 09:31:14.737 24960 24960 D OkListFragmentNew: loadChannelData: 126 : K¶ly¶k Klub HD
04-09 09:31:14.737 24960 24960 D OkListFragmentNew: loadChannelData: 127 : Mezzo
04-09 09:31:14.737 24960 24960 D OkListFragmentNew: loadChannelData: 128 : Muzsika TV
04-09 09:31:14.737 24960 24960 D OkListFragmentNew: loadChannelData: 129 : Zenebutik
04-09 09:31:14.737 24960 24960 D OkListFragmentNew: loadChannelData: 130 : MTV European
04-09 09:31:14.737 24960 24960 D OkListFragmentNew: loadChannelData: 131 : MTV 00s
04-09 09:31:14.737 24960 24960 D OkListFragmentNew: loadChannelData: 132 : Magyar Sl¡ger TV
04-09 09:31:14.737 24960 24960 D OkListFragmentNew: loadChannelData: 133 : Dikh TV HD
04-09 09:31:14.737 24960 24960 D OkListFragmentNew: loadChannelData: 134 : CNN
04-09 09:31:14.737 24960 24960 D OkListFragmentNew: loadChannelData: 135 : TVE
04-09 09:31:14.737 24960 24960 D OkListFragmentNew: loadChannelData: 136 : SAT1
04-09 09:31:14.737 24960 24960 D OkListFragmentNew: loadChannelData: 137 : Rai Uno
04-09 09:31:14.737 24960 24960 D OkListFragmentNew: loadChannelData: 138 : CCTV4
04-09 09:31:14.737 24960 24960 D OkListFragmentNew: loadChannelData: 139 : šjbuda TV
04-09 09:31:14.737 24960 24960 D OkListFragmentNew: loadChannelData: 140 : TV2040
04-09 09:31:14.737 24960 24960 D OkListFragmentNew: loadChannelData: 141 : BKTV
04-09 09:31:14.737 24960 24960 D OkListFragmentNew: loadChannelData: 142 : Kispest TV
04-09 09:31:14.737 24960 24960 D OkListFragmentNew: loadChannelData: 143 : TV13
04-09 09:31:14.737 24960 24960 D OkListFragmentNew: loadChannelData: 144 : 9.TV
04-09 09:31:14.737 24960 24960 D OkListFragmentNew: loadChannelData: 145 : Centrum TV
04-09 09:31:14.737 24960 24960 D OkListFragmentNew: loadChannelData: 146 : XV. TV
04-09 09:31:14.737 24960 24960 D OkListFragmentNew: loadChannelData: 147 : TV10
04-09 09:31:14.737 24960 24960 D OkListFragmentNew: loadChannelData: 148 : 16TV
04-09 09:31:14.737 24960 24960 D OkListFragmentNew: loadChannelData: 149 : R¡kosmente TV
04-09 09:31:14.737 24960 24960 D OkListFragmentNew: loadChannelData: 150 : TV18
04-09 09:31:14.737 24960 24960 D OkListFragmentNew: loadChannelData: 151 : Buda TV
04-09 09:31:14.737 24960 24960 D OkListFragmentNew: loadChannelData: 152 : Hunyadi TV
04-09 09:31:14.737 24960 24960 D OkListFragmentNew: loadChannelData: 153 : Williams TV
04-09 09:31:14.737 24960 24960 D OkListFragmentNew: loadChannelData: 154 : Signal TV
04-09 09:31:14.737 24960 24960 D OkListFragmentNew: loadChannelData: 155 : R©gi³ Plusz TV
04-09 09:31:14.737 24960 24960 D OkListFragmentNew: loadChannelData: 156 : Szilas TV
04-09 09:31:14.737 24960 24960 D OkListFragmentNew: loadChannelData: 157 : PAX TV
04-09 09:31:14.737 24960 24960 D OkListFragmentNew: loadChannelData: 158 : EWTN
04-09 09:31:14.737 24960 24960 D OkListFragmentNew: loadChannelData: 159 : Heti TV
04-09 09:31:14.737 24960 24960 D OkListFragmentNew: loadChannelData: 160 : Jazz TV
04-09 09:31:14.737 24960 24960 D OkListFragmentNew: loadChannelData: 161 : Apostol TV
04-09 09:31:14.738 24960 24960 D OkListFragmentNew: loadChannelData: 162 : KOSSUTH RDI“
04-09 09:31:14.738 24960 24960 D OkListFragmentNew: loadChannelData: 163 : PETFI RDI“
04-09 09:31:14.738 24960 24960 D OkListFragmentNew: loadChannelData: 164 : BART“K RDI“
04-09 09:31:14.738 24960 24960 D OkListFragmentNew: loadChannelData: mCurrentPlayingChannelPosition = 0
04-09 09:31:14.738 24960 24960 D TAG : getCurrentGroupType: [0, -1]
04-09 09:31:14.738 24960 24960 D OkListFragmentNew: setGroupName: All
04-09 09:31:14.760 24960 24960 D MainMenuFragment: autoHideScheduler
04-09 09:31:14.761 24960 24960 D MainMenuFragment: onTextChanged:
04-09 09:31:14.761 24960 24960 D MainMenuFragment: autoHideScheduler
04-09 09:31:14.766 24960 24960 D TvActivity: java -- [TvActivity.java.onNewIntent#266]TvActivity: onNewIntent
04-09 09:31:14.766 24960 24960 D TvActivity: (TvActivity.java:282)onNewIntent: channel_id = 0
04-09 09:31:14.766 24960 24960 D TvActivity: handleIntent: data is null
04-09 09:31:14.767 24960 24960 D TvActivity: onResume: ...
04-09 09:31:14.767 24960 24960 D SeiMain : onActivityResumed
04-09 09:31:14.767 24960 25032 D PointManager: SavePathTask
04-09 09:31:14.769 689 15155 I MediaFocusControl: requestAudioFocus() from uid/pid 1000/24960 AA=USAGE_MEDIA/CONTENT_TYPE_MUSIC clientId=android.media.AudioManager@a0192cccom.nes.seilivetv.data.AudioManagerHelper@32dd915 callingPack=com.nes.seilivetv req=2 flags=0x3 sdk=33
04-09 09:31:14.770 24960 30078 W ContextImpl: Calling a method in the system process without a qualified user: android.app.ContextImpl.bindService:2026 android.content.ContextWrapper.bindService:861 m7.im.g:11 m7.im.d:110 m7.hb.a:211
04-09 09:31:14.770 689 15155 I AudioService.FadeOutManager: unfadeOutUid() uid:1000
04-09 09:31:14.771 24960 24960 D AudioManagerHelper: setVolumeByAudioFocusStatus: isPlaying : false audioFocusStatus : 1
04-09 09:31:14.773 24960 24960 D ReportManager: reportFragmentPath: com.nes.seilivetv.ui.fragment.MainMenuFragment
04-09 09:31:14.773 24960 25032 D PointManager: SavePathTask
04-09 09:31:14.774 689 2593 D ActivityManager: sync unfroze 27387 com.google.android.gms for 6
04-09 09:31:14.780 24960 24960 D ReportManager: reportFragmentPath: com.nes.seilivetv.ui.fragment.EpgMenuFragment
04-09 09:31:14.781 24960 24960 D ReportManager: reportFragmentPath: com.nes.seilivetv.ui.fragment.OkListFragmentNew
04-09 09:31:14.781 24960 24960 D ReportManager: reportFragmentPath: com.nes.seilivetv.ui.fragment.MainMenuFragment
04-09 09:31:14.782 24960 25032 D PointManager: SavePathTask
04-09 09:31:14.783 24960 25032 D PointManager: SavePathTask
04-09 09:31:14.786 24960 25032 D PointManager: SavePathTask
04-09 09:31:14.793 689 15155 I KatnissWindowBlocker: Setup wizard mode set to: false
04-09 09:31:14.797 24960 24960 I Choreographer: Skipped 30 frames! The application may be doing too much work on its main thread.
04-09 09:31:14.811 689 15155 D CoreBackPreview: Window{83fbaaa u0 com.nes.seilivetv/com.nes.seilivetv.ui.activity.TvActivity}: Setting back callback OnBackInvokedCallbackInfo{mCallback=android.window.IOnBackInvokedCallback$Stub$Proxy@4a3264d, mPriority=0, mIsAnimationCallback=false}
04-09 09:31:14.815 27387 27387 D BoundBrokerSvc: onBind: Intent { act=com.google.android.gms.measurement.START pkg=com.google.android.gms }
04-09 09:31:14.816 27387 27387 D BoundBrokerSvc: Loading bound service for intent: Intent { act=com.google.android.gms.measurement.START pkg=com.google.android.gms }
04-09 09:31:14.823 24960 25013 E OpenGLRenderer: Unable to match the desired swap behavior.
04-09 09:31:14.823 24960 24960 D DeviceUtils: equalsProductName: target -> SEI804ZB productName ->SEI804HM
04-09 09:31:14.823 24960 24960 D OkListFragmentNew: onGlobalFocusChanged: newFocus id = 2131362450
04-09 09:31:14.823 24960 24960 D OkListFragmentNew: onGlobalFocusChanged: 0
04-09 09:31:14.823 24960 24960 D OkListFragmentNew: onGlobalFocusChanged: 5
04-09 09:31:14.824 24960 24960 D EpgMenuFragment: (EpgMenuFragment.java:1048)mGroupListView's onFocusChange: true
04-09 09:31:14.854 689 2593 I WindowManager: finishDrawing of relaunch: Window{83fbaaa u0 com.nes.seilivetv/com.nes.seilivetv.ui.activity.TvActivity} 575ms
04-09 09:31:14.855 24960 24960 D ReportManager: onReceive: android.net.wifi.WIFI_STATE_CHANGED
04-09 09:31:14.857 24960 24960 D ReportManager: onReceive: android.net.conn.CONNECTIVITY_CHANGE
04-09 09:31:14.859 24960 24960 D ReportManager: onReceive: android.net.wifi.STATE_CHANGE
04-09 09:31:14.864 24960 30081 D ReportManager: onError: CLEARTEXT communication to ip-api.com not permitted by network security policy
04-09 09:31:14.864 24960 24960 D DtvKitController: onServiceConnected: ComponentInfo{org.dtvkit.inputsource/org.dtvkit.inputsource.service.DtvkitSettingService}
04-09 09:31:14.865 1233 4960 D DtvkitSettingService: getStringValue: key dvb_tuner_type
04-09 09:31:14.866 1233 4960 D DataMananer: getStringParameters key = dvb_tuner_type, result = DVB-C
04-09 09:31:14.866 1233 4960 D DtvkitSettingService: getStringValue: key ca_type
04-09 09:31:14.867 1233 4960 D DeviceUtils: getCaType:
04-09 09:31:14.867 1052 1170 V WindowManagerShell: onTransitionReady android.os.BinderProxy@e8cf1ef: {id=83 t=OPEN f=0x0 trk=0 r=[0@Point(0, 0)] c=[{WCT{android.window.IWindowContainerToken$Stub$Proxy@5d2a701} m=TO_FRONT f=MOVE_TO_TOP leash=Surface(name=Task=431)/@0x409b9da sb=Rect(0, 0 - 1920, 1080) eb=Rect(0, 0 - 1920, 1080) d=0},{WCT{android.window.IWindowContainerToken$Stub$Proxy@55999a6} m=TO_BACK f=NONE leash=Surface(name=Task=435)/@0x760be0b sb=Rect(0, 0 - 1920, 1080) eb=Rect(0, 0 - 1920, 1080) d=0}]}
04-09 09:31:14.868 1052 1170 V WindowManagerShell: Playing animation for (#83)android.os.BinderProxy@e8cf1ef@0
04-09 09:31:14.868 1052 1170 V WindowManagerShell: try handler com.android.wm.shell.keyguard.KeyguardTransitionHandler@1afc691
04-09 09:31:14.868 1052 1170 V WindowManagerShell: try handler com.android.wm.shell.activityembedding.ActivityEmbeddingController@b7de9f6
04-09 09:31:14.868 1052 1170 V WindowManagerShell: try handler com.android.wm.shell.pip.tv.TvPipTransition@c29c1f7
04-09 09:31:14.868 1052 1170 V WindowManagerShell: try handler com.android.wm.shell.transition.RemoteTransitionHandler@2eb0864
04-09 09:31:14.868 1052 1170 V WindowManagerShell: Transition doesn't have explicit remote, search filters for match for {id=83 t=OPEN f=0x0 trk=0 r=[0@Point(0, 0)] c=[{WCT{android.window.IWindowContainerToken$Stub$Proxy@5d2a701} m=TO_FRONT f=MOVE_TO_TOP leash=Surface(name=Task=431)/@0x409b9da sb=Rect(0, 0 - 1920, 1080) eb=Rect(0, 0 - 1920, 1080) d=0},{WCT{android.window.IWindowContainerToken$Stub$Proxy@55999a6} m=TO_BACK f=NONE leash=Surface(name=Task=435)/@0x760be0b sb=Rect(0, 0 - 1920, 1080) eb=Rect(0, 0 - 1920, 1080) d=0}]}
04-09 09:31:14.868 1052 1170 V WindowManagerShell: Delegate animation for #83 to null
04-09 09:31:14.868 1052 1170 V WindowManagerShell: try handler com.android.wm.shell.transition.DefaultTransitionHandler@bf93acd
04-09 09:31:14.868 24960 30086 D ReportManager: onError: CLEARTEXT communication to ip-api.com not permitted by network security policy
04-09 09:31:14.868 1052 1170 V WindowManagerShell: start default transition animation, info = {id=83 t=OPEN f=0x0 trk=0 r=[0@Point(0, 0)] c=[{WCT{android.window.IWindowContainerToken$Stub$Proxy@5d2a701} m=TO_FRONT f=MOVE_TO_TOP leash=Surface(name=Task=431)/@0x409b9da sb=Rect(0, 0 - 1920, 1080) eb=Rect(0, 0 - 1920, 1080) d=0},{WCT{android.window.IWindowContainerToken$Stub$Proxy@55999a6} m=TO_BACK f=NONE leash=Surface(name=Task=435)/@0x760be0b sb=Rect(0, 0 - 1920, 1080) eb=Rect(0, 0 - 1920, 1080) d=0}]}
04-09 09:31:14.869 1052 1170 V WindowManagerShell: loadAnimation: anim=android.view.animation.AlphaAnimation@315f794 animAttr=0x9 type=OPEN isEntrance=false
04-09 09:31:14.871 1052 1170 V WindowManagerShell: loadAnimation: anim=android.view.animation.AlphaAnimation@275aa32 animAttr=0x8 type=OPEN isEntrance=true
04-09 09:31:14.872 24960 24960 D DeviceUtils: isDisablePVR:
04-09 09:31:14.872 24960 24960 D DeviceUtils: equalsProductName: target -> SEI600NK productName ->SEI804HM
04-09 09:31:14.872 24960 24960 D DeviceUtils: equalsProductName: target -> SEI600NK4 productName ->SEI804HM
04-09 09:31:14.872 24960 24960 D DeviceUtils: equalsProductName: target -> SEI804NK productName ->SEI804HM
04-09 09:31:14.872 24960 24960 D DeviceUtils: equalsProductName: target -> SEI800ZP productName ->SEI804HM
04-09 09:31:14.872 24960 24960 D DeviceUtils: equalsProductName: target -> SEI800QB productName ->SEI804HM
04-09 09:31:14.872 24960 24960 D DeviceUtils: equalsProductName: target -> SEI804ZB productName ->SEI804HM
04-09 09:31:14.873 1052 1170 V WindowManagerShell: animated by com.android.wm.shell.transition.DefaultTransitionHandler@bf93acd
04-09 09:31:14.876 24960 24960 D UIConfig: init: json {
04-09 09:31:14.876 24960 24960 D UIConfig: "edit_channel": [
04-09 09:31:14.876 24960 24960 D UIConfig: {
04-09 09:31:14.876 24960 24960 D UIConfig: "name": "favorite",
04-09 09:31:14.876 24960 24960 D UIConfig: "position": "0",
04-09 09:31:14.876 24960 24960 D UIConfig: "type": 0
04-09 09:31:14.876 24960 24960 D UIConfig: },
04-09 09:31:14.876 24960 24960 D UIConfig: {
04-09 09:31:14.876 24960 24960 D UIConfig: "name": "lock",
04-09 09:31:14.876 24960 24960 D UIConfig: "position": 1,
04-09 09:31:14.876 24960 24960 D UIConfig: "type": 1
04-09 09:31:14.876 24960 24960 D UIConfig: },
04-09 09:31:14.876 24960 24960 D UIConfig: {
04-09 09:31:14.876 24960 24960 D UIConfig: "name": "skip",
04-09 09:31:14.876 24960 24960 D UIConfig: "position": 2,
04-09 09:31:14.876 24960 24960 D UIConfig: "type": 2
04-09 09:31:14.876 24960 24960 D UIConfig: },
04-09 09:31:14.876 24960 24960 D UIConfig: {
04-09 09:31:14.876 24960 24960 D UIConfig: "name": "move",
04-09 09:31:14.876 24960 24960 D UIConfig: "position": 3,
04-09 09:31:14.876 24960 24960 D UIConfig: "type": 3
04-09 09:31:14.876 24960 24960 D UIConfig: },
04-09 09:31:14.876 24960 24960 D UIConfig: {
04-09 09:31:14.876 24960 24960 D UIConfig: "name": "delete",
04-09 09:31:14.876 24960 24960 D UIConfig: "position": 4,
04-09 09:31:14.876 24960 24960 D UIConfig: "type": 4
04-09 09:31:14.876 24960 24960 D UIConfig: }
04-09 09:31:14.876 24960 24960 D UIConfig: ],
04-09 09:31:14.876 24960 24960 D UIConfig: "enable_record": true,
04-09 09:31:14.876 24960 24960 D UIConfig: "style_A": {
04-09 09:31:14.876 24960 24960 D UIConfig: "menu_items": [
04-09 09:31:14.876 24960 24960 D UIConfig: {
04-09 09:31:14.876 24960 24960 D UIConfig: "name": "guide",
04-09 09:31:14.876 24960 24960 D UIConfig: "position": 0,
04-09 09:31:14.876 24960 24960 D UIConfig: "type": 0
04-09 09:31:14.876 24960 24960 D UIConfig: },
04-09 09:31:14.876 24960 24960 D UIConfig: {
04-09 09:31:14.876 24960 24960 D UIConfig: "name": "scan",
04-09 09:31:14.876 24960 24960 D UIConfig: "position": 1,
04-09 09:31:14.876 24960 24960 D UIConfig: "type": 3
04-09 09:31:14.876 24960 24960 D UIConfig: },
04-09 09:31:14.876 24960 24960 D UIConfig: {
04-09 09:31:14.876 24960 24960 D UIConfig: "name": "options",
04-09 09:31:14.876 24960 24960 D UIConfig: "position": 2,
04-09 09:31:14.876 24960 24960 D UIConfig: "type": 1
04-09 09:31:14.876 24960 24960 D UIConfig: },
04-09 09:31:14.876 24960 24960 D UIConfig: {
04-09 09:31:14.876 24960 24960 D UIConfig: "name": "edit_channel",
04-09 09:31:14.876 24960 24960 D UIConfig: "position": 3,
04-09 09:31:14.876 24960 24960 D UIConfig: "type": 4
04-09 09:31:14.876 24960 24960 D UIConfig: },
04-09 09:31:14.876 24960 24960 D UIConfig: {
04-09 09:31:14.876 24960 24960 D UIConfig: "name": "pvr",
04-09 09:31:14.876 24960 24960 D UIConfig: "position": 4,
04-09 09:31:14.876 24960 24960 D UIConfig: "type": 2
04-09 09:31:14.876 24960 24960 D UIConfig: },
04-09 09:31:14.876 24960 24960 D UIConfig: {
04-09 09:31:14.876 24960 24960 D UIConfig: "name": "timer",
04-09 09:31:14.876 24960 24960 D UIConfig: "position": 5,
04-09 09:31:14.876 24960 24960 D UIConfig: "type": 5
04-09 09:31:14.876 24960 24960 D UIConfig: },
04-09 09:31:14.876 24960 24960 D UIConfig: {
04-09 09:31:14.876 24960 24960 D UIConfig: "name": "tv_setting",
04-09 09:31:14.876 24960 24960 D UIConfig: "position": 6,
04-09 09:31:14.876 24960 24960 D UIConfig: "type": 6
04-09 09:31:14.876 24960 24960 D UIConfig: }
04-09 09:31:14.876 24960 24960 D UIConfig: ],
04-09 09:31:14.876 24960 24960 D UIConfig: "options": [
04-09 09:31:14.876 24960 24960 D UIConfig: {
04-09 09:31:14.876 24960 24960 D UIConfig: "name": "audio_tack",
04-09 09:31:14.876 24960 24960 D UIConfig: "position": 0,
04-09 09:31:14.876 24960 24960 D UIConfig: "type": 0
04-09 09:31:14.876 24960 24960 D UIConfig: },
04-09 09:31:14.876 24960 24960 D UIConfig: {
04-09 09:31:14.876 24960 24960 D UIConfig: "name": "subtitle_track",
04-09 09:31:14.876 24960 24960 D UIConfig: "position": 1,
04-09 09:31:14.876 24960 24960 D UIConfig: "type": 1
04-09 09:31:14.876 24960 24960 D UIConfig: },
04-09 09:31:14.876 24960 24960 D UIConfig: {
04-09 09:31:14.876 24960 24960 D UIConfig: "name": "audio_mode",
04-09 09:31:14.876 24960 24960 D UIConfig: "position": 2,
04-09 09:31:14.876 24960 24960 D UIConfig: "type": 2
04-09 09:31:14.876 24960 24960 D UIConfig: },
04-09 09:31:14.876 24960 24960 D UIConfig: {
04-09 09:31:14.876 24960 24960 D UIConfig: "name": "aspect_mode",
04-09 09:31:14.876 24960 24960 D UIConfig: "position": 3,
04-09 09:31:14.876 24960 24960 D UIConfig: "type": 3
04-09 09:31:14.876 24960 24960 D UIConfig: },
04-09 09:31:14.876 24960 24960 D UIConfig: {
04-09 09:31:14.876 24960 24960 D UIConfig: "name": "teletext",
04-09 09:31:14.876 24960 24960 D UIConfig: "position": 4,
04-09 09:31:14.876 24960 24960 D UIConfig: "type": 4
04-09 09:31:14.876 24960 24960 D UIConfig: }
04-09 09:31:14.876 24960 24960 D UIConfig: ]
04-09 09:31:14.876 24960 24960 D UIConfig: },
04-09 09:31:14.876 24960 24960 D UIConfig: "style_B": {
04-09 09:31:14.876 24960 24960 D UIConfig: "menu_items": [
04-09 09:31:14.876 24960 24960 D UIConfig: {
04-09 09:31:14.876 24960 24960 D UIConfig: "name": "channel_list",
04-09 09:31:14.876 24960 24960 D UIConfig: "position": 0,
04-09 09:31:14.876 24960 24960 D UIConfig: "type": 0
04-09 09:31:14.876 24960 24960 D UIConfig: },
04-09 09:31:14.876 24960 24960 D UIConfig: {
04-09 09:31:14.876 24960 24960 D UIConfig: "name": "guide",
04-09 09:31:14.876 24960 24960 D UIConfig: "position": 1,
04-09 09:31:14.876 24960 24960 D UIConfig: "type": 1
04-09 09:31:14.876 24960 24960 D UIConfig: },
04-09 09:31:14.876 24960 24960 D UIConfig: {
04-09 09:31:14.876 24960 24960 D UIConfig: "name": "recording_schedule",
04-09 09:31:14.876 24960 24960 D UIConfig: "position": 2,
04-09 09:31:14.876 24960 24960 D UIConfig: "type": 2
04-09 09:31:14.876 24960 24960 D UIConfig: },
04-09 09:31:14.876 24960 24960 D UIConfig: {
04-09 09:31:14.876 24960 24960 D UIConfig: "name": "edit_channel",
04-09 09:31:14.876 24960 24960 D UIConfig: "position": 3,
04-09 09:31:14.876 24960 24960 D UIConfig: "type": 3
04-09 09:31:14.876 24960 24960 D UIConfig: },
04-09 09:31:14.876 24960 24960 D UIConfig: {
04-09 09:31:14.876 24960 24960 D UIConfig: "name": "scan",
04-09 09:31:14.876 24960 24960 D UIConfig: "position": 4,
04-09 09:31:14.876 24960 24960 D UIConfig: "type": 4
04-09 09:31:14.876 24960 24960 D UIConfig: }
04-09 09:31:14.876 24960 24960 D UIConfig: ],
04-09 09:31:14.876 24960 24960 D UIConfig: "options": [
04-09 09:31:14.876 24960 24960 D UIConfig: {
04-09 09:31:14.876 24960 24960 D UIConfig: "name": "audio_tack",
04-09 09:31:14.876 24960 24960 D UIConfig: "position": 0,
04-09 09:31:14.876 24960 24960 D UIConfig: "type": 0
04-09 09:31:14.876 24960 24960 D UIConfig: },
04-09 09:31:14.876 24960 24960 D UIConfig: {
04-09 09:31:14.876 24960 24960 D UIConfig: "name": "subtitle_track",
04-09 09:31:14.876 24960 24960 D UIConfig: "position": 1,
04-09 09:31:14.876 24960 24960 D UIConfig: "type": 1
04-09 09:31:14.876 24960 24960 D UIConfig: },
04-09 09:31:14.876 24960 24960 D UIConfig: {
04-09 09:31:14.876 24960 24960 D UIConfig: "name": "audio_mode",
04-09 09:31:14.876 24960 24960 D UIConfig: "position": 2,
04-09 09:31:14.876 24960 24960 D UIConfig: "type": 2
04-09 09:31:14.876 24960 24960 D UIConfig: },
04-09 09:31:14.876 24960 24960 D UIConfig: {
04-09 09:31:14.876 24960 24960 D UIConfig: "name": "aspect_mode",
04-09 09:31:14.876 24960 24960 D UIConfig: "position": 3,
04-09 09:31:14.876 24960 24960 D UIConfig: "type": 3
04-09 09:31:14.876 24960 24960 D UIConfig: },
04-09 09:31:14.876 24960 24960 D UIConfig: {
04-09 09:31:14.876 24960 24960 D UIConfig: "name": "all_setting",
04-09 09:31:14.876 24960 24960 D UIConfig: "position": 4,
04-09 09:31:14.876 24960 24960 D UIConfig: "type": 4
04-09 09:31:14.876 24960 24960 D UIConfig: }
04-09 09:31:14.876 24960 24960 D UIConfig: ]
04-09 09:31:14.876 24960 24960 D UIConfig: },
04-09 09:31:14.876 24960 24960 D UIConfig: "tv_setting": [
04-09 09:31:14.876 24960 24960 D UIConfig: {
04-09 09:31:14.876 24960 24960 D UIConfig: "name": "pvr",
04-09 09:31:14.876 24960 24960 D UIConfig: "type": 0,
04-09 09:31:14.876 24960 24960 D UIConfig: "sub_items": [
04-09 09:31:14.876 24960 24960 D UIConfig: {
04-09 09:31:14.876 24960 24960 D UIConfig: "name": "storage",
04-09 09:31:14.876 24960 24960 D UIConfig: "type": 1001
04-09 09:31:14.876 24960 24960 D UIConfig: },
04-09 09:31:14.876 24960 24960 D UIConfig: {
04-09 09:31:14.876 24960 24960 D UIConfig: "name": "duration",
04-09 09:31:14.876 24960 24960 D UIConfig: "type": 1002
04-09 09:31:14.876 24960 24960 D UIConfig: }
04-09 09:31:14.876 24960 24960 D UIConfig: ]
04-09 09:31:14.876 24960 24960 D UIConfig: },
04-09 09:31:14.876 24960 24960 D UIConfig: {
04-09 09:31:14.876 24960 24960 D UIConfig: "name": "language_setting",
04-09 09:31:14.876 24960 24960 D UIConfig: "type": 1,
04-09 09:31:14.876 24960 24960 D UIConfig: "sub_items": [
04-09 09:31:14.876 24960 24960 D UIConfig: {
04-09 09:31:14.876 24960 24960 D UIConfig: "name": "first_audio",
04-09 09:31:14.876 24960 24960 D UIConfig: "type": 1011
04-09 09:31:14.876 24960 24960 D UIConfig: },
04-09 09:31:14.876 24960 24960 D UIConfig: {
04-09 09:31:14.876 24960 24960 D UIConfig: "name": "second_audio",
04-09 09:31:14.876 24960 24960 D UIConfig: "type": 1012
04-09 09:31:14.876 24960 24960 D UIConfig: },
04-09 09:31:14.876 24960 24960 D UIConfig: {
04-09 09:31:14.876 24960 24960 D UIConfig: "name": "first_subtitle",
04-09 09:31:14.876 24960 24960 D UIConfig: "type": 1013
04-09 09:31:14.876 24960 24960 D UIConfig: },
04-09 09:31:14.876 24960 24960 D UIConfig: {
04-09 09:31:14.876 24960 24960 D UIConfig: "name": "first_subtitle",
04-09 09:31:14.876 24960 24960 D UIConfig: "type": 1014
04-09 09:31:14.876 24960 24960 D UIConfig: },
04-09 09:31:14.876 24960 24960 D UIConfig: {
04-09 09:31:14.876 24960 24960 D UIConfig: "name": "subtitle_status",
04-09 09:31:14.876 24960 24960 D UIConfig: "type": 1015
04-09 09:31:14.876 24960 24960 D UIConfig: },
04-09 09:31:14.876 24960 24960 D UIConfig: {
04-09 09:31:14.876 24960 24960 D UIConfig: "name": "tel_text",
04-09 09:31:14.876 24960 24960 D UIConfig: "type": 1016
04-09 09:31:14.876 24960 24960 D UIConfig: }
04-09 09:31:14.876 24960 24960 D UIConfig: ]
04-09 09:31:14.876 24960 24960 D UIConfig: },
04-09 09:31:14.876 24960 24960 D UIConfig: {
04-09 09:31:14.876 24960 24960 D UIConfig: "name": "time_setting",
04-09 09:31:14.876 24960 24960 D UIConfig: "type": 2
04-09 09:31:14.876 24960 24960 D UIConfig: },
04-09 09:31:14.876 24960 24960 D UIConfig: {
04-09 09:31:14.876 24960 24960 D UIConfig: "name": "security_setting",
04-09 09:31:14.876 24960 24960 D UIConfig: "type": 3,
04-09 09:31:14.876 24960 24960 D UIConfig: "sub_items": [
04-09 09:31:14.876 24960 24960 D UIConfig: {
04-09 09:31:14.876 24960 24960 D UIConfig: "name": "parent_control",
04-09 09:31:14.876 24960 24960 D UIConfig: "type": 1031
04-09 09:31:14.876 24960 24960 D UIConfig: },
04-09 09:31:14.876 24960 24960 D UIConfig: {
04-09 09:31:14.876 24960 24960 D UIConfig: "name": "meu_lock",
04-09 09:31:14.876 24960 24960 D UIConfig: "type": 1032
04-09 09:31:14.876 24960 24960 D UIConfig: },
04-09 09:31:14.876 24960 24960 D UIConfig: {
04-09 09:31:14.876 24960 24960 D UIConfig: "name": "channel_lock",
04-09 09:31:14.876 24960 24960 D UIConfig: "type": 1033
04-09 09:31:14.876 24960 24960 D UIConfig: },
04-09 09:31:14.876 24960 24960 D UIConfig: {
04-09 09:31:14.876 24960 24960 D UIConfig: "name": "channel_pin",
04-09 09:31:14.876 24960 24960 D UIConfig: "type": 1034
04-09 09:31:14.876 24960 24960 D UIConfig: }
04-09 09:31:14.876 24960 24960 D UIConfig: ]
04-09 09:31:14.876 24960 24960 D UIConfig: },
04-09 09:31:14.876 24960 24960 D UIConfig: {
04-09 09:31:14.876 24960 24960 D UIConfig: "name": "av_setting",
04-09 09:31:14.876 24960 24960 D UIConfig: "position": 4,
04-09 09:31:14.876 24960 24960 D UIConfig: "type": 4
04-09 09:31:14.876 24960 24960 D UIConfig: },
04-09 09:31:14.876 24960 24960 D UIConfig: {
04-09 09:31:14.876 24960 24960 D UIConfig: "name": "others",
04-09 09:31:14.876 24960 24960 D UIConfig: "type": 5,
04-09 09:31:14.876 24960 24960 D UIConfig: "sub_items": [
04-09 09:31:14.876 24960 24960 D UIConfig: // {
04-09 09:31:14.876 24960 24960 D UIConfig: // "name": "dnt",
04-09 09:31:14.876 24960 24960 D UIConfig: // "type": 1051
04-09 09:31:14.876 24960 24960 D UIConfig: // },
04-09 09:31:14.876 24960 24960 D UIConfig: {
