04-09 09:19:32.416 689 837 W ActivityManager: Slow operation: 69ms so far, now at startProcess: starting to update pids map
04-09 09:19:32.416 689 837 W ActivityManager: Slow operation: 69ms so far, now at startProcess: done updating pids map
04-09 09:19:32.417 247 261 W vold : There is no valid blk device path for data partition
04-09 09:19:32.418 689 689 W StorageManagerService: Failed to get storage write record
04-09 09:19:32.418 689 689 I SmartStorageMaintIdler: Got smart storage maintenance service completion callback
04-09 09:19:32.440 689 689 W JobScheduler: Job didn't exist in JobStore: ef7915f #1000/2808 android/com.android.server.SmartStorageMaintIdler
04-09 09:19:32.458 689 689 D ActivityManager: sync unfroze 25183 com.droidlogic.android.tv for 6
04-09 09:19:32.520 689 912 D CompatibilityChangeReporter: Compat change id reported: 168419799; UID 10051; state: DISABLED
04-09 09:19:32.521 689 912 D CompatibilityChangeReporter: Compat change id reported: 273564678; UID 10051; state: DISABLED
04-09 09:19:32.606 689 689 D HDMI : one touch play retry:3
04-09 09:19:32.607 689 1018 D HDMI : [S]: 40:0D
04-09 09:19:32.688 689 1018 D HDMI : [S]: 40:8F
04-09 09:19:32.737 689 15157 D CompatibilityChangeReporter: Compat change id reported: 253665015; UID 10062; state: ENABLED
04-09 09:19:32.738 689 15157 D CompatibilityChangeReporter: Compat change id reported: 194532703; UID 10062; state: ENABLED
04-09 09:19:32.875 689 689 D HDMI : [R]: 04:90:01
04-09 09:19:32.875 1070 1070 D HdmiCecActiveness: setState inactive mState:inactive
04-09 09:19:33.008 689 912 D CompatibilityChangeReporter: Compat change id reported: 261072174; UID 10066; state: ENABLED
04-09 09:19:33.092 293 293 W keystore2: system/security/keystore2/src/remote_provisioning.rs:102 - Error occurred: system/security/keystore2/src/rkpd_client.rs:226: Trying to get to IRegistration service.
04-09 09:19:33.092 293 293 W keystore2:
04-09 09:19:33.092 293 293 W keystore2: Caused by:
04-09 09:19:33.092 293 293 W keystore2: 0: system/security/keystore2/src/rkpd_client.rs:120: Trying to get IRPC name.
04-09 09:19:33.092 293 293 W keystore2: 1: system/security/keystore2/src/globals.rs:440
04-09 09:19:33.092 293 293 W keystore2: 2: Error::Km(r#HARDWARE_TYPE_UNAVAILABLE)
04-09 09:19:33.312 689 811 D CompatibilityChangeReporter: Compat change id reported: 161145287; UID 10076; state: ENABLED
04-09 09:19:33.517 689 1876 I ActivityManager: Flag disabled. Ignoring finishAttachApplication from uid: 10051. pid: 27275
04-09 09:19:33.564 689 1018 D HDMI : [S]: 40:46
04-09 09:19:34.430 689 15157 D CompatibilityChangeReporter: Compat change id reported: 271850009; UID 10067; state: DISABLED
04-09 09:19:34.431 689 15157 D CompatibilityChangeReporter: Compat change id reported: 253665015; UID 10067; state: DISABLED
04-09 09:19:34.431 689 15157 D CompatibilityChangeReporter: Compat change id reported: 194532703; UID 10067; state: ENABLED
04-09 09:19:34.525 689 15157 D CompatibilityChangeReporter: Compat change id reported: 229362273; UID 10051; state: ENABLED
04-09 09:19:34.533 689 1876 W ActivityManager: Unable to start service Intent { act=com.google.android.gms.time.trustedtime.service.START pkg=com.google.android.gms } U=0: not found
04-09 09:19:34.544 689 1882 W ActivityManager: Unbind failed: could not find connection for android.os.BinderProxy@e68c725
04-09 09:19:34.607 689 689 D HDMI : one touch play retry:4
04-09 09:19:34.608 689 1018 D HDMI : [S]: 40:0D
04-09 09:19:34.662 689 912 W ActivityManager: Unable to start service Intent { act=com.google.android.gms.wearable.BIND pkg=com.google.android.gms } U=0: not found
04-09 09:19:34.675 689 1882 D CompatibilityChangeReporter: Compat change id reported: 168936375; UID 10051; state: ENABLED
04-09 09:19:34.679 689 1882 D CompatibilityChangeReporter: Compat change id reported: 73144566; UID 10051; state: ENABLED
04-09 09:19:34.681 689 811 W ActivityManager: Unbind failed: could not find connection for android.os.BinderProxy@760ec03
04-09 09:19:34.688 689 1018 D HDMI : [S]: 40:8F
04-09 09:19:34.807 689 15157 I ActivityManager: Process com.google.android.gms (pid 20428) has died: vis BTOP
04-09 09:19:34.817 689 15157 W ActivityManager: Scheduling restart of crashed service com.google.android.gms/.measurement.service.MeasurementBrokerService in 1000ms for connection
04-09 09:19:34.817 689 15157 W ActivityManager: Scheduling restart of crashed service com.google.android.gms/.chimera.GmsIntentOperationService in 10999ms for start-requested
04-09 09:19:34.817 689 15157 W ActivityManager: Scheduling restart of crashed service com.google.android.gms/.chimera.GmsApiService in 20999ms for connection
04-09 09:19:34.817 689 15157 W ActivityManager: Scheduling restart of crashed service com.google.android.gms/.chimera.GmsBoundBrokerService in 30999ms for connection
04-09 09:19:34.826 689 912 D CompatibilityChangeReporter: Compat change id reported: 135634846; UID 10051; state: DISABLED
04-09 09:19:34.827 689 837 D CompatibilityChangeReporter: Compat change id reported: 143937733; UID 10051; state: ENABLED
04-09 09:19:34.871 689 837 I ActivityManager: Start proc 27387:com.google.android.gms/u0a51 for service {com.google.android.gms/com.google.android.gms.measurement.service.MeasurementBrokerService}
04-09 09:19:34.876 1070 1070 D HdmiCecActiveness: setState inactive mState:inactive
04-09 09:19:34.879 689 689 D HDMI : [R]: 04:90:01
04-09 09:19:35.138 689 1876 W ActivityManager: Unable to start service Intent { act=com.google.android.gms.wearable.BIND pkg=com.google.android.gms } U=0: not found
04-09 09:19:35.140 689 1882 W ActivityManager: Unbind failed: could not find connection for android.os.BinderProxy@21409c
04-09 09:19:35.169 689 1876 W ActivityManager: Unable to start service Intent { act=com.google.android.gms.time.trustedtime.service.START pkg=com.google.android.gms } U=0: not found
04-09 09:19:35.170 689 1876 W ActivityManager: Unbind failed: could not find connection for android.os.BinderProxy@d021fc9
04-09 09:19:35.336 689 689 D HDMI : [R]: 0F:32:68:75:6E
04-09 09:19:35.337 689 689 W HDMI : [1]:handleSetMenuLanguage switch is not enabled!
04-09 09:19:35.437 689 689 D HDMI : [R]: 04:1A:01
04-09 09:19:35.438 689 689 W HDMI : [1]:Unhandled cec command: 04:1A:01
04-09 09:19:35.439 689 1018 D HDMI : [S]: 40:00:1A:00
04-09 09:19:35.518 689 912 D CompatibilityChangeReporter: Compat change id reported: 171306433; UID 10051; state: ENABLED
04-09 09:19:35.519 689 912 D CompatibilityChangeReporter: Compat change id reported: 218533173; UID 10051; state: ENABLED
04-09 09:19:35.629 689 15157 W ActivityManager: Unable to start service Intent { cmp=com.nes.sound.retail/com.nes.sound.component.service.DaemonService } U=0: not found
04-09 09:19:35.630 1052 1052 I HeartBeatUtils: ComponentInfo{com.nes.sound.retail/com.nes.sound.component.service.DaemonService} bind failed !!!Immediate reconnect!!!
04-09 09:19:35.630 1052 1052 I HeartBeatUtils: onHeartBeatStoped com.nes.sound.retail/com.nes.sound.component.service.DaemonService
04-09 09:19:35.631 1856 1856 W ContextImpl: Calling a method in the system process without a qualified user: android.app.ContextImpl.bindService:2026 android.content.ContextWrapper.bindService:861 com.nes.sound.daemon.utils.heartbeat.HeartBeatConnectionPool.connectServiceByBinderBeans:108 com.nes.sound.daemon.utils.heartbeat.HeartBeatConnectionPool.reBindConnection:122 com.nes.sound.daemon.utils.heartbeat.HeartBeatUtils.reBindConnection:137
04-09 09:19:35.631 689 15157 W ActivityManager: Unbind failed: could not find connection for android.os.BinderProxy@7fe3551
04-09 09:19:35.632 1052 1052 W HeartBeatUtils: start rescue com.nes.sound.retail/com.nes.sound.component.service.DaemonService
04-09 09:19:35.632 689 1882 W ActivityManager: Unable to start service Intent { cmp=com.nes.sound/.component.service.HeartBeatDaemonService } U=0: not found
04-09 09:19:35.633 1856 1856 I HeartBeatUtils: ComponentInfo{com.nes.sound/com.nes.sound.component.service.HeartBeatDaemonService} bind failed !!!Immediate reconnect!!!
04-09 09:19:35.633 1856 1856 I HeartBeatUtils: onHeartBeatStoped com.nes.sound/com.nes.sound.component.service.HeartBeatDaemonService
04-09 09:19:35.634 689 1876 W ActivityManager: Unbind failed: could not find connection for android.os.BinderProxy@92191b6
04-09 09:19:35.635 689 1882 W ActivityManager: Unable to start service Intent { cmp=com.nes.sound/.component.service.DaemonService } U=0: not found
04-09 09:19:35.635 1856 1856 W HeartBeatUtils: start rescue com.nes.sound/com.nes.sound.component.service.HeartBeatDaemonService
04-09 09:19:35.635 1052 1052 I HeartBeatUtils: ComponentInfo{com.nes.sound/com.nes.sound.component.service.DaemonService} bind failed !!!Immediate reconnect!!!
04-09 09:19:35.635 1052 1052 I HeartBeatUtils: onHeartBeatStoped com.nes.sound/com.nes.sound.component.service.DaemonService
04-09 09:19:35.636 689 1882 W ActivityManager: Unbind failed: could not find connection for android.os.BinderProxy@674aeb7
04-09 09:19:35.636 1052 1052 W HeartBeatUtils: start rescue com.nes.sound/com.nes.sound.component.service.DaemonService
04-09 09:19:35.737 689 1018 D HDMI : [S]: 40:46
04-09 09:19:35.864 689 1882 W ActivityManager: Unable to start service Intent { act=com.google.android.gms.onboardingconsent.api.ConsentManagerApiService.START pkg=com.google.android.gms } U=0: not found
04-09 09:19:35.870 689 1882 W ActivityManager: Unbind failed: could not find connection for android.os.BinderProxy@54f24d8
04-09 09:19:35.876 689 912 I ActivityManager: Flag disabled. Ignoring finishAttachApplication from uid: 10051. pid: 27387
04-09 09:19:35.972 689 1882 W JobScheduler: Job didn't exist in JobStore: d3e8f8d #u0a71/4096 com.google.android.partnersetup/.InstalledAppJobService
04-09 09:19:36.445 689 689 D HDMI : [R]: 04:47:54:56
04-09 09:19:36.446 689 689 D HdmiCecNetwork: Ignore incoming having same osd name: 04:47:54:56
04-09 09:19:36.446 689 689 V DeviceDiscoveryAction: Start [Vendor Id Stage]:1
04-09 09:19:36.446 689 689 V DeviceDiscoveryAction: Start [Power Status Stage]:1
04-09 09:19:36.447 689 1018 D HDMI : [S]: 40:8F
04-09 09:19:36.607 689 689 D HDMI : one touch play retry:5
04-09 09:19:36.652 689 1880 W BackupManagerService: [UserID:0] dataChanged but no participant pkg='com.google.android.syncadapters.calendar' uid=10067
04-09 09:19:36.653 689 1880 W BackupManagerService: [UserID:0] dataChanged but no participant pkg='com.google.android.syncadapters.calendar' uid=10067
04-09 09:19:36.711 689 15157 W ProcessStats: Tracking association SourceState{8d646e3 com.android.vending/10054 ImpBg #23120} whose proc state 6 is better than process ProcessState{91bd1af com.android.vending:background/10054 pkg=com.android.vending} proc state 14 (570 skipped)
04-09 09:19:36.720 689 1880 I ActivityManager: com.android.vending is exempt from freezer
04-09 09:19:36.721 689 1880 D CompatibilityChangeReporter: Compat change id reported: 135634846; UID 10054; state: DISABLED
04-09 09:19:36.722 689 837 D CompatibilityChangeReporter: Compat change id reported: 143937733; UID 10054; state: ENABLED
04-09 09:19:36.751 689 837 I ActivityManager: Start proc 27500:com.android.vending:quick_launch/u0a54 for service {com.android.vending/com.google.frameworks.client.data.android.server.play.QuickLaunchProcessEndpointService}
04-09 09:19:36.820 689 811 D CompatibilityChangeReporter: Compat change id reported: 168419799; UID 10054; state: DISABLED
04-09 09:19:36.821 689 811 D CompatibilityChangeReporter: Compat change id reported: 273564678; UID 10054; state: DISABLED
04-09 09:19:36.862 689 15157 D CompatibilityChangeReporter: Compat change id reported: 170503758; UID 10054; state: ENABLED
04-09 09:19:36.893 689 1018 D HDMI : [S]: 40:0D
04-09 09:19:37.082 689 15157 I ActivityManager: Flag disabled. Ignoring finishAttachApplication from uid: 10054. pid: 27500
04-09 09:19:37.130 689 689 D HDMI : [R]: 04:90:02
04-09 09:19:37.131 689 689 V DeviceDiscoveryAction: ---------Wrap up Device Discovery:[1]---------
04-09 09:19:37.131 689 689 V DeviceDiscoveryAction: DeviceInfo: CEC: logical_address: 0x00 device_type: 0 cec_version: 5 vendor_id: 240 display_name: TV power_status: 2 physical_address: 0x0000 port_id: -1
04-09 09:19:37.131 689 689 V DeviceDiscoveryAction: --------------------------------------------
04-09 09:19:37.132 689 689 D HDMI : addCecDevice new:CEC: logical_address: 0x00 device_type: 0 cec_version: 5 vendor_id: 240 display_name: TV power_status: 2 physical_address: 0x0000 port_id: -1 old:CEC: logical_address: 0x00 device_type: 0 cec_version: 5 vendor_id: 240 display_name: TV power_status: 2 physical_address: 0x0000 port_id: -1
04-09 09:19:37.132 689 689 D HdmiControlService: Switching to full volume behavior
04-09 09:19:37.134 689 689 D HDMI : addCecDevice new:CEC: logical_address: 0x04 device_type: 4 cec_version: 5 vendor_id: 1877008 display_name: dune power_status: 0 physical_address: 0x1000 port_id: 0 old:null
04-09 09:19:37.134 689 689 D HDMI : Hot-plug detection started.
04-09 09:19:37.245 689 1882 W BackupManagerService: [UserID:0] dataChanged but no participant pkg='com.google.android.syncadapters.calendar' uid=10067
04-09 09:19:37.246 689 1882 W BackupManagerService: [UserID:0] dataChanged but no participant pkg='com.google.android.syncadapters.calendar' uid=10067
04-09 09:19:37.277 689 811 I ActivityManager: Killing 24254:com.google.android.tungsten.setupwraith/u0a52 (adj 955): empty #17
04-09 09:19:37.337 689 1018 D HDMI : [S]: 40:8F
04-09 09:19:37.341 689 827 D DisplayManagerService: Drop pending events for gone uid 10052
04-09 09:19:37.347 689 829 W ActivityManager: setHasOverlayUi called on unknown pid: 24254
04-09 09:19:37.581 689 861 W PackageManager: Attempt to delete unknown system package com.google.android.trichromelibrary_733920730
04-09 09:19:37.585 689 836 I ActivityManager: Force stopping com.google.android.trichromelibrary_733920730 appid=10098 user=0: deletePackageX
04-09 09:19:37.984 293 293 W keystore2: system/security/keystore2/src/remote_provisioning.rs:102 - Error occurred: system/security/keystore2/src/rkpd_client.rs:226: Trying to get to IRegistration service.
04-09 09:19:37.984 293 293 W keystore2:
04-09 09:19:37.984 293 293 W keystore2: Caused by:
04-09 09:19:37.984 293 293 W keystore2: 0: system/security/keystore2/src/rkpd_client.rs:120: Trying to get IRPC name.
04-09 09:19:37.984 293 293 W keystore2: 1: system/security/keystore2/src/globals.rs:440
04-09 09:19:37.984 293 293 W keystore2: 2: Error::Km(r#HARDWARE_TYPE_UNAVAILABLE)
04-09 09:19:38.060 689 689 D HDMI : [R]: 04:90:02
04-09 09:19:38.171 689 1882 I ActivityManager: com.android.vending is exempt from freezer
04-09 09:19:38.172 689 1882 D CompatibilityChangeReporter: Compat change id reported: 135634846; UID 10054; state: DISABLED
04-09 09:19:38.173 689 837 D CompatibilityChangeReporter: Compat change id reported: 143937733; UID 10054; state: ENABLED
04-09 09:19:38.207 689 837 I ActivityManager: Start proc 27590:com.android.vending:instant_app_installer/u0a54 for service {com.android.vending/com.google.android.finsky.instantapps.statussync.EnabledStatusSyncService}
04-09 09:19:38.294 689 812 W BackupManagerService: [UserID:0] dataChanged but no participant pkg='com.google.android.syncadapters.calendar' uid=10067
04-09 09:19:38.295 689 1882 W BackupManagerService: [UserID:0] dataChanged but no participant pkg='com.google.android.syncadapters.calendar' uid=10067
04-09 09:19:38.440 689 1882 I ActivityManager: Flag disabled. Ignoring finishAttachApplication from uid: 10054. pid: 27590
04-09 09:19:38.607 689 689 D HDMI : one touch play retry:6
04-09 09:19:38.608 689 1018 D HDMI : [S]: 40:0D
04-09 09:19:38.690 689 1018 D HDMI : [S]: 40:8F
04-09 09:19:38.695 689 812 D CompatibilityChangeReporter: Compat change id reported: 161252188; UID 10051; state: DISABLED
04-09 09:19:38.960 247 261 E vold : Failed to set project id on /data/media/0/Android/data/com.android.vending/: Operation not supported on transport endpoint
04-09 09:19:39.226 689 689 D HDMI : [R]: 04:90:02
04-09 09:19:39.230 689 927 D ActivityManager: freezing 26740 com.alphainventor.filemanager
04-09 09:19:39.559 689 689 D HDMI : [R]: 04:8C
04-09 09:19:39.560 689 1018 D HDMI : [S]: 4F:87:1C:A4:10
04-09 09:19:39.689 27590 27671 E ActivityThread: Failed to find provider info for com.google.android.instantapps.supervisor.SupervisorArchiveProvider
04-09 09:19:39.711 689 11289 I ActivityManager: Killing 24231:com.android.settings.intelligence/u0a48 (adj 985): empty #17
04-09 09:19:39.752 689 827 D DisplayManagerService: Drop pending events for gone uid 10048
04-09 09:19:39.817 689 689 D HDMI : [R]: 04:83
04-09 09:19:39.819 689 1018 D HDMI : [S]: 4F:84:10:00:04
04-09 09:19:40.070 689 689 D HDMI : [R]: 04:46
04-09 09:19:40.071 689 1018 D HDMI : [S]: 40:47:64:75:6E:65
04-09 09:19:40.352 689 11289 E Transition: Trying to add a ready-group twice: Display{#0 state=ON size=1920x1080 ROTATION_0}
04-09 09:19:40.353 689 11289 I ActivityTaskManager: START u0 {act=com.nes.intent.action.search.channel cmp=org.dtvkit.inputsource/.SearchResultActivity (has extras)} with LAUNCH_MULTIPLE from uid 1000 (BAL_ALLOW_ALLOWLISTED_UID) result code=0
04-09 09:19:40.354 1052 1170 V WindowManagerShell: Transition requested: android.os.BinderProxy@ef1f541 TransitionRequestInfo { type = OPEN, triggerTask = TaskInfo{userId=0 taskId=431 displayId=0 isRunning=true baseIntent=Intent { act=android.intent.action.MAIN cat=[android.intent.category.LEANBACK_LAUNCHER] flg=0x10000000 pkg=com.nes.seilivetv cmp=com.nes.seilivetv/.ui.activity.MainActivity } baseActivity=ComponentInfo{com.nes.seilivetv/com.nes.seilivetv.ui.activity.TvActivity} topActivity=ComponentInfo{org.dtvkit.inputsource/org.dtvkit.inputsource.SearchResultActivity} origActivity=null realActivity=ComponentInfo{com.nes.seilivetv/com.nes.seilivetv.ui.activity.MainActivity} numActivities=3 lastActiveTime=653232680 supportsMultiWindow=false resizeMode=1 isResizeable=true minWidth=-1 minHeight=-1 defaultMinSize=220 token=WCT{android.window.IWindowContainerToken$Stub$Proxy@7056ae6} topActivityType=1 pictureInPictureParams=null shouldDockBigOverlays=true launchIntoPipHostTaskId=-1 lastParentTaskIdBeforePip=-1 displayCutoutSafeInsets=null topActivityInfo=ActivityInfo{7c4c827 org.dtvkit.inputsource.SearchResultActivity} launchCookies=[] positionInParent=Point(0, 0) parentTaskId=-1 isFocused=true isVisible=true isVisibleRequested=true isSleeping=false topActivityInSizeCompat=false topActivityEligibleForLetterboxEducation= false topActivityLetterboxed= false isFromDoubleTap= false topActivityLetterboxVerticalPosition= -1 topActivityLetterboxHorizontalPosition= -1 topActivityLetterboxWidth=-1 topActivityLetterboxHeight=-1 locusId=null displayAreaFeatureId=1 cameraCompatControlState=hidden}, remoteTransition = null, displayChange = null }
04-09 09:19:40.427 24960 26594 W ContextImpl: Calling a method in the system process without a qualified user: android.app.ContextImpl.bindService:2026 android.content.ContextWrapper.bindService:861 m7.im.g:11 m7.im.d:110 m7.hb.a:211
04-09 09:19:40.458 689 689 D HDMI : [R]: 04:A0:00:00:F0:23
04-09 09:19:40.459 689 689 D HDMI : invokeVendorCommandListenersOnReceived [0, 0, -16, 35]
04-09 09:19:40.464 689 1018 D HDMI : [S]: 40:00:A0:04
04-09 09:19:40.470 1052 1170 D WindowManagerShell: TvPipController: onTaskStackChanged()
04-09 09:19:40.473 689 1880 I KatnissWindowBlocker: Setup wizard mode set to: false
04-09 09:19:40.487 689 1882 D CoreBackPreview: Window{f5b79ce u0 org.dtvkit.inputsource/org.dtvkit.inputsource.SearchResultActivity}: Setting back callback OnBackInvokedCallbackInfo{mCallback=android.window.IOnBackInvokedCallback$Stub$Proxy@802f7fc, mPriority=0, mIsAnimationCallback=false}
04-09 09:19:40.574 1052 1170 V WindowManagerShell: onTransitionReady android.os.BinderProxy@ef1f541: {id=65 t=OPEN f=0x0 trk=0 r=[0@Point(0, 0)] c=[{null m=OPEN f=FILLS_TASK leash=Surface(name=ActivityRecord{e5103cc u0 org.dtvkit.inputsource/.SearchResultActivity)/@0x8ef4ad4 sb=Rect(0, 0 - 0, 0) eb=Rect(0, 0 - 1920, 1080) d=-1->0 r=-1->0:-1},{null m=TO_BACK f=FILLS_TASK leash=Surface(name=ActivityRecord{c6bc5e7 u0 com.nes.seilivetv/com.nes.dvb.activity.DtvSetupActivity)/@0xaa7a47d sb=Rect(0, 0 - 1920, 1080) eb=Rect(0, 0 - 1920, 1080) d=0}]}
04-09 09:19:40.574 1052 1170 V WindowManagerShell: Playing animation for (#65)android.os.BinderProxy@ef1f541@0
04-09 09:19:40.574 1052 1170 V WindowManagerShell: try handler com.android.wm.shell.keyguard.KeyguardTransitionHandler@1afc691
04-09 09:19:40.574 1052 1170 V WindowManagerShell: try handler com.android.wm.shell.activityembedding.ActivityEmbeddingController@b7de9f6
04-09 09:19:40.574 1052 1170 V WindowManagerShell: try handler com.android.wm.shell.pip.tv.TvPipTransition@c29c1f7
04-09 09:19:40.574 1052 1170 V WindowManagerShell: try handler com.android.wm.shell.transition.RemoteTransitionHandler@2eb0864
04-09 09:19:40.575 1052 1170 V WindowManagerShell: Transition doesn't have explicit remote, search filters for match for {id=65 t=OPEN f=0x0 trk=0 r=[0@Point(0, 0)] c=[{null m=OPEN f=FILLS_TASK leash=Surface(name=ActivityRecord{e5103cc u0 org.dtvkit.inputsource/.SearchResultActivity)/@0x8ef4ad4 sb=Rect(0, 0 - 0, 0) eb=Rect(0, 0 - 1920, 1080) d=-1->0 r=-1->0:-1},{null m=TO_BACK f=FILLS_TASK leash=Surface(name=ActivityRecord{c6bc5e7 u0 com.nes.seilivetv/com.nes.dvb.activity.DtvSetupActivity)/@0xaa7a47d sb=Rect(0, 0 - 1920, 1080) eb=Rect(0, 0 - 1920, 1080) d=0}]}
04-09 09:19:40.575 1052 1170 V WindowManagerShell: Delegate animation for #65 to null
04-09 09:19:40.575 1052 1170 V WindowManagerShell: try handler com.android.wm.shell.transition.DefaultTransitionHandler@bf93acd
04-09 09:19:40.575 1052 1170 V WindowManagerShell: start default transition animation, info = {id=65 t=OPEN f=0x0 trk=0 r=[0@Point(0, 0)] c=[{null m=OPEN f=FILLS_TASK leash=Surface(name=ActivityRecord{e5103cc u0 org.dtvkit.inputsource/.SearchResultActivity)/@0x8ef4ad4 sb=Rect(0, 0 - 0, 0) eb=Rect(0, 0 - 1920, 1080) d=-1->0 r=-1->0:-1},{null m=TO_BACK f=FILLS_TASK leash=Surface(name=ActivityRecord{c6bc5e7 u0 com.nes.seilivetv/com.nes.dvb.activity.DtvSetupActivity)/@0xaa7a47d sb=Rect(0, 0 - 1920, 1080) eb=Rect(0, 0 - 1920, 1080) d=0}]}
04-09 09:19:40.576 1052 1170 V WindowManagerShell: loadAnimation: anim=android.view.animation.AlphaAnimation@d604040 animAttr=0x5 type=OPEN isEntrance=false
04-09 09:19:40.577 1052 1170 V WindowManagerShell: loadAnimation: anim=android.view.animation.AlphaAnimation@a80951f animAttr=0x4 type=OPEN isEntrance=true
04-09 09:19:40.580 1052 1170 V WindowManagerShell: animated by com.android.wm.shell.transition.DefaultTransitionHandler@bf93acd
04-09 09:19:40.589 689 826 V WindowManager: Sent Transition #65 createdAt=04-09 09:19:40.342 via request=TransitionRequestInfo { type = OPEN, triggerTask = TaskInfo{userId=0 taskId=431 displayId=0 isRunning=true baseIntent=Intent { act=android.intent.action.MAIN cat=[android.intent.category.LEANBACK_LAUNCHER] flg=0x10000000 pkg=com.nes.seilivetv cmp=com.nes.seilivetv/.ui.activity.MainActivity } baseActivity=ComponentInfo{com.nes.seilivetv/com.nes.seilivetv.ui.activity.TvActivity} topActivity=ComponentInfo{org.dtvkit.inputsource/org.dtvkit.inputsource.SearchResultActivity} origActivity=null realActivity=ComponentInfo{com.nes.seilivetv/com.nes.seilivetv.ui.activity.MainActivity} numActivities=3 lastActiveTime=653232680 supportsMultiWindow=false resizeMode=1 isResizeable=true minWidth=-1 minHeight=-1 defaultMinSize=220 token=WCT{RemoteToken{c4e989 Task{ef13325 #431 type=standard A=1000:com.nes.seilivetv}}} topActivityType=1 pictureInPictureParams=null shouldDockBigOverlays=true launchIntoPipHostTaskId=-1 lastParentTaskIdBeforePip=-1 displayCutoutSafeInsets=null topActivityInfo=ActivityInfo{4104a94 org.dtvkit.inputsource.SearchResultActivity} launchCookies=[] positionInParent=Point(0, 0) parentTaskId=-1 isFocused=true isVisible=true isVisibleRequested=true isSleeping=false topActivityInSizeCompat=false topActivityEligibleForLetterboxEducation= false topActivityLetterboxed= false isFromDoubleTap= false topActivityLetterboxVerticalPosition= -1 topActivityLetterboxHorizontalPosition= -1 topActivityLetterboxWidth=-1 topActivityLetterboxHeight=-1 locusId=null displayAreaFeatureId=1 cameraCompatControlState=hidden}, remoteTransition = null, displayChange = null }
04-09 09:19:40.589 689 826 V WindowManager: startWCT=WindowContainerTransaction { changes = {} hops = [] errorCallbackToken=null taskFragmentOrganizer=null }
04-09 09:19:40.590 689 826 V WindowManager: info={id=65 t=OPEN f=0x0 trk=0 r=[0@Point(0, 0)] c=[{null m=OPEN f=FILLS_TASK leash=Surface(name=ActivityRecord{e5103cc u0 org.dtvkit.inputsource/.SearchResultActivity)/@0x59a8e01 sb=Rect(0, 0 - 0, 0) eb=Rect(0, 0 - 1920, 1080) d=-1->0 r=-1->0:-1},{null m=TO_BACK f=FILLS_TASK leash=Surface(name=ActivityRecord{c6bc5e7 u0 com.nes.seilivetv/com.nes.dvb.activity.DtvSetupActivity)/@0xc9bf6d7 sb=Rect(0, 0 - 1920, 1080) eb=Rect(0, 0 - 1920, 1080) d=0}]}
04-09 09:19:40.608 689 689 D HDMI : one touch play retry:7
04-09 09:19:40.608 689 1018 D HDMI : [S]: 40:0D
04-09 09:19:40.635 689 2599 W ActivityManager: Unable to start service Intent { cmp=com.nes.sound.retail/com.nes.sound.component.service.DaemonService } U=0: not found
04-09 09:19:40.636 1052 1052 I HeartBeatUtils: ComponentInfo{com.nes.sound.retail/com.nes.sound.component.service.DaemonService} bind failed !!!Immediate reconnect!!!
04-09 09:19:40.636 1052 1052 I HeartBeatUtils: onHeartBeatStoped com.nes.sound.retail/com.nes.sound.component.service.DaemonService
04-09 09:19:40.636 689 2599 W ActivityManager: Unbind failed: could not find connection for android.os.BinderProxy@91522f5
04-09 09:19:40.636 1052 1052 W HeartBeatUtils: start rescue com.nes.sound.retail/com.nes.sound.component.service.DaemonService
04-09 09:19:40.638 689 2599 W ActivityManager: Unable to start service Intent { cmp=com.nes.sound/.component.service.DaemonService } U=0: not found
04-09 09:19:40.641 1856 1856 W ContextImpl: Calling a method in the system process without a qualified user: android.app.ContextImpl.bindService:2026 android.content.ContextWrapper.bindService:861 com.nes.sound.daemon.utils.heartbeat.HeartBeatConnectionPool.connectServiceByBinderBeans:108 com.nes.sound.daemon.utils.heartbeat.HeartBeatConnectionPool.reBindConnection:122 com.nes.sound.daemon.utils.heartbeat.HeartBeatUtils.reBindConnection:137
04-09 09:19:40.644 689 11289 W ActivityManager: Unable to start service Intent { cmp=com.nes.sound/.component.service.HeartBeatDaemonService } U=0: not found
04-09 09:19:40.645 1052 1052 I HeartBeatUtils: ComponentInfo{com.nes.sound/com.nes.sound.component.service.DaemonService} bind failed !!!Immediate reconnect!!!
04-09 09:19:40.645 1052 1052 I HeartBeatUtils: onHeartBeatStoped com.nes.sound/com.nes.sound.component.service.DaemonService
04-09 09:19:40.648 1856 1856 I HeartBeatUtils: ComponentInfo{com.nes.sound/com.nes.sound.component.service.HeartBeatDaemonService} bind failed !!!Immediate reconnect!!!
04-09 09:19:40.648 1856 1856 I HeartBeatUtils: onHeartBeatStoped com.nes.sound/com.nes.sound.component.service.HeartBeatDaemonService
04-09 09:19:40.649 689 1880 W ActivityManager: Unbind failed: could not find connection for android.os.BinderProxy@4e1f971
04-09 09:19:40.651 689 1882 W ActivityManager: Unbind failed: could not find connection for android.os.BinderProxy@c9dd356
04-09 09:19:40.652 1052 1052 W HeartBeatUtils: start rescue com.nes.sound/com.nes.sound.component.service.DaemonService
04-09 09:19:40.652 1856 1856 W HeartBeatUtils: start rescue com.nes.sound/com.nes.sound.component.service.HeartBeatDaemonService
04-09 09:19:40.661 689 1880 W PackageConfigPersister: App-specific configuration not found for packageName: org.dtvkit.inputsource and userId: 0
04-09 09:19:40.689 689 1018 D HDMI : [S]: 40:8F
04-09 09:19:40.826 689 927 D ActivityManager: freezing 25323 com.google.android.katniss:search
04-09 09:19:40.872 689 689 D HDMI : [R]: 04:90:02
04-09 09:19:41.003 1052 1170 V WindowManagerShell: Transition animation finished (aborted=false), notifying core (#65)android.os.BinderProxy@ef1f541@0
04-09 09:19:41.006 689 826 V WindowManager: Finish Transition #65: created at
04-09 09:19:40.342 collect-started=0.106ms request-sent=10.128ms started=14.726ms ready=24.779ms sent=229.22ms finished=663.303ms
04-09 09:19:41.009 1052 1170 V WindowManagerShell: Track 0 became idle
04-09 09:19:41.009 1052 1170 V WindowManagerShell: All active transition animations finished
04-09 09:19:41.345 293 293 W keystore2: system/security/keystore2/src/remote_provisioning.rs:102 - Error occurred: system/security/keystore2/src/rkpd_client.rs:226: Trying to get to IRegistration service.
04-09 09:19:41.345 293 293 W keystore2:
04-09 09:19:41.345 293 293 W keystore2: Caused by:
04-09 09:19:41.345 293 293 W keystore2: 0: system/security/keystore2/src/rkpd_client.rs:120: Trying to get IRPC name.
04-09 09:19:41.345 293 293 W keystore2: 1: system/security/keystore2/src/globals.rs:440
04-09 09:19:41.345 293 293 W keystore2: 2: Error::Km(r#HARDWARE_TYPE_UNAVAILABLE)
04-09 09:19:41.878 689 689 D HDMI : [R]: 04:9F
04-09 09:19:41.882 689 1018 D HDMI : [S]: 40:9E:05
04-09 09:19:42.081 689 2599 D CompatibilityChangeReporter: Compat change id reported: 161145287; UID 10054; state: ENABLED
04-09 09:19:42.091 689 689 D HDMI : [R]: 0F:85
04-09 09:19:42.092 689 689 D HDMI : setActiveSource logical:0x04 physical:0x1000 ActiveSourceAction
04-09 09:19:42.093 689 1018 D HDMI : [S]: 4F:82:10:00
04-09 09:19:42.094 689 689 D HDMI : ActiveSourceHistoryRecord active source=(0x04, 0x1000) isActiveSource=true from=ActiveSourceAction
04-09 09:19:42.095 689 689 D HdmiControlService: Switching to full volume behavior
04-09 09:19:42.095 1070 1070 D HdmiCecActiveness: setState active mState:inactive
04-09 09:19:42.154 689 2599 D CompatibilityChangeReporter: Compat change id reported: 261072174; UID 10054; state: ENABLED
04-09 09:19:42.226 689 1018 D HDMI : [S]: 40:8E:00
04-09 09:19:42.326 689 2599 D CompatibilityChangeReporter: Compat change id reported: 261072174; UID 10051; state: ENABLED
04-09 09:19:42.399 689 927 D ActivityManager: freezing 26756 com.google.android.tts
04-09 09:19:42.425 689 2599 D CompatibilityChangeReporter: Compat change id reported: 161145287; UID 10051; state: ENABLED
04-09 09:19:42.609 689 689 D HDMI : one touch play retry:8
04-09 09:19:42.609 689 1018 D HDMI : [S]: 40:0D
04-09 09:19:42.624 689 2599 D CompatibilityChangeReporter: Compat change id reported: 170503758; UID 10054; state: ENABLED
04-09 09:19:42.691 689 1018 D HDMI : [S]: 40:8F
04-09 09:19:42.874 689 689 D HDMI : [R]: 04:90:00
04-09 09:19:42.876 689 689 D HDMI : TV's power status is on. Action finished successfully
04-09 09:19:42.876 689 689 D HDMI : setActiveSource logical:0x04 physical:0x1000 ActiveSourceAction
04-09 09:19:42.877 689 1018 D HDMI : [S]: 4F:82:10:00
04-09 09:19:42.878 1070 1070 D HdmiCecActiveness: setState active mState:active
04-09 09:19:42.878 689 689 D HDMI : ActiveSourceHistoryRecord active source=(0x04, 0x1000) isActiveSource=true from=ActiveSourceAction
04-09 09:19:42.878 689 689 D HdmiControlService: Switching to full volume behavior
04-09 09:19:43.003 689 2599 D IntervalStats: Unable to parse usage stats packages: [2, 11, 17, 33, 39, 40, 43, 49, 51, 52, 55, 60, 61, 69, 70, 76]
04-09 09:19:43.005 689 1018 D HDMI : [S]: 40:8E:00
04-09 09:19:43.264 689 1880 D IntervalStats: Unable to parse usage stats packages: [2, 11, 17, 33, 39, 40, 43, 49, 51, 52, 55, 60, 61, 69, 70, 76]
04-09 09:19:43.330 689 2599 D IntervalStats: Unable to parse usage stats packages: [2, 11, 17, 33, 39, 40, 43, 49, 51, 52, 55, 60, 61, 69, 70, 76]
04-09 09:19:43.407 689 1831 E TaskPersister: File error accessing recents directory (directory doesn't exist?).
04-09 09:19:43.673 689 2599 D IntervalStats: Unable to parse usage stats packages: [2, 11, 17, 33, 39, 40, 43, 49, 51, 52, 55, 60, 61, 69, 70, 76]
04-09 09:19:45.641 689 11289 W ActivityManager: Unable to start service Intent { cmp=com.nes.sound.retail/com.nes.sound.component.service.DaemonService } U=0: not found
04-09 09:19:45.641 1052 1052 I HeartBeatUtils: ComponentInfo{com.nes.sound.retail/com.nes.sound.component.service.DaemonService} bind failed !!!Immediate reconnect!!!
04-09 09:19:45.641 1052 1052 I HeartBeatUtils: onHeartBeatStoped com.nes.sound.retail/com.nes.sound.component.service.DaemonService
04-09 09:19:45.641 689 11289 W ActivityManager: Unbind failed: could not find connection for android.os.BinderProxy@37889ac
04-09 09:19:45.642 1052 1052 W HeartBeatUtils: start rescue com.nes.sound.retail/com.nes.sound.component.service.DaemonService
04-09 09:19:45.654 689 1880 W ActivityManager: Unable to start service Intent { cmp=com.nes.sound/.component.service.DaemonService } U=0: not found
04-09 09:19:45.655 1052 1052 I HeartBeatUtils: ComponentInfo{com.nes.sound/com.nes.sound.component.service.DaemonService} bind failed !!!Immediate reconnect!!!
04-09 09:19:45.655 1052 1052 I HeartBeatUtils: onHeartBeatStoped com.nes.sound/com.nes.sound.component.service.DaemonService
04-09 09:19:45.655 689 11289 W ActivityManager: Unbind failed: could not find connection for android.os.BinderProxy@953ce7b
04-09 09:19:45.655 1052 1052 W HeartBeatUtils: start rescue com.nes.sound/com.nes.sound.component.service.DaemonService
04-09 09:19:45.658 1856 1856 W ContextImpl: Calling a method in the system process without a qualified user: android.app.ContextImpl.bindService:2026 android.content.ContextWrapper.bindService:861 com.nes.sound.daemon.utils.heartbeat.HeartBeatConnectionPool.connectServiceByBinderBeans:108 com.nes.sound.daemon.utils.heartbeat.HeartBeatConnectionPool.reBindConnection:122 com.nes.sound.daemon.utils.heartbeat.HeartBeatUtils.reBindConnection:137
04-09 09:19:45.661 689 11289 W ActivityManager: Unable to start service Intent { cmp=com.nes.sound/.component.service.HeartBeatDaemonService } U=0: not found
04-09 09:19:45.661 1856 1856 I HeartBeatUtils: ComponentInfo{com.nes.sound/com.nes.sound.component.service.HeartBeatDaemonService} bind failed !!!Immediate reconnect!!!
04-09 09:19:45.661 1856 1856 I HeartBeatUtils: onHeartBeatStoped com.nes.sound/com.nes.sound.component.service.HeartBeatDaemonService
04-09 09:19:45.661 689 1880 W ActivityManager: Unbind failed: could not find connection for android.os.BinderProxy@fba9498
04-09 09:19:45.662 1856 1856 W HeartBeatUtils: start rescue com.nes.sound/com.nes.sound.component.service.HeartBeatDaemonService
04-09 09:19:45.849 689 2599 D CompatibilityChangeReporter: Compat change id reported: 271850009; UID 10054; state: ENABLED
04-09 09:19:45.849 689 2599 D CompatibilityChangeReporter: Compat change id reported: 253665015; UID 10054; state: ENABLED
04-09 09:19:45.850 689 2599 D CompatibilityChangeReporter: Compat change id reported: 194532703; UID 10054; state: ENABLED
04-09 09:19:45.911 689 918 D CompatibilityChangeReporter: Compat change id reported: 265195908; UID 10054; state: ENABLED
04-09 09:19:45.951 689 927 D ActivityManager: freezing 25887 com.uptodown
04-09 09:19:46.258 689 927 D ActivityManager: freezing 26225 com.google.android.partnersetup
04-09 09:19:46.259 689 927 D ActivityManager: freezing 25183 com.droidlogic.android.tv
04-09 09:19:46.814 689 1571 I KatnissWindowBlocker: Setup wizard mode set to: false
04-09 09:19:46.829 689 11289 D CoreBackPreview: Window{28f73b5 u0 org.dtvkit.inputsource}: Setting back callback OnBackInvokedCallbackInfo{mCallback=android.window.IOnBackInvokedCallback$Stub$Proxy@8909631, mPriority=0, mIsAnimationCallback=false}
04-09 09:19:48.340 689 927 D ActivityManager: freezing 27115 com.google.android.syncadapters.calendar
04-09 09:19:48.676 1052 1170 V WindowManagerShell: Transition requested: android.os.BinderProxy@65a0917 TransitionRequestInfo { type = CLOSE, triggerTask = null, remoteTransition = null, displayChange = null }
04-09 09:19:48.695 689 829 W ProcessStats: Tracking association SourceState{726c404 com.nes.seilivetv/1000 BTop #23429} whose proc state 2 is better than process ProcessState{a568faf com.android.providers.tv/10019 pkg=com.android.providers.tv} proc state 4 (282 skipped)
04-09 09:19:48.785 1052 1170 V WindowManagerShell: onTransitionReady android.os.BinderProxy@65a0917: {id=66 t=CLOSE f=0x0 trk=0 r=[0@Point(0, 0)] c=[{null m=CLOSE f=FILLS_TASK leash=Surface(name=ActivityRecord{e5103cc u0 org.dtvkit.inputsource/.SearchResultActivity)/@0x1e51104 sb=Rect(0, 0 - 1920, 1080) eb=Rect(0, 0 - 1920, 1080) d=0},{null m=TO_FRONT f=FILLS_TASK leash=Surface(name=ActivityRecord{c6bc5e7 u0 com.nes.seilivetv/com.nes.dvb.activity.DtvSetupActivity)/@0x6cfa6ed sb=Rect(0, 0 - 1920, 1080) eb=Rect(0, 0 - 1920, 1080) d=0}]}
04-09 09:19:48.785 1052 1170 V WindowManagerShell: Playing animation for (#66)android.os.BinderProxy@65a0917@0
04-09 09:19:48.787 689 826 V WindowManager: Sent Transition #66 createdAt=04-09 09:19:48.675 via request=TransitionRequestInfo { type = CLOSE, triggerTask = null, remoteTransition = null, displayChange = null }
04-09 09:19:48.787 1052 1170 V WindowManagerShell: try handler com.android.wm.shell.keyguard.KeyguardTransitionHandler@1afc691
04-09 09:19:48.787 1052 1170 V WindowManagerShell: try handler com.android.wm.shell.activityembedding.ActivityEmbeddingController@b7de9f6
04-09 09:19:48.787 689 826 V WindowManager: startWCT=WindowContainerTransaction { changes = {} hops = [] errorCallbackToken=null taskFragmentOrganizer=null }
04-09 09:19:48.787 1052 1170 V WindowManagerShell: try handler com.android.wm.shell.pip.tv.TvPipTransition@c29c1f7
04-09 09:19:48.787 1052 1170 V WindowManagerShell: try handler com.android.wm.shell.transition.RemoteTransitionHandler@2eb0864
04-09 09:19:48.787 689 826 V WindowManager: info={id=66 t=CLOSE f=0x0 trk=0 r=[0@Point(0, 0)] c=[{null m=CLOSE f=FILLS_TASK leash=Surface(name=ActivityRecord{e5103cc u0 org.dtvkit.inputsource/.SearchResultActivity)/@0x59a8e01 sb=Rect(0, 0 - 1920, 1080) eb=Rect(0, 0 - 1920, 1080) d=0},{null m=TO_FRONT f=FILLS_TASK leash=Surface(name=ActivityRecord{c6bc5e7 u0 com.nes.seilivetv/com.nes.dvb.activity.DtvSetupActivity)/@0xc9bf6d7 sb=Rect(0, 0 - 1920, 1080) eb=Rect(0, 0 - 1920, 1080) d=0}]}
04-09 09:19:48.787 1052 1170 V WindowManagerShell: Transition doesn't have explicit remote, search filters for match for {id=66 t=CLOSE f=0x0 trk=0 r=[0@Point(0, 0)] c=[{null m=CLOSE f=FILLS_TASK leash=Surface(name=ActivityRecord{e5103cc u0 org.dtvkit.inputsource/.SearchResultActivity)/@0x1e51104 sb=Rect(0, 0 - 1920, 1080) eb=Rect(0, 0 - 1920, 1080) d=0},{null m=TO_FRONT f=FILLS_TASK leash=Surface(name=ActivityRecord{c6bc5e7 u0 com.nes.seilivetv/com.nes.dvb.activity.DtvSetupActivity)/@0x6cfa6ed sb=Rect(0, 0 - 1920, 1080) eb=Rect(0, 0 - 1920, 1080) d=0}]}
04-09 09:19:48.787 1052 1170 V WindowManagerShell: Delegate animation for #66 to null
04-09 09:19:48.787 1052 1170 V WindowManagerShell: try handler com.android.wm.shell.transition.DefaultTransitionHandler@bf93acd
04-09 09:19:48.787 1052 1170 V WindowManagerShell: start default transition animation, info = {id=66 t=CLOSE f=0x0 trk=0 r=[0@Point(0, 0)] c=[{null m=CLOSE f=FILLS_TASK leash=Surface(name=ActivityRecord{e5103cc u0 org.dtvkit.inputsource/.SearchResultActivity)/@0x1e51104 sb=Rect(0, 0 - 1920, 1080) eb=Rect(0, 0 - 1920, 1080) d=0},{null m=TO_FRONT f=FILLS_TASK leash=Surface(name=ActivityRecord{c6bc5e7 u0 com.nes.seilivetv/com.nes.dvb.activity.DtvSetupActivity)/@0x6cfa6ed sb=Rect(0, 0 - 1920, 1080) eb=Rect(0, 0 - 1920, 1080) d=0}]}
04-09 09:19:48.789 1052 1170 V WindowManagerShell: loadAnimation: anim=android.view.animation.AlphaAnimation@d8cc4e9 animAttr=0x6 type=CLOSE isEntrance=true
04-09 09:19:48.791 1052 1170 V WindowManagerShell: loadAnimation: anim=android.view.animation.AlphaAnimation@e7f040f animAttr=0x7 type=CLOSE isEntrance=false
04-09 09:19:48.796 1052 1170 V WindowManagerShell: animated by com.android.wm.shell.transition.DefaultTransitionHandler@bf93acd
04-09 09:19:48.800 1052 1170 D WindowManagerShell: TvPipController: onTaskStackChanged()
04-09 09:19:48.833 689 2599 W PackageConfigPersister: App-specific configuration not found for packageName: com.nes.seilivetv and userId: 0
04-09 09:19:49.208 1052 1170 V WindowManagerShell: Transition animation finished (aborted=false), notifying core (#66)android.os.BinderProxy@65a0917@0
04-09 09:19:49.209 689 826 V WindowManager: Finish Transition #66: created at
04-09 09:19:48.675 collect-started=0.134ms request-sent=0.238ms started=6.751ms ready=20.517ms sent=107.023ms finished=534.179ms
04-09 09:19:49.212 1052 1170 V WindowManagerShell: Track 0 became idle
04-09 09:19:49.212 1052 1170 V WindowManagerShell: All active transition animations finished
04-09 09:19:49.248 689 2599 D CoreBackPreview: Window{f5b79ce u0 org.dtvkit.inputsource/org.dtvkit.inputsource.SearchResultActivity}: Setting back callback null
04-09 09:19:50.341 689 2599 I ActivityManager: Killing 26626:com.android.externalstorage/u0a25 (adj 985): empty #17
04-09 09:19:50.379 689 827 D DisplayManagerService: Drop pending events for gone uid 10025
04-09 09:19:50.644 689 2599 W ActivityManager: Unable to start service Intent { cmp=com.nes.sound.retail/com.nes.sound.component.service.DaemonService } U=0: not found
04-09 09:19:50.644 1052 1052 I HeartBeatUtils: ComponentInfo{com.nes.sound.retail/com.nes.sound.component.service.DaemonService} bind failed !!!Immediate reconnect!!!
04-09 09:19:50.644 1052 1052 I HeartBeatUtils: onHeartBeatStoped com.nes.sound.retail/com.nes.sound.component.service.DaemonService
04-09 09:19:50.645 689 2599 W ActivityManager: Unbind failed: could not find connection for android.os.BinderProxy@fa2e70
04-09 09:19:50.645 1052 1052 W HeartBeatUtils: start rescue com.nes.sound.retail/com.nes.sound.component.service.DaemonService
04-09 09:19:50.656 689 2599 W ActivityManager: Unable to start service Intent { cmp=com.nes.sound/.component.service.DaemonService } U=0: not found
04-09 09:19:50.657 1052 1052 I HeartBeatUtils: ComponentInfo{com.nes.sound/com.nes.sound.component.service.DaemonService} bind failed !!!Immediate reconnect!!!
04-09 09:19:50.657 1052 1052 I HeartBeatUtils: onHeartBeatStoped com.nes.sound/com.nes.sound.component.service.DaemonService
04-09 09:19:50.657 689 2599 W ActivityManager: Unbind failed: could not find connection for android.os.BinderProxy@f4c15e9
04-09 09:19:50.657 1052 1052 W HeartBeatUtils: start rescue com.nes.sound/com.nes.sound.component.service.DaemonService
04-09 09:19:50.667 1856 1856 W ContextImpl: Calling a method in the system process without a qualified user: android.app.ContextImpl.bindService:2026 android.content.ContextWrapper.bindService:861 com.nes.sound.daemon.utils.heartbeat.HeartBeatConnectionPool.connectServiceByBinderBeans:108 com.nes.sound.daemon.utils.heartbeat.HeartBeatConnectionPool.reBindConnection:122 com.nes.sound.daemon.utils.heartbeat.HeartBeatUtils.reBindConnection:137
04-09 09:19:50.672 689 1882 W ActivityManager: Unable to start service Intent { cmp=com.nes.sound/.component.service.HeartBeatDaemonService } U=0: not found
04-09 09:19:50.673 1856 1856 I HeartBeatUtils: ComponentInfo{com.nes.sound/com.nes.sound.component.service.HeartBeatDaemonService} bind failed !!!Immediate reconnect!!!
04-09 09:19:50.673 1856 1856 I HeartBeatUtils: onHeartBeatStoped com.nes.sound/com.nes.sound.component.service.HeartBeatDaemonService
04-09 09:19:50.674 689 1882 W ActivityManager: Unbind failed: could not find connection for android.os.BinderProxy@ac727a5
04-09 09:19:50.674 1856 1856 W HeartBeatUtils: start rescue com.nes.sound/com.nes.sound.component.service.HeartBeatDaemonService
04-09 09:19:50.954 1052 1170 V WindowManagerShell: Transition requested: android.os.BinderProxy@fef2821 TransitionRequestInfo { type = CLOSE, triggerTask = null, remoteTransition = null, displayChange = null }
04-09 09:19:51.037 689 826 V WindowManager: Sent Transition #67 createdAt=04-09 09:19:50.953 via request=TransitionRequestInfo { type = CLOSE, triggerTask = null, remoteTransition = null, displayChange = null }
04-09 09:19:51.037 689 826 V WindowManager: startWCT=WindowContainerTransaction { changes = {} hops = [] errorCallbackToken=null taskFragmentOrganizer=null }
04-09 09:19:51.037 689 826 V WindowManager: info={id=67 t=CLOSE f=0x0 trk=0 r=[0@Point(0, 0)] c=[{null m=CLOSE f=FILLS_TASK leash=Surface(name=ActivityRecord{c6bc5e7 u0 com.nes.seilivetv/com.nes.dvb.activity.DtvSetupActivity)/@0xc9bf6d7 sb=Rect(0, 0 - 1920, 1080) eb=Rect(0, 0 - 1920, 1080) d=0},{null m=TO_FRONT f=FILLS_TASK leash=Surface(name=ActivityRecord{bb7152 u0 com.nes.seilivetv/.ui.activity.TvActivity)/@0x9ada367 sb=Rect(0, 0 - 1920, 1080) eb=Rect(0, 0 - 1920, 1080) d=0}]}
04-09 09:19:51.039 1052 1170 V WindowManagerShell: onTransitionReady android.os.BinderProxy@fef2821: {id=67 t=CLOSE f=0x0 trk=0 r=[0@Point(0, 0)] c=[{null m=CLOSE f=FILLS_TASK leash=Surface(name=ActivityRecord{c6bc5e7 u0 com.nes.seilivetv/com.nes.dvb.activity.DtvSetupActivity)/@0x1945446 sb=Rect(0, 0 - 1920, 1080) eb=Rect(0, 0 - 1920, 1080) d=0},{null m=TO_FRONT f=FILLS_TASK leash=Surface(name=ActivityRecord{bb7152 u0 com.nes.seilivetv/.ui.activity.TvActivity)/@0x1f96607 sb=Rect(0, 0 - 1920, 1080) eb=Rect(0, 0 - 1920, 1080) d=0}]}
04-09 09:19:51.039 1052 1170 V WindowManagerShell: Playing animation for (#67)android.os.BinderProxy@fef2821@0
04-09 09:19:51.039 1052 1170 V WindowManagerShell: try handler com.android.wm.shell.keyguard.KeyguardTransitionHandler@1afc691
04-09 09:19:51.040 1052 1170 V WindowManagerShell: try handler com.android.wm.shell.activityembedding.ActivityEmbeddingController@b7de9f6
04-09 09:19:51.040 1052 1170 V WindowManagerShell: try handler com.android.wm.shell.pip.tv.TvPipTransition@c29c1f7
04-09 09:19:51.040 1052 1170 V WindowManagerShell: try handler com.android.wm.shell.transition.RemoteTransitionHandler@2eb0864
04-09 09:19:51.040 1052 1170 V WindowManagerShell: Transition doesn't have explicit remote, search filters for match for {id=67 t=CLOSE f=0x0 trk=0 r=[0@Point(0, 0)] c=[{null m=CLOSE f=FILLS_TASK leash=Surface(name=ActivityRecord{c6bc5e7 u0 com.nes.seilivetv/com.nes.dvb.activity.DtvSetupActivity)/@0x1945446 sb=Rect(0, 0 - 1920, 1080) eb=Rect(0, 0 - 1920, 1080) d=0},{null m=TO_FRONT f=FILLS_TASK leash=Surface(name=ActivityRecord{bb7152 u0 com.nes.seilivetv/.ui.activity.TvActivity)/@0x1f96607 sb=Rect(0, 0 - 1920, 1080) eb=Rect(0, 0 - 1920, 1080) d=0}]}
04-09 09:19:51.040 1052 1170 V WindowManagerShell: Delegate animation for #67 to null
04-09 09:19:51.040 1052 1170 V WindowManagerShell: try handler com.android.wm.shell.transition.DefaultTransitionHandler@bf93acd
04-09 09:19:51.040 1052 1170 V WindowManagerShell: start default transition animation, info = {id=67 t=CLOSE f=0x0 trk=0 r=[0@Point(0, 0)] c=[{null m=CLOSE f=FILLS_TASK leash=Surface(name=ActivityRecord{c6bc5e7 u0 com.nes.seilivetv/com.nes.dvb.activity.DtvSetupActivity)/@0x1945446 sb=Rect(0, 0 - 1920, 1080) eb=Rect(0, 0 - 1920, 1080) d=0},{null m=TO_FRONT f=FILLS_TASK leash=Surface(name=ActivityRecord{bb7152 u0 com.nes.seilivetv/.ui.activity.TvActivity)/@0x1f96607 sb=Rect(0, 0 - 1920, 1080) eb=Rect(0, 0 - 1920, 1080) d=0}]}
04-09 09:19:51.040 1052 1170 V WindowManagerShell: loadAnimation: anim=android.view.animation.AlphaAnimation@8f5255d animAttr=0x6 type=CLOSE isEntrance=true
04-09 09:19:51.041 1052 1170 V WindowManagerShell: loadAnimation: anim=android.view.animation.AlphaAnimation@4b16ed2 animAttr=0x7 type=CLOSE isEntrance=false
04-09 09:19:51.049 1052 1170 V WindowManagerShell: animated by com.android.wm.shell.transition.DefaultTransitionHandler@bf93acd
04-09 09:19:51.069 1052 1170 D WindowManagerShell: TvPipController: onTaskStackChanged()
04-09 09:19:51.084 689 11289 W PackageConfigPersister: App-specific configuration not found for packageName: com.nes.seilivetv and userId: 0
04-09 09:19:51.459 1052 1170 V WindowManagerShell: Transition animation finished (aborted=false), notifying core (#67)android.os.BinderProxy@fef2821@0
04-09 09:19:51.463 689 826 V WindowManager: Finish Transition #67: created at
04-09 09:19:50.953 collect-started=0.092ms request-sent=0.182ms started=4.128ms ready=10.533ms sent=81.726ms finished=507.563ms
04-09 09:19:51.464 1052 1170 V WindowManagerShell: Track 0 became idle
04-09 09:19:51.464 1052 1170 V WindowManagerShell: All active transition animations finished
04-09 09:19:51.509 689 1882 D CoreBackPreview: Window{ee66618 u0 com.nes.seilivetv/com.nes.dvb.activity.DtvSetupActivity}: Setting back callback null
04-09 09:19:52.061 293 27320 I keystore2: system/security/keystore2/src/watchdog.rs:319 - Watchdog thread idle -> terminating. Have a great day.
04-09 09:19:52.775 689 1831 E TaskPersister: File error accessing recents directory (directory doesn't exist?).
04-09 09:19:54.534 689 827 D HdmiControlService: Process pid: 689 is calling oneTouchPlay.
04-09 09:19:54.534 689 689 D HDMI : oneTouchPlay com.android.server.hdmi.OneTouchPlayAction@7fd4d2e
04-09 09:19:54.534 689 689 I OneTouchPlayAction: Start action.
04-09 09:19:54.535 689 1018 D HDMI : [S]: 40:0D
04-09 09:19:54.537 689 689 D HDMI : setActiveSource logical:0x04 physical:0x1000 OneTouchPlayAction#broadcastActiveSource()
04-09 09:19:54.538 689 689 D HDMI : ActiveSourceHistoryRecord active source=(0x04, 0x1000) isActiveSource=true from=OneTouchPlayAction#broadcastActiveSource()
04-09 09:19:54.539 689 689 D HDMI : setActiveSource logical:0x04 physical:0x1000 ActiveSourceAction
04-09 09:19:54.540 689 689 D HDMI : ActiveSourceHistoryRecord active source=(0x04, 0x1000) isActiveSource=true from=ActiveSourceAction
04-09 09:19:54.541 1052 1170 D WindowManagerShell: TvPipMenuController: closeMenu()
04-09 09:19:54.541 1052 1170 D WindowManagerShell: TvPipMenuController: switchToMenuMode: from=MODE_NO_MENU, to=MODE_NO_MENU
04-09 09:19:54.543 689 689 D HdmiControlService: Switching to full volume behavior
04-09 09:19:54.543 689 827 D CompatibilityChangeReporter: Compat change id reported: 265464455; UID 10056; state: DISABLED
