04-09 09:30:16.600 1052 1052 I HeartBeatUtils: onHeartBeatStoped com.nes.sound.retail/com.nes.sound.component.service.DaemonService
04-09 09:30:16.600 689 2593 W ActivityManager: Unbind failed: could not find connection for android.os.BinderProxy@ceb4fe7
04-09 09:30:16.600 1052 1052 W HeartBeatUtils: start rescue com.nes.sound.retail/com.nes.sound.component.service.DaemonService
04-09 09:30:16.602 689 2593 W ActivityManager: Unable to start service Intent { cmp=com.nes.sound/.component.service.DaemonService } U=0: not found
04-09 09:30:16.602 1052 1052 I HeartBeatUtils: ComponentInfo{com.nes.sound/com.nes.sound.component.service.DaemonService} bind failed !!!Immediate reconnect!!!
04-09 09:30:16.602 1052 1052 I HeartBeatUtils: onHeartBeatStoped com.nes.sound/com.nes.sound.component.service.DaemonService
04-09 09:30:16.603 689 2593 W ActivityManager: Unbind failed: could not find connection for android.os.BinderProxy@6339794
04-09 09:30:16.603 1052 1052 W HeartBeatUtils: start rescue com.nes.sound/com.nes.sound.component.service.DaemonService
04-09 09:30:16.680 1856 1856 W ContextImpl: Calling a method in the system process without a qualified user: android.app.ContextImpl.bindService:2026 android.content.ContextWrapper.bindService:861 com.nes.sound.daemon.utils.heartbeat.HeartBeatConnectionPool.connectServiceByBinderBeans:108 com.nes.sound.daemon.utils.heartbeat.HeartBeatConnectionPool.reBindConnection:122 com.nes.sound.daemon.utils.heartbeat.HeartBeatUtils.reBindConnection:137
04-09 09:30:16.681 689 2593 W ActivityManager: Unable to start service Intent { cmp=com.nes.sound/.component.service.HeartBeatDaemonService } U=0: not found
04-09 09:30:16.681 1856 1856 I HeartBeatUtils: ComponentInfo{com.nes.sound/com.nes.sound.component.service.HeartBeatDaemonService} bind failed !!!Immediate reconnect!!!
04-09 09:30:16.682 1856 1856 I HeartBeatUtils: onHeartBeatStoped com.nes.sound/com.nes.sound.component.service.HeartBeatDaemonService
04-09 09:30:16.682 689 2593 W ActivityManager: Unbind failed: could not find connection for android.os.BinderProxy@c9ed23d
04-09 09:30:16.682 1856 1856 W HeartBeatUtils: start rescue com.nes.sound/com.nes.sound.component.service.HeartBeatDaemonService
04-09 09:30:16.890 1070 1070 I ThermalService: CPU temperatures: [41.4]
04-09 09:30:16.950 491 568 W libc : Access denied finding property ""
04-09 09:30:16.944 491 491 W binder:491_2: type=1400 audit(0.0:1160681): avc: denied { read } for name="u:object_r:default_prop:s0" dev="tmpfs" ino=182 scontext=u:r:hal_audio_default:s0 tcontext=u:object_r:default_prop:s0 tclass=file permissive=0
04-09 09:30:17.307 19644 24175 E OpenGLRenderer: Unable to match the desired swap behavior.
04-09 09:30:17.734 20919 20919 E Soundeq-BluetoothDevicePairer: what = 3
04-09 09:30:17.734 20919 20919 D Soundeq-BluetoothDevicePairer: handleMessage: MSG_SCANNING_TIMEOUT
04-09 09:30:17.734 20919 20919 D Soundeq-BluetoothDevicePairer: stopScanning leScan:false
04-09 09:30:17.735 20919 20919 D SOUND_PAIR:BluetoothScanner.stopListening(L:117): stopListening
04-09 09:30:17.736 20919 20919 D Soundeq-BluetoothDevicePairer: setStatus status:1
04-09 09:30:17.736 20919 20919 D Soundeq-BluetoothDevicePairer: updateListener
04-09 09:30:17.736 20919 20919 D Soundeq-DiscoverService: statusChanged
04-09 09:30:17.950 491 568 W libc : Access denied finding property ""
04-09 09:30:17.948 491 491 W binder:491_2: type=1400 audit(0.0:1160682): avc: denied { read } for name="u:object_r:default_prop:s0" dev="tmpfs" ino=182 scontext=u:r:hal_audio_default:s0 tcontext=u:object_r:default_prop:s0 tclass=file permissive=0
04-09 09:30:18.308 19644 24175 E OpenGLRenderer: Unable to match the desired swap behavior.
04-09 09:30:18.894 1070 1070 I ThermalService: CPU temperatures: [41.9]
04-09 09:30:18.951 491 568 W libc : Access denied finding property ""
04-09 09:30:18.948 491 491 W binder:491_2: type=1400 audit(0.0:1160683): avc: denied { read } for name="u:object_r:default_prop:s0" dev="tmpfs" ino=182 scontext=u:r:hal_audio_default:s0 tcontext=u:object_r:default_prop:s0 tclass=file permissive=0
04-09 09:30:19.119 527 547 I WifiHAL : call wifi_get_link_stats handler
04-09 09:30:19.119 527 547 I WifiHAL : Creating message to get link statistics; iface = 16
04-09 09:30:19.140 689 973 D WifiClientModeImpl[30070:wlan0]: updateLinkLayerStatsRssiSpeedFrequencyCapabilities rssi=-71 TxLinkspeed=78 freq=2437 RxLinkSpeed=52
04-09 09:30:19.140 689 973 D WifiDataStall: tx tput in kbps: 34856
04-09 09:30:19.140 689 973 D WifiDataStall: rx tput in kbps: 71500
04-09 09:30:19.140 689 973 V WifiConfigManager: Updating scan detail cache freq=2437 BSSID=c4:a3:66:f6:9d:a8 RSSI=-70 for "versim"WPA_PSK
04-09 09:30:19.140 689 973 D WifiDataStall: ccaLevel = 80
04-09 09:30:19.140 689 973 D WifiDataStall: L2 txTputKbps: 50943, rxTputKbps: 35750, L3 txTputKbps: 0, rxTputKbps: 0, TxTrafficHigh: false, RxTrafficHigh: false, Throughput Sufficient: true
04-09 09:30:19.141 689 973 D WifiScoreCard: BSSID update SIGNAL_POLL ID: 209318759 SSID: "versim", BSSID: c4:a3:66:f6:9d:a8, MAC: 40:d9:5a:d6:80:04, IP: /192.168.1.17, Security type: 2, Supplicant state: COMPLETED, Wi-Fi standard: 4, RSSI: -71, Link speed: 78Mbps, Tx Link speed: 78Mbps, Max Supported Tx Link speed: 144Mbps, Rx Link speed: 52Mbps, Max Supported Rx Link speed: 144Mbps, Frequency: 2437MHz, Net ID: 0, Metered hint: false, score: 60, isUsable: true, CarrierMerged: false, SubscriptionId: -1, IsPrimary: 1, Trusted: true, Restricted: false, Ephemeral: false, OEM paid: false, OEM private: false, OSU AP: false, FQDN: , Provider friendly name: , Requesting package name: "versim"wpa2-pskMLO Information: , Is TID-To-Link negotiation supported by the AP: false, AP MLD Address: , AP MLO Link Id: , AP MLO Affiliated links:
04-09 09:30:19.141 689 973 D WifiScoreCard: txRate: 7 txSpeed: 78
04-09 09:30:19.141 689 973 D WifiScoreCard: network update SIGNAL_POLL "versim" ID: 2122788863 RSSI -71 txSpeed 78
04-09 09:30:19.141 689 973 D WifiClientModeImpl[30070:wlan0]: ClientModeImpl$L2ConnectedState screen=on 3 0 "versim" c4:a3:66:f6:9d:a8 rssi=-71 f=2437 sc=60 link=78 tx=3.8, 2.5, 0.0 rx=2.7 bcn=0 [on:3027 tx:1 rx:254 period:3026] from screen [on:597776 period:651317] score=60
04-09 09:30:19.361 29790 29799 I niss:interactor: Background concurrent copying GC freed 214187(10077KB) AllocSpace objects, 26(672KB) LOS objects, 49% free, 9994KB/19MB, paused 124us,66us total 248.001ms
04-09 09:30:19.620 689 1824 W ProcessStats: Tracking association SourceState{9094bf7 com.google.android.katniss:interactor/10049 BFgs #27022} whose proc state 4 is better than process ProcessState{f526a14 com.google.android.gms/10051 pkg=com.google.android.gms} proc state 14 (79 skipped)
04-09 09:30:19.624 29790 29852 E GoogleApiManager: Failed to get service from broker.
04-09 09:30:19.624 29790 29852 E GoogleApiManager: java.lang.SecurityException: Unknown calling package name 'com.google.android.gms'.
04-09 09:30:19.624 29790 29852 E GoogleApiManager: at android.os.Parcel.createExceptionOrNull(Parcel.java:3078)
04-09 09:30:19.624 29790 29852 E GoogleApiManager: at android.os.Parcel.createException(Parcel.java:3062)
04-09 09:30:19.624 29790 29852 E GoogleApiManager: at android.os.Parcel.readException(Parcel.java:3045)
04-09 09:30:19.624 29790 29852 E GoogleApiManager: at android.os.Parcel.readException(Parcel.java:2987)
04-09 09:30:19.624 29790 29852 E GoogleApiManager: at ahvc.a(:com.google.android.gms@261233118@26.12.33 (180300-892550550):36)
04-09 09:30:19.624 29790 29852 E GoogleApiManager: at ahtd.t(:com.google.android.gms@261233118@26.12.33 (180300-892550550):150)
04-09 09:30:19.624 29790 29852 E GoogleApiManager: at aham.run(:com.google.android.gms@261233118@26.12.33 (180300-892550550):42)
04-09 09:30:19.624 29790 29852 E GoogleApiManager: at android.os.Handler.handleCallback(Handler.java:958)
04-09 09:30:19.624 29790 29852 E GoogleApiManager: at android.os.Handler.dispatchMessage(Handler.java:99)
04-09 09:30:19.624 29790 29852 E GoogleApiManager: at bcbl.ik(:com.google.android.gms@261233118@26.12.33 (180300-892550550):1)
04-09 09:30:19.624 29790 29852 E GoogleApiManager: at bcbl.dispatchMessage(:com.google.android.gms@261233118@26.12.33 (180300-892550550):5)
04-09 09:30:19.624 29790 29852 E GoogleApiManager: at android.os.Looper.loopOnce(Looper.java:205)
04-09 09:30:19.624 29790 29852 E GoogleApiManager: at android.os.Looper.loop(Looper.java:294)
04-09 09:30:19.624 29790 29852 E GoogleApiManager: at android.os.HandlerThread.run(HandlerThread.java:67)
04-09 09:30:19.624 29790 29852 W GoogleApiManager: Not showing notification since connectionResult is not user-facing: ConnectionResult{statusCode=DEVELOPER_ERROR, resolution=null, message=null, clientMethodKey=null}
04-09 09:30:19.649 15384 16234 D e : topActivityPackage: com.android.tv.settings, appCollectType: 1 , launcherPackage: com.google.android.tvlauncher, video: false
04-09 09:30:19.649 15384 16234 D e : no register no record
04-09 09:30:19.951 491 568 W libc : Access denied finding property ""
04-09 09:30:19.948 491 491 W binder:491_2: type=1400 audit(0.0:1160684): avc: denied { read } for name="u:object_r:default_prop:s0" dev="tmpfs" ino=182 scontext=u:r:hal_audio_default:s0 tcontext=u:object_r:default_prop:s0 tclass=file permissive=0
04-09 09:30:20.310 19644 24175 E OpenGLRenderer: Unable to match the desired swap behavior.
04-09 09:30:20.898 1070 1070 I ThermalService: CPU temperatures: [41.9]
04-09 09:30:20.901 20919 20919 E Soundeq-BluetoothDevicePairer: what = 2
04-09 09:30:20.902 20919 20919 I Soundeq-BluetoothDevicePairer: start
04-09 09:30:20.902 20919 20919 D Soundeq-BluetoothDevicePairer: setStatus status:1
04-09 09:30:20.902 20919 20919 D Soundeq-BluetoothDevicePairer: updateListener
04-09 09:30:20.902 20919 20919 D Soundeq-DiscoverService: statusChanged
04-09 09:30:20.908 20919 20919 I Soundeq-BluetoothDevicePairer: BtScanner, name = [TV]Samsung , rssi = -60
04-09 09:30:20.912 20919 20919 D BluetoothAdapter: [SEIBluetoothlogfordebug]cancelDiscovery
04-09 09:30:20.914 1383 1398 D BluetoothAdapterService: cancelDiscovery
04-09 09:30:20.914 1383 1493 I bt_btif_dm: packages/modules/Bluetooth/system/btif/src/btif_dm.cc:2526 btif_dm_cancel_discovery: Cancel search
04-09 09:30:20.914 1383 1493 I bluetooth: packages/modules/Bluetooth/system/bta/dm/bta_dm_main.cc:96 bta_dm_search_sm_execute: state:BTA_DM_SEARCH_ACTIVE, event:BTA_DM_API_SEARCH_CANCEL_EVT[0x201]
04-09 09:30:20.915 1383 1493 E bluetooth: packages/modules/Bluetooth/system/stack/btm/btm_inq.cc:1539 btm_process_inq_complete: Received inquiry complete when no inquiry was active
04-09 09:30:20.915 1383 1493 I bt_bta_dm: packages/modules/Bluetooth/system/bta/dm/bta_dm_act.cc:1460 bta_dm_search_cmpl: No BLE connection, processing classic results
04-09 09:30:20.918 1383 1493 E bluetooth: packages/modules/Bluetooth/system/stack/btm/btm_inq.cc:1539 btm_process_inq_complete: Received inquiry complete when no inquiry was active
04-09 09:30:20.918 20919 20919 I SOUND_PAIR:BluetoothScanner$Receiver.scanNow(L:265): scanNow isDiscovering = false
04-09 09:30:20.919 20919 20919 D Soundeq-BluetoothDevicePairer: Device onScanningStarted:
04-09 09:30:20.919 20919 20919 D Soundeq-BluetoothDevicePairer: Device onScanningStarted:
04-09 09:30:20.919 20919 20919 D BluetoothAdapter: [SEIBluetoothlogfordebug]startDiscovery
04-09 09:30:20.924 1383 1398 D BluetoothAdapterService: startDiscovery
04-09 09:30:20.927 1383 1493 I bluetooth: packages/modules/Bluetooth/system/bta/dm/bta_dm_main.cc:96 bta_dm_search_sm_execute: state:BTA_DM_SEARCH_IDLE, event:BTA_DM_API_SEARCH_EVT[0x200]
04-09 09:30:20.927 1383 1493 W bluetooth: packages/modules/Bluetooth/system/stack/btm/btm_inq.cc:1083 btm_clr_inq_result_flt: Memory being reset multiple times
04-09 09:30:20.929 20919 20919 I SOUND_PAIR:BluetoothScanner$Receiver.scanNow(L:270): scanNow startDiscovery
04-09 09:30:20.930 20919 20919 D SOUND_PAIR:BluetoothScanner.startListening(L:108): startListening
04-09 09:30:20.930 20919 20919 D Soundeq-BluetoothDevicePairer: handleMessage: BluetoothScanner
04-09 09:30:20.952 491 568 W libc : Access denied finding property ""
04-09 09:30:20.948 491 491 W binder:491_2: type=1400 audit(0.0:1160685): avc: denied { read } for name="u:object_r:default_prop:s0" dev="tmpfs" ino=182 scontext=u:r:hal_audio_default:s0 tcontext=u:object_r:default_prop:s0 tclass=file permissive=0
04-09 09:30:21.312 19644 24175 E OpenGLRenderer: Unable to match the desired swap behavior.
04-09 09:30:21.606 689 1824 W ActivityManager: Unable to start service Intent { cmp=com.nes.sound.retail/com.nes.sound.component.service.DaemonService } U=0: not found
04-09 09:30:21.607 1052 1052 I HeartBeatUtils: ComponentInfo{com.nes.sound.retail/com.nes.sound.component.service.DaemonService} bind failed !!!Immediate reconnect!!!
04-09 09:30:21.607 1052 1052 I HeartBeatUtils: onHeartBeatStoped com.nes.sound.retail/com.nes.sound.component.service.DaemonService
04-09 09:30:21.607 689 1824 W ActivityManager: Unbind failed: could not find connection for android.os.BinderProxy@60bd373
04-09 09:30:21.607 1052 1052 W HeartBeatUtils: start rescue com.nes.sound.retail/com.nes.sound.component.service.DaemonService
04-09 09:30:21.609 689 1824 W ActivityManager: Unable to start service Intent { cmp=com.nes.sound/.component.service.DaemonService } U=0: not found
04-09 09:30:21.610 1052 1052 I HeartBeatUtils: ComponentInfo{com.nes.sound/com.nes.sound.component.service.DaemonService} bind failed !!!Immediate reconnect!!!
04-09 09:30:21.610 1052 1052 I HeartBeatUtils: onHeartBeatStoped com.nes.sound/com.nes.sound.component.service.DaemonService
04-09 09:30:21.611 689 1824 W ActivityManager: Unbind failed: could not find connection for android.os.BinderProxy@b684230
04-09 09:30:21.611 1052 1052 W HeartBeatUtils: start rescue com.nes.sound/com.nes.sound.component.service.DaemonService
04-09 09:30:21.687 1856 1856 W ContextImpl: Calling a method in the system process without a qualified user: android.app.ContextImpl.bindService:2026 android.content.ContextWrapper.bindService:861 com.nes.sound.daemon.utils.heartbeat.HeartBeatConnectionPool.connectServiceByBinderBeans:108 com.nes.sound.daemon.utils.heartbeat.HeartBeatConnectionPool.reBindConnection:122 com.nes.sound.daemon.utils.heartbeat.HeartBeatUtils.reBindConnection:137
04-09 09:30:21.689 689 812 W ActivityManager: Unable to start service Intent { cmp=com.nes.sound/.component.service.HeartBeatDaemonService } U=0: not found
04-09 09:30:21.689 1856 1856 I HeartBeatUtils: ComponentInfo{com.nes.sound/com.nes.sound.component.service.HeartBeatDaemonService} bind failed !!!Immediate reconnect!!!
04-09 09:30:21.689 1856 1856 I HeartBeatUtils: onHeartBeatStoped com.nes.sound/com.nes.sound.component.service.HeartBeatDaemonService
04-09 09:30:21.690 689 812 W ActivityManager: Unbind failed: could not find connection for android.os.BinderProxy@aefea9
04-09 09:30:21.690 1856 1856 W HeartBeatUtils: start rescue com.nes.sound/com.nes.sound.component.service.HeartBeatDaemonService
04-09 09:30:21.952 491 568 W libc : Access denied finding property ""
04-09 09:30:21.948 491 491 W binder:491_2: type=1400 audit(0.0:1160686): avc: denied { read } for name="u:object_r:default_prop:s0" dev="tmpfs" ino=182 scontext=u:r:hal_audio_default:s0 tcontext=u:object_r:default_prop:s0 tclass=file permissive=0
04-09 09:30:22.143 527 547 I WifiHAL : call wifi_get_link_stats handler
04-09 09:30:22.143 527 547 I WifiHAL : Creating message to get link statistics; iface = 16
04-09 09:30:22.162 689 973 D WifiClientModeImpl[30070:wlan0]: updateLinkLayerStatsRssiSpeedFrequencyCapabilities rssi=-70 TxLinkspeed=78 freq=2437 RxLinkSpeed=78
04-09 09:30:22.163 689 973 D WifiDataStall: tx tput in kbps: 50943
04-09 09:30:22.163 689 973 D WifiDataStall: rx tput in kbps: 35750
04-09 09:30:22.163 689 973 V WifiConfigManager: Updating scan detail cache freq=2437 BSSID=c4:a3:66:f6:9d:a8 RSSI=-70 for "versim"WPA_PSK
04-09 09:30:22.163 689 973 D WifiDataStall: ccaLevel = 80
04-09 09:30:22.164 689 973 D WifiDataStall: L2 txTputKbps: 31102, rxTputKbps: 53625, L3 txTputKbps: 7, rxTputKbps: 19, TxTrafficHigh: true, RxTrafficHigh: true, Throughput Sufficient: true
04-09 09:30:22.164 689 973 D WifiScoreCard: BSSID update SIGNAL_POLL ID: 209318759 SSID: "versim", BSSID: c4:a3:66:f6:9d:a8, MAC: 40:d9:5a:d6:80:04, IP: /192.168.1.17, Security type: 2, Supplicant state: COMPLETED, Wi-Fi standard: 4, RSSI: -70, Link speed: 78Mbps, Tx Link speed: 78Mbps, Max Supported Tx Link speed: 144Mbps, Rx Link speed: 78Mbps, Max Supported Rx Link speed: 144Mbps, Frequency: 2437MHz, Net ID: 0, Metered hint: false, score: 60, isUsable: true, CarrierMerged: false, SubscriptionId: -1, IsPrimary: 1, Trusted: true, Restricted: false, Ephemeral: false, OEM paid: false, OEM private: false, OSU AP: false, FQDN: , Provider friendly name: , Requesting package name: "versim"wpa2-pskMLO Information: , Is TID-To-Link negotiation supported by the AP: false, AP MLD Address: , AP MLO Link Id: , AP MLO Affiliated links:
04-09 09:30:22.164 689 973 D WifiScoreCard: txRate: 11 txSpeed: 78
04-09 09:30:22.164 689 973 D WifiScoreCard: network update SIGNAL_POLL "versim" ID: 2122788863 RSSI -70 txSpeed 78
04-09 09:30:22.165 689 973 D WifiClientModeImpl[30070:wlan0]: ClientModeImpl$L2ConnectedState screen=on 3 0 "versim" c4:a3:66:f6:9d:a8 rssi=-70 f=2437 sc=60 link=78 tx=6.0, 4.2, 0.0 rx=5.4 bcn=0 [on:3024 tx:9 rx:494 period:3024] from screen [on:600800 period:654341] score=60
04-09 09:30:22.312 19644 24175 E OpenGLRenderer: Unable to match the desired swap behavior.
04-09 09:30:22.517 20919 20919 E Soundeq-BluetoothDevicePairer: what = 3
04-09 09:30:22.518 20919 20919 D Soundeq-BluetoothDevicePairer: handleMessage: MSG_SCANNING_TIMEOUT
04-09 09:30:22.518 20919 20919 D Soundeq-BluetoothDevicePairer: stopScanning leScan:true
04-09 09:30:22.518 20919 20919 D SOUND_PAIR:LeScanner.stopListening(L:102): stopListening sRemoteScanCallback=com.nes.sound.blesupport.LeScanner$RemoteScanCallback@8d6329a
04-09 09:30:22.519 20919 20919 D SOUND_PAIR:LeScanner$RemoteScanCallback.stopNow(L:258): mStopTask.run()
04-09 09:30:22.519 20919 20919 D BluetoothAdapter: [SEIBluetoothlogfordebug]cancelDiscovery
04-09 09:30:22.522 1383 1398 D BluetoothAdapterService: cancelDiscovery
04-09 09:30:22.522 1383 1493 I bt_btif_dm: packages/modules/Bluetooth/system/btif/src/btif_dm.cc:2526 btif_dm_cancel_discovery: Cancel search
04-09 09:30:22.522 1383 1493 I bluetooth: packages/modules/Bluetooth/system/bta/dm/bta_dm_main.cc:96 bta_dm_search_sm_execute: state:BTA_DM_SEARCH_ACTIVE, event:BTA_DM_API_SEARCH_CANCEL_EVT[0x201]
04-09 09:30:22.523 1383 1493 E bluetooth: packages/modules/Bluetooth/system/stack/btm/btm_inq.cc:1539 btm_process_inq_complete: Received inquiry complete when no inquiry was active
04-09 09:30:22.523 1383 1493 I bt_bta_dm: packages/modules/Bluetooth/system/bta/dm/bta_dm_act.cc:1460 bta_dm_search_cmpl: No BLE connection, processing classic results
04-09 09:30:22.523 20919 20919 D BluetoothAdapter: isLeEnabled(): ON
04-09 09:30:22.525 1383 1493 E bluetooth: packages/modules/Bluetooth/system/stack/btm/btm_inq.cc:1539 btm_process_inq_complete: Received inquiry complete when no inquiry was active
04-09 09:30:22.530 1383 1398 D ActivityAttributionService: notifyActivityAttributionInfo UID=1002 packageName=com.android.bluetooth deviceAddress=no_active_device_address
04-09 09:30:22.530 1383 1398 I bt_btif : packages/modules/Bluetooth/system/btif/src/bluetooth.cc:845 get_profile_interface: get_profile_interface: id = activity_attribution
04-09 09:30:22.530 1383 1830 I bt_stack: [INFO:le_scanning_manager.cc(168)] Scan in shim layer stopped
04-09 09:30:22.531 1383 1830 I bt_stack: [INFO:le_scanning_manager.cc(204)] ScanFilterParamSetup in shim layer
04-09 09:30:22.531 1383 1501 I bluetooth: packages/modules/Bluetooth/system/gd/hci/le_address_manager.cc:193 unregister_client: Client unregistered
04-09 09:30:22.535 1383 1398 I bt_stack: [INFO:le_scanning_manager.cc(162)] Unregister in shim layer, scanner_id:2
04-09 09:30:22.536 20919 20919 D Soundeq-BluetoothDevicePairer: setStatus status:1
04-09 09:30:22.536 20919 20919 D Soundeq-BluetoothDevicePairer: updateListener
04-09 09:30:22.537 20919 20919 D Soundeq-DiscoverService: statusChanged
04-09 09:30:22.549 20919 20919 D Soundeq-BluetoothDevicePairer: Device lost: C4:57:6E:38:8B:4F_[TV]Samsung
04-09 09:30:22.549 20919 20919 D Soundeq-BluetoothDevicePairer: onDeviceLost
04-09 09:30:22.551 20919 20919 D Soundeq-BluetoothDevicePairer: Device lost: C4:57:6E:38:8B:4F_[TV]Samsung
04-09 09:30:22.552 20919 20919 D Soundeq-BluetoothDevicePairer: onDeviceLost
04-09 09:30:22.552 20919 20919 E Soundeq-BluetoothDevicePairer: what = 3
04-09 09:30:22.552 20919 20919 D Soundeq-BluetoothDevicePairer: handleMessage: MSG_SCANNING_TIMEOUT
04-09 09:30:22.553 20919 20919 D Soundeq-BluetoothDevicePairer: stopScanning leScan:false
04-09 09:30:22.553 20919 20919 D SOUND_PAIR:BluetoothScanner.stopListening(L:117): stopListening
04-09 09:30:22.553 20919 20919 D Soundeq-BluetoothDevicePairer: setStatus status:1
04-09 09:30:22.553 20919 20919 D Soundeq-BluetoothDevicePairer: updateListener
04-09 09:30:22.554 20919 20919 D Soundeq-DiscoverService: statusChanged
04-09 09:30:22.737 20919 20919 D Soundeq-BluetoothDevicePairer: startScanning type:1
04-09 09:30:22.899 1070 1070 I ThermalService: CPU temperatures: [41.9]
04-09 09:30:22.953 491 568 W libc : Access denied finding property ""
04-09 09:30:22.948 491 491 W binder:491_2: type=1400 audit(0.0:1160687): avc: denied { read } for name="u:object_r:default_prop:s0" dev="tmpfs" ino=182 scontext=u:r:hal_audio_default:s0 tcontext=u:object_r:default_prop:s0 tclass=file permissive=0
04-09 09:30:23.314 19644 24175 E OpenGLRenderer: Unable to match the desired swap behavior.
04-09 09:30:23.953 491 568 W libc : Access denied finding property ""
04-09 09:30:23.948 491 491 W binder:491_2: type=1400 audit(0.0:1160688): avc: denied { read } for name="u:object_r:default_prop:s0" dev="tmpfs" ino=182 scontext=u:r:hal_audio_default:s0 tcontext=u:object_r:default_prop:s0 tclass=file permissive=0
04-09 09:30:24.314 19644 24175 E OpenGLRenderer: Unable to match the desired swap behavior.
04-09 09:30:24.436 27275 27275 D BoundBrokerSvc: onUnbind: Intent { act=com.google.android.gms.auth.aang.events.services.START dat=chimera-action:/... cmp=com.google.android.gms/.chimera.PersistentApiService }
04-09 09:30:24.903 1070 1070 I ThermalService: CPU temperatures: [41.9]
04-09 09:30:24.954 491 568 W libc : Access denied finding property ""
04-09 09:30:24.948 491 491 W binder:491_2: type=1400 audit(0.0:1160689): avc: denied { read } for name="u:object_r:default_prop:s0" dev="tmpfs" ino=182 scontext=u:r:hal_audio_default:s0 tcontext=u:object_r:default_prop:s0 tclass=file permissive=0
04-09 09:30:25.167 527 547 I WifiHAL : call wifi_get_link_stats handler
04-09 09:30:25.167 527 547 I WifiHAL : Creating message to get link statistics; iface = 16
04-09 09:30:25.186 689 973 D WifiClientModeImpl[30070:wlan0]: updateLinkLayerStatsRssiSpeedFrequencyCapabilities rssi=-70 TxLinkspeed=78 freq=2437 RxLinkSpeed=78
04-09 09:30:25.186 689 973 D WifiDataStall: tx tput in kbps: 31102
04-09 09:30:25.186 689 973 D WifiDataStall: rx tput in kbps: 53625
04-09 09:30:25.186 689 973 V WifiConfigManager: Updating scan detail cache freq=2437 BSSID=c4:a3:66:f6:9d:a8 RSSI=-70 for "versim"WPA_PSK
04-09 09:30:25.187 689 973 D WifiDataStall: ccaLevel = 80
04-09 09:30:25.187 689 973 D WifiDataStall: L2 txTputKbps: 53625, rxTputKbps: 53625, L3 txTputKbps: 3, rxTputKbps: 1, TxTrafficHigh: true, RxTrafficHigh: false, Throughput Sufficient: true
04-09 09:30:25.187 689 973 D WifiScoreCard: BSSID update SIGNAL_POLL ID: 209318759 SSID: "versim", BSSID: c4:a3:66:f6:9d:a8, MAC: 40:d9:5a:d6:80:04, IP: /192.168.1.17, Security type: 2, Supplicant state: COMPLETED, Wi-Fi standard: 4, RSSI: -70, Link speed: 78Mbps, Tx Link speed: 78Mbps, Max Supported Tx Link speed: 144Mbps, Rx Link speed: 78Mbps, Max Supported Rx Link speed: 144Mbps, Frequency: 2437MHz, Net ID: 0, Metered hint: false, score: 60, isUsable: true, CarrierMerged: false, SubscriptionId: -1, IsPrimary: 1, Trusted: true, Restricted: false, Ephemeral: false, OEM paid: false, OEM private: false, OSU AP: false, FQDN: , Provider friendly name: , Requesting package name: "versim"wpa2-pskMLO Information: , Is TID-To-Link negotiation supported by the AP: false, AP MLD Address: , AP MLO Link Id: , AP MLO Affiliated links:
04-09 09:30:25.187 689 973 D WifiScoreCard: txRate: 6 txSpeed: 78
04-09 09:30:25.188 689 973 D WifiScoreCard: network update SIGNAL_POLL "versim" ID: 2122788863 RSSI -70 txSpeed 78
04-09 09:30:25.188 689 973 D WifiClientModeImpl[30070:wlan0]: ClientModeImpl$L2ConnectedState screen=on 3 0 "versim" c4:a3:66:f6:9d:a8 rssi=-70 f=2437 sc=60 link=78 tx=3.8, 1.5, 0.0 rx=3.2 bcn=0 [on:3024 tx:3 rx:670 period:3023] from screen [on:603824 period:657364] score=60
04-09 09:30:25.954 491 568 W libc : Access denied finding property ""
04-09 09:30:25.952 491 491 W binder:491_2: type=1400 audit(0.0:1160690): avc: denied { read } for name="u:object_r:default_prop:s0" dev="tmpfs" ino=182 scontext=u:r:hal_audio_default:s0 tcontext=u:object_r:default_prop:s0 tclass=file permissive=0
04-09 09:30:26.333 19644 24175 E OpenGLRenderer: Unable to match the desired swap behavior.
04-09 09:30:26.614 689 1824 W ActivityManager: Unable to start service Intent { cmp=com.nes.sound.retail/com.nes.sound.component.service.DaemonService } U=0: not found
04-09 09:30:26.614 1052 1052 I HeartBeatUtils: ComponentInfo{com.nes.sound.retail/com.nes.sound.component.service.DaemonService} bind failed !!!Immediate reconnect!!!
04-09 09:30:26.614 1052 1052 I HeartBeatUtils: onHeartBeatStoped com.nes.sound.retail/com.nes.sound.component.service.DaemonService
04-09 09:30:26.615 689 1824 W ActivityManager: Unbind failed: could not find connection for android.os.BinderProxy@a11ecde
04-09 09:30:26.615 1052 1052 W HeartBeatUtils: start rescue com.nes.sound.retail/com.nes.sound.component.service.DaemonService
04-09 09:30:26.617 689 1824 W ActivityManager: Unable to start service Intent { cmp=com.nes.sound/.component.service.DaemonService } U=0: not found
04-09 09:30:26.617 1052 1052 I HeartBeatUtils: ComponentInfo{com.nes.sound/com.nes.sound.component.service.DaemonService} bind failed !!!Immediate reconnect!!!
04-09 09:30:26.617 1052 1052 I HeartBeatUtils: onHeartBeatStoped com.nes.sound/com.nes.sound.component.service.DaemonService
04-09 09:30:26.617 689 1824 W ActivityManager: Unbind failed: could not find connection for android.os.BinderProxy@181aebf
04-09 09:30:26.618 1052 1052 W HeartBeatUtils: start rescue com.nes.sound/com.nes.sound.component.service.DaemonService
04-09 09:30:26.695 1856 1856 W ContextImpl: Calling a method in the system process without a qualified user: android.app.ContextImpl.bindService:2026 android.content.ContextWrapper.bindService:861 com.nes.sound.daemon.utils.heartbeat.HeartBeatConnectionPool.connectServiceByBinderBeans:108 com.nes.sound.daemon.utils.heartbeat.HeartBeatConnectionPool.reBindConnection:122 com.nes.sound.daemon.utils.heartbeat.HeartBeatUtils.reBindConnection:137
04-09 09:30:26.701 689 1824 W ActivityManager: Unable to start service Intent { cmp=com.nes.sound/.component.service.HeartBeatDaemonService } U=0: not found
04-09 09:30:26.701 1856 1856 I HeartBeatUtils: ComponentInfo{com.nes.sound/com.nes.sound.component.service.HeartBeatDaemonService} bind failed !!!Immediate reconnect!!!
04-09 09:30:26.701 1856 1856 I HeartBeatUtils: onHeartBeatStoped com.nes.sound/com.nes.sound.component.service.HeartBeatDaemonService
04-09 09:30:26.702 689 1824 W ActivityManager: Unbind failed: could not find connection for android.os.BinderProxy@e2fc98c
04-09 09:30:26.702 1856 1856 W HeartBeatUtils: start rescue com.nes.sound/com.nes.sound.component.service.HeartBeatDaemonService
04-09 09:30:26.907 1070 1070 I ThermalService: CPU temperatures: [41.800003]
04-09 09:30:26.955 491 568 W libc : Access denied finding property ""
04-09 09:30:26.952 491 491 W binder:491_2: type=1400 audit(0.0:1160691): avc: denied { read } for name="u:object_r:default_prop:s0" dev="tmpfs" ino=182 scontext=u:r:hal_audio_default:s0 tcontext=u:object_r:default_prop:s0 tclass=file permissive=0
04-09 09:30:27.334 19644 24175 E OpenGLRenderer: Unable to match the desired swap behavior.
04-09 09:30:27.541 20919 20919 D Soundeq-BluetoothDevicePairer: startScanning type:1
04-09 09:30:27.553 20919 20919 D Soundeq-BluetoothDevicePairer: startScanning type:1
04-09 09:30:27.738 20919 20919 E Soundeq-BluetoothDevicePairer: what = 2
04-09 09:30:27.738 20919 20919 I Soundeq-BluetoothDevicePairer: start
04-09 09:30:27.739 20919 20919 D Soundeq-BluetoothDevicePairer: setStatus status:1
04-09 09:30:27.739 20919 20919 D Soundeq-BluetoothDevicePairer: updateListener
04-09 09:30:27.740 20919 20919 D Soundeq-DiscoverService: statusChanged
04-09 09:30:27.751 20919 20919 I SOUND_PAIR:BluetoothScanner$Receiver.scanNow(L:265): scanNow isDiscovering = false
04-09 09:30:27.751 20919 20919 D Soundeq-BluetoothDevicePairer: Device onScanningStarted:
04-09 09:30:27.751 20919 20919 D Soundeq-BluetoothDevicePairer: Device onScanningStarted:
04-09 09:30:27.752 20919 20919 D BluetoothAdapter: [SEIBluetoothlogfordebug]startDiscovery
04-09 09:30:27.754 1383 1398 D BluetoothAdapterService: startDiscovery
04-09 09:30:27.754 1383 1493 I bluetooth: packages/modules/Bluetooth/system/bta/dm/bta_dm_main.cc:96 bta_dm_search_sm_execute: state:BTA_DM_SEARCH_IDLE, event:BTA_DM_API_SEARCH_EVT[0x200]
04-09 09:30:27.755 1383 1493 W bluetooth: packages/modules/Bluetooth/system/stack/btm/btm_inq.cc:1083 btm_clr_inq_result_flt: Memory being reset multiple times
04-09 09:30:27.756 20919 20919 I SOUND_PAIR:BluetoothScanner$Receiver.scanNow(L:270): scanNow startDiscovery
04-09 09:30:27.758 20919 20919 D SOUND_PAIR:BluetoothScanner.startListening(L:108): startListening
04-09 09:30:27.761 20919 20919 D Soundeq-BluetoothDevicePairer: handleMessage: BluetoothScanner
04-09 09:30:27.911 1383 1493 E bt_btu_hcif: packages/modules/Bluetooth/system/stack/btu/btu_hcif.cc:182 btu_hcif_log_event_metrics: Unexpectedly received event_code:0x2f that should not be handled here
04-09 09:30:27.912 1383 1493 I bt_btif_dm: packages/modules/Bluetooth/system/btif/src/btif_dm.cc:1601 btif_dm_search_devices_evt: EIR UUIDs for xx:xx:xx:xx:8b:4f:
04-09 09:30:27.912 1383 1493 I bt_btif_dm: packages/modules/Bluetooth/system/btif/src/btif_dm.cc:1604 btif_dm_search_devices_evt: 0000110a-0000-1000-8000-00805f9b34fb
04-09 09:30:27.912 1383 1493 I bt_btif_dm: packages/modules/Bluetooth/system/btif/src/btif_dm.cc:1604 btif_dm_search_devices_evt: 0000110c-0000-1000-8000-00805f9b34fb
04-09 09:30:27.912 1383 1493 I bt_btif_dm: packages/modules/Bluetooth/system/btif/src/btif_dm.cc:1604 btif_dm_search_devices_evt: 00001200-0000-1000-8000-00805f9b34fb
04-09 09:30:27.918 20919 20919 D SOUND_PAIR:BluetoothScanner$Receiver.onReceive(L:364): Device found, address: C4:57:6E:38:8B:4F name: [TV]Samsung Rssi:-62
04-09 09:30:27.923 20919 20919 I Soundeq-BluetoothDevicePairer: BtScanner, name = [TV]Samsung , rssi = -62
04-09 09:30:27.930 20919 20919 I Soundeq-BluetoothDevicePairer: BtScanner, name = [TV]Samsung , rssi = -62
04-09 09:30:27.955 491 568 W libc : Access denied finding property ""
04-09 09:30:27.952 491 491 W binder:491_2: type=1400 audit(0.0:1160692): avc: denied { read } for name="u:object_r:default_prop:s0" dev="tmpfs" ino=182 scontext=u:r:hal_audio_default:s0 tcontext=u:object_r:default_prop:s0 tclass=file permissive=0
04-09 09:30:28.191 527 547 I WifiHAL : call wifi_get_link_stats handler
04-09 09:30:28.191 527 547 I WifiHAL : Creating message to get link statistics; iface = 16
04-09 09:30:28.203 689 973 D WifiClientModeImpl[30070:wlan0]: updateLinkLayerStatsRssiSpeedFrequencyCapabilities rssi=-73 TxLinkspeed=78 freq=2437 RxLinkSpeed=78
04-09 09:30:28.204 689 973 D WifiDataStall: tx tput in kbps: 53625
04-09 09:30:28.204 689 973 D WifiDataStall: rx tput in kbps: 53625
04-09 09:30:28.204 689 973 V WifiConfigManager: Updating scan detail cache freq=2437 BSSID=c4:a3:66:f6:9d:a8 RSSI=-71 for "versim"WPA_PSK
04-09 09:30:28.204 689 973 D WifiDataStall: ccaLevel = 80
04-09 09:30:28.204 689 973 D WifiDataStall: L2 txTputKbps: 47726, rxTputKbps: 53625, L3 txTputKbps: 5, rxTputKbps: 4, TxTrafficHigh: true, RxTrafficHigh: false, Throughput Sufficient: true
04-09 09:30:28.205 689 973 D WifiScoreCard: BSSID update SIGNAL_POLL ID: 209318759 SSID: "versim", BSSID: c4:a3:66:f6:9d:a8, MAC: 40:d9:5a:d6:80:04, IP: /192.168.1.17, Security type: 2, Supplicant state: COMPLETED, Wi-Fi standard: 4, RSSI: -73, Link speed: 78Mbps, Tx Link speed: 78Mbps, Max Supported Tx Link speed: 144Mbps, Rx Link speed: 78Mbps, Max Supported Rx Link speed: 144Mbps, Frequency: 2437MHz, Net ID: 0, Metered hint: false, score: 60, isUsable: true, CarrierMerged: false, SubscriptionId: -1, IsPrimary: 1, Trusted: true, Restricted: false, Ephemeral: false, OEM paid: false, OEM private: false, OSU AP: false, FQDN: , Provider friendly name: , Requesting package name: "versim"wpa2-pskMLO Information: , Is TID-To-Link negotiation supported by the AP: false, AP MLD Address: , AP MLO Link Id: , AP MLO Affiliated links:
04-09 09:30:28.205 689 973 D WifiScoreCard: txRate: 4 txSpeed: 78
04-09 09:30:28.205 689 973 D WifiScoreCard: network update SIGNAL_POLL "versim" ID: 2122788863 RSSI -73 txSpeed 78
04-09 09:30:28.205 689 973 D WifiClientModeImpl[30070:wlan0]: ClientModeImpl$L2ConnectedState screen=on 3 0 "versim" c4:a3:66:f6:9d:a8 rssi=-73 f=2437 sc=60 link=78 tx=3.0, 0.7, 0.0 rx=2.0 bcn=0 [on:3019 tx:2 rx:662 period:3017] from screen [on:606843 period:660381] score=60
04-09 09:30:28.335 19644 24175 E OpenGLRenderer: Unable to match the desired swap behavior.
04-09 09:30:28.909 1070 1070 I ThermalService: CPU temperatures: [42.000004]
04-09 09:30:28.956 491 568 W libc : Access denied finding property ""
04-09 09:30:28.952 491 491 W binder:491_2: type=1400 audit(0.0:1160693): avc: denied { read } for name="u:object_r:default_prop:s0" dev="tmpfs" ino=182 scontext=u:r:hal_audio_default:s0 tcontext=u:object_r:default_prop:s0 tclass=file permissive=0
04-09 09:30:29.336 19644 24175 E OpenGLRenderer: Unable to match the desired swap behavior.
04-09 09:30:29.653 15384 16234 D e : topActivityPackage: com.android.tv.settings, appCollectType: 1 , launcherPackage: com.google.android.tvlauncher, video: false
04-09 09:30:29.653 15384 16234 D e : no register no record
04-09 09:30:29.956 491 568 W libc : Access denied finding property ""
04-09 09:30:29.952 491 491 W binder:491_2: type=1400 audit(0.0:1160694): avc: denied { read } for name="u:object_r:default_prop:s0" dev="tmpfs" ino=182 scontext=u:r:hal_audio_default:s0 tcontext=u:object_r:default_prop:s0 tclass=file permissive=0
04-09 09:30:30.912 1070 1070 I ThermalService: CPU temperatures: [41.500004]
04-09 09:30:30.931 20919 20919 E Soundeq-BluetoothDevicePairer: what = 3
04-09 09:30:30.931 20919 20919 D Soundeq-BluetoothDevicePairer: handleMessage: MSG_SCANNING_TIMEOUT
04-09 09:30:30.931 20919 20919 D Soundeq-BluetoothDevicePairer: stopScanning leScan:false
04-09 09:30:30.932 20919 20919 D SOUND_PAIR:BluetoothScanner.stopListening(L:117): stopListening
04-09 09:30:30.932 20919 20919 D Soundeq-BluetoothDevicePairer: setStatus status:1
04-09 09:30:30.932 20919 20919 D Soundeq-BluetoothDevicePairer: updateListener
04-09 09:30:30.932 20919 20919 D Soundeq-DiscoverService: statusChanged
04-09 09:30:30.957 491 568 W libc : Access denied finding property ""
04-09 09:30:30.952 491 491 W binder:491_2: type=1400 audit(0.0:1160695): avc: denied { read } for name="u:object_r:default_prop:s0" dev="tmpfs" ino=182 scontext=u:r:hal_audio_default:s0 tcontext=u:object_r:default_prop:s0 tclass=file permissive=0
04-09 09:30:31.206 527 547 I WifiHAL : call wifi_get_link_stats handler
04-09 09:30:31.207 527 547 I WifiHAL : Creating message to get link statistics; iface = 16
04-09 09:30:31.226 689 973 D WifiClientModeImpl[30070:wlan0]: updateLinkLayerStatsRssiSpeedFrequencyCapabilities rssi=-72 TxLinkspeed=78 freq=2437 RxLinkSpeed=78
04-09 09:30:31.227 689 973 D WifiDataStall: tx tput in kbps: 47726
04-09 09:30:31.227 689 973 D WifiDataStall: rx tput in kbps: 53625
04-09 09:30:31.227 689 973 V WifiConfigManager: Updating scan detail cache freq=2437 BSSID=c4:a3:66:f6:9d:a8 RSSI=-71 for "versim"WPA_PSK
04-09 09:30:31.227 689 973 D WifiDataStall: ccaLevel = 80
04-09 09:30:31.227 689 973 D WifiDataStall: L2 txTputKbps: 50943, rxTputKbps: 53625, L3 txTputKbps: 0, rxTputKbps: 1, TxTrafficHigh: false, RxTrafficHigh: false, Throughput Sufficient: true
04-09 09:30:31.228 689 973 D WifiScoreCard: BSSID update SIGNAL_POLL ID: 209318759 SSID: "versim", BSSID: c4:a3:66:f6:9d:a8, MAC: 40:d9:5a:d6:80:04, IP: /192.168.1.17, Security type: 2, Supplicant state: COMPLETED, Wi-Fi standard: 4, RSSI: -72, Link speed: 78Mbps, Tx Link speed: 78Mbps, Max Supported Tx Link speed: 144Mbps, Rx Link speed: 78Mbps, Max Supported Rx Link speed: 144Mbps, Frequency: 2437MHz, Net ID: 0, Metered hint: false, score: 60, isUsable: true, CarrierMerged: false, SubscriptionId: -1, IsPrimary: 1, Trusted: true, Restricted: false, Ephemeral: false, OEM paid: false, OEM private: false, OSU AP: false, FQDN: , Provider friendly name: , Requesting package name: "versim"wpa2-pskMLO Information: , Is TID-To-Link negotiation supported by the AP: false, AP MLD Address: , AP MLO Link Id: , AP MLO Affiliated links:
04-09 09:30:31.228 689 973 D WifiScoreCard: txRate: 3 txSpeed: 78
04-09 09:30:31.228 689 973 D WifiScoreCard: network update SIGNAL_POLL "versim" ID: 2122788863 RSSI -72 txSpeed -1
04-09 09:30:31.229 689 973 D WifiClientModeImpl[30070:wlan0]: ClientModeImpl$L2ConnectedState screen=on 3 0 "versim" c4:a3:66:f6:9d:a8 rssi=-72 f=2437 sc=60 link=78 tx=1.9, 0.4, 0.0 rx=1.5 bcn=0 [on:3021 tx:4 rx:713 period:3023] from screen [on:609864 period:663405] score=60
04-09 09:30:31.621 689 1824 W ActivityManager: Unable to start service Intent { cmp=com.nes.sound.retail/com.nes.sound.component.service.DaemonService } U=0: not found
04-09 09:30:31.622 1052 1052 I HeartBeatUtils: ComponentInfo{com.nes.sound.retail/com.nes.sound.component.service.DaemonService} bind failed !!!Immediate reconnect!!!
04-09 09:30:31.622 1052 1052 I HeartBeatUtils: onHeartBeatStoped com.nes.sound.retail/com.nes.sound.component.service.DaemonService
04-09 09:30:31.622 689 1824 W ActivityManager: Unbind failed: could not find connection for android.os.BinderProxy@d9d0589
04-09 09:30:31.623 1052 1052 W HeartBeatUtils: start rescue com.nes.sound.retail/com.nes.sound.component.service.DaemonService
04-09 09:30:31.624 689 1824 W ActivityManager: Unable to start service Intent { cmp=com.nes.sound/.component.service.DaemonService } U=0: not found
04-09 09:30:31.625 1052 1052 I HeartBeatUtils: ComponentInfo{com.nes.sound/com.nes.sound.component.service.DaemonService} bind failed !!!Immediate reconnect!!!
04-09 09:30:31.625 1052 1052 I HeartBeatUtils: onHeartBeatStoped com.nes.sound/com.nes.sound.component.service.DaemonService
04-09 09:30:31.625 689 1824 W ActivityManager: Unbind failed: could not find connection for android.os.BinderProxy@481498e
04-09 09:30:31.625 1052 1052 W HeartBeatUtils: start rescue com.nes.sound/com.nes.sound.component.service.DaemonService
04-09 09:30:31.704 1856 1856 W ContextImpl: Calling a method in the system process without a qualified user: android.app.ContextImpl.bindService:2026 android.content.ContextWrapper.bindService:861 com.nes.sound.daemon.utils.heartbeat.HeartBeatConnectionPool.connectServiceByBinderBeans:108 com.nes.sound.daemon.utils.heartbeat.HeartBeatConnectionPool.reBindConnection:122 com.nes.sound.daemon.utils.heartbeat.HeartBeatUtils.reBindConnection:137
04-09 09:30:31.706 689 1824 W ActivityManager: Unable to start service Intent { cmp=com.nes.sound/.component.service.HeartBeatDaemonService } U=0: not found
04-09 09:30:31.706 1856 1856 I HeartBeatUtils: ComponentInfo{com.nes.sound/com.nes.sound.component.service.HeartBeatDaemonService} bind failed !!!Immediate reconnect!!!
04-09 09:30:31.706 1856 1856 I HeartBeatUtils: onHeartBeatStoped com.nes.sound/com.nes.sound.component.service.HeartBeatDaemonService
04-09 09:30:31.707 689 1824 W ActivityManager: Unbind failed: could not find connection for android.os.BinderProxy@149c5af
04-09 09:30:31.707 1856 1856 W HeartBeatUtils: start rescue com.nes.sound/com.nes.sound.component.service.HeartBeatDaemonService
04-09 09:30:31.957 491 568 W libc : Access denied finding property ""
04-09 09:30:31.952 491 491 W binder:491_2: type=1400 audit(0.0:1160696): avc: denied { read } for name="u:object_r:default_prop:s0" dev="tmpfs" ino=182 scontext=u:r:hal_audio_default:s0 tcontext=u:object_r:default_prop:s0 tclass=file permissive=0
04-09 09:30:32.544 20919 20919 E Soundeq-BluetoothDevicePairer: what = 2
04-09 09:30:32.545 20919 20919 I Soundeq-BluetoothDevicePairer: start
04-09 09:30:32.545 20919 20919 D Soundeq-BluetoothDevicePairer: setStatus status:1
04-09 09:30:32.545 20919 20919 D Soundeq-BluetoothDevicePairer: updateListener
04-09 09:30:32.545 20919 20919 D Soundeq-DiscoverService: statusChanged
04-09 09:30:32.548 20919 20919 D BluetoothAdapter: [SEIBluetoothlogfordebug]cancelDiscovery
04-09 09:30:32.550 1383 1398 D BluetoothAdapterService: cancelDiscovery
04-09 09:30:32.550 1383 1493 I bt_btif_dm: packages/modules/Bluetooth/system/btif/src/btif_dm.cc:2526 btif_dm_cancel_discovery: Cancel search
04-09 09:30:32.551 1383 1493 I bluetooth: packages/modules/Bluetooth/system/bta/dm/bta_dm_main.cc:96 bta_dm_search_sm_execute: state:BTA_DM_SEARCH_ACTIVE, event:BTA_DM_API_SEARCH_CANCEL_EVT[0x201]
04-09 09:30:32.551 20919 20919 D BluetoothAdapter: isLeEnabled(): ON
04-09 09:30:32.551 1383 1493 E bluetooth: packages/modules/Bluetooth/system/stack/btm/btm_inq.cc:1539 btm_process_inq_complete: Received inquiry complete when no inquiry was active
04-09 09:30:32.551 1383 1493 I bt_bta_dm: packages/modules/Bluetooth/system/bta/dm/bta_dm_act.cc:1460 bta_dm_search_cmpl: No BLE connection, processing classic results
04-09 09:30:32.553 1383 1493 E bluetooth: packages/modules/Bluetooth/system/stack/btm/btm_inq.cc:1539 btm_process_inq_complete: Received inquiry complete when no inquiry was active
04-09 09:30:32.554 1383 1398 I bt_stack: [INFO:le_scanning_manager.cc(155)] RegisterScanner in shim layer
04-09 09:30:32.562 20919 29774 D BluetoothLeScanner: onScannerRegistered() - status=0 scannerId=2 mScannerId=0
04-09 09:30:32.567 1383 1398 D ActivityAttributionService: notifyActivityAttributionInfo UID=1002 packageName=com.android.bluetooth deviceAddress=no_active_device_address
04-09 09:30:32.567 1383 1398 I bt_btif : packages/modules/Bluetooth/system/btif/src/bluetooth.cc:845 get_profile_interface: get_profile_interface: id = activity_attribution
04-09 09:30:32.567 1383 1830 I bt_stack: [INFO:le_scanning_manager.cc(268)] ScanFilterEnable in shim layer
04-09 09:30:32.567 1383 1830 I bt_stack: [INFO:le_scanning_manager.cc(204)] ScanFilterParamSetup in shim layer
04-09 09:30:32.568 1383 1830 I bt_stack: [INFO:le_scanning_manager.cc(168)] Scan in shim layer started
04-09 09:30:32.568 1383 1501 I bluetooth: packages/modules/Bluetooth/system/gd/hci/le_scanning_manager.cc:593 stop_scan: Scanning already stopped, return!
04-09 09:30:32.568 1383 1501 I bluetooth: packages/modules/Bluetooth/system/gd/hci/le_address_manager.cc:178 register_client: Client registered
04-09 09:30:32.568 1383 1830 I bt_stack: [INFO:le_scanning_manager.cc(168)] Scan in shim layer stopped
04-09 09:30:32.568 1383 1830 I bt_stack: [INFO:le_scanning_manager.cc(346)] SetScanParameters in shim layer
04-09 09:30:32.568 1383 1830 I bt_stack: [INFO:le_scanning_manager.cc(168)] Scan in shim layer started
04-09 09:30:32.568 1383 1830 D BtGatt.ScanManager: isCtsTestActivity: false
04-09 09:30:32.569 1383 1501 I bluetooth: packages/modules/Bluetooth/system/gd/hci/le_address_manager.cc:193 unregister_client: Client unregistered
04-09 09:30:32.569 1383 1501 I bluetooth: packages/modules/Bluetooth/system/gd/hci/le_scanning_manager.cc:593 stop_scan: Scanning already stopped, return!
04-09 09:30:32.569 1383 1501 I bluetooth: packages/modules/Bluetooth/system/gd/hci/le_address_manager.cc:178 register_client: Client registered
04-09 09:30:32.569 20919 20919 D Soundeq-BluetoothDevicePairer: Device onScanningStarted:
04-09 09:30:32.570 20919 20919 D Soundeq-BluetoothDevicePairer: handleMessage: LeScanner
04-09 09:30:32.570 20919 20919 E Soundeq-BluetoothDevicePairer: what = 2
04-09 09:30:32.570 20919 20919 I Soundeq-BluetoothDevicePairer: start
04-09 09:30:32.570 20919 20919 D Soundeq-BluetoothDevicePairer: setStatus status:1
04-09 09:30:32.570 20919 20919 D Soundeq-BluetoothDevicePairer: updateListener
04-09 09:30:32.571 20919 20919 D Soundeq-DiscoverService: statusChanged
04-09 09:30:32.576 20919 20919 I Soundeq-BluetoothDevicePairer: BtScanner, name = [TV]Samsung , rssi = -62
04-09 09:30:32.585 20919 20919 I SOUND_PAIR:BluetoothScanner$Receiver.scanNow(L:265): scanNow isDiscovering = false
04-09 09:30:32.585 20919 20919 D Soundeq-BluetoothDevicePairer: Device onScanningStarted:
04-09 09:30:32.585 20919 20919 D Soundeq-BluetoothDevicePairer: Device onScanningStarted:
04-09 09:30:32.585 20919 20919 D BluetoothAdapter: [SEIBluetoothlogfordebug]startDiscovery
04-09 09:30:32.588 1383 1398 D BluetoothAdapterService: startDiscovery
04-09 09:30:32.588 1383 1493 I bluetooth: packages/modules/Bluetooth/system/bta/dm/bta_dm_main.cc:96 bta_dm_search_sm_execute: state:BTA_DM_SEARCH_IDLE, event:BTA_DM_API_SEARCH_EVT[0x200]
04-09 09:30:32.589 1383 1493 W bluetooth: packages/modules/Bluetooth/system/stack/btm/btm_inq.cc:1083 btm_clr_inq_result_flt: Memory being reset multiple times
04-09 09:30:32.591 20919 20919 I SOUND_PAIR:BluetoothScanner$Receiver.scanNow(L:270): scanNow startDiscovery
04-09 09:30:32.591 20919 20919 D SOUND_PAIR:BluetoothScanner.startListening(L:108): startListening
04-09 09:30:32.591 20919 20919 D Soundeq-BluetoothDevicePairer: handleMessage: BluetoothScanner
04-09 09:30:32.914 1070 1070 I ThermalService: CPU temperatures: [41.300003]
04-09 09:30:32.958 491 568 W libc : Access denied finding property ""
04-09 09:30:32.952 491 491 W binder:491_2: type=1400 audit(0.0:1160697): avc: denied { read } for name="u:object_r:default_prop:s0" dev="tmpfs" ino=182 scontext=u:r:hal_audio_default:s0 tcontext=u:object_r:default_prop:s0 tclass=file permissive=0
04-09 09:30:33.418 1383 1493 E bt_btu_hcif: packages/modules/Bluetooth/system/stack/btu/btu_hcif.cc:182 btu_hcif_log_event_metrics: Unexpectedly received event_code:0x2f that should not be handled here
04-09 09:30:33.425 20919 20919 D SOUND_PAIR:BluetoothScanner$Receiver.onReceive(L:364): Device found, address: C4:57:6E:38:8B:4F name: [TV]Samsung Rssi:-59
04-09 09:30:33.958 491 568 W libc : Access denied finding property ""
04-09 09:30:33.956 491 491 W binder:491_2: type=1400 audit(0.0:1160698): avc: denied { read } for name="u:object_r:default_prop:s0" dev="tmpfs" ino=182 scontext=u:r:hal_audio_default:s0 tcontext=u:object_r:default_prop:s0 tclass=file permissive=0
04-09 09:30:34.229 527 547 I WifiHAL : call wifi_get_link_stats handler
04-09 09:30:34.230 527 547 I WifiHAL : Creating message to get link statistics; iface = 16
04-09 09:30:34.249 689 973 D WifiClientModeImpl[30070:wlan0]: updateLinkLayerStatsRssiSpeedFrequencyCapabilities rssi=-73 TxLinkspeed=78 freq=2437 RxLinkSpeed=52
04-09 09:30:34.249 689 973 D WifiDataStall: tx tput in kbps: 50943
04-09 09:30:34.249 689 973 D WifiDataStall: rx tput in kbps: 53625
04-09 09:30:34.249 689 973 V WifiConfigManager: Updating scan detail cache freq=2437 BSSID=c4:a3:66:f6:9d:a8 RSSI=-72 for "versim"WPA_PSK
04-09 09:30:34.249 689 973 D WifiDataStall: ccaLevel = 80
04-09 09:30:34.249 689 973 D WifiDataStall: L2 txTputKbps: 18232, rxTputKbps: 35750, L3 txTputKbps: 0, rxTputKbps: 0, TxTrafficHigh: true, RxTrafficHigh: false, Throughput Sufficient: true
04-09 09:30:34.250 689 973 D WifiScoreReport: report new wifi score 59
04-09 09:30:34.250 689 973 D WifiScoreCard: BSSID update SIGNAL_POLL ID: 209318759 SSID: "versim", BSSID: c4:a3:66:f6:9d:a8, MAC: 40:d9:5a:d6:80:04, IP: /192.168.1.17, Security type: 2, Supplicant state: COMPLETED, Wi-Fi standard: 4, RSSI: -73, Link speed: 78Mbps, Tx Link speed: 78Mbps, Max Supported Tx Link speed: 144Mbps, Rx Link speed: 52Mbps, Max Supported Rx Link speed: 144Mbps, Frequency: 2437MHz, Net ID: 0, Metered hint: false, score: 59, isUsable: true, CarrierMerged: false, SubscriptionId: -1, IsPrimary: 1, Trusted: true, Restricted: false, Ephemeral: false, OEM paid: false, OEM private: false, OSU AP: false, FQDN: , Provider friendly name: , Requesting package name: "versim"wpa2-pskMLO Information: , Is TID-To-Link negotiation supported by the AP: false, AP MLD Address: , AP MLO Link Id: , AP MLO Affiliated links:
04-09 09:30:34.250 689 973 D WifiScoreCard: txRate: 3 txSpeed: 78
04-09 09:30:34.250 689 973 D WifiScoreCard: network update SIGNAL_POLL "versim" ID: 2122788863 RSSI -73 txSpeed -1
04-09 09:30:34.251 689 973 D WifiClientModeImpl[30070:wlan0]: ClientModeImpl$L2ConnectedState screen=on 3 0 "versim" c4:a3:66:f6:9d:a8 rssi=-73 f=2437 sc=59 link=78 tx=1.3, 1.4, 0.0 rx=1.2 bcn=0 [on:3023 tx:3 rx:650 period:3022] from screen [on:612887 period:666427] score=59
04-09 09:30:34.252 689 982 D ConnectivityService: NetReassign [no changes] [c 1] [a 0] [i 2]
04-09 09:30:34.263 689 927 D ActivityManager: freezing 27387 com.google.android.gms
04-09 09:30:34.381 1383 1493 E bt_btu_hcif: packages/modules/Bluetooth/system/stack/btu/btu_hcif.cc:182 btu_hcif_log_event_metrics: Unexpectedly received event_code:0x2f that should not be handled here
04-09 09:30:34.382 1383 1493 I bt_btif_dm: packages/modules/Bluetooth/system/btif/src/btif_dm.cc:1601 btif_dm_search_devices_evt: EIR UUIDs for xx:xx:xx:xx:8b:4f:
