04-09 09:31:41.028 20919 20919 D Soundeq-BluetoothDevicePairer: setStatus status:1
04-09 09:31:41.028 20919 20919 D Soundeq-BluetoothDevicePairer: updateListener
04-09 09:31:41.028 20919 20919 D Soundeq-DiscoverService: statusChanged
04-09 09:31:41.034 20919 20919 I Soundeq-BluetoothDevicePairer: BtScanner, name = [TV]Samsung , rssi = -49
04-09 09:31:41.039 20919 20919 D BluetoothAdapter: [SEIBluetoothlogfordebug]cancelDiscovery
04-09 09:31:41.041 1383 1398 D BluetoothAdapterService: cancelDiscovery
04-09 09:31:41.042 1383 1493 I bt_btif_dm: packages/modules/Bluetooth/system/btif/src/btif_dm.cc:2526 btif_dm_cancel_discovery: Cancel search
04-09 09:31:41.042 1383 1493 I bluetooth: packages/modules/Bluetooth/system/bta/dm/bta_dm_main.cc:96 bta_dm_search_sm_execute: state:BTA_DM_SEARCH_ACTIVE, event:BTA_DM_API_SEARCH_CANCEL_EVT[0x201]
04-09 09:31:41.042 1383 1493 E bluetooth: packages/modules/Bluetooth/system/stack/btm/btm_inq.cc:1539 btm_process_inq_complete: Received inquiry complete when no inquiry was active
04-09 09:31:41.042 1383 1493 I bt_bta_dm: packages/modules/Bluetooth/system/bta/dm/bta_dm_act.cc:1460 bta_dm_search_cmpl: No BLE connection, processing classic results
04-09 09:31:41.044 1383 1493 E bluetooth: packages/modules/Bluetooth/system/stack/btm/btm_inq.cc:1539 btm_process_inq_complete: Received inquiry complete when no inquiry was active
04-09 09:31:41.046 20919 20919 I SOUND_PAIR:BluetoothScanner$Receiver.scanNow(L:265): scanNow isDiscovering = false
04-09 09:31:41.046 20919 20919 D Soundeq-BluetoothDevicePairer: Device onScanningStarted:
04-09 09:31:41.047 20919 20919 D Soundeq-BluetoothDevicePairer: Device onScanningStarted:
04-09 09:31:41.047 20919 20919 D Soundeq-BluetoothDevicePairer: Device onScanningStarted:
04-09 09:31:41.047 20919 20919 D BluetoothAdapter: [SEIBluetoothlogfordebug]startDiscovery
04-09 09:31:41.051 1383 1398 D BluetoothAdapterService: startDiscovery
04-09 09:31:41.052 1383 1493 I bluetooth: packages/modules/Bluetooth/system/bta/dm/bta_dm_main.cc:96 bta_dm_search_sm_execute: state:BTA_DM_SEARCH_IDLE, event:BTA_DM_API_SEARCH_EVT[0x200]
04-09 09:31:41.052 1383 1493 W bluetooth: packages/modules/Bluetooth/system/stack/btm/btm_inq.cc:1083 btm_clr_inq_result_flt: Memory being reset multiple times
04-09 09:31:41.052 20919 20919 I SOUND_PAIR:BluetoothScanner$Receiver.scanNow(L:270): scanNow startDiscovery
04-09 09:31:41.053 20919 20919 D SOUND_PAIR:BluetoothScanner.startListening(L:108): startListening
04-09 09:31:41.053 20919 20919 D Soundeq-BluetoothDevicePairer: handleMessage: BluetoothScanner
04-09 09:31:41.123 1383 1493 E bt_btu_hcif: packages/modules/Bluetooth/system/stack/btu/btu_hcif.cc:182 btu_hcif_log_event_metrics: Unexpectedly received event_code:0x2f that should not be handled here
04-09 09:31:41.123 1383 1493 I bt_btif_dm: packages/modules/Bluetooth/system/btif/src/btif_dm.cc:1601 btif_dm_search_devices_evt: EIR UUIDs for xx:xx:xx:xx:8b:4f:
04-09 09:31:41.123 1383 1493 I bt_btif_dm: packages/modules/Bluetooth/system/btif/src/btif_dm.cc:1604 btif_dm_search_devices_evt: 0000110a-0000-1000-8000-00805f9b34fb
04-09 09:31:41.123 1383 1493 I bt_btif_dm: packages/modules/Bluetooth/system/btif/src/btif_dm.cc:1604 btif_dm_search_devices_evt: 0000110c-0000-1000-8000-00805f9b34fb
04-09 09:31:41.123 1383 1493 I bt_btif_dm: packages/modules/Bluetooth/system/btif/src/btif_dm.cc:1604 btif_dm_search_devices_evt: 00001200-0000-1000-8000-00805f9b34fb
04-09 09:31:41.129 20919 20919 D SOUND_PAIR:BluetoothScanner$Receiver.onReceive(L:364): Device found, address: C4:57:6E:38:8B:4F name: [TV]Samsung Rssi:-58
04-09 09:31:41.508 19644 24175 E OpenGLRenderer: Unable to match the desired swap behavior.
04-09 09:31:41.692 689 2593 W ActivityManager: Unable to start service Intent { cmp=com.nes.sound.retail/com.nes.sound.component.service.DaemonService } U=0: not found
04-09 09:31:41.692 1052 1052 I HeartBeatUtils: ComponentInfo{com.nes.sound.retail/com.nes.sound.component.service.DaemonService} bind failed !!!Immediate reconnect!!!
04-09 09:31:41.692 1052 1052 I HeartBeatUtils: onHeartBeatStoped com.nes.sound.retail/com.nes.sound.component.service.DaemonService
04-09 09:31:41.693 689 2593 W ActivityManager: Unbind failed: could not find connection for android.os.BinderProxy@d737e90
04-09 09:31:41.693 1052 1052 W HeartBeatUtils: start rescue com.nes.sound.retail/com.nes.sound.component.service.DaemonService
04-09 09:31:41.694 689 2593 W ActivityManager: Unable to start service Intent { cmp=com.nes.sound/.component.service.DaemonService } U=0: not found
04-09 09:31:41.694 1052 1052 I HeartBeatUtils: ComponentInfo{com.nes.sound/com.nes.sound.component.service.DaemonService} bind failed !!!Immediate reconnect!!!
04-09 09:31:41.694 1052 1052 I HeartBeatUtils: onHeartBeatStoped com.nes.sound/com.nes.sound.component.service.DaemonService
04-09 09:31:41.695 689 2593 W ActivityManager: Unbind failed: could not find connection for android.os.BinderProxy@e1cf389
04-09 09:31:41.695 1052 1052 W HeartBeatUtils: start rescue com.nes.sound/com.nes.sound.component.service.DaemonService
04-09 09:31:41.814 1856 1856 W ContextImpl: Calling a method in the system process without a qualified user: android.app.ContextImpl.bindService:2026 android.content.ContextWrapper.bindService:861 com.nes.sound.daemon.utils.heartbeat.HeartBeatConnectionPool.connectServiceByBinderBeans:108 com.nes.sound.daemon.utils.heartbeat.HeartBeatConnectionPool.reBindConnection:122 com.nes.sound.daemon.utils.heartbeat.HeartBeatUtils.reBindConnection:137
04-09 09:31:41.816 689 2593 W ActivityManager: Unable to start service Intent { cmp=com.nes.sound/.component.service.HeartBeatDaemonService } U=0: not found
04-09 09:31:41.818 1856 1856 I HeartBeatUtils: ComponentInfo{com.nes.sound/com.nes.sound.component.service.HeartBeatDaemonService} bind failed !!!Immediate reconnect!!!
04-09 09:31:41.818 1856 1856 I HeartBeatUtils: onHeartBeatStoped com.nes.sound/com.nes.sound.component.service.HeartBeatDaemonService
04-09 09:31:41.818 689 15155 W ActivityManager: Unbind failed: could not find connection for android.os.BinderProxy@97d9f8e
04-09 09:31:41.819 1856 1856 W HeartBeatUtils: start rescue com.nes.sound/com.nes.sound.component.service.HeartBeatDaemonService
04-09 09:31:41.832 857 862 I dtvkitserver: request resource:Dvb.getFrontend, json:[0]
04-09 09:31:41.833 857 862 I DvbInterface: WriteFrontend strength(0):0 VERSION:202510130
04-09 09:31:41.833 857 862 I Glue : request : Dvb.getFrontend , reply : {
04-09 09:31:41.833 857 862 I Glue : "accepted" : true,
04-09 09:31:41.833 857 862 I Glue : "data" :
04-09 09:31:41.833 857 862 I Glue : {
04-09 09:31:41.833 857 862 I Glue : "band" : 0,
04-09 09:31:41.833 857 862 I Glue : "frequency" : 0,
04-09 09:31:41.833 857 862 I Glue : "frontendpath" : 0,
04-09 09:31:41.833 857 862 I Glue : "integrity" : 0,
04-09 09:31:41.833 857 862 I Glue : "mode" : 0,
04-09 09:31:41.833 857 862 I Glue : "polarity" : 0,
04-09 09:31:41.833 857 862 I Glue : "strength" : 0,
04-09 09:31:41.833 857 862 I Glue : "symbolRate" : 0,
04-09 09:31:41.833 857 862 I Glue : "tpId" : 0,
04-09 09:31:41.833 857 862 I Glue : "type" : "none",
04-09 09:31:41.833 857 862 I Glue : "usage" : "unknown"
04-09 09:31:41.833 857 862 I Glue : }
04-09 09:31:41.833 857 862 I Glue : }
04-09 09:31:41.833 1233 4962 D DtvKitPlayer: getSignalStatus resultObj:{"accepted":true,"data":{"band":0,"frequency":0,"frontendpath":0,"integrity":0,"mode":0,"polarity":0,"strength":0,"symbolRate":0,"tpId":0,"type":"none","usage":"unknown"}}
04-09 09:31:41.992 491 568 W libc : Access denied finding property ""
04-09 09:31:41.988 491 491 W binder:491_2: type=1400 audit(0.0:1160921): avc: denied { read } for name="u:object_r:default_prop:s0" dev="tmpfs" ino=182 scontext=u:r:hal_audio_default:s0 tcontext=u:object_r:default_prop:s0 tclass=file permissive=0
04-09 09:31:42.481 491 587 I audio_hw_hal_alsamgr: alsa format =0x9000000 delay frames =2432 total frames=1508352000
04-09 09:31:42.739 20919 20919 E Soundeq-BluetoothDevicePairer: what = 3
04-09 09:31:42.739 20919 20919 D Soundeq-BluetoothDevicePairer: handleMessage: MSG_SCANNING_TIMEOUT
04-09 09:31:42.740 20919 20919 D Soundeq-BluetoothDevicePairer: stopScanning leScan:true
04-09 09:31:42.740 20919 20919 D SOUND_PAIR:LeScanner.stopListening(L:102): stopListening sRemoteScanCallback=com.nes.sound.blesupport.LeScanner$RemoteScanCallback@8d6329a
04-09 09:31:42.741 20919 20919 D SOUND_PAIR:LeScanner$RemoteScanCallback.stopNow(L:258): mStopTask.run()
04-09 09:31:42.741 20919 20919 D BluetoothAdapter: [SEIBluetoothlogfordebug]cancelDiscovery
04-09 09:31:42.743 1383 1398 D BluetoothAdapterService: cancelDiscovery
04-09 09:31:42.743 1383 1493 I bt_btif_dm: packages/modules/Bluetooth/system/btif/src/btif_dm.cc:2526 btif_dm_cancel_discovery: Cancel search
04-09 09:31:42.744 1383 1493 I bluetooth: packages/modules/Bluetooth/system/bta/dm/bta_dm_main.cc:96 bta_dm_search_sm_execute: state:BTA_DM_SEARCH_ACTIVE, event:BTA_DM_API_SEARCH_CANCEL_EVT[0x201]
04-09 09:31:42.744 1383 1493 E bluetooth: packages/modules/Bluetooth/system/stack/btm/btm_inq.cc:1539 btm_process_inq_complete: Received inquiry complete when no inquiry was active
04-09 09:31:42.744 1383 1493 I bt_bta_dm: packages/modules/Bluetooth/system/bta/dm/bta_dm_act.cc:1460 bta_dm_search_cmpl: No BLE connection, processing classic results
04-09 09:31:42.744 20919 20919 D BluetoothAdapter: isLeEnabled(): ON
04-09 09:31:42.746 1383 1493 E bluetooth: packages/modules/Bluetooth/system/stack/btm/btm_inq.cc:1539 btm_process_inq_complete: Received inquiry complete when no inquiry was active
04-09 09:31:42.750 1383 1398 D ActivityAttributionService: notifyActivityAttributionInfo UID=1002 packageName=com.android.bluetooth deviceAddress=no_active_device_address
04-09 09:31:42.750 1383 1398 I bt_btif : packages/modules/Bluetooth/system/btif/src/bluetooth.cc:845 get_profile_interface: get_profile_interface: id = activity_attribution
04-09 09:31:42.751 1383 1830 I bt_stack: [INFO:le_scanning_manager.cc(168)] Scan in shim layer stopped
04-09 09:31:42.751 1383 1501 I bluetooth: packages/modules/Bluetooth/system/gd/hci/le_address_manager.cc:193 unregister_client: Client unregistered
04-09 09:31:42.751 1383 1830 I bt_stack: [INFO:le_scanning_manager.cc(204)] ScanFilterParamSetup in shim layer
04-09 09:31:42.754 1383 1398 I bt_stack: [INFO:le_scanning_manager.cc(162)] Unregister in shim layer, scanner_id:2
04-09 09:31:42.755 20919 20919 D Soundeq-BluetoothDevicePairer: setStatus status:1
04-09 09:31:42.755 20919 20919 D Soundeq-BluetoothDevicePairer: updateListener
04-09 09:31:42.755 20919 20919 D Soundeq-DiscoverService: statusChanged
04-09 09:31:42.766 20919 20919 E Soundeq-BluetoothDevicePairer: what = 3
04-09 09:31:42.767 20919 20919 D Soundeq-BluetoothDevicePairer: handleMessage: MSG_SCANNING_TIMEOUT
04-09 09:31:42.767 20919 20919 D Soundeq-BluetoothDevicePairer: stopScanning leScan:false
04-09 09:31:42.768 20919 20919 D SOUND_PAIR:BluetoothScanner.stopListening(L:117): stopListening
04-09 09:31:42.768 20919 20919 D Soundeq-BluetoothDevicePairer: setStatus status:1
04-09 09:31:42.768 20919 20919 D Soundeq-BluetoothDevicePairer: updateListener
04-09 09:31:42.768 20919 20919 D Soundeq-DiscoverService: statusChanged
04-09 09:31:42.836 857 862 I dtvkitserver: request resource:Dvb.getFrontend, json:[0]
04-09 09:31:42.837 857 862 I DvbInterface: WriteFrontend strength(0):0 VERSION:202510130
04-09 09:31:42.837 857 862 I Glue : request : Dvb.getFrontend , reply : {
04-09 09:31:42.837 857 862 I Glue : "accepted" : true,
04-09 09:31:42.837 857 862 I Glue : "data" :
04-09 09:31:42.837 857 862 I Glue : {
04-09 09:31:42.837 857 862 I Glue : "band" : 0,
04-09 09:31:42.837 857 862 I Glue : "frequency" : 0,
04-09 09:31:42.837 857 862 I Glue : "frontendpath" : 0,
04-09 09:31:42.837 857 862 I Glue : "integrity" : 0,
04-09 09:31:42.837 857 862 I Glue : "mode" : 0,
04-09 09:31:42.837 857 862 I Glue : "polarity" : 0,
04-09 09:31:42.837 857 862 I Glue : "strength" : 0,
04-09 09:31:42.837 857 862 I Glue : "symbolRate" : 0,
04-09 09:31:42.837 857 862 I Glue : "tpId" : 0,
04-09 09:31:42.837 857 862 I Glue : "type" : "none",
04-09 09:31:42.837 857 862 I Glue : "usage" : "unknown"
04-09 09:31:42.837 857 862 I Glue : }
04-09 09:31:42.837 857 862 I Glue : }
04-09 09:31:42.837 1233 4962 D DtvKitPlayer: getSignalStatus resultObj:{"accepted":true,"data":{"band":0,"frequency":0,"frontendpath":0,"integrity":0,"mode":0,"polarity":0,"strength":0,"symbolRate":0,"tpId":0,"type":"none","usage":"unknown"}}
04-09 09:31:42.853 20919 20919 D Soundeq-BluetoothDevicePairer: startScanning type:1
04-09 09:31:42.993 491 568 W libc : Access denied finding property ""
04-09 09:31:42.988 491 491 W binder:491_2: type=1400 audit(0.0:1160922): avc: denied { read } for name="u:object_r:default_prop:s0" dev="tmpfs" ino=182 scontext=u:r:hal_audio_default:s0 tcontext=u:object_r:default_prop:s0 tclass=file permissive=0
04-09 09:31:43.001 1070 1070 I ThermalService: CPU temperatures: [42.100002]
04-09 09:31:43.792 527 547 I WifiHAL : call wifi_get_link_stats handler
04-09 09:31:43.792 527 547 I WifiHAL : Creating message to get link statistics; iface = 16
04-09 09:31:43.811 689 973 D WifiClientModeImpl[30070:wlan0]: updateLinkLayerStatsRssiSpeedFrequencyCapabilities rssi=-73 TxLinkspeed=39 freq=2437 RxLinkSpeed=52
04-09 09:31:43.812 689 973 D WifiDataStall: tx tput in kbps: 20109
04-09 09:31:43.812 689 973 D WifiDataStall: rx tput in kbps: 17875
04-09 09:31:43.812 689 973 V WifiConfigManager: Updating scan detail cache freq=2437 BSSID=c4:a3:66:f6:9d:a8 RSSI=-72 for "versim"WPA_PSK
04-09 09:31:43.812 689 973 D WifiDataStall: ccaLevel = 80
04-09 09:31:43.812 689 973 D WifiDataStall: L2 txTputKbps: 25471, rxTputKbps: 35750, L3 txTputKbps: 0, rxTputKbps: 0, TxTrafficHigh: false, RxTrafficHigh: false, Throughput Sufficient: true
04-09 09:31:43.813 689 973 D WifiScoreCard: BSSID update SIGNAL_POLL ID: 209318759 SSID: "versim", BSSID: c4:a3:66:f6:9d:a8, MAC: 40:d9:5a:d6:80:04, IP: /192.168.1.17, Security type: 2, Supplicant state: COMPLETED, Wi-Fi standard: 4, RSSI: -73, Link speed: 39Mbps, Tx Link speed: 39Mbps, Max Supported Tx Link speed: 144Mbps, Rx Link speed: 52Mbps, Max Supported Rx Link speed: 144Mbps, Frequency: 2437MHz, Net ID: 0, Metered hint: false, score: 60, isUsable: true, CarrierMerged: false, SubscriptionId: -1, IsPrimary: 1, Trusted: true, Restricted: false, Ephemeral: false, OEM paid: false, OEM private: false, OSU AP: false, FQDN: , Provider friendly name: , Requesting package name: "versim"wpa2-pskMLO Information: , Is TID-To-Link negotiation supported by the AP: false, AP MLD Address: , AP MLO Link Id: , AP MLO Affiliated links:
04-09 09:31:43.813 689 973 D WifiScoreCard: txRate: 3 txSpeed: 39
04-09 09:31:43.813 689 973 D WifiScoreCard: network update SIGNAL_POLL "versim" ID: 2122788863 RSSI -73 txSpeed -1
04-09 09:31:43.814 689 973 D WifiClientModeImpl[30070:wlan0]: ClientModeImpl$L2ConnectedState screen=on 3 0 "versim" c4:a3:66:f6:9d:a8 rssi=-73 f=2437 sc=60 link=39 tx=1.6, 0.7, 0.0 rx=1.4 bcn=0 [on:3025 tx:2 rx:875 period:3024] from screen [on:682458 period:735989] score=60
04-09 09:31:43.840 857 862 I dtvkitserver: request resource:Dvb.getFrontend, json:[0]
04-09 09:31:43.840 857 862 I DvbInterface: WriteFrontend strength(0):0 VERSION:202510130
04-09 09:31:43.840 857 862 I Glue : request : Dvb.getFrontend , reply : {
04-09 09:31:43.840 857 862 I Glue : "accepted" : true,
04-09 09:31:43.840 857 862 I Glue : "data" :
04-09 09:31:43.840 857 862 I Glue : {
04-09 09:31:43.840 857 862 I Glue : "band" : 0,
04-09 09:31:43.840 857 862 I Glue : "frequency" : 0,
04-09 09:31:43.840 857 862 I Glue : "frontendpath" : 0,
04-09 09:31:43.840 857 862 I Glue : "integrity" : 0,
04-09 09:31:43.840 857 862 I Glue : "mode" : 0,
04-09 09:31:43.840 857 862 I Glue : "polarity" : 0,
04-09 09:31:43.840 857 862 I Glue : "strength" : 0,
04-09 09:31:43.840 857 862 I Glue : "symbolRate" : 0,
04-09 09:31:43.840 857 862 I Glue : "tpId" : 0,
04-09 09:31:43.840 857 862 I Glue : "type" : "none",
04-09 09:31:43.840 857 862 I Glue : "usage" : "unknown"
04-09 09:31:43.840 857 862 I Glue : }
04-09 09:31:43.840 857 862 I Glue : }
04-09 09:31:43.841 1233 4962 D DtvKitPlayer: getSignalStatus resultObj:{"accepted":true,"data":{"band":0,"frequency":0,"frontendpath":0,"integrity":0,"mode":0,"polarity":0,"strength":0,"symbolRate":0,"tpId":0,"type":"none","usage":"unknown"}}
04-09 09:31:43.993 491 568 W libc : Access denied finding property ""
04-09 09:31:43.988 491 491 W binder:491_2: type=1400 audit(0.0:1160923): avc: denied { read } for name="u:object_r:default_prop:s0" dev="tmpfs" ino=182 scontext=u:r:hal_audio_default:s0 tcontext=u:object_r:default_prop:s0 tclass=file permissive=0
04-09 09:31:44.844 857 862 I dtvkitserver: request resource:Dvb.getFrontend, json:[0]
04-09 09:31:44.844 857 862 I DvbInterface: WriteFrontend strength(0):0 VERSION:202510130
04-09 09:31:44.845 857 862 I Glue : request : Dvb.getFrontend , reply : {
04-09 09:31:44.845 857 862 I Glue : "accepted" : true,
04-09 09:31:44.845 857 862 I Glue : "data" :
04-09 09:31:44.845 857 862 I Glue : {
04-09 09:31:44.845 857 862 I Glue : "band" : 0,
04-09 09:31:44.845 857 862 I Glue : "frequency" : 0,
04-09 09:31:44.845 857 862 I Glue : "frontendpath" : 0,
04-09 09:31:44.845 857 862 I Glue : "integrity" : 0,
04-09 09:31:44.845 857 862 I Glue : "mode" : 0,
04-09 09:31:44.845 857 862 I Glue : "polarity" : 0,
04-09 09:31:44.845 857 862 I Glue : "strength" : 0,
04-09 09:31:44.845 857 862 I Glue : "symbolRate" : 0,
04-09 09:31:44.845 857 862 I Glue : "tpId" : 0,
04-09 09:31:44.845 857 862 I Glue : "type" : "none",
04-09 09:31:44.845 857 862 I Glue : "usage" : "unknown"
04-09 09:31:44.845 857 862 I Glue : }
04-09 09:31:44.845 857 862 I Glue : }
04-09 09:31:44.845 1233 4962 D DtvKitPlayer: getSignalStatus resultObj:{"accepted":true,"data":{"band":0,"frequency":0,"frontendpath":0,"integrity":0,"mode":0,"polarity":0,"strength":0,"symbolRate":0,"tpId":0,"type":"none","usage":"unknown"}}
04-09 09:31:44.887 689 927 D ActivityManager: freezing 27387 com.google.android.gms
04-09 09:31:44.994 491 568 W libc : Access denied finding property ""
04-09 09:31:44.988 491 491 W binder:491_2: type=1400 audit(0.0:1160924): avc: denied { read } for name="u:object_r:default_prop:s0" dev="tmpfs" ino=182 scontext=u:r:hal_audio_default:s0 tcontext=u:object_r:default_prop:s0 tclass=file permissive=0
04-09 09:31:45.005 1070 1070 I ThermalService: CPU temperatures: [42.4]
04-09 09:31:45.286 20919 20919 E Soundeq-BluetoothDevicePairer: what = 3
04-09 09:31:45.286 20919 20919 D Soundeq-BluetoothDevicePairer: handleMessage: MSG_SCANNING_TIMEOUT
04-09 09:31:45.286 20919 20919 D Soundeq-BluetoothDevicePairer: stopScanning leScan:false
04-09 09:31:45.287 20919 20919 D SOUND_PAIR:BluetoothScanner.stopListening(L:117): stopListening
04-09 09:31:45.287 20919 20919 D Soundeq-BluetoothDevicePairer: setStatus status:1
04-09 09:31:45.288 20919 20919 D Soundeq-BluetoothDevicePairer: updateListener
04-09 09:31:45.288 20919 20919 D Soundeq-DiscoverService: statusChanged
04-09 09:31:45.848 857 862 I dtvkitserver: request resource:Dvb.getFrontend, json:[0]
04-09 09:31:45.848 857 862 I DvbInterface: WriteFrontend strength(0):0 VERSION:202510130
04-09 09:31:45.849 857 862 I Glue : request : Dvb.getFrontend , reply : {
04-09 09:31:45.849 857 862 I Glue : "accepted" : true,
04-09 09:31:45.849 857 862 I Glue : "data" :
04-09 09:31:45.849 857 862 I Glue : {
04-09 09:31:45.849 857 862 I Glue : "band" : 0,
04-09 09:31:45.849 857 862 I Glue : "frequency" : 0,
04-09 09:31:45.849 857 862 I Glue : "frontendpath" : 0,
04-09 09:31:45.849 857 862 I Glue : "integrity" : 0,
04-09 09:31:45.849 857 862 I Glue : "mode" : 0,
04-09 09:31:45.849 857 862 I Glue : "polarity" : 0,
04-09 09:31:45.849 857 862 I Glue : "strength" : 0,
04-09 09:31:45.849 857 862 I Glue : "symbolRate" : 0,
04-09 09:31:45.849 857 862 I Glue : "tpId" : 0,
04-09 09:31:45.849 857 862 I Glue : "type" : "none",
04-09 09:31:45.849 857 862 I Glue : "usage" : "unknown"
04-09 09:31:45.849 857 862 I Glue : }
04-09 09:31:45.849 857 862 I Glue : }
04-09 09:31:45.849 1233 4962 D DtvKitPlayer: getSignalStatus resultObj:{"accepted":true,"data":{"band":0,"frequency":0,"frontendpath":0,"integrity":0,"mode":0,"polarity":0,"strength":0,"symbolRate":0,"tpId":0,"type":"none","usage":"unknown"}}
04-09 09:31:45.994 491 568 W libc : Access denied finding property ""
04-09 09:31:45.992 491 491 W binder:491_2: type=1400 audit(0.0:1160925): avc: denied { read } for name="u:object_r:default_prop:s0" dev="tmpfs" ino=182 scontext=u:r:hal_audio_default:s0 tcontext=u:object_r:default_prop:s0 tclass=file permissive=0
04-09 09:31:46.529 19644 24175 E OpenGLRenderer: Unable to match the desired swap behavior.
04-09 09:31:46.696 689 15155 W ActivityManager: Unable to start service Intent { cmp=com.nes.sound.retail/com.nes.sound.component.service.DaemonService } U=0: not found
04-09 09:31:46.696 1052 1052 I HeartBeatUtils: ComponentInfo{com.nes.sound.retail/com.nes.sound.component.service.DaemonService} bind failed !!!Immediate reconnect!!!
04-09 09:31:46.696 1052 1052 I HeartBeatUtils: onHeartBeatStoped com.nes.sound.retail/com.nes.sound.component.service.DaemonService
04-09 09:31:46.697 689 15155 W ActivityManager: Unbind failed: could not find connection for android.os.BinderProxy@b428ac1
04-09 09:31:46.697 1052 1052 W HeartBeatUtils: start rescue com.nes.sound.retail/com.nes.sound.component.service.DaemonService
04-09 09:31:46.698 689 15155 W ActivityManager: Unable to start service Intent { cmp=com.nes.sound/.component.service.DaemonService } U=0: not found
04-09 09:31:46.699 1052 1052 I HeartBeatUtils: ComponentInfo{com.nes.sound/com.nes.sound.component.service.DaemonService} bind failed !!!Immediate reconnect!!!
04-09 09:31:46.699 1052 1052 I HeartBeatUtils: onHeartBeatStoped com.nes.sound/com.nes.sound.component.service.DaemonService
04-09 09:31:46.699 689 15155 W ActivityManager: Unbind failed: could not find connection for android.os.BinderProxy@3e21266
04-09 09:31:46.699 1052 1052 W HeartBeatUtils: start rescue com.nes.sound/com.nes.sound.component.service.DaemonService
04-09 09:31:46.735 28679 28702 I Finsky : [56] Stats for Executor: LightweightExecutor mgn@d9e43f8[Running, pool size = 3, active threads = 0, queued tasks = 0, completed tasks = 855]
04-09 09:31:46.742 28679 28702 I Finsky : [56] Stats for Executor: BlockingExecutor mgn@ee8b0d1[Running, pool size = 5, active threads = 0, queued tasks = 0, completed tasks = 136]
04-09 09:31:46.801 28679 28702 I Finsky : [56] Stats for Executor: bgExecutor mgn@1992736[Running, pool size = 4, active threads = 0, queued tasks = 0, completed tasks = 1316]
04-09 09:31:46.815 527 547 I WifiHAL : call wifi_get_link_stats handler
04-09 09:31:46.815 527 547 I WifiHAL : Creating message to get link statistics; iface = 16
04-09 09:31:46.820 1856 1856 W ContextImpl: Calling a method in the system process without a qualified user: android.app.ContextImpl.bindService:2026 android.content.ContextWrapper.bindService:861 com.nes.sound.daemon.utils.heartbeat.HeartBeatConnectionPool.connectServiceByBinderBeans:108 com.nes.sound.daemon.utils.heartbeat.HeartBeatConnectionPool.reBindConnection:122 com.nes.sound.daemon.utils.heartbeat.HeartBeatUtils.reBindConnection:137
04-09 09:31:46.821 689 15155 W ActivityManager: Unable to start service Intent { cmp=com.nes.sound/.component.service.HeartBeatDaemonService } U=0: not found
04-09 09:31:46.824 1856 1856 I HeartBeatUtils: ComponentInfo{com.nes.sound/com.nes.sound.component.service.HeartBeatDaemonService} bind failed !!!Immediate reconnect!!!
04-09 09:31:46.824 1856 1856 I HeartBeatUtils: onHeartBeatStoped com.nes.sound/com.nes.sound.component.service.HeartBeatDaemonService
04-09 09:31:46.824 689 812 W ActivityManager: Unbind failed: could not find connection for android.os.BinderProxy@9c119a7
04-09 09:31:46.825 1856 1856 W HeartBeatUtils: start rescue com.nes.sound/com.nes.sound.component.service.HeartBeatDaemonService
04-09 09:31:46.842 689 973 D WifiClientModeImpl[30070:wlan0]: updateLinkLayerStatsRssiSpeedFrequencyCapabilities rssi=-74 TxLinkspeed=39 freq=2437 RxLinkSpeed=52
04-09 09:31:46.842 689 973 D WifiDataStall: tx tput in kbps: 25471
04-09 09:31:46.842 689 973 D WifiDataStall: rx tput in kbps: 35750
04-09 09:31:46.842 689 973 V WifiConfigManager: Updating scan detail cache freq=2437 BSSID=c4:a3:66:f6:9d:a8 RSSI=-73 for "versim"WPA_PSK
04-09 09:31:46.842 689 973 D WifiDataStall: ccaLevel = 80
04-09 09:31:46.842 689 973 D WifiDataStall: L2 txTputKbps: 9116, rxTputKbps: 35750, L3 txTputKbps: 0, rxTputKbps: 0, TxTrafficHigh: true, RxTrafficHigh: false, Throughput Sufficient: true
04-09 09:31:46.843 689 973 D WifiScoreReport: report new wifi score 58
04-09 09:31:46.843 689 973 D WifiScoreCard: BSSID update SIGNAL_POLL ID: 209318759 SSID: "versim", BSSID: c4:a3:66:f6:9d:a8, MAC: 40:d9:5a:d6:80:04, IP: /192.168.1.17, Security type: 2, Supplicant state: COMPLETED, Wi-Fi standard: 4, RSSI: -74, Link speed: 39Mbps, Tx Link speed: 39Mbps, Max Supported Tx Link speed: 144Mbps, Rx Link speed: 52Mbps, Max Supported Rx Link speed: 144Mbps, Frequency: 2437MHz, Net ID: 0, Metered hint: false, score: 58, isUsable: true, CarrierMerged: false, SubscriptionId: -1, IsPrimary: 1, Trusted: true, Restricted: false, Ephemeral: false, OEM paid: false, OEM private: false, OSU AP: false, FQDN: , Provider friendly name: , Requesting package name: "versim"wpa2-pskMLO Information: , Is TID-To-Link negotiation supported by the AP: false, AP MLD Address: , AP MLO Link Id: , AP MLO Affiliated links:
04-09 09:31:46.843 689 973 D WifiScoreCard: txRate: 4 txSpeed: 39
04-09 09:31:46.843 689 973 D WifiScoreCard: network update SIGNAL_POLL "versim" ID: 2122788863 RSSI -74 txSpeed 39
04-09 09:31:46.844 689 973 D WifiClientModeImpl[30070:wlan0]: ClientModeImpl$L2ConnectedState screen=on 3 0 "versim" c4:a3:66:f6:9d:a8 rssi=-74 f=2437 sc=58 link=39 tx=1.4, 1.9, 0.0 rx=1.3 bcn=0 [on:3029 tx:3 rx:817 period:3030] from screen [on:685487 period:739020] score=58
04-09 09:31:46.845 689 982 D ConnectivityService: NetReassign [no changes] [c 1] [a 0] [i 1]
04-09 09:31:46.852 857 862 I dtvkitserver: request resource:Dvb.getFrontend, json:[0]
04-09 09:31:46.852 857 862 I DvbInterface: WriteFrontend strength(0):0 VERSION:202510130
04-09 09:31:46.852 857 862 I Glue : request : Dvb.getFrontend , reply : {
04-09 09:31:46.852 857 862 I Glue : "accepted" : true,
04-09 09:31:46.852 857 862 I Glue : "data" :
04-09 09:31:46.852 857 862 I Glue : {
04-09 09:31:46.852 857 862 I Glue : "band" : 0,
04-09 09:31:46.852 857 862 I Glue : "frequency" : 0,
04-09 09:31:46.852 857 862 I Glue : "frontendpath" : 0,
04-09 09:31:46.852 857 862 I Glue : "integrity" : 0,
04-09 09:31:46.852 857 862 I Glue : "mode" : 0,
04-09 09:31:46.852 857 862 I Glue : "polarity" : 0,
04-09 09:31:46.852 857 862 I Glue : "strength" : 0,
04-09 09:31:46.852 857 862 I Glue : "symbolRate" : 0,
04-09 09:31:46.852 857 862 I Glue : "tpId" : 0,
04-09 09:31:46.852 857 862 I Glue : "type" : "none",
04-09 09:31:46.852 857 862 I Glue : "usage" : "unknown"
04-09 09:31:46.852 857 862 I Glue : }
04-09 09:31:46.852 857 862 I Glue : }
04-09 09:31:46.853 1233 4962 D DtvKitPlayer: getSignalStatus resultObj:{"accepted":true,"data":{"band":0,"frequency":0,"frontendpath":0,"integrity":0,"mode":0,"polarity":0,"strength":0,"symbolRate":0,"tpId":0,"type":"none","usage":"unknown"}}
04-09 09:31:46.995 491 568 W libc : Access denied finding property ""
04-09 09:31:46.992 491 491 W binder:491_2: type=1400 audit(0.0:1160926): avc: denied { read } for name="u:object_r:default_prop:s0" dev="tmpfs" ino=182 scontext=u:r:hal_audio_default:s0 tcontext=u:object_r:default_prop:s0 tclass=file permissive=0
04-09 09:31:47.007 1070 1070 I ThermalService: CPU temperatures: [42.600002]
04-09 09:31:47.074 28679 28702 I Finsky : [56] Stats for Executor: GrpcBackgroundExecutor mgn@1ec5637[Running, pool size = 4, active threads = 0, queued tasks = 0, completed tasks = 12]
04-09 09:31:47.531 19644 24175 E OpenGLRenderer: Unable to match the desired swap behavior.
04-09 09:31:47.757 20919 20919 D Soundeq-BluetoothDevicePairer: startScanning type:1
04-09 09:31:47.768 20919 20919 D Soundeq-BluetoothDevicePairer: startScanning type:1
04-09 09:31:47.854 20919 20919 E Soundeq-BluetoothDevicePairer: what = 2
04-09 09:31:47.854 20919 20919 I Soundeq-BluetoothDevicePairer: start
04-09 09:31:47.854 20919 20919 D Soundeq-BluetoothDevicePairer: setStatus status:1
04-09 09:31:47.855 20919 20919 D Soundeq-BluetoothDevicePairer: updateListener
04-09 09:31:47.855 20919 20919 D Soundeq-DiscoverService: statusChanged
04-09 09:31:47.856 857 862 I dtvkitserver: request resource:Dvb.getFrontend, json:[0]
04-09 09:31:47.857 857 862 I DvbInterface: WriteFrontend strength(0):0 VERSION:202510130
04-09 09:31:47.857 857 862 I Glue : request : Dvb.getFrontend , reply : {
04-09 09:31:47.857 857 862 I Glue : "accepted" : true,
04-09 09:31:47.857 857 862 I Glue : "data" :
04-09 09:31:47.857 857 862 I Glue : {
04-09 09:31:47.857 857 862 I Glue : "band" : 0,
04-09 09:31:47.857 857 862 I Glue : "frequency" : 0,
04-09 09:31:47.857 857 862 I Glue : "frontendpath" : 0,
04-09 09:31:47.857 857 862 I Glue : "integrity" : 0,
04-09 09:31:47.857 857 862 I Glue : "mode" : 0,
04-09 09:31:47.857 857 862 I Glue : "polarity" : 0,
04-09 09:31:47.857 857 862 I Glue : "strength" : 0,
04-09 09:31:47.857 857 862 I Glue : "symbolRate" : 0,
04-09 09:31:47.857 857 862 I Glue : "tpId" : 0,
04-09 09:31:47.857 857 862 I Glue : "type" : "none",
04-09 09:31:47.857 857 862 I Glue : "usage" : "unknown"
04-09 09:31:47.857 857 862 I Glue : }
04-09 09:31:47.857 857 862 I Glue : }
04-09 09:31:47.858 1233 4962 D DtvKitPlayer: getSignalStatus resultObj:{"accepted":true,"data":{"band":0,"frequency":0,"frontendpath":0,"integrity":0,"mode":0,"polarity":0,"strength":0,"symbolRate":0,"tpId":0,"type":"none","usage":"unknown"}}
04-09 09:31:47.866 20919 20919 I Soundeq-BluetoothDevicePairer: BtScanner, name = [TV]Samsung , rssi = -49
04-09 09:31:47.876 20919 20919 I SOUND_PAIR:BluetoothScanner$Receiver.scanNow(L:265): scanNow isDiscovering = false
04-09 09:31:47.876 20919 20919 D Soundeq-BluetoothDevicePairer: Device onScanningStarted:
04-09 09:31:47.877 20919 20919 D Soundeq-BluetoothDevicePairer: Device onScanningStarted:
04-09 09:31:47.877 20919 20919 D BluetoothAdapter: [SEIBluetoothlogfordebug]startDiscovery
04-09 09:31:47.882 1383 1398 D BluetoothAdapterService: startDiscovery
04-09 09:31:47.883 1383 1493 I bluetooth: packages/modules/Bluetooth/system/bta/dm/bta_dm_main.cc:96 bta_dm_search_sm_execute: state:BTA_DM_SEARCH_IDLE, event:BTA_DM_API_SEARCH_EVT[0x200]
04-09 09:31:47.883 1383 1493 W bluetooth: packages/modules/Bluetooth/system/stack/btm/btm_inq.cc:1083 btm_clr_inq_result_flt: Memory being reset multiple times
04-09 09:31:47.885 20919 20919 I SOUND_PAIR:BluetoothScanner$Receiver.scanNow(L:270): scanNow startDiscovery
04-09 09:31:47.885 20919 20919 D SOUND_PAIR:BluetoothScanner.startListening(L:108): startListening
04-09 09:31:47.886 20919 20919 D Soundeq-BluetoothDevicePairer: handleMessage: BluetoothScanner
04-09 09:31:47.995 491 568 W libc : Access denied finding property ""
04-09 09:31:47.992 491 491 W binder:491_2: type=1400 audit(0.0:1160927): avc: denied { read } for name="u:object_r:default_prop:s0" dev="tmpfs" ino=182 scontext=u:r:hal_audio_default:s0 tcontext=u:object_r:default_prop:s0 tclass=file permissive=0
04-09 09:31:48.177 1383 1493 E bt_btu_hcif: packages/modules/Bluetooth/system/stack/btu/btu_hcif.cc:182 btu_hcif_log_event_metrics: Unexpectedly received event_code:0x2f that should not be handled here
04-09 09:31:48.183 20919 20919 D SOUND_PAIR:BluetoothScanner$Receiver.onReceive(L:364): Device found, address: C4:57:6E:38:8B:4F name: [TV]Samsung Rssi:-57
04-09 09:31:48.660 1383 1493 E bt_btu_hcif: packages/modules/Bluetooth/system/stack/btu/btu_hcif.cc:182 btu_hcif_log_event_metrics: Unexpectedly received event_code:0x2f that should not be handled here
04-09 09:31:48.660 1383 1493 I bt_btif_dm: packages/modules/Bluetooth/system/btif/src/btif_dm.cc:1601 btif_dm_search_devices_evt: EIR UUIDs for xx:xx:xx:xx:8b:4f:
04-09 09:31:48.660 1383 1493 I bt_btif_dm: packages/modules/Bluetooth/system/btif/src/btif_dm.cc:1604 btif_dm_search_devices_evt: 0000110a-0000-1000-8000-00805f9b34fb
04-09 09:31:48.660 1383 1493 I bt_btif_dm: packages/modules/Bluetooth/system/btif/src/btif_dm.cc:1604 btif_dm_search_devices_evt: 0000110c-0000-1000-8000-00805f9b34fb
04-09 09:31:48.660 1383 1493 I bt_btif_dm: packages/modules/Bluetooth/system/btif/src/btif_dm.cc:1604 btif_dm_search_devices_evt: 00001200-0000-1000-8000-00805f9b34fb
04-09 09:31:48.666 20919 20919 D SOUND_PAIR:BluetoothScanner$Receiver.onReceive(L:364): Device found, address: C4:57:6E:38:8B:4F name: [TV]Samsung Rssi:-57
04-09 09:31:48.860 857 862 I dtvkitserver: request resource:Dvb.getFrontend, json:[0]
04-09 09:31:48.860 857 862 I DvbInterface: WriteFrontend strength(0):0 VERSION:202510130
04-09 09:31:48.860 857 862 I Glue : request : Dvb.getFrontend , reply : {
04-09 09:31:48.860 857 862 I Glue : "accepted" : true,
04-09 09:31:48.860 857 862 I Glue : "data" :
04-09 09:31:48.860 857 862 I Glue : {
04-09 09:31:48.860 857 862 I Glue : "band" : 0,
04-09 09:31:48.860 857 862 I Glue : "frequency" : 0,
04-09 09:31:48.860 857 862 I Glue : "frontendpath" : 0,
04-09 09:31:48.860 857 862 I Glue : "integrity" : 0,
04-09 09:31:48.860 857 862 I Glue : "mode" : 0,
04-09 09:31:48.860 857 862 I Glue : "polarity" : 0,
04-09 09:31:48.860 857 862 I Glue : "strength" : 0,
04-09 09:31:48.860 857 862 I Glue : "symbolRate" : 0,
04-09 09:31:48.860 857 862 I Glue : "tpId" : 0,
04-09 09:31:48.860 857 862 I Glue : "type" : "none",
04-09 09:31:48.860 857 862 I Glue : "usage" : "unknown"
04-09 09:31:48.860 857 862 I Glue : }
04-09 09:31:48.860 857 862 I Glue : }
04-09 09:31:48.861 1233 4962 D DtvKitPlayer: getSignalStatus resultObj:{"accepted":true,"data":{"band":0,"frequency":0,"frontendpath":0,"integrity":0,"mode":0,"polarity":0,"strength":0,"symbolRate":0,"tpId":0,"type":"none","usage":"unknown"}}
04-09 09:31:48.904 16547 16565 I Finsky:background: [45] Stats for Executor: bgExecutor mgn@60c818c[Running, pool size = 4, active threads = 0, queued tasks = 0, completed tasks = 3306]
04-09 09:31:48.932 16547 16565 I Finsky:background: [45] Stats for Executor: LightweightExecutor mgn@11400d5[Running, pool size = 3, active threads = 0, queued tasks = 0, completed tasks = 3062]
04-09 09:31:48.995 491 568 W libc : Access denied finding property ""
04-09 09:31:48.992 491 491 W binder:491_2: type=1400 audit(0.0:1160928): avc: denied { read } for name="u:object_r:default_prop:s0" dev="tmpfs" ino=182 scontext=u:r:hal_audio_default:s0 tcontext=u:object_r:default_prop:s0 tclass=file permissive=0
04-09 09:31:49.010 1070 1070 I ThermalService: CPU temperatures: [42.100002]
04-09 09:31:49.016 16547 16565 I Finsky:background: [45] Stats for Executor: BlockingExecutor mgn@78370ea[Running, pool size = 2, active threads = 0, queued tasks = 0, completed tasks = 469]
04-09 09:31:49.690 15384 16237 D e : topActivityPackage: com.nes.seilivetv, appCollectType: 1 , launcherPackage: com.google.android.tvlauncher, video: false
04-09 09:31:49.690 15384 16237 D e : no register no record
04-09 09:31:49.847 527 547 I WifiHAL : call wifi_get_link_stats handler
04-09 09:31:49.847 527 547 I WifiHAL : Creating message to get link statistics; iface = 16
04-09 09:31:49.863 857 862 I dtvkitserver: request resource:Dvb.getFrontend, json:[0]
04-09 09:31:49.863 857 862 I DvbInterface: WriteFrontend strength(0):0 VERSION:202510130
04-09 09:31:49.864 857 862 I Glue : request : Dvb.getFrontend , reply : {
04-09 09:31:49.864 857 862 I Glue : "accepted" : true,
04-09 09:31:49.864 857 862 I Glue : "data" :
04-09 09:31:49.864 857 862 I Glue : {
04-09 09:31:49.864 857 862 I Glue : "band" : 0,
04-09 09:31:49.864 857 862 I Glue : "frequency" : 0,
04-09 09:31:49.864 857 862 I Glue : "frontendpath" : 0,
04-09 09:31:49.864 857 862 I Glue : "integrity" : 0,
04-09 09:31:49.864 857 862 I Glue : "mode" : 0,
04-09 09:31:49.864 857 862 I Glue : "polarity" : 0,
04-09 09:31:49.864 857 862 I Glue : "strength" : 0,
04-09 09:31:49.864 857 862 I Glue : "symbolRate" : 0,
04-09 09:31:49.864 857 862 I Glue : "tpId" : 0,
04-09 09:31:49.864 857 862 I Glue : "type" : "none",
04-09 09:31:49.864 857 862 I Glue : "usage" : "unknown"
04-09 09:31:49.864 857 862 I Glue : }
04-09 09:31:49.864 857 862 I Glue : }
04-09 09:31:49.864 1233 4962 D DtvKitPlayer: getSignalStatus resultObj:{"accepted":true,"data":{"band":0,"frequency":0,"frontendpath":0,"integrity":0,"mode":0,"polarity":0,"strength":0,"symbolRate":0,"tpId":0,"type":"none","usage":"unknown"}}
04-09 09:31:49.867 689 973 D WifiClientModeImpl[30070:wlan0]: updateLinkLayerStatsRssiSpeedFrequencyCapabilities rssi=-73 TxLinkspeed=39 freq=2437 RxLinkSpeed=52
04-09 09:31:49.868 689 973 D WifiDataStall: tx tput in kbps: 9116
04-09 09:31:49.868 689 973 D WifiDataStall: rx tput in kbps: 35750
04-09 09:31:49.868 689 973 V WifiConfigManager: Updating scan detail cache freq=2437 BSSID=c4:a3:66:f6:9d:a8 RSSI=-73 for "versim"WPA_PSK
04-09 09:31:49.868 689 973 D WifiDataStall: ccaLevel = 80
04-09 09:31:49.868 689 973 D WifiDataStall: L2 txTputKbps: 11529, rxTputKbps: 35750, L3 txTputKbps: 0, rxTputKbps: 0, TxTrafficHigh: true, RxTrafficHigh: false, Throughput Sufficient: true
04-09 09:31:49.869 689 973 D WifiScoreCard: BSSID update SIGNAL_POLL ID: 209318759 SSID: "versim", BSSID: c4:a3:66:f6:9d:a8, MAC: 40:d9:5a:d6:80:04, IP: /192.168.1.17, Security type: 2, Supplicant state: COMPLETED, Wi-Fi standard: 4, RSSI: -73, Link speed: 39Mbps, Tx Link speed: 39Mbps, Max Supported Tx Link speed: 144Mbps, Rx Link speed: 52Mbps, Max Supported Rx Link speed: 144Mbps, Frequency: 2437MHz, Net ID: 0, Metered hint: false, score: 58, isUsable: true, CarrierMerged: false, SubscriptionId: -1, IsPrimary: 1, Trusted: true, Restricted: false, Ephemeral: false, OEM paid: false, OEM private: false, OSU AP: false, FQDN: , Provider friendly name: , Requesting package name: "versim"wpa2-pskMLO Information: , Is TID-To-Link negotiation supported by the AP: false, AP MLD Address: , AP MLO Link Id: , AP MLO Affiliated links:
04-09 09:31:49.869 689 973 D WifiScoreCard: txRate: 3 txSpeed: 39
04-09 09:31:49.869 689 973 D WifiScoreCard: network update SIGNAL_POLL "versim" ID: 2122788863 RSSI -73 txSpeed -1
04-09 09:31:49.870 689 973 D WifiClientModeImpl[30070:wlan0]: ClientModeImpl$L2ConnectedState screen=on 3 0 "versim" c4:a3:66:f6:9d:a8 rssi=-73 f=2437 sc=58 link=39 tx=1.1, 1.5, 0.0 rx=1.1 bcn=0 [on:3028 tx:2 rx:702 period:3026] from screen [on:688515 period:742046] score=58
04-09 09:31:49.996 491 568 W libc : Access denied finding property ""
04-09 09:31:49.992 491 491 W binder:491_2: type=1400 audit(0.0:1160929): avc: denied { read } for name="u:object_r:default_prop:s0" dev="tmpfs" ino=182 scontext=u:r:hal_audio_default:s0 tcontext=u:object_r:default_prop:s0 tclass=file permissive=0
04-09 09:31:50.290 20919 20919 D Soundeq-BluetoothDevicePairer: startScanning type:1
04-09 09:31:50.867 857 862 I dtvkitserver: request resource:Dvb.getFrontend, json:[0]
04-09 09:31:50.867 857 862 I DvbInterface: WriteFrontend strength(0):0 VERSION:202510130
04-09 09:31:50.867 857 862 I Glue : request : Dvb.getFrontend , reply : {
04-09 09:31:50.867 857 862 I Glue : "accepted" : true,
04-09 09:31:50.867 857 862 I Glue : "data" :
04-09 09:31:50.867 857 862 I Glue : {
04-09 09:31:50.867 857 862 I Glue : "band" : 0,
04-09 09:31:50.867 857 862 I Glue : "frequency" : 0,
04-09 09:31:50.867 857 862 I Glue : "frontendpath" : 0,
04-09 09:31:50.867 857 862 I Glue : "integrity" : 0,
04-09 09:31:50.867 857 862 I Glue : "mode" : 0,
04-09 09:31:50.867 857 862 I Glue : "polarity" : 0,
04-09 09:31:50.867 857 862 I Glue : "strength" : 0,
04-09 09:31:50.867 857 862 I Glue : "symbolRate" : 0,
04-09 09:31:50.867 857 862 I Glue : "tpId" : 0,
04-09 09:31:50.867 857 862 I Glue : "type" : "none",
04-09 09:31:50.867 857 862 I Glue : "usage" : "unknown"
04-09 09:31:50.867 857 862 I Glue : }
04-09 09:31:50.867 857 862 I Glue : }
04-09 09:31:50.868 1233 4962 D DtvKitPlayer: getSignalStatus resultObj:{"accepted":true,"data":{"band":0,"frequency":0,"frontendpath":0,"integrity":0,"mode":0,"polarity":0,"strength":0,"symbolRate":0,"tpId":0,"type":"none","usage":"unknown"}}
04-09 09:31:50.992 491 491 W binder:491_2: type=1400 audit(0.0:1160930): avc: denied { read } for name="u:object_r:default_prop:s0" dev="tmpfs" ino=182 scontext=u:r:hal_audio_default:s0 tcontext=u:object_r:default_prop:s0 tclass=file permissive=0
04-09 09:31:51.014 1070 1070 I ThermalService: CPU temperatures: [42.000004]
04-09 09:31:51.054 20919 20919 E Soundeq-BluetoothDevicePairer: what = 3
04-09 09:31:51.055 20919 20919 D Soundeq-BluetoothDevicePairer: handleMessage: MSG_SCANNING_TIMEOUT
04-09 09:31:51.055 20919 20919 D Soundeq-BluetoothDevicePairer: stopScanning leScan:false
04-09 09:31:51.056 20919 20919 D SOUND_PAIR:BluetoothScanner.stopListening(L:117): stopListening
04-09 09:31:51.056 20919 20919 D Soundeq-BluetoothDevicePairer: setStatus status:1
04-09 09:31:51.056 20919 20919 D Soundeq-BluetoothDevicePairer: updateListener
04-09 09:31:51.056 20919 20919 D Soundeq-DiscoverService: statusChanged
04-09 09:31:51.339 857 887 I DTVKIT_LOG: EitUpdatedTask 4916 queue_handle=0xf0a4c730 num_q_reads=0 q_msg=0
04-09 09:31:51.534 19644 24175 E OpenGLRenderer: Unable to match the desired swap behavior.
04-09 09:31:51.704 689 15155 W ActivityManager: Unable to start service Intent { cmp=com.nes.sound.retail/com.nes.sound.component.service.DaemonService } U=0: not found
04-09 09:31:51.704 1052 1052 I HeartBeatUtils: ComponentInfo{com.nes.sound.retail/com.nes.sound.component.service.DaemonService} bind failed !!!Immediate reconnect!!!
04-09 09:31:51.704 1052 1052 I HeartBeatUtils: onHeartBeatStoped com.nes.sound.retail/com.nes.sound.component.service.DaemonService
04-09 09:31:51.705 689 15155 W ActivityManager: Unbind failed: could not find connection for android.os.BinderProxy@7e083b5
04-09 09:31:51.705 1052 1052 W HeartBeatUtils: start rescue com.nes.sound.retail/com.nes.sound.component.service.DaemonService
04-09 09:31:51.707 689 15155 W ActivityManager: Unable to start service Intent { cmp=com.nes.sound/.component.service.DaemonService } U=0: not found
04-09 09:31:51.707 1052 1052 I HeartBeatUtils: ComponentInfo{com.nes.sound/com.nes.sound.component.service.DaemonService} bind failed !!!Immediate reconnect!!!
04-09 09:31:51.707 1052 1052 I HeartBeatUtils: onHeartBeatStoped com.nes.sound/com.nes.sound.component.service.DaemonService
04-09 09:31:51.707 689 15155 W ActivityManager: Unbind failed: could not find connection for android.os.BinderProxy@5b76a4a
04-09 09:31:51.707 1052 1052 W HeartBeatUtils: start rescue com.nes.sound/com.nes.sound.component.service.DaemonService
04-09 09:31:51.830 1856 1856 W ContextImpl: Calling a method in the system process without a qualified user: android.app.ContextImpl.bindService:2026 android.content.ContextWrapper.bindService:861 com.nes.sound.daemon.utils.heartbeat.HeartBeatConnectionPool.connectServiceByBinderBeans:108 com.nes.sound.daemon.utils.heartbeat.HeartBeatConnectionPool.reBindConnection:122 com.nes.sound.daemon.utils.heartbeat.HeartBeatUtils.reBindConnection:137
04-09 09:31:51.831 689 15155 W ActivityManager: Unable to start service Intent { cmp=com.nes.sound/.component.service.HeartBeatDaemonService } U=0: not found
04-09 09:31:51.832 1856 1856 I HeartBeatUtils: ComponentInfo{com.nes.sound/com.nes.sound.component.service.HeartBeatDaemonService} bind failed !!!Immediate reconnect!!!
04-09 09:31:51.832 1856 1856 I HeartBeatUtils: onHeartBeatStoped com.nes.sound/com.nes.sound.component.service.HeartBeatDaemonService
04-09 09:31:51.833 689 15155 W ActivityManager: Unbind failed: could not find connection for android.os.BinderProxy@b6fdbb
04-09 09:31:51.833 1856 1856 W HeartBeatUtils: start rescue com.nes.sound/com.nes.sound.component.service.HeartBeatDaemonService
04-09 09:31:51.870 857 862 I dtvkitserver: request resource:Dvb.getFrontend, json:[0]
04-09 09:31:51.870 857 862 I DvbInterface: WriteFrontend strength(0):0 VERSION:202510130
04-09 09:31:51.870 857 862 I Glue : request : Dvb.getFrontend , reply : {
04-09 09:31:51.870 857 862 I Glue : "accepted" : true,
04-09 09:31:51.870 857 862 I Glue : "data" :
04-09 09:31:51.870 857 862 I Glue : {
04-09 09:31:51.870 857 862 I Glue : "band" : 0,
04-09 09:31:51.870 857 862 I Glue : "frequency" : 0,
04-09 09:31:51.870 857 862 I Glue : "frontendpath" : 0,
04-09 09:31:51.870 857 862 I Glue : "integrity" : 0,
04-09 09:31:51.870 857 862 I Glue : "mode" : 0,
04-09 09:31:51.870 857 862 I Glue : "polarity" : 0,
04-09 09:31:51.870 857 862 I Glue : "strength" : 0,
04-09 09:31:51.870 857 862 I Glue : "symbolRate" : 0,
04-09 09:31:51.870 857 862 I Glue : "tpId" : 0,
04-09 09:31:51.870 857 862 I Glue : "type" : "none",
04-09 09:31:51.870 857 862 I Glue : "usage" : "unknown"
04-09 09:31:51.870 857 862 I Glue : }
04-09 09:31:51.870 857 862 I Glue : }
04-09 09:31:51.871 1233 4962 D DtvKitPlayer: getSignalStatus resultObj:{"accepted":true,"data":{"band":0,"frequency":0,"frontendpath":0,"integrity":0,"mode":0,"polarity":0,"strength":0,"symbolRate":0,"tpId":0,"type":"none","usage":"unknown"}}
04-09 09:31:51.997 491 568 W libc : Access denied finding property ""
04-09 09:31:51.992 491 491 W binder:491_2: type=1400 audit(0.0:1160931): avc: denied { read } for name="u:object_r:default_prop:s0" dev="tmpfs" ino=182 scontext=u:r:hal_audio_default:s0 tcontext=u:object_r:default_prop:s0 tclass=file permissive=0
04-09 09:31:52.536 19644 24175 E OpenGLRenderer: Unable to match the desired swap behavior.
04-09 09:31:52.763 20919 20919 E Soundeq-BluetoothDevicePairer: what = 2
04-09 09:31:52.763 20919 20919 I Soundeq-BluetoothDevicePairer: start
04-09 09:31:52.764 20919 20919 D Soundeq-BluetoothDevicePairer: setStatus status:1
04-09 09:31:52.764 20919 20919 D Soundeq-BluetoothDevicePairer: updateListener
04-09 09:31:52.764 20919 20919 D Soundeq-DiscoverService: statusChanged
04-09 09:31:52.767 20919 20919 D BluetoothAdapter: [SEIBluetoothlogfordebug]cancelDiscovery
04-09 09:31:52.770 1383 1398 D BluetoothAdapterService: cancelDiscovery
04-09 09:31:52.770 1383 1493 I bt_btif_dm: packages/modules/Bluetooth/system/btif/src/btif_dm.cc:2526 btif_dm_cancel_discovery: Cancel search
04-09 09:31:52.770 1383 1493 I bluetooth: packages/modules/Bluetooth/system/bta/dm/bta_dm_main.cc:96 bta_dm_search_sm_execute: state:BTA_DM_SEARCH_ACTIVE, event:BTA_DM_API_SEARCH_CANCEL_EVT[0x201]
04-09 09:31:52.771 1383 1493 E bluetooth: packages/modules/Bluetooth/system/stack/btm/btm_inq.cc:1539 btm_process_inq_complete: Received inquiry complete when no inquiry was active
04-09 09:31:52.771 1383 1493 I bt_bta_dm: packages/modules/Bluetooth/system/bta/dm/bta_dm_act.cc:1460 bta_dm_search_cmpl: No BLE connection, processing classic results
04-09 09:31:52.771 20919 20919 D BluetoothAdapter: isLeEnabled(): ON
04-09 09:31:52.774 1383 1493 E bluetooth: packages/modules/Bluetooth/system/stack/btm/btm_inq.cc:1539 btm_process_inq_complete: Received inquiry complete when no inquiry was active
04-09 09:31:52.776 1383 1398 I bt_stack: [INFO:le_scanning_manager.cc(155)] RegisterScanner in shim layer
04-09 09:31:52.786 20919 29775 D BluetoothLeScanner: onScannerRegistered() - status=0 scannerId=2 mScannerId=0
04-09 09:31:52.791 1383 1398 D ActivityAttributionService: notifyActivityAttributionInfo UID=1002 packageName=com.android.bluetooth deviceAddress=no_active_device_address
04-09 09:31:52.791 1383 1398 I bt_btif : packages/modules/Bluetooth/system/btif/src/bluetooth.cc:845 get_profile_interface: get_profile_interface: id = activity_attribution
04-09 09:31:52.791 1383 1830 I bt_stack: [INFO:le_scanning_manager.cc(268)] ScanFilterEnable in shim layer
04-09 09:31:52.791 1383 1830 I bt_stack: [INFO:le_scanning_manager.cc(204)] ScanFilterParamSetup in shim layer
04-09 09:31:52.792 1383 1830 I bt_stack: [INFO:le_scanning_manager.cc(168)] Scan in shim layer started
04-09 09:31:52.792 1383 1501 I bluetooth: packages/modules/Bluetooth/system/gd/hci/le_scanning_manager.cc:593 stop_scan: Scanning already stopped, return!
04-09 09:31:52.792 1383 1501 I bluetooth: packages/modules/Bluetooth/system/gd/hci/le_address_manager.cc:178 register_client: Client registered
04-09 09:31:52.792 1383 1830 I bt_stack: [INFO:le_scanning_manager.cc(168)] Scan in shim layer stopped
04-09 09:31:52.792 1383 1830 I bt_stack: [INFO:le_scanning_manager.cc(346)] SetScanParameters in shim layer
04-09 09:31:52.792 1383 1830 I bt_stack: [INFO:le_scanning_manager.cc(168)] Scan in shim layer started
04-09 09:31:52.792 1383 1501 I bluetooth: packages/modules/Bluetooth/system/gd/hci/le_address_manager.cc:193 unregister_client: Client unregistered
04-09 09:31:52.792 1383 1830 D BtGatt.ScanManager: isCtsTestActivity: false
04-09 09:31:52.793 1383 1501 I bluetooth: packages/modules/Bluetooth/system/gd/hci/le_scanning_manager.cc:593 stop_scan: Scanning already stopped, return!
04-09 09:31:52.793 1383 1501 I bluetooth: packages/modules/Bluetooth/system/gd/hci/le_address_manager.cc:178 register_client: Client registered
04-09 09:31:52.794 20919 20919 D Soundeq-BluetoothDevicePairer: Device onScanningStarted:
04-09 09:31:52.794 20919 20919 D Soundeq-BluetoothDevicePairer: handleMessage: LeScanner
04-09 09:31:52.796 20919 20919 E Soundeq-BluetoothDevicePairer: what = 2
04-09 09:31:52.797 20919 20919 I Soundeq-BluetoothDevicePairer: start
04-09 09:31:52.798 20919 20919 D Soundeq-BluetoothDevicePairer: setStatus status:1
04-09 09:31:52.798 20919 20919 D Soundeq-BluetoothDevicePairer: updateListener
04-09 09:31:52.799 20919 20919 D Soundeq-DiscoverService: statusChanged
04-09 09:31:52.805 20919 20919 I Soundeq-BluetoothDevicePairer: BtScanner, name = [TV]Samsung , rssi = -49
