04-08 11:25:01.294 689 826 V WindowManager: info={id=60 t=OPEN f=0x0 trk=0 r=[0@Point(0, 0)] c=[{null m=OPEN f=TRANSLUCENT|FILLS_TASK leash=Surface(name=ActivityRecord{f3a8e65 u0 com.google.android.tungsten.setupwraith/com.google.android.settings.usage.UsageDiagnosticsSettingActivity)/@0xaeda7af sb=Rect(0, 0 - 0, 0) eb=Rect(0, 0 - 1920, 1080) d=-1->0 r=-1->0:-1}]}
04-08 11:25:01.297 689 829 D ActivityManager: sync unfroze 15682 com.standard.irtvcontrol for 1
04-08 11:25:01.347 689 812 W PackageConfigPersister: App-specific configuration not found for packageName: com.google.android.tungsten.setupwraith and userId: 0
04-08 11:25:01.691 1052 1170 V WindowManagerShell: Transition animation finished (aborted=false), notifying core (#60)android.os.BinderProxy@6396eec@0
04-08 11:25:01.693 689 826 V WindowManager: Finish Transition #60: created at
04-08 11:25:00.967 collect-started=0.126ms request-sent=8.224ms started=12.254ms ready=25.877ms sent=311.656ms finished=724.795ms
04-08 11:25:01.698 1052 1170 V WindowManagerShell: Track 0 became idle
04-08 11:25:01.698 1052 1170 V WindowManagerShell: All active transition animations finished
04-08 11:25:03.967 689 15157 W ActivityManager: Unable to start service Intent { cmp=com.nes.sound.retail/com.nes.sound.component.service.DaemonService } U=0: not found
04-08 11:25:03.968 1052 1052 I HeartBeatUtils: ComponentInfo{com.nes.sound.retail/com.nes.sound.component.service.DaemonService} bind failed !!!Immediate reconnect!!!
04-08 11:25:03.968 1052 1052 I HeartBeatUtils: onHeartBeatStoped com.nes.sound.retail/com.nes.sound.component.service.DaemonService
04-08 11:25:03.968 689 15157 W ActivityManager: Unbind failed: could not find connection for android.os.BinderProxy@6ddda9f
04-08 11:25:03.968 1052 1052 W HeartBeatUtils: start rescue com.nes.sound.retail/com.nes.sound.component.service.DaemonService
04-08 11:25:03.969 689 15157 W ActivityManager: Unable to start service Intent { cmp=com.nes.sound/.component.service.DaemonService } U=0: not found
04-08 11:25:03.970 1052 1052 I HeartBeatUtils: ComponentInfo{com.nes.sound/com.nes.sound.component.service.DaemonService} bind failed !!!Immediate reconnect!!!
04-08 11:25:03.970 1052 1052 I HeartBeatUtils: onHeartBeatStoped com.nes.sound/com.nes.sound.component.service.DaemonService
04-08 11:25:03.970 689 15157 W ActivityManager: Unbind failed: could not find connection for android.os.BinderProxy@b0cb7ec
04-08 11:25:03.970 1052 1052 W HeartBeatUtils: start rescue com.nes.sound/com.nes.sound.component.service.DaemonService
04-08 11:25:03.995 1856 1856 W ContextImpl: Calling a method in the system process without a qualified user: android.app.ContextImpl.bindService:2026 android.content.ContextWrapper.bindService:861 com.nes.sound.daemon.utils.heartbeat.HeartBeatConnectionPool.connectServiceByBinderBeans:108 com.nes.sound.daemon.utils.heartbeat.HeartBeatConnectionPool.reBindConnection:122 com.nes.sound.daemon.utils.heartbeat.HeartBeatUtils.reBindConnection:137
04-08 11:25:03.997 689 15157 W ActivityManager: Unable to start service Intent { cmp=com.nes.sound/.component.service.HeartBeatDaemonService } U=0: not found
04-08 11:25:03.997 1856 1856 I HeartBeatUtils: ComponentInfo{com.nes.sound/com.nes.sound.component.service.HeartBeatDaemonService} bind failed !!!Immediate reconnect!!!
04-08 11:25:03.997 1856 1856 I HeartBeatUtils: onHeartBeatStoped com.nes.sound/com.nes.sound.component.service.HeartBeatDaemonService
04-08 11:25:03.997 689 15157 W ActivityManager: Unbind failed: could not find connection for android.os.BinderProxy@fc67b5
04-08 11:25:03.998 1856 1856 W HeartBeatUtils: start rescue com.nes.sound/com.nes.sound.component.service.HeartBeatDaemonService
04-08 11:25:04.207 689 927 D ActivityManager: freezing 24231 com.android.settings.intelligence
04-08 11:25:08.971 689 812 W ActivityManager: Unable to start service Intent { cmp=com.nes.sound.retail/com.nes.sound.component.service.DaemonService } U=0: not found
04-08 11:25:08.972 1052 1052 I HeartBeatUtils: ComponentInfo{com.nes.sound.retail/com.nes.sound.component.service.DaemonService} bind failed !!!Immediate reconnect!!!
04-08 11:25:08.972 1052 1052 I HeartBeatUtils: onHeartBeatStoped com.nes.sound.retail/com.nes.sound.component.service.DaemonService
04-08 11:25:08.972 689 812 W ActivityManager: Unbind failed: could not find connection for android.os.BinderProxy@8018ca2
04-08 11:25:08.972 1052 1052 W HeartBeatUtils: start rescue com.nes.sound.retail/com.nes.sound.component.service.DaemonService
04-08 11:25:08.974 689 812 W ActivityManager: Unable to start service Intent { cmp=com.nes.sound/.component.service.DaemonService } U=0: not found
04-08 11:25:08.974 1052 1052 I HeartBeatUtils: ComponentInfo{com.nes.sound/com.nes.sound.component.service.DaemonService} bind failed !!!Immediate reconnect!!!
04-08 11:25:08.974 1052 1052 I HeartBeatUtils: onHeartBeatStoped com.nes.sound/com.nes.sound.component.service.DaemonService
04-08 11:25:08.975 689 812 W ActivityManager: Unbind failed: could not find connection for android.os.BinderProxy@8ce6d33
04-08 11:25:08.975 1052 1052 W HeartBeatUtils: start rescue com.nes.sound/com.nes.sound.component.service.DaemonService
04-08 11:25:09.002 1856 1856 W ContextImpl: Calling a method in the system process without a qualified user: android.app.ContextImpl.bindService:2026 android.content.ContextWrapper.bindService:861 com.nes.sound.daemon.utils.heartbeat.HeartBeatConnectionPool.connectServiceByBinderBeans:108 com.nes.sound.daemon.utils.heartbeat.HeartBeatConnectionPool.reBindConnection:122 com.nes.sound.daemon.utils.heartbeat.HeartBeatUtils.reBindConnection:137
04-08 11:25:09.003 689 812 W ActivityManager: Unable to start service Intent { cmp=com.nes.sound/.component.service.HeartBeatDaemonService } U=0: not found
04-08 11:25:09.003 1856 1856 I HeartBeatUtils: ComponentInfo{com.nes.sound/com.nes.sound.component.service.HeartBeatDaemonService} bind failed !!!Immediate reconnect!!!
04-08 11:25:09.003 1856 1856 I HeartBeatUtils: onHeartBeatStoped com.nes.sound/com.nes.sound.component.service.HeartBeatDaemonService
04-08 11:25:09.004 689 812 W ActivityManager: Unbind failed: could not find connection for android.os.BinderProxy@d9c38f0
04-08 11:25:09.004 1856 1856 W HeartBeatUtils: start rescue com.nes.sound/com.nes.sound.component.service.HeartBeatDaemonService
04-08 11:25:10.019 689 927 D ActivityManager: freezing 15194 com.droidlogic.tv.settings
04-08 11:25:11.113 689 927 D ActivityManager: freezing 25183 com.droidlogic.android.tv
04-08 11:25:11.172 689 927 D ActivityManager: freezing 26225 com.google.android.partnersetup
04-08 11:25:13.978 689 812 W ActivityManager: Unable to start service Intent { cmp=com.nes.sound.retail/com.nes.sound.component.service.DaemonService } U=0: not found
04-08 11:25:13.979 1052 1052 I HeartBeatUtils: ComponentInfo{com.nes.sound.retail/com.nes.sound.component.service.DaemonService} bind failed !!!Immediate reconnect!!!
04-08 11:25:13.979 1052 1052 I HeartBeatUtils: onHeartBeatStoped com.nes.sound.retail/com.nes.sound.component.service.DaemonService
04-08 11:25:13.979 689 812 W ActivityManager: Unbind failed: could not find connection for android.os.BinderProxy@e7d8e69
04-08 11:25:13.979 1052 1052 W HeartBeatUtils: start rescue com.nes.sound.retail/com.nes.sound.component.service.DaemonService
04-08 11:25:13.981 689 812 W ActivityManager: Unable to start service Intent { cmp=com.nes.sound/.component.service.DaemonService } U=0: not found
04-08 11:25:13.981 1052 1052 I HeartBeatUtils: ComponentInfo{com.nes.sound/com.nes.sound.component.service.DaemonService} bind failed !!!Immediate reconnect!!!
04-08 11:25:13.981 1052 1052 I HeartBeatUtils: onHeartBeatStoped com.nes.sound/com.nes.sound.component.service.DaemonService
04-08 11:25:13.981 689 812 W ActivityManager: Unbind failed: could not find connection for android.os.BinderProxy@b0fd0ee
04-08 11:25:13.981 1052 1052 W HeartBeatUtils: start rescue com.nes.sound/com.nes.sound.component.service.DaemonService
04-08 11:25:14.009 1856 1856 W ContextImpl: Calling a method in the system process without a qualified user: android.app.ContextImpl.bindService:2026 android.content.ContextWrapper.bindService:861 com.nes.sound.daemon.utils.heartbeat.HeartBeatConnectionPool.connectServiceByBinderBeans:108 com.nes.sound.daemon.utils.heartbeat.HeartBeatConnectionPool.reBindConnection:122 com.nes.sound.daemon.utils.heartbeat.HeartBeatUtils.reBindConnection:137
04-08 11:25:14.010 689 812 W ActivityManager: Unable to start service Intent { cmp=com.nes.sound/.component.service.HeartBeatDaemonService } U=0: not found
04-08 11:25:14.010 1856 1856 I HeartBeatUtils: ComponentInfo{com.nes.sound/com.nes.sound.component.service.HeartBeatDaemonService} bind failed !!!Immediate reconnect!!!
04-08 11:25:14.010 1856 1856 I HeartBeatUtils: onHeartBeatStoped com.nes.sound/com.nes.sound.component.service.HeartBeatDaemonService
04-08 11:25:14.011 689 812 W ActivityManager: Unbind failed: could not find connection for android.os.BinderProxy@d78a98f
04-08 11:25:14.011 1856 1856 W HeartBeatUtils: start rescue com.nes.sound/com.nes.sound.component.service.HeartBeatDaemonService
04-08 11:25:17.185 689 927 D ActivityManager: freezing 24438 com.google.process.gservices
04-08 11:25:18.981 689 15157 W ActivityManager: Unable to start service Intent { cmp=com.nes.sound.retail/com.nes.sound.component.service.DaemonService } U=0: not found
04-08 11:25:18.982 1052 1052 I HeartBeatUtils: ComponentInfo{com.nes.sound.retail/com.nes.sound.component.service.DaemonService} bind failed !!!Immediate reconnect!!!
04-08 11:25:18.982 1052 1052 I HeartBeatUtils: onHeartBeatStoped com.nes.sound.retail/com.nes.sound.component.service.DaemonService
04-08 11:25:18.982 689 15157 W ActivityManager: Unbind failed: could not find connection for android.os.BinderProxy@ad7a825
04-08 11:25:18.983 1052 1052 W HeartBeatUtils: start rescue com.nes.sound.retail/com.nes.sound.component.service.DaemonService
04-08 11:25:18.984 689 15157 W ActivityManager: Unable to start service Intent { cmp=com.nes.sound/.component.service.DaemonService } U=0: not found
04-08 11:25:18.984 1052 1052 I HeartBeatUtils: ComponentInfo{com.nes.sound/com.nes.sound.component.service.DaemonService} bind failed !!!Immediate reconnect!!!
04-08 11:25:18.984 1052 1052 I HeartBeatUtils: onHeartBeatStoped com.nes.sound/com.nes.sound.component.service.DaemonService
04-08 11:25:18.984 689 15157 W ActivityManager: Unbind failed: could not find connection for android.os.BinderProxy@4ac0dfa
04-08 11:25:18.985 1052 1052 W HeartBeatUtils: start rescue com.nes.sound/com.nes.sound.component.service.DaemonService
04-08 11:25:19.014 1856 1856 W ContextImpl: Calling a method in the system process without a qualified user: android.app.ContextImpl.bindService:2026 android.content.ContextWrapper.bindService:861 com.nes.sound.daemon.utils.heartbeat.HeartBeatConnectionPool.connectServiceByBinderBeans:108 com.nes.sound.daemon.utils.heartbeat.HeartBeatConnectionPool.reBindConnection:122 com.nes.sound.daemon.utils.heartbeat.HeartBeatUtils.reBindConnection:137
04-08 11:25:19.015 689 15157 W ActivityManager: Unable to start service Intent { cmp=com.nes.sound/.component.service.HeartBeatDaemonService } U=0: not found
04-08 11:25:19.016 1856 1856 I HeartBeatUtils: ComponentInfo{com.nes.sound/com.nes.sound.component.service.HeartBeatDaemonService} bind failed !!!Immediate reconnect!!!
04-08 11:25:19.016 1856 1856 I HeartBeatUtils: onHeartBeatStoped com.nes.sound/com.nes.sound.component.service.HeartBeatDaemonService
04-08 11:25:19.016 689 15157 W ActivityManager: Unbind failed: could not find connection for android.os.BinderProxy@2e04fab
04-08 11:25:19.017 1856 1856 W HeartBeatUtils: start rescue com.nes.sound/com.nes.sound.component.service.HeartBeatDaemonService
04-08 11:25:19.515 689 843 W BatteryExternalStatsWorker: error reading modem stats:ERROR_PHONE_NOT_AVAILABLE
04-08 11:25:20.880 689 15157 D CompatibilityChangeReporter: Compat change id reported: 161145287; UID 10051; state: ENABLED
04-08 11:25:21.398 689 927 D ActivityManager: freezing 20428 com.google.android.gms
04-08 11:25:22.803 689 15157 W ActivityManager: Unable to start service Intent { act=com.google.android.gms.onboardingconsent.api.ConsentManagerApiService.START pkg=com.google.android.gms } U=0: not found
04-08 11:25:22.804 689 812 W ActivityManager: Unbind failed: could not find connection for android.os.BinderProxy@e39fd4f
04-08 11:25:22.812 689 15157 D ActivityManager: sync unfroze 20428 com.google.android.gms for 6
04-08 11:25:22.828 689 7273 D CompatibilityChangeReporter: Compat change id reported: 171306433; UID 10051; state: ENABLED
04-08 11:25:22.830 689 7273 D CompatibilityChangeReporter: Compat change id reported: 218533173; UID 10051; state: ENABLED
04-08 11:25:22.833 689 812 D ActivityManager: sync unfroze 24438 com.google.process.gservices for 7
04-08 11:25:23.988 689 7267 W ActivityManager: Unable to start service Intent { cmp=com.nes.sound.retail/com.nes.sound.component.service.DaemonService } U=0: not found
04-08 11:25:23.988 1052 1052 I HeartBeatUtils: ComponentInfo{com.nes.sound.retail/com.nes.sound.component.service.DaemonService} bind failed !!!Immediate reconnect!!!
04-08 11:25:23.988 1052 1052 I HeartBeatUtils: onHeartBeatStoped com.nes.sound.retail/com.nes.sound.component.service.DaemonService
04-08 11:25:23.989 689 7267 W ActivityManager: Unbind failed: could not find connection for android.os.BinderProxy@8a3530d
04-08 11:25:23.989 1052 1052 W HeartBeatUtils: start rescue com.nes.sound.retail/com.nes.sound.component.service.DaemonService
04-08 11:25:23.990 689 7267 W ActivityManager: Unable to start service Intent { cmp=com.nes.sound/.component.service.DaemonService } U=0: not found
04-08 11:25:23.991 1052 1052 I HeartBeatUtils: ComponentInfo{com.nes.sound/com.nes.sound.component.service.DaemonService} bind failed !!!Immediate reconnect!!!
04-08 11:25:23.991 1052 1052 I HeartBeatUtils: onHeartBeatStoped com.nes.sound/com.nes.sound.component.service.DaemonService
04-08 11:25:23.991 689 7267 W ActivityManager: Unbind failed: could not find connection for android.os.BinderProxy@9e682c2
04-08 11:25:23.991 1052 1052 W HeartBeatUtils: start rescue com.nes.sound/com.nes.sound.component.service.DaemonService
04-08 11:25:24.019 1856 1856 W ContextImpl: Calling a method in the system process without a qualified user: android.app.ContextImpl.bindService:2026 android.content.ContextWrapper.bindService:861 com.nes.sound.daemon.utils.heartbeat.HeartBeatConnectionPool.connectServiceByBinderBeans:108 com.nes.sound.daemon.utils.heartbeat.HeartBeatConnectionPool.reBindConnection:122 com.nes.sound.daemon.utils.heartbeat.HeartBeatUtils.reBindConnection:137
04-08 11:25:24.020 689 7267 W ActivityManager: Unable to start service Intent { cmp=com.nes.sound/.component.service.HeartBeatDaemonService } U=0: not found
04-08 11:25:24.020 1856 1856 I HeartBeatUtils: ComponentInfo{com.nes.sound/com.nes.sound.component.service.HeartBeatDaemonService} bind failed !!!Immediate reconnect!!!
04-08 11:25:24.020 1856 1856 I HeartBeatUtils: onHeartBeatStoped com.nes.sound/com.nes.sound.component.service.HeartBeatDaemonService
04-08 11:25:24.021 689 7267 W ActivityManager: Unbind failed: could not find connection for android.os.BinderProxy@7bf1309
04-08 11:25:24.021 1856 1856 W HeartBeatUtils: start rescue com.nes.sound/com.nes.sound.component.service.HeartBeatDaemonService
04-08 11:25:28.992 689 7267 W ActivityManager: Unable to start service Intent { cmp=com.nes.sound.retail/com.nes.sound.component.service.DaemonService } U=0: not found
04-08 11:25:28.992 1052 1052 I HeartBeatUtils: ComponentInfo{com.nes.sound.retail/com.nes.sound.component.service.DaemonService} bind failed !!!Immediate reconnect!!!
04-08 11:25:28.993 1052 1052 I HeartBeatUtils: onHeartBeatStoped com.nes.sound.retail/com.nes.sound.component.service.DaemonService
04-08 11:25:28.993 689 7267 W ActivityManager: Unbind failed: could not find connection for android.os.BinderProxy@b14f527
04-08 11:25:28.993 1052 1052 W HeartBeatUtils: start rescue com.nes.sound.retail/com.nes.sound.component.service.DaemonService
04-08 11:25:28.994 689 7267 W ActivityManager: Unable to start service Intent { cmp=com.nes.sound/.component.service.DaemonService } U=0: not found
04-08 11:25:28.995 1052 1052 I HeartBeatUtils: ComponentInfo{com.nes.sound/com.nes.sound.component.service.DaemonService} bind failed !!!Immediate reconnect!!!
04-08 11:25:28.995 1052 1052 I HeartBeatUtils: onHeartBeatStoped com.nes.sound/com.nes.sound.component.service.DaemonService
04-08 11:25:28.995 689 7267 W ActivityManager: Unbind failed: could not find connection for android.os.BinderProxy@dc873d4
04-08 11:25:28.995 1052 1052 W HeartBeatUtils: start rescue com.nes.sound/com.nes.sound.component.service.DaemonService
04-08 11:25:29.027 1856 1856 W ContextImpl: Calling a method in the system process without a qualified user: android.app.ContextImpl.bindService:2026 android.content.ContextWrapper.bindService:861 com.nes.sound.daemon.utils.heartbeat.HeartBeatConnectionPool.connectServiceByBinderBeans:108 com.nes.sound.daemon.utils.heartbeat.HeartBeatConnectionPool.reBindConnection:122 com.nes.sound.daemon.utils.heartbeat.HeartBeatUtils.reBindConnection:137
04-08 11:25:29.028 689 7267 W ActivityManager: Unable to start service Intent { cmp=com.nes.sound/.component.service.HeartBeatDaemonService } U=0: not found
04-08 11:25:29.028 1856 1856 I HeartBeatUtils: ComponentInfo{com.nes.sound/com.nes.sound.component.service.HeartBeatDaemonService} bind failed !!!Immediate reconnect!!!
04-08 11:25:29.028 1856 1856 I HeartBeatUtils: onHeartBeatStoped com.nes.sound/com.nes.sound.component.service.HeartBeatDaemonService
04-08 11:25:29.028 689 7267 W ActivityManager: Unbind failed: could not find connection for android.os.BinderProxy@b9c197d
04-08 11:25:29.029 1856 1856 W HeartBeatUtils: start rescue com.nes.sound/com.nes.sound.component.service.HeartBeatDaemonService
04-08 11:25:33.997 689 7273 W ActivityManager: Unable to start service Intent { cmp=com.nes.sound.retail/com.nes.sound.component.service.DaemonService } U=0: not found
04-08 11:25:33.997 1052 1052 I HeartBeatUtils: ComponentInfo{com.nes.sound.retail/com.nes.sound.component.service.DaemonService} bind failed !!!Immediate reconnect!!!
04-08 11:25:33.997 1052 1052 I HeartBeatUtils: onHeartBeatStoped com.nes.sound.retail/com.nes.sound.component.service.DaemonService
04-08 11:25:33.997 689 7273 W ActivityManager: Unbind failed: could not find connection for android.os.BinderProxy@4e92072
04-08 11:25:33.998 1052 1052 W HeartBeatUtils: start rescue com.nes.sound.retail/com.nes.sound.component.service.DaemonService
04-08 11:25:33.999 689 7273 W ActivityManager: Unable to start service Intent { cmp=com.nes.sound/.component.service.DaemonService } U=0: not found
04-08 11:25:33.999 1052 1052 I HeartBeatUtils: ComponentInfo{com.nes.sound/com.nes.sound.component.service.DaemonService} bind failed !!!Immediate reconnect!!!
04-08 11:25:33.999 1052 1052 I HeartBeatUtils: onHeartBeatStoped com.nes.sound/com.nes.sound.component.service.DaemonService
04-08 11:25:33.999 689 7273 W ActivityManager: Unbind failed: could not find connection for android.os.BinderProxy@951bcc3
04-08 11:25:34.000 1052 1052 W HeartBeatUtils: start rescue com.nes.sound/com.nes.sound.component.service.DaemonService
04-08 11:25:34.033 1856 1856 W ContextImpl: Calling a method in the system process without a qualified user: android.app.ContextImpl.bindService:2026 android.content.ContextWrapper.bindService:861 com.nes.sound.daemon.utils.heartbeat.HeartBeatConnectionPool.connectServiceByBinderBeans:108 com.nes.sound.daemon.utils.heartbeat.HeartBeatConnectionPool.reBindConnection:122 com.nes.sound.daemon.utils.heartbeat.HeartBeatUtils.reBindConnection:137
04-08 11:25:34.034 689 7273 W ActivityManager: Unable to start service Intent { cmp=com.nes.sound/.component.service.HeartBeatDaemonService } U=0: not found
04-08 11:25:34.034 1856 1856 I HeartBeatUtils: ComponentInfo{com.nes.sound/com.nes.sound.component.service.HeartBeatDaemonService} bind failed !!!Immediate reconnect!!!
04-08 11:25:34.034 1856 1856 I HeartBeatUtils: onHeartBeatStoped com.nes.sound/com.nes.sound.component.service.HeartBeatDaemonService
04-08 11:25:34.035 689 7273 W ActivityManager: Unbind failed: could not find connection for android.os.BinderProxy@122f940
04-08 11:25:34.035 1856 1856 W HeartBeatUtils: start rescue com.nes.sound/com.nes.sound.component.service.HeartBeatDaemonService
04-08 11:25:38.999 689 7273 W ActivityManager: Unable to start service Intent { cmp=com.nes.sound.retail/com.nes.sound.component.service.DaemonService } U=0: not found
04-08 11:25:38.999 1052 1052 I HeartBeatUtils: ComponentInfo{com.nes.sound.retail/com.nes.sound.component.service.DaemonService} bind failed !!!Immediate reconnect!!!
04-08 11:25:38.999 1052 1052 I HeartBeatUtils: onHeartBeatStoped com.nes.sound.retail/com.nes.sound.component.service.DaemonService
04-08 11:25:39.000 689 7273 W ActivityManager: Unbind failed: could not find connection for android.os.BinderProxy@fa4d1be
04-08 11:25:39.000 1052 1052 W HeartBeatUtils: start rescue com.nes.sound.retail/com.nes.sound.component.service.DaemonService
04-08 11:25:39.001 689 7273 W ActivityManager: Unable to start service Intent { cmp=com.nes.sound/.component.service.DaemonService } U=0: not found
04-08 11:25:39.001 1052 1052 I HeartBeatUtils: ComponentInfo{com.nes.sound/com.nes.sound.component.service.DaemonService} bind failed !!!Immediate reconnect!!!
04-08 11:25:39.001 1052 1052 I HeartBeatUtils: onHeartBeatStoped com.nes.sound/com.nes.sound.component.service.DaemonService
04-08 11:25:39.002 689 7273 W ActivityManager: Unbind failed: could not find connection for android.os.BinderProxy@809621f
04-08 11:25:39.002 1052 1052 W HeartBeatUtils: start rescue com.nes.sound/com.nes.sound.component.service.DaemonService
04-08 11:25:39.041 1856 1856 W ContextImpl: Calling a method in the system process without a qualified user: android.app.ContextImpl.bindService:2026 android.content.ContextWrapper.bindService:861 com.nes.sound.daemon.utils.heartbeat.HeartBeatConnectionPool.connectServiceByBinderBeans:108 com.nes.sound.daemon.utils.heartbeat.HeartBeatConnectionPool.reBindConnection:122 com.nes.sound.daemon.utils.heartbeat.HeartBeatUtils.reBindConnection:137
04-08 11:25:39.042 689 7273 W ActivityManager: Unable to start service Intent { cmp=com.nes.sound/.component.service.HeartBeatDaemonService } U=0: not found
04-08 11:25:39.043 1856 1856 I HeartBeatUtils: ComponentInfo{com.nes.sound/com.nes.sound.component.service.HeartBeatDaemonService} bind failed !!!Immediate reconnect!!!
04-08 11:25:39.043 1856 1856 I HeartBeatUtils: onHeartBeatStoped com.nes.sound/com.nes.sound.component.service.HeartBeatDaemonService
04-08 11:25:39.043 689 7273 W ActivityManager: Unbind failed: could not find connection for android.os.BinderProxy@ade696c
04-08 11:25:39.043 1856 1856 W HeartBeatUtils: start rescue com.nes.sound/com.nes.sound.component.service.HeartBeatDaemonService
04-08 11:25:44.002 689 7273 W ActivityManager: Unable to start service Intent { cmp=com.nes.sound.retail/com.nes.sound.component.service.DaemonService } U=0: not found
04-08 11:25:44.003 1052 1052 I HeartBeatUtils: ComponentInfo{com.nes.sound.retail/com.nes.sound.component.service.DaemonService} bind failed !!!Immediate reconnect!!!
04-08 11:25:44.003 1052 1052 I HeartBeatUtils: onHeartBeatStoped com.nes.sound.retail/com.nes.sound.component.service.DaemonService
04-08 11:25:44.003 689 7273 W ActivityManager: Unbind failed: could not find connection for android.os.BinderProxy@7175a96
04-08 11:25:44.003 1052 1052 W HeartBeatUtils: start rescue com.nes.sound.retail/com.nes.sound.component.service.DaemonService
04-08 11:25:44.005 689 7273 W ActivityManager: Unable to start service Intent { cmp=com.nes.sound/.component.service.DaemonService } U=0: not found
04-08 11:25:44.005 1052 1052 I HeartBeatUtils: ComponentInfo{com.nes.sound/com.nes.sound.component.service.DaemonService} bind failed !!!Immediate reconnect!!!
04-08 11:25:44.005 1052 1052 I HeartBeatUtils: onHeartBeatStoped com.nes.sound/com.nes.sound.component.service.DaemonService
04-08 11:25:44.005 689 7273 W ActivityManager: Unbind failed: could not find connection for android.os.BinderProxy@88f7617
04-08 11:25:44.006 1052 1052 W HeartBeatUtils: start rescue com.nes.sound/com.nes.sound.component.service.DaemonService
04-08 11:25:44.049 1856 1856 W ContextImpl: Calling a method in the system process without a qualified user: android.app.ContextImpl.bindService:2026 android.content.ContextWrapper.bindService:861 com.nes.sound.daemon.utils.heartbeat.HeartBeatConnectionPool.connectServiceByBinderBeans:108 com.nes.sound.daemon.utils.heartbeat.HeartBeatConnectionPool.reBindConnection:122 com.nes.sound.daemon.utils.heartbeat.HeartBeatUtils.reBindConnection:137
04-08 11:25:44.051 689 7273 W ActivityManager: Unable to start service Intent { cmp=com.nes.sound/.component.service.HeartBeatDaemonService } U=0: not found
04-08 11:25:44.051 1856 1856 I HeartBeatUtils: ComponentInfo{com.nes.sound/com.nes.sound.component.service.HeartBeatDaemonService} bind failed !!!Immediate reconnect!!!
04-08 11:25:44.051 1856 1856 I HeartBeatUtils: onHeartBeatStoped com.nes.sound/com.nes.sound.component.service.HeartBeatDaemonService
04-08 11:25:44.051 689 7273 W ActivityManager: Unbind failed: could not find connection for android.os.BinderProxy@7da7a04
04-08 11:25:44.052 1856 1856 W HeartBeatUtils: start rescue com.nes.sound/com.nes.sound.component.service.HeartBeatDaemonService
04-08 11:25:44.416 689 689 V HotPlugDetectionAction: Poll all devices.
04-08 11:25:47.808 689 689 D HdmiCecController: [P]:AllocatedAddress=[0]
04-08 11:25:47.808 689 689 V HotPlugDetectionAction: Finish poll all devices.
04-08 11:25:49.005 689 15157 W ActivityManager: Unable to start service Intent { cmp=com.nes.sound.retail/com.nes.sound.component.service.DaemonService } U=0: not found
04-08 11:25:49.006 1052 1052 I HeartBeatUtils: ComponentInfo{com.nes.sound.retail/com.nes.sound.component.service.DaemonService} bind failed !!!Immediate reconnect!!!
04-08 11:25:49.006 1052 1052 I HeartBeatUtils: onHeartBeatStoped com.nes.sound.retail/com.nes.sound.component.service.DaemonService
04-08 11:25:49.006 689 15157 W ActivityManager: Unbind failed: could not find connection for android.os.BinderProxy@6811ba5
04-08 11:25:49.006 1052 1052 W HeartBeatUtils: start rescue com.nes.sound.retail/com.nes.sound.component.service.DaemonService
04-08 11:25:49.008 689 15157 W ActivityManager: Unable to start service Intent { cmp=com.nes.sound/.component.service.DaemonService } U=0: not found
04-08 11:25:49.008 1052 1052 I HeartBeatUtils: ComponentInfo{com.nes.sound/com.nes.sound.component.service.DaemonService} bind failed !!!Immediate reconnect!!!
04-08 11:25:49.008 1052 1052 I HeartBeatUtils: onHeartBeatStoped com.nes.sound/com.nes.sound.component.service.DaemonService
04-08 11:25:49.009 689 15157 W ActivityManager: Unbind failed: could not find connection for android.os.BinderProxy@2033b7a
04-08 11:25:49.009 1052 1052 W HeartBeatUtils: start rescue com.nes.sound/com.nes.sound.component.service.DaemonService
04-08 11:25:49.053 1856 1856 W ContextImpl: Calling a method in the system process without a qualified user: android.app.ContextImpl.bindService:2026 android.content.ContextWrapper.bindService:861 com.nes.sound.daemon.utils.heartbeat.HeartBeatConnectionPool.connectServiceByBinderBeans:108 com.nes.sound.daemon.utils.heartbeat.HeartBeatConnectionPool.reBindConnection:122 com.nes.sound.daemon.utils.heartbeat.HeartBeatUtils.reBindConnection:137
04-08 11:25:49.054 689 15157 W ActivityManager: Unable to start service Intent { cmp=com.nes.sound/.component.service.HeartBeatDaemonService } U=0: not found
04-08 11:25:49.054 1856 1856 I HeartBeatUtils: ComponentInfo{com.nes.sound/com.nes.sound.component.service.HeartBeatDaemonService} bind failed !!!Immediate reconnect!!!
04-08 11:25:49.054 1856 1856 I HeartBeatUtils: onHeartBeatStoped com.nes.sound/com.nes.sound.component.service.HeartBeatDaemonService
04-08 11:25:49.055 689 15157 W ActivityManager: Unbind failed: could not find connection for android.os.BinderProxy@1dbaf2b
04-08 11:25:49.055 1856 1856 W HeartBeatUtils: start rescue com.nes.sound/com.nes.sound.component.service.HeartBeatDaemonService
04-08 11:25:54.012 689 15157 W ActivityManager: Unable to start service Intent { cmp=com.nes.sound.retail/com.nes.sound.component.service.DaemonService } U=0: not found
04-08 11:25:54.012 1052 1052 I HeartBeatUtils: ComponentInfo{com.nes.sound.retail/com.nes.sound.component.service.DaemonService} bind failed !!!Immediate reconnect!!!
04-08 11:25:54.012 1052 1052 I HeartBeatUtils: onHeartBeatStoped com.nes.sound.retail/com.nes.sound.component.service.DaemonService
04-08 11:25:54.013 689 15157 W ActivityManager: Unbind failed: could not find connection for android.os.BinderProxy@2adf88
04-08 11:25:54.013 1052 1052 W HeartBeatUtils: start rescue com.nes.sound.retail/com.nes.sound.component.service.DaemonService
04-08 11:25:54.014 689 15157 W ActivityManager: Unable to start service Intent { cmp=com.nes.sound/.component.service.DaemonService } U=0: not found
04-08 11:25:54.015 1052 1052 I HeartBeatUtils: ComponentInfo{com.nes.sound/com.nes.sound.component.service.DaemonService} bind failed !!!Immediate reconnect!!!
04-08 11:25:54.015 1052 1052 I HeartBeatUtils: onHeartBeatStoped com.nes.sound/com.nes.sound.component.service.DaemonService
04-08 11:25:54.015 689 15157 W ActivityManager: Unbind failed: could not find connection for android.os.BinderProxy@d8ccd21
04-08 11:25:54.015 1052 1052 W HeartBeatUtils: start rescue com.nes.sound/com.nes.sound.component.service.DaemonService
04-08 11:25:54.058 1856 1856 W ContextImpl: Calling a method in the system process without a qualified user: android.app.ContextImpl.bindService:2026 android.content.ContextWrapper.bindService:861 com.nes.sound.daemon.utils.heartbeat.HeartBeatConnectionPool.connectServiceByBinderBeans:108 com.nes.sound.daemon.utils.heartbeat.HeartBeatConnectionPool.reBindConnection:122 com.nes.sound.daemon.utils.heartbeat.HeartBeatUtils.reBindConnection:137
04-08 11:25:54.060 689 15157 W ActivityManager: Unable to start service Intent { cmp=com.nes.sound/.component.service.HeartBeatDaemonService } U=0: not found
04-08 11:25:54.060 1856 1856 I HeartBeatUtils: ComponentInfo{com.nes.sound/com.nes.sound.component.service.HeartBeatDaemonService} bind failed !!!Immediate reconnect!!!
04-08 11:25:54.060 1856 1856 I HeartBeatUtils: onHeartBeatStoped com.nes.sound/com.nes.sound.component.service.HeartBeatDaemonService
04-08 11:25:54.060 689 15157 W ActivityManager: Unbind failed: could not find connection for android.os.BinderProxy@3f99546
04-08 11:25:54.061 1856 1856 W HeartBeatUtils: start rescue com.nes.sound/com.nes.sound.component.service.HeartBeatDaemonService
04-08 11:25:56.800 15384 16237 W ContextImpl: Calling a method in the system process without a qualified user: android.app.ContextImpl.sendBroadcast:1248 android.content.ContextWrapper.sendBroadcast:504 w0.b.u:30 w0.b.n:59 w0.b.a:1
04-08 11:25:56.803 15384 16237 W ContextImpl: Calling a method in the system process without a qualified user: android.app.ContextImpl.sendBroadcast:1248 android.content.ContextWrapper.sendBroadcast:504 w0.b.u:44 w0.b.n:59 w0.b.a:1
04-08 11:25:59.015 689 7267 W ActivityManager: Unable to start service Intent { cmp=com.nes.sound.retail/com.nes.sound.component.service.DaemonService } U=0: not found
04-08 11:25:59.016 1052 1052 I HeartBeatUtils: ComponentInfo{com.nes.sound.retail/com.nes.sound.component.service.DaemonService} bind failed !!!Immediate reconnect!!!
04-08 11:25:59.016 1052 1052 I HeartBeatUtils: onHeartBeatStoped com.nes.sound.retail/com.nes.sound.component.service.DaemonService
04-08 11:25:59.016 689 7267 W ActivityManager: Unbind failed: could not find connection for android.os.BinderProxy@2f7dbf6
04-08 11:25:59.016 1052 1052 W HeartBeatUtils: start rescue com.nes.sound.retail/com.nes.sound.component.service.DaemonService
04-08 11:25:59.017 689 7267 W ActivityManager: Unable to start service Intent { cmp=com.nes.sound/.component.service.DaemonService } U=0: not found
04-08 11:25:59.018 1052 1052 I HeartBeatUtils: ComponentInfo{com.nes.sound/com.nes.sound.component.service.DaemonService} bind failed !!!Immediate reconnect!!!
04-08 11:25:59.018 1052 1052 I HeartBeatUtils: onHeartBeatStoped com.nes.sound/com.nes.sound.component.service.DaemonService
04-08 11:25:59.018 689 7267 W ActivityManager: Unbind failed: could not find connection for android.os.BinderProxy@ed1cbf7
04-08 11:25:59.018 1052 1052 W HeartBeatUtils: start rescue com.nes.sound/com.nes.sound.component.service.DaemonService
04-08 11:25:59.067 1856 1856 W ContextImpl: Calling a method in the system process without a qualified user: android.app.ContextImpl.bindService:2026 android.content.ContextWrapper.bindService:861 com.nes.sound.daemon.utils.heartbeat.HeartBeatConnectionPool.connectServiceByBinderBeans:108 com.nes.sound.daemon.utils.heartbeat.HeartBeatConnectionPool.reBindConnection:122 com.nes.sound.daemon.utils.heartbeat.HeartBeatUtils.reBindConnection:137
04-08 11:25:59.068 689 7267 W ActivityManager: Unable to start service Intent { cmp=com.nes.sound/.component.service.HeartBeatDaemonService } U=0: not found
04-08 11:25:59.068 1856 1856 I HeartBeatUtils: ComponentInfo{com.nes.sound/com.nes.sound.component.service.HeartBeatDaemonService} bind failed !!!Immediate reconnect!!!
04-08 11:25:59.068 1856 1856 I HeartBeatUtils: onHeartBeatStoped com.nes.sound/com.nes.sound.component.service.HeartBeatDaemonService
04-08 11:25:59.069 689 7267 W ActivityManager: Unbind failed: could not find connection for android.os.BinderProxy@3834a64
04-08 11:25:59.069 1856 1856 W HeartBeatUtils: start rescue com.nes.sound/com.nes.sound.component.service.HeartBeatDaemonService
04-08 11:26:00.002 689 836 D ActivityManager: sync unfroze 15194 com.droidlogic.tv.settings for 3
04-08 11:26:00.077 689 7267 W ProcessStats: Tracking association SourceState{369e1fb com.android.vending:background/10054 Service #22311} whose proc state 8 is better than process ProcessState{ce64722 com.android.vending/10054 pkg=com.android.vending} proc state 13 (3 skipped)
04-08 11:26:00.176 1856 2310 W ContextImpl: Calling a method in the system process without a qualified user: android.app.ContextImpl.startService:1927 android.content.ContextWrapper.startService:825 com.nes.sound.daemon.utils.ComponentUtil.startService:68 com.nes.sound.daemon.utils.ComponentUtil.startComponent:46 com.nes.sound.daemon.component.DaemonService.operateDaemon:97
04-08 11:26:00.176 689 7267 W ActivityManager: Unable to start service Intent { pkg=com.nes.sound cmp=com.nes.sound/.component.service.LanService } U=0: not found
04-08 11:26:04.021 689 15157 W ActivityManager: Unable to start service Intent { cmp=com.nes.sound.retail/com.nes.sound.component.service.DaemonService } U=0: not found
04-08 11:26:04.021 1052 1052 I HeartBeatUtils: ComponentInfo{com.nes.sound.retail/com.nes.sound.component.service.DaemonService} bind failed !!!Immediate reconnect!!!
04-08 11:26:04.021 1052 1052 I HeartBeatUtils: onHeartBeatStoped com.nes.sound.retail/com.nes.sound.component.service.DaemonService
04-08 11:26:04.022 689 15157 W ActivityManager: Unbind failed: could not find connection for android.os.BinderProxy@41042ef
04-08 11:26:04.022 1052 1052 W HeartBeatUtils: start rescue com.nes.sound.retail/com.nes.sound.component.service.DaemonService
04-08 11:26:04.023 689 15157 W ActivityManager: Unable to start service Intent { cmp=com.nes.sound/.component.service.DaemonService } U=0: not found
04-08 11:26:04.024 1052 1052 I HeartBeatUtils: ComponentInfo{com.nes.sound/com.nes.sound.component.service.DaemonService} bind failed !!!Immediate reconnect!!!
04-08 11:26:04.024 1052 1052 I HeartBeatUtils: onHeartBeatStoped com.nes.sound/com.nes.sound.component.service.DaemonService
04-08 11:26:04.024 689 15157 W ActivityManager: Unbind failed: could not find connection for android.os.BinderProxy@32b81fc
04-08 11:26:04.024 1052 1052 W HeartBeatUtils: start rescue com.nes.sound/com.nes.sound.component.service.DaemonService
04-08 11:26:04.074 1856 1856 W ContextImpl: Calling a method in the system process without a qualified user: android.app.ContextImpl.bindService:2026 android.content.ContextWrapper.bindService:861 com.nes.sound.daemon.utils.heartbeat.HeartBeatConnectionPool.connectServiceByBinderBeans:108 com.nes.sound.daemon.utils.heartbeat.HeartBeatConnectionPool.reBindConnection:122 com.nes.sound.daemon.utils.heartbeat.HeartBeatUtils.reBindConnection:137
04-08 11:26:04.076 689 15157 W ActivityManager: Unable to start service Intent { cmp=com.nes.sound/.component.service.HeartBeatDaemonService } U=0: not found
04-08 11:26:04.076 1856 1856 I HeartBeatUtils: ComponentInfo{com.nes.sound/com.nes.sound.component.service.HeartBeatDaemonService} bind failed !!!Immediate reconnect!!!
04-08 11:26:04.076 1856 1856 I HeartBeatUtils: onHeartBeatStoped com.nes.sound/com.nes.sound.component.service.HeartBeatDaemonService
04-08 11:26:04.076 689 15157 W ActivityManager: Unbind failed: could not find connection for android.os.BinderProxy@95085
04-08 11:26:04.077 1856 1856 W HeartBeatUtils: start rescue com.nes.sound/com.nes.sound.component.service.HeartBeatDaemonService
04-08 11:26:09.029 689 7267 W ActivityManager: Unable to start service Intent { cmp=com.nes.sound.retail/com.nes.sound.component.service.DaemonService } U=0: not found
04-08 11:26:09.030 1052 1052 I HeartBeatUtils: ComponentInfo{com.nes.sound.retail/com.nes.sound.component.service.DaemonService} bind failed !!!Immediate reconnect!!!
04-08 11:26:09.030 1052 1052 I HeartBeatUtils: onHeartBeatStoped com.nes.sound.retail/com.nes.sound.component.service.DaemonService
04-08 11:26:09.030 689 7267 W ActivityManager: Unbind failed: could not find connection for android.os.BinderProxy@86d8f32
04-08 11:26:09.030 1052 1052 W HeartBeatUtils: start rescue com.nes.sound.retail/com.nes.sound.component.service.DaemonService
04-08 11:26:09.032 689 7267 W ActivityManager: Unable to start service Intent { cmp=com.nes.sound/.component.service.DaemonService } U=0: not found
04-08 11:26:09.032 1052 1052 I HeartBeatUtils: ComponentInfo{com.nes.sound/com.nes.sound.component.service.DaemonService} bind failed !!!Immediate reconnect!!!
04-08 11:26:09.032 1052 1052 I HeartBeatUtils: onHeartBeatStoped com.nes.sound/com.nes.sound.component.service.DaemonService
04-08 11:26:09.032 689 7267 W ActivityManager: Unbind failed: could not find connection for android.os.BinderProxy@af36483
04-08 11:26:09.032 1052 1052 W HeartBeatUtils: start rescue com.nes.sound/com.nes.sound.component.service.DaemonService
04-08 11:26:09.082 1856 1856 W ContextImpl: Calling a method in the system process without a qualified user: android.app.ContextImpl.bindService:2026 android.content.ContextWrapper.bindService:861 com.nes.sound.daemon.utils.heartbeat.HeartBeatConnectionPool.connectServiceByBinderBeans:108 com.nes.sound.daemon.utils.heartbeat.HeartBeatConnectionPool.reBindConnection:122 com.nes.sound.daemon.utils.heartbeat.HeartBeatUtils.reBindConnection:137
04-08 11:26:09.083 689 7267 W ActivityManager: Unable to start service Intent { cmp=com.nes.sound/.component.service.HeartBeatDaemonService } U=0: not found
04-08 11:26:09.084 1856 1856 I HeartBeatUtils: ComponentInfo{com.nes.sound/com.nes.sound.component.service.HeartBeatDaemonService} bind failed !!!Immediate reconnect!!!
04-08 11:26:09.084 1856 1856 I HeartBeatUtils: onHeartBeatStoped com.nes.sound/com.nes.sound.component.service.HeartBeatDaemonService
04-08 11:26:09.084 689 7267 W ActivityManager: Unbind failed: could not find connection for android.os.BinderProxy@293e600
04-08 11:26:09.084 1856 1856 W HeartBeatUtils: start rescue com.nes.sound/com.nes.sound.component.service.HeartBeatDaemonService
04-08 11:26:10.049 689 927 D ActivityManager: freezing 15194 com.droidlogic.tv.settings
04-08 11:26:14.036 689 7267 W ActivityManager: Unable to start service Intent { cmp=com.nes.sound.retail/com.nes.sound.component.service.DaemonService } U=0: not found
04-08 11:26:14.036 1052 1052 I HeartBeatUtils: ComponentInfo{com.nes.sound.retail/com.nes.sound.component.service.DaemonService} bind failed !!!Immediate reconnect!!!
04-08 11:26:14.036 1052 1052 I HeartBeatUtils: onHeartBeatStoped com.nes.sound.retail/com.nes.sound.component.service.DaemonService
04-08 11:26:14.036 689 7267 W ActivityManager: Unbind failed: could not find connection for android.os.BinderProxy@d0d1e39
04-08 11:26:14.037 1052 1052 W HeartBeatUtils: start rescue com.nes.sound.retail/com.nes.sound.component.service.DaemonService
04-08 11:26:14.038 689 7267 W ActivityManager: Unable to start service Intent { cmp=com.nes.sound/.component.service.DaemonService } U=0: not found
04-08 11:26:14.038 1052 1052 I HeartBeatUtils: ComponentInfo{com.nes.sound/com.nes.sound.component.service.DaemonService} bind failed !!!Immediate reconnect!!!
04-08 11:26:14.038 1052 1052 I HeartBeatUtils: onHeartBeatStoped com.nes.sound/com.nes.sound.component.service.DaemonService
04-08 11:26:14.039 689 7267 W ActivityManager: Unbind failed: could not find connection for android.os.BinderProxy@6e16c7e
04-08 11:26:14.039 1052 1052 W HeartBeatUtils: start rescue com.nes.sound/com.nes.sound.component.service.DaemonService
04-08 11:26:14.087 1856 1856 W ContextImpl: Calling a method in the system process without a qualified user: android.app.ContextImpl.bindService:2026 android.content.ContextWrapper.bindService:861 com.nes.sound.daemon.utils.heartbeat.HeartBeatConnectionPool.connectServiceByBinderBeans:108 com.nes.sound.daemon.utils.heartbeat.HeartBeatConnectionPool.reBindConnection:122 com.nes.sound.daemon.utils.heartbeat.HeartBeatUtils.reBindConnection:137
04-08 11:26:14.088 689 7267 W ActivityManager: Unable to start service Intent { cmp=com.nes.sound/.component.service.HeartBeatDaemonService } U=0: not found
04-08 11:26:14.088 1856 1856 I HeartBeatUtils: ComponentInfo{com.nes.sound/com.nes.sound.component.service.HeartBeatDaemonService} bind failed !!!Immediate reconnect!!!
04-08 11:26:14.088 1856 1856 I HeartBeatUtils: onHeartBeatStoped com.nes.sound/com.nes.sound.component.service.HeartBeatDaemonService
04-08 11:26:14.089 689 7267 W ActivityManager: Unbind failed: could not find connection for android.os.BinderProxy@47dc5df
04-08 11:26:14.089 1856 1856 W HeartBeatUtils: start rescue com.nes.sound/com.nes.sound.component.service.HeartBeatDaemonService
04-08 11:26:19.039 689 15157 W ActivityManager: Unable to start service Intent { cmp=com.nes.sound.retail/com.nes.sound.component.service.DaemonService } U=0: not found
04-08 11:26:19.039 1052 1052 I HeartBeatUtils: ComponentInfo{com.nes.sound.retail/com.nes.sound.component.service.DaemonService} bind failed !!!Immediate reconnect!!!
04-08 11:26:19.039 1052 1052 I HeartBeatUtils: onHeartBeatStoped com.nes.sound.retail/com.nes.sound.component.service.DaemonService
04-08 11:26:19.040 689 15157 W ActivityManager: Unbind failed: could not find connection for android.os.BinderProxy@99864f5
04-08 11:26:19.040 1052 1052 W HeartBeatUtils: start rescue com.nes.sound.retail/com.nes.sound.component.service.DaemonService
04-08 11:26:19.041 689 15157 W ActivityManager: Unable to start service Intent { cmp=com.nes.sound/.component.service.DaemonService } U=0: not found
04-08 11:26:19.041 1052 1052 I HeartBeatUtils: ComponentInfo{com.nes.sound/com.nes.sound.component.service.DaemonService} bind failed !!!Immediate reconnect!!!
04-08 11:26:19.042 1052 1052 I HeartBeatUtils: onHeartBeatStoped com.nes.sound/com.nes.sound.component.service.DaemonService
04-08 11:26:19.042 689 15157 W ActivityManager: Unbind failed: could not find connection for android.os.BinderProxy@f23d28a
04-08 11:26:19.042 1052 1052 W HeartBeatUtils: start rescue com.nes.sound/com.nes.sound.component.service.DaemonService
04-08 11:26:19.091 1856 1856 W ContextImpl: Calling a method in the system process without a qualified user: android.app.ContextImpl.bindService:2026 android.content.ContextWrapper.bindService:861 com.nes.sound.daemon.utils.heartbeat.HeartBeatConnectionPool.connectServiceByBinderBeans:108 com.nes.sound.daemon.utils.heartbeat.HeartBeatConnectionPool.reBindConnection:122 com.nes.sound.daemon.utils.heartbeat.HeartBeatUtils.reBindConnection:137
04-08 11:26:19.092 689 15157 W ActivityManager: Unable to start service Intent { cmp=com.nes.sound/.component.service.HeartBeatDaemonService } U=0: not found
04-08 11:26:19.092 1856 1856 I HeartBeatUtils: ComponentInfo{com.nes.sound/com.nes.sound.component.service.HeartBeatDaemonService} bind failed !!!Immediate reconnect!!!
04-08 11:26:19.093 1856 1856 I HeartBeatUtils: onHeartBeatStoped com.nes.sound/com.nes.sound.component.service.HeartBeatDaemonService
04-08 11:26:19.093 689 15157 W ActivityManager: Unbind failed: could not find connection for android.os.BinderProxy@d22e0fb
04-08 11:26:19.093 1856 1856 W HeartBeatUtils: start rescue com.nes.sound/com.nes.sound.component.service.HeartBeatDaemonService
04-08 11:26:24.047 689 15157 W ActivityManager: Unable to start service Intent { cmp=com.nes.sound.retail/com.nes.sound.component.service.DaemonService } U=0: not found
04-08 11:26:24.048 1052 1052 I HeartBeatUtils: ComponentInfo{com.nes.sound.retail/com.nes.sound.component.service.DaemonService} bind failed !!!Immediate reconnect!!!
04-08 11:26:24.048 1052 1052 I HeartBeatUtils: onHeartBeatStoped com.nes.sound.retail/com.nes.sound.component.service.DaemonService
04-08 11:26:24.048 689 15157 W ActivityManager: Unbind failed: could not find connection for android.os.BinderProxy@c353dad
04-08 11:26:24.049 1052 1052 W HeartBeatUtils: start rescue com.nes.sound.retail/com.nes.sound.component.service.DaemonService
04-08 11:26:24.050 689 15157 W ActivityManager: Unable to start service Intent { cmp=com.nes.sound/.component.service.DaemonService } U=0: not found
04-08 11:26:24.050 1052 1052 I HeartBeatUtils: ComponentInfo{com.nes.sound/com.nes.sound.component.service.DaemonService} bind failed !!!Immediate reconnect!!!
04-08 11:26:24.050 1052 1052 I HeartBeatUtils: onHeartBeatStoped com.nes.sound/com.nes.sound.component.service.DaemonService
04-08 11:26:24.051 689 15157 W ActivityManager: Unbind failed: could not find connection for android.os.BinderProxy@c4428e2
04-08 11:26:24.051 1052 1052 W HeartBeatUtils: start rescue com.nes.sound/com.nes.sound.component.service.DaemonService
04-08 11:26:24.097 1856 1856 W ContextImpl: Calling a method in the system process without a qualified user: android.app.ContextImpl.bindService:2026 android.content.ContextWrapper.bindService:861 com.nes.sound.daemon.utils.heartbeat.HeartBeatConnectionPool.connectServiceByBinderBeans:108 com.nes.sound.daemon.utils.heartbeat.HeartBeatConnectionPool.reBindConnection:122 com.nes.sound.daemon.utils.heartbeat.HeartBeatUtils.reBindConnection:137
04-08 11:26:24.098 689 15157 W ActivityManager: Unable to start service Intent { cmp=com.nes.sound/.component.service.HeartBeatDaemonService } U=0: not found
04-08 11:26:24.099 1856 1856 I HeartBeatUtils: ComponentInfo{com.nes.sound/com.nes.sound.component.service.HeartBeatDaemonService} bind failed !!!Immediate reconnect!!!
04-08 11:26:24.099 1856 1856 I HeartBeatUtils: onHeartBeatStoped com.nes.sound/com.nes.sound.component.service.HeartBeatDaemonService
04-08 11:26:24.099 689 15157 W ActivityManager: Unbind failed: could not find connection for android.os.BinderProxy@e467473
04-08 11:26:24.099 1856 1856 W HeartBeatUtils: start rescue com.nes.sound/com.nes.sound.component.service.HeartBeatDaemonService
04-08 11:26:29.054 689 7267 W ActivityManager: Unable to start service Intent { cmp=com.nes.sound.retail/com.nes.sound.component.service.DaemonService } U=0: not found
04-08 11:26:29.055 1052 1052 I HeartBeatUtils: ComponentInfo{com.nes.sound.retail/com.nes.sound.component.service.DaemonService} bind failed !!!Immediate reconnect!!!
04-08 11:26:29.055 1052 1052 I HeartBeatUtils: onHeartBeatStoped com.nes.sound.retail/com.nes.sound.component.service.DaemonService
04-08 11:26:29.055 689 7267 W ActivityManager: Unbind failed: could not find connection for android.os.BinderProxy@f0f5448
04-08 11:26:29.056 1052 1052 W HeartBeatUtils: start rescue com.nes.sound.retail/com.nes.sound.component.service.DaemonService
04-08 11:26:29.057 689 7267 W ActivityManager: Unable to start service Intent { cmp=com.nes.sound/.component.service.DaemonService } U=0: not found
04-08 11:26:29.057 1052 1052 I HeartBeatUtils: ComponentInfo{com.nes.sound/com.nes.sound.component.service.DaemonService} bind failed !!!Immediate reconnect!!!
04-08 11:26:29.057 1052 1052 I HeartBeatUtils: onHeartBeatStoped com.nes.sound/com.nes.sound.component.service.DaemonService
04-08 11:26:29.058 689 7267 W ActivityManager: Unbind failed: could not find connection for android.os.BinderProxy@ce502e1
04-08 11:26:29.058 1052 1052 W HeartBeatUtils: start rescue com.nes.sound/com.nes.sound.component.service.DaemonService
04-08 11:26:29.103 1856 1856 W ContextImpl: Calling a method in the system process without a qualified user: android.app.ContextImpl.bindService:2026 android.content.ContextWrapper.bindService:861 com.nes.sound.daemon.utils.heartbeat.HeartBeatConnectionPool.connectServiceByBinderBeans:108 com.nes.sound.daemon.utils.heartbeat.HeartBeatConnectionPool.reBindConnection:122 com.nes.sound.daemon.utils.heartbeat.HeartBeatUtils.reBindConnection:137
04-08 11:26:29.104 689 7267 W ActivityManager: Unable to start service Intent { cmp=com.nes.sound/.component.service.HeartBeatDaemonService } U=0: not found
04-08 11:26:29.104 1856 1856 I HeartBeatUtils: ComponentInfo{com.nes.sound/com.nes.sound.component.service.HeartBeatDaemonService} bind failed !!!Immediate reconnect!!!
